[INFO] fetching crate drand-client-rs 0.1.0...
[INFO] testing drand-client-rs-0.1.0 against 1.75.0 for beta-1.76-1
[INFO] extracting crate drand-client-rs 0.1.0 into /workspace/builds/worker-3-tc1/source
[INFO] validating manifest of crates.io crate drand-client-rs 0.1.0 on toolchain 1.75.0
[INFO] running `Command { std: CARGO_HOME="/workspace/cargo-home" RUSTUP_HOME="/workspace/rustup-home" "/workspace/cargo-home/bin/cargo" "+1.75.0" "metadata" "--manifest-path" "Cargo.toml" "--no-deps", kill_on_drop: false }`
[INFO] started tweaking crates.io crate drand-client-rs 0.1.0
[INFO] finished tweaking crates.io crate drand-client-rs 0.1.0
[INFO] tweaked toml for crates.io crate drand-client-rs 0.1.0 written to /workspace/builds/worker-3-tc1/source/Cargo.toml
[INFO] running `Command { std: CARGO_HOME="/workspace/cargo-home" RUSTUP_HOME="/workspace/rustup-home" "/workspace/cargo-home/bin/cargo" "+1.75.0" "generate-lockfile" "--manifest-path" "Cargo.toml", kill_on_drop: false }`
[INFO] [stderr]     Updating crates.io index
[INFO] running `Command { std: CARGO_HOME="/workspace/cargo-home" RUSTUP_HOME="/workspace/rustup-home" "/workspace/cargo-home/bin/cargo" "+1.75.0" "fetch" "--manifest-path" "Cargo.toml", kill_on_drop: false }`
[INFO] [stderr]     Blocking waiting for file lock on package cache
[INFO] running `Command { std: "docker" "create" "-v" "/var/lib/crater-agent-workspace/builds/worker-3-tc1/target:/opt/rustwide/target:rw,Z" "-v" "/var/lib/crater-agent-workspace/builds/worker-3-tc1/source:/opt/rustwide/workdir:ro,Z" "-v" "/var/lib/crater-agent-workspace/cargo-home:/opt/rustwide/cargo-home:ro,Z" "-v" "/var/lib/crater-agent-workspace/rustup-home:/opt/rustwide/rustup-home:ro,Z" "-e" "SOURCE_DIR=/opt/rustwide/workdir" "-e" "CARGO_TARGET_DIR=/opt/rustwide/target" "-e" "CARGO_HOME=/opt/rustwide/cargo-home" "-e" "RUSTUP_HOME=/opt/rustwide/rustup-home" "-w" "/opt/rustwide/workdir" "-m" "1610612736" "--user" "0:0" "--network" "none" "ghcr.io/rust-lang/crates-build-env/linux@sha256:2788e3201cd34a07e3172128adcd8b3090168a8e3bcc40d7c032b9dda1df7d1c" "/opt/rustwide/cargo-home/bin/cargo" "+1.75.0" "metadata" "--no-deps" "--format-version=1", kill_on_drop: false }`
[INFO] [stdout] 77fffa63d7809995095170446fcab7888e8efb0956b504de7257c1239bd4920f
[INFO] running `Command { std: "docker" "start" "-a" "77fffa63d7809995095170446fcab7888e8efb0956b504de7257c1239bd4920f", kill_on_drop: false }`
[INFO] running `Command { std: "docker" "inspect" "77fffa63d7809995095170446fcab7888e8efb0956b504de7257c1239bd4920f", kill_on_drop: false }`
[INFO] running `Command { std: "docker" "rm" "-f" "77fffa63d7809995095170446fcab7888e8efb0956b504de7257c1239bd4920f", kill_on_drop: false }`
[INFO] [stdout] 77fffa63d7809995095170446fcab7888e8efb0956b504de7257c1239bd4920f
[INFO] running `Command { std: "docker" "create" "-v" "/var/lib/crater-agent-workspace/builds/worker-3-tc1/target:/opt/rustwide/target:rw,Z" "-v" "/var/lib/crater-agent-workspace/builds/worker-3-tc1/source:/opt/rustwide/workdir:ro,Z" "-v" "/var/lib/crater-agent-workspace/cargo-home:/opt/rustwide/cargo-home:ro,Z" "-v" "/var/lib/crater-agent-workspace/rustup-home:/opt/rustwide/rustup-home:ro,Z" "-e" "SOURCE_DIR=/opt/rustwide/workdir" "-e" "CARGO_TARGET_DIR=/opt/rustwide/target" "-e" "CARGO_INCREMENTAL=0" "-e" "RUST_BACKTRACE=full" "-e" "RUSTFLAGS=--cap-lints=warn" "-e" "RUSTDOCFLAGS=--cap-lints=warn" "-e" "CARGO_HOME=/opt/rustwide/cargo-home" "-e" "RUSTUP_HOME=/opt/rustwide/rustup-home" "-w" "/opt/rustwide/workdir" "-m" "1610612736" "--user" "0:0" "--network" "none" "ghcr.io/rust-lang/crates-build-env/linux@sha256:2788e3201cd34a07e3172128adcd8b3090168a8e3bcc40d7c032b9dda1df7d1c" "/opt/rustwide/cargo-home/bin/cargo" "+1.75.0" "build" "--frozen" "--message-format=json", kill_on_drop: false }`
[INFO] [stdout] cfe8b8ef4d3d7f8db8b4a52f52dadf81b30b0d3e610b8f48ffe5b5ffeba0504a
[INFO] running `Command { std: "docker" "start" "-a" "cfe8b8ef4d3d7f8db8b4a52f52dadf81b30b0d3e610b8f48ffe5b5ffeba0504a", kill_on_drop: false }`
[INFO] [stderr]    Compiling vcpkg v0.2.15
[INFO] [stderr]    Compiling generic-array v0.14.7
[INFO] [stderr]    Compiling tracing-core v0.1.32
[INFO] [stderr]    Compiling serde v1.0.194
[INFO] [stderr]    Compiling foreign-types-shared v0.1.1
[INFO] [stderr]    Compiling openssl v0.10.62
[INFO] [stderr]    Compiling syn v2.0.48
[INFO] [stderr]    Compiling cc v1.0.83
[INFO] [stderr]    Compiling mio v0.8.10
[INFO] [stderr]    Compiling native-tls v0.2.11
[INFO] [stderr]    Compiling futures-util v0.3.30
[INFO] [stderr]    Compiling try-lock v0.2.5
[INFO] [stderr]    Compiling openssl-probe v0.1.5
[INFO] [stderr]    Compiling log v0.4.20
[INFO] [stderr]    Compiling rand_core v0.6.4
[INFO] [stderr]    Compiling unicode-normalization v0.1.22
[INFO] [stderr]    Compiling foreign-types v0.3.2
[INFO] [stderr]    Compiling want v0.3.1
[INFO] [stderr]    Compiling ff v0.13.0
[INFO] [stderr]    Compiling http-body v0.4.6
[INFO] [stderr]    Compiling futures-channel v0.3.30
[INFO] [stderr]    Compiling tower-service v0.3.2
[INFO] [stderr]    Compiling ipnet v2.9.0
[INFO] [stderr]    Compiling group v0.13.0
[INFO] [stderr]    Compiling opaque-debug v0.3.0
[INFO] [stderr]    Compiling tracing v0.1.40
[INFO] [stderr]    Compiling pairing v0.23.0
[INFO] [stderr]    Compiling tokio v1.35.1
[INFO] [stderr]    Compiling idna v0.5.0
[INFO] [stderr]    Compiling digest v0.9.0
[INFO] [stderr]    Compiling block-buffer v0.9.0
[INFO] [stderr]    Compiling bls12_381 v0.8.0
[INFO] [stderr]    Compiling sha2 v0.9.9
[INFO] [stderr]    Compiling openssl-sys v0.9.98
[INFO] [stderr]    Compiling url v2.5.0
[INFO] [stderr]    Compiling serde_derive v1.0.194
[INFO] [stderr]    Compiling openssl-macros v0.1.1
[INFO] [stderr]    Compiling thiserror-impl v1.0.56
[INFO] [stderr]    Compiling tokio-util v0.7.10
[INFO] [stderr]    Compiling thiserror v1.0.56
[INFO] [stderr]    Compiling h2 v0.3.22
[INFO] [stderr]    Compiling hyper v0.14.28
[INFO] [stderr]    Compiling tokio-native-tls v0.3.1
[INFO] [stderr]    Compiling serde_urlencoded v0.7.1
[INFO] [stderr]    Compiling serde_json v1.0.111
[INFO] [stderr]    Compiling hex v0.4.3
[INFO] [stderr]    Compiling hyper-tls v0.5.0
[INFO] [stderr]    Compiling reqwest v0.11.23
[INFO] [stderr]    Compiling drand-client-rs v0.1.0 (/opt/rustwide/workdir)
[INFO] [stderr]     Finished dev [unoptimized + debuginfo] target(s) in 15.14s
[INFO] running `Command { std: "docker" "inspect" "cfe8b8ef4d3d7f8db8b4a52f52dadf81b30b0d3e610b8f48ffe5b5ffeba0504a", kill_on_drop: false }`
[INFO] running `Command { std: "docker" "rm" "-f" "cfe8b8ef4d3d7f8db8b4a52f52dadf81b30b0d3e610b8f48ffe5b5ffeba0504a", kill_on_drop: false }`
[INFO] [stdout] cfe8b8ef4d3d7f8db8b4a52f52dadf81b30b0d3e610b8f48ffe5b5ffeba0504a
[INFO] running `Command { std: "docker" "create" "-v" "/var/lib/crater-agent-workspace/builds/worker-3-tc1/target:/opt/rustwide/target:rw,Z" "-v" "/var/lib/crater-agent-workspace/builds/worker-3-tc1/source:/opt/rustwide/workdir:ro,Z" "-v" "/var/lib/crater-agent-workspace/cargo-home:/opt/rustwide/cargo-home:ro,Z" "-v" "/var/lib/crater-agent-workspace/rustup-home:/opt/rustwide/rustup-home:ro,Z" "-e" "SOURCE_DIR=/opt/rustwide/workdir" "-e" "CARGO_TARGET_DIR=/opt/rustwide/target" "-e" "CARGO_INCREMENTAL=0" "-e" "RUST_BACKTRACE=full" "-e" "RUSTFLAGS=--cap-lints=warn" "-e" "RUSTDOCFLAGS=--cap-lints=warn" "-e" "CARGO_HOME=/opt/rustwide/cargo-home" "-e" "RUSTUP_HOME=/opt/rustwide/rustup-home" "-w" "/opt/rustwide/workdir" "-m" "1610612736" "--user" "0:0" "--network" "none" "ghcr.io/rust-lang/crates-build-env/linux@sha256:2788e3201cd34a07e3172128adcd8b3090168a8e3bcc40d7c032b9dda1df7d1c" "/opt/rustwide/cargo-home/bin/cargo" "+1.75.0" "test" "--frozen" "--no-run" "--message-format=json", kill_on_drop: false }`
[INFO] [stdout] ad50edb5bfb1a9adafc43f51c4933391765ea5e8c7e1dc092399ca7b95aab900
[INFO] running `Command { std: "docker" "start" "-a" "ad50edb5bfb1a9adafc43f51c4933391765ea5e8c7e1dc092399ca7b95aab900", kill_on_drop: false }`
[INFO] [stderr]    Compiling drand-client-rs v0.1.0 (/opt/rustwide/workdir)
[INFO] [stderr]     Finished test [unoptimized + debuginfo] target(s) in 2.97s
[INFO] running `Command { std: "docker" "inspect" "ad50edb5bfb1a9adafc43f51c4933391765ea5e8c7e1dc092399ca7b95aab900", kill_on_drop: false }`
[INFO] running `Command { std: "docker" "rm" "-f" "ad50edb5bfb1a9adafc43f51c4933391765ea5e8c7e1dc092399ca7b95aab900", kill_on_drop: false }`
[INFO] [stdout] ad50edb5bfb1a9adafc43f51c4933391765ea5e8c7e1dc092399ca7b95aab900
[INFO] running `Command { std: "docker" "create" "-v" "/var/lib/crater-agent-workspace/builds/worker-3-tc1/target:/opt/rustwide/target:rw,Z" "-v" "/var/lib/crater-agent-workspace/builds/worker-3-tc1/source:/opt/rustwide/workdir:ro,Z" "-v" "/var/lib/crater-agent-workspace/cargo-home:/opt/rustwide/cargo-home:ro,Z" "-v" "/var/lib/crater-agent-workspace/rustup-home:/opt/rustwide/rustup-home:ro,Z" "-e" "SOURCE_DIR=/opt/rustwide/workdir" "-e" "CARGO_TARGET_DIR=/opt/rustwide/target" "-e" "CARGO_INCREMENTAL=0" "-e" "RUST_BACKTRACE=full" "-e" "RUSTFLAGS=--cap-lints=warn" "-e" "RUSTDOCFLAGS=--cap-lints=warn" "-e" "CARGO_HOME=/opt/rustwide/cargo-home" "-e" "RUSTUP_HOME=/opt/rustwide/rustup-home" "-w" "/opt/rustwide/workdir" "-m" "1610612736" "--user" "0:0" "--network" "none" "ghcr.io/rust-lang/crates-build-env/linux@sha256:2788e3201cd34a07e3172128adcd8b3090168a8e3bcc40d7c032b9dda1df7d1c" "/opt/rustwide/cargo-home/bin/cargo" "+1.75.0" "test" "--frozen", kill_on_drop: false }`
[INFO] [stdout] e8a50c1561a36efe286a7c5f2ccc2a0c627a7262046f4358157f1de5da7c3985
[INFO] running `Command { std: "docker" "start" "-a" "e8a50c1561a36efe286a7c5f2ccc2a0c627a7262046f4358157f1de5da7c3985", kill_on_drop: false }`
[INFO] [stderr]     Finished test [unoptimized + debuginfo] target(s) in 0.11s
[INFO] [stderr]      Running unittests src/lib.rs (/opt/rustwide/target/debug/deps/drand_client_rs-547be27d984e88f7)
[INFO] [stdout] 
[INFO] [stdout] running 27 tests
[INFO] [stdout] test verify::test::default_beacon_empty_public_key_fails ... ok
[INFO] [stdout] test verify::test::default_beacon_missing_previous_sig_fails ... ok
[INFO] [stdout] test verify::test::default_with_invalid_randomness_fails ... ok
[INFO] [stdout] test verify::test::default_beacon_infinity_public_key_fails ... ok
[INFO] [stdout] test verify::test::g1g2_swap_empty_public_key_fails ... ok
[INFO] [stdout] test verify::test::g1g2_swap_infinity_public_key_fails ... ok
[INFO] [stdout] test verify::test::g1g2_swap_invalid_randomness_fails ... ok
[INFO] [stdout] test verify::test::default_beacon_invalid_public_key_fails ... ok
[INFO] [stdout] test verify::test::testnet_unchained_beacon_empty_public_key_fails ... ok
[INFO] [stdout] test verify::test::testnet_unchained_beacon_infinity_public_key_fails ... ok
[INFO] [stdout] test verify::test::testnet_unchained_beacon_randomness_not_matching_signature_fails ... ok
[INFO] [stdout] test verify::test::g1g2_swap_rfc_beacon_verifies ... ok
[INFO] [stdout] test verify::test::g1g2_swap_invalid_signature_fails ... ok
[INFO] [stdout] test verify::test::g1g2_swap_non_rfc_beacon_verifies ... ok
[INFO] [stdout] test verify::test::default_beacon_verifies ... ok
[INFO] [stdout] test verify::test::default_wrong_round_fails ... ok
[INFO] [stdout] test verify::test::testnet_unchained_beacon_verifies ... ok
[INFO] [stdout] test verify::test::g1g2_swap_wrong_round_fails ... ok
[INFO] [stdout] test verify::test::testnet_unchained_invalid_public_key_fails ... ok
[INFO] [stdout] test verify::test::testnet_unchained_beacon_containing_previous_sig_ignores_previous_sig ... ok
[INFO] [stdout] test verify::test::testnet_unchained_beacon_wrong_round_fails ... ok
[INFO] [stdout] test test::request_unchained_randomness_success ... FAILED
[INFO] [stdout] test test::request_genesis_returns_error ... FAILED
[INFO] [stdout] test test::request_g1g2swapped_rfc_beacon_succeeds ... FAILED
[INFO] [stdout] test test::request_chained_randomness_success ... FAILED
[INFO] [stdout] test test::request_g1g2swapped_rfc_latest_succeeds ... FAILED
[INFO] [stdout] test test::request_g1g2swapped_beacon_succeeds ... FAILED
[INFO] [stdout] 
[INFO] [stdout] failures:
[INFO] [stdout] 
[INFO] [stdout] ---- test::request_unchained_randomness_success stdout ----
[INFO] [stdout] Error: NotResponding
[INFO] [stdout] 
[INFO] [stdout] ---- test::request_genesis_returns_error stdout ----
[INFO] [stdout] Error: NotResponding
[INFO] [stdout] 
[INFO] [stdout] ---- test::request_g1g2swapped_rfc_beacon_succeeds stdout ----
[INFO] [stdout] Error: NotResponding
[INFO] [stdout] 
[INFO] [stdout] ---- test::request_chained_randomness_success stdout ----
[INFO] [stdout] Error: NotResponding
[INFO] [stdout] 
[INFO] [stdout] ---- test::request_g1g2swapped_rfc_latest_succeeds stdout ----
[INFO] [stdout] Error: NotResponding
[INFO] [stdout] 
[INFO] [stdout] ---- test::request_g1g2swapped_beacon_succeeds stdout ----
[INFO] [stdout] Error: NotResponding
[INFO] [stdout] 
[INFO] [stdout] 
[INFO] [stdout] failures:
[INFO] [stdout]     test::request_chained_randomness_success
[INFO] [stdout]     test::request_g1g2swapped_beacon_succeeds
[INFO] [stdout]     test::request_g1g2swapped_rfc_beacon_succeeds
[INFO] [stdout]     test::request_g1g2swapped_rfc_latest_succeeds
[INFO] [stdout]     test::request_genesis_returns_error
[INFO] [stdout]     test::request_unchained_randomness_success
[INFO] [stdout] 
[INFO] [stdout] test result: FAILED. 21 passed; 6 failed; 0 ignored; 0 measured; 0 filtered out; finished in 0.62s
[INFO] [stdout] 
[INFO] [stderr] error: test failed, to rerun pass `--lib`
[INFO] running `Command { std: "docker" "inspect" "e8a50c1561a36efe286a7c5f2ccc2a0c627a7262046f4358157f1de5da7c3985", kill_on_drop: false }`
[INFO] running `Command { std: "docker" "rm" "-f" "e8a50c1561a36efe286a7c5f2ccc2a0c627a7262046f4358157f1de5da7c3985", kill_on_drop: false }`
[INFO] [stdout] e8a50c1561a36efe286a7c5f2ccc2a0c627a7262046f4358157f1de5da7c3985
