[INFO] fetching crate dotenvy 0.15.7...
[INFO] testing dotenvy-0.15.7 against 1.75.0 for beta-1.76-1
[INFO] extracting crate dotenvy 0.15.7 into /workspace/builds/worker-3-tc1/source
[INFO] validating manifest of crates.io crate dotenvy 0.15.7 on toolchain 1.75.0
[INFO] running `Command { std: CARGO_HOME="/workspace/cargo-home" RUSTUP_HOME="/workspace/rustup-home" "/workspace/cargo-home/bin/cargo" "+1.75.0" "metadata" "--manifest-path" "Cargo.toml" "--no-deps", kill_on_drop: false }`
[INFO] started tweaking crates.io crate dotenvy 0.15.7
[INFO] finished tweaking crates.io crate dotenvy 0.15.7
[INFO] tweaked toml for crates.io crate dotenvy 0.15.7 written to /workspace/builds/worker-3-tc1/source/Cargo.toml
[INFO] crate crates.io crate dotenvy 0.15.7 already has a lockfile, it will not be regenerated
[INFO] running `Command { std: CARGO_HOME="/workspace/cargo-home" RUSTUP_HOME="/workspace/rustup-home" "/workspace/cargo-home/bin/cargo" "+1.75.0" "fetch" "--manifest-path" "Cargo.toml", kill_on_drop: false }`
[INFO] [stderr]  Downloading crates ...
[INFO] [stderr]   Downloaded tempfile v3.4.0
[INFO] [stderr]   Downloaded io-lifetimes v1.0.9
[INFO] [stderr]   Downloaded rustix v0.36.11
[INFO] running `Command { std: "docker" "create" "-v" "/var/lib/crater-agent-workspace/builds/worker-3-tc1/target:/opt/rustwide/target:rw,Z" "-v" "/var/lib/crater-agent-workspace/builds/worker-3-tc1/source:/opt/rustwide/workdir:ro,Z" "-v" "/var/lib/crater-agent-workspace/cargo-home:/opt/rustwide/cargo-home:ro,Z" "-v" "/var/lib/crater-agent-workspace/rustup-home:/opt/rustwide/rustup-home:ro,Z" "-e" "SOURCE_DIR=/opt/rustwide/workdir" "-e" "CARGO_TARGET_DIR=/opt/rustwide/target" "-e" "CARGO_HOME=/opt/rustwide/cargo-home" "-e" "RUSTUP_HOME=/opt/rustwide/rustup-home" "-w" "/opt/rustwide/workdir" "-m" "1610612736" "--user" "0:0" "--network" "none" "ghcr.io/rust-lang/crates-build-env/linux@sha256:2788e3201cd34a07e3172128adcd8b3090168a8e3bcc40d7c032b9dda1df7d1c" "/opt/rustwide/cargo-home/bin/cargo" "+1.75.0" "metadata" "--no-deps" "--format-version=1", kill_on_drop: false }`
[INFO] [stdout] 6424430e5e3acf81bd39d304f82046e7ba82b69addd9c36524c7d6f858a184fa
[INFO] running `Command { std: "docker" "start" "-a" "6424430e5e3acf81bd39d304f82046e7ba82b69addd9c36524c7d6f858a184fa", kill_on_drop: false }`
[INFO] running `Command { std: "docker" "inspect" "6424430e5e3acf81bd39d304f82046e7ba82b69addd9c36524c7d6f858a184fa", kill_on_drop: false }`
[INFO] running `Command { std: "docker" "rm" "-f" "6424430e5e3acf81bd39d304f82046e7ba82b69addd9c36524c7d6f858a184fa", kill_on_drop: false }`
[INFO] [stdout] 6424430e5e3acf81bd39d304f82046e7ba82b69addd9c36524c7d6f858a184fa
[INFO] running `Command { std: "docker" "create" "-v" "/var/lib/crater-agent-workspace/builds/worker-3-tc1/target:/opt/rustwide/target:rw,Z" "-v" "/var/lib/crater-agent-workspace/builds/worker-3-tc1/source:/opt/rustwide/workdir:ro,Z" "-v" "/var/lib/crater-agent-workspace/cargo-home:/opt/rustwide/cargo-home:ro,Z" "-v" "/var/lib/crater-agent-workspace/rustup-home:/opt/rustwide/rustup-home:ro,Z" "-e" "SOURCE_DIR=/opt/rustwide/workdir" "-e" "CARGO_TARGET_DIR=/opt/rustwide/target" "-e" "CARGO_INCREMENTAL=0" "-e" "RUST_BACKTRACE=full" "-e" "RUSTFLAGS=--cap-lints=warn" "-e" "RUSTDOCFLAGS=--cap-lints=warn" "-e" "CARGO_HOME=/opt/rustwide/cargo-home" "-e" "RUSTUP_HOME=/opt/rustwide/rustup-home" "-w" "/opt/rustwide/workdir" "-m" "1610612736" "--user" "0:0" "--network" "none" "ghcr.io/rust-lang/crates-build-env/linux@sha256:2788e3201cd34a07e3172128adcd8b3090168a8e3bcc40d7c032b9dda1df7d1c" "/opt/rustwide/cargo-home/bin/cargo" "+1.75.0" "build" "--frozen" "--message-format=json", kill_on_drop: false }`
[INFO] [stdout] 103f2d7aaa4e865b328f0d530e768d5eee71f4106eadc26a0266ebd899b3c23d
[INFO] running `Command { std: "docker" "start" "-a" "103f2d7aaa4e865b328f0d530e768d5eee71f4106eadc26a0266ebd899b3c23d", kill_on_drop: false }`
[INFO] [stderr]    Compiling dotenvy v0.15.7 (/opt/rustwide/workdir)
[INFO] [stderr]     Finished dev [unoptimized + debuginfo] target(s) in 0.48s
[INFO] running `Command { std: "docker" "inspect" "103f2d7aaa4e865b328f0d530e768d5eee71f4106eadc26a0266ebd899b3c23d", kill_on_drop: false }`
[INFO] running `Command { std: "docker" "rm" "-f" "103f2d7aaa4e865b328f0d530e768d5eee71f4106eadc26a0266ebd899b3c23d", kill_on_drop: false }`
[INFO] [stdout] 103f2d7aaa4e865b328f0d530e768d5eee71f4106eadc26a0266ebd899b3c23d
[INFO] running `Command { std: "docker" "create" "-v" "/var/lib/crater-agent-workspace/builds/worker-3-tc1/target:/opt/rustwide/target:rw,Z" "-v" "/var/lib/crater-agent-workspace/builds/worker-3-tc1/source:/opt/rustwide/workdir:ro,Z" "-v" "/var/lib/crater-agent-workspace/cargo-home:/opt/rustwide/cargo-home:ro,Z" "-v" "/var/lib/crater-agent-workspace/rustup-home:/opt/rustwide/rustup-home:ro,Z" "-e" "SOURCE_DIR=/opt/rustwide/workdir" "-e" "CARGO_TARGET_DIR=/opt/rustwide/target" "-e" "CARGO_INCREMENTAL=0" "-e" "RUST_BACKTRACE=full" "-e" "RUSTFLAGS=--cap-lints=warn" "-e" "RUSTDOCFLAGS=--cap-lints=warn" "-e" "CARGO_HOME=/opt/rustwide/cargo-home" "-e" "RUSTUP_HOME=/opt/rustwide/rustup-home" "-w" "/opt/rustwide/workdir" "-m" "1610612736" "--user" "0:0" "--network" "none" "ghcr.io/rust-lang/crates-build-env/linux@sha256:2788e3201cd34a07e3172128adcd8b3090168a8e3bcc40d7c032b9dda1df7d1c" "/opt/rustwide/cargo-home/bin/cargo" "+1.75.0" "test" "--frozen" "--no-run" "--message-format=json", kill_on_drop: false }`
[INFO] [stdout] 95d953fa8887756103ea842e1ea85b20bd01297137cbdacd5750524cd04d36be
[INFO] running `Command { std: "docker" "start" "-a" "95d953fa8887756103ea842e1ea85b20bd01297137cbdacd5750524cd04d36be", kill_on_drop: false }`
[INFO] [stderr]    Compiling libc v0.2.140
[INFO] [stderr]    Compiling io-lifetimes v1.0.9
[INFO] [stderr]    Compiling rustix v0.36.11
[INFO] [stderr]    Compiling linux-raw-sys v0.1.4
[INFO] [stderr]    Compiling fastrand v1.9.0
[INFO] [stderr]    Compiling tempfile v3.4.0
[INFO] [stderr]    Compiling dotenvy v0.15.7 (/opt/rustwide/workdir)
[INFO] [stdout] warning: unused import: `testenv::*`
[INFO] [stdout]  --> tests/integration/util/mod.rs:7:9
[INFO] [stdout]   |
[INFO] [stdout] 7 | pub use testenv::*;
[INFO] [stdout]   |         ^^^^^^^^^^
[INFO] [stdout]   |
[INFO] [stdout]   = note: `#[warn(unused_imports)]` on by default
[INFO] [stdout] 
[INFO] [stdout] 
[INFO] [stdout] warning: 1 warning emitted
[INFO] [stdout] 
[INFO] [stdout] 
[INFO] [stderr]     Finished test [unoptimized + debuginfo] target(s) in 7.26s
[INFO] running `Command { std: "docker" "inspect" "95d953fa8887756103ea842e1ea85b20bd01297137cbdacd5750524cd04d36be", kill_on_drop: false }`
[INFO] running `Command { std: "docker" "rm" "-f" "95d953fa8887756103ea842e1ea85b20bd01297137cbdacd5750524cd04d36be", kill_on_drop: false }`
[INFO] [stdout] 95d953fa8887756103ea842e1ea85b20bd01297137cbdacd5750524cd04d36be
[INFO] running `Command { std: "docker" "create" "-v" "/var/lib/crater-agent-workspace/builds/worker-3-tc1/target:/opt/rustwide/target:rw,Z" "-v" "/var/lib/crater-agent-workspace/builds/worker-3-tc1/source:/opt/rustwide/workdir:ro,Z" "-v" "/var/lib/crater-agent-workspace/cargo-home:/opt/rustwide/cargo-home:ro,Z" "-v" "/var/lib/crater-agent-workspace/rustup-home:/opt/rustwide/rustup-home:ro,Z" "-e" "SOURCE_DIR=/opt/rustwide/workdir" "-e" "CARGO_TARGET_DIR=/opt/rustwide/target" "-e" "CARGO_INCREMENTAL=0" "-e" "RUST_BACKTRACE=full" "-e" "RUSTFLAGS=--cap-lints=warn" "-e" "RUSTDOCFLAGS=--cap-lints=warn" "-e" "CARGO_HOME=/opt/rustwide/cargo-home" "-e" "RUSTUP_HOME=/opt/rustwide/rustup-home" "-w" "/opt/rustwide/workdir" "-m" "1610612736" "--user" "0:0" "--network" "none" "ghcr.io/rust-lang/crates-build-env/linux@sha256:2788e3201cd34a07e3172128adcd8b3090168a8e3bcc40d7c032b9dda1df7d1c" "/opt/rustwide/cargo-home/bin/cargo" "+1.75.0" "test" "--frozen", kill_on_drop: false }`
[INFO] [stdout] 54451811d7e1577621f2df8c6ed79a97a7f77c2a06a995a14917ce158a16ae27
[INFO] running `Command { std: "docker" "start" "-a" "54451811d7e1577621f2df8c6ed79a97a7f77c2a06a995a14917ce158a16ae27", kill_on_drop: false }`
[INFO] [stderr] warning: unused import: `testenv::*`
[INFO] [stderr]  --> tests/integration/util/mod.rs:7:9
[INFO] [stderr]   |
[INFO] [stderr] 7 | pub use testenv::*;
[INFO] [stderr]   |         ^^^^^^^^^^
[INFO] [stderr]   |
[INFO] [stderr]   = note: `#[warn(unused_imports)]` on by default
[INFO] [stderr] 
[INFO] [stderr] warning: `dotenvy` (test "integration") generated 1 warning (run `cargo fix --test "integration"` to apply 1 suggestion)
[INFO] [stderr]     Finished test [unoptimized + debuginfo] target(s) in 0.05s
[INFO] [stderr]      Running unittests src/lib.rs (/opt/rustwide/target/debug/deps/dotenvy-990a876dd17cd588)
[INFO] [stdout] 
[INFO] [stdout] running 30 tests
[INFO] [stdout] test errors::test::test_envvar_error_display ... ok
[INFO] [stdout] test errors::test::test_error_not_found_true ... ok
[INFO] [stdout] test errors::test::test_io_error_display ... ok
[INFO] [stdout] test errors::test::test_envvar_error_source ... ok
[INFO] [stdout] test errors::test::test_lineparse_error_source ... ok
[INFO] [stdout] test errors::test::test_error_not_found_false ... ok
[INFO] [stdout] test errors::test::test_lineparse_error_display ... ok
[INFO] [stdout] test parse::test::test_parse_line_invalid ... ok
[INFO] [stdout] test parse::error_tests::should_not_parse_unfinished_substitutions ... ok
[INFO] [stdout] test parse::test::test_parse_line_comment ... ok
[INFO] [stdout] test parse::test::test_parse_line_env ... ok
[INFO] [stdout] test parse::test::test_parse_value_escapes_invalid ... ok
[INFO] [stdout] test parse::variable_substitution_tests::consequent_substitutions ... ok
[INFO] [stdout] test parse::variable_substitution_tests::consequent_substitutions_with_one_missing ... ok
[INFO] [stdout] test parse::test::test_parse_value_escapes ... ok
[INFO] [stdout] test errors::test::test_io_error_source ... ok
[INFO] [stdout] test parse::error_tests::should_not_allow_dot_as_first_character_of_key ... ok
[INFO] [stdout] test parse::error_tests::should_not_parse_illegal_escape ... ok
[INFO] [stdout] test parse::variable_substitution_tests::do_not_substitute_variables_with_dollar_escaped ... ok
[INFO] [stdout] test parse::variable_substitution_tests::recursive_substitution ... ok
[INFO] [stdout] test parse::variable_substitution_tests::same_variable_reused ... ok
[INFO] [stdout] test parse::variable_substitution_tests::substitute_variable_env_variable_overrides_dotenv_in_substitution ... ok
[INFO] [stdout] test parse::variable_substitution_tests::substitute_undefined_variables_to_empty_string ... ok
[INFO] [stdout] test parse::variable_substitution_tests::do_not_substitute_variables_in_strong_quotes ... ok
[INFO] [stdout] test parse::error_tests::should_not_parse_illegal_format ... ok
[INFO] [stdout] test parse::variable_substitution_tests::with_dot ... ok
[INFO] [stdout] test parse::variable_substitution_tests::variable_without_parenthesis_is_substituted_before_separators ... ok
[INFO] [stdout] test parse::variable_substitution_tests::substitute_variable_from_env_variable ... ok
[INFO] [stderr]      Running tests/integration/main.rs (/opt/rustwide/target/debug/deps/integration-834c985d08ccce19)
[INFO] [stdout] test parse::variable_substitution_tests::variable_in_parenthesis_surrounded_by_quotes ... ok
[INFO] [stdout] test parse::variable_substitution_tests::do_not_substitute_variables_in_weak_quotes_with_dollar_escaped ... ok
[INFO] [stdout] 
[INFO] [stdout] test result: ok. 30 passed; 0 failed; 0 ignored; 0 measured; 0 filtered out; finished in 0.03s
[INFO] [stdout] 
[INFO] [stdout] 
[INFO] [stdout] running 0 tests
[INFO] [stdout] 
[INFO] [stdout] test result: ok. 0 passed; 0 failed; 0 ignored; 0 measured; 0 filtered out; finished in 0.00s
[INFO] [stdout] 
[INFO] [stderr]      Running tests/test-child-dir.rs (/opt/rustwide/target/debug/deps/test_child_dir-7d1556a615571cfd)
[INFO] [stdout] 
[INFO] [stdout] running 1 test
[INFO] [stdout] test test_child_dir ... ok
[INFO] [stdout] 
[INFO] [stdout] test result: ok. 1 passed; 0 failed; 0 ignored; 0 measured; 0 filtered out; finished in 0.00s
[INFO] [stdout] 
[INFO] [stderr]      Running tests/test-default-location.rs (/opt/rustwide/target/debug/deps/test_default_location-807f4c2d5096fe64)
[INFO] [stdout] 
[INFO] [stdout] running 1 test
[INFO] [stdout] test test_default_location ... ok
[INFO] [stdout] 
[INFO] [stdout] test result: ok. 1 passed; 0 failed; 0 ignored; 0 measured; 0 filtered out; finished in 0.01s
[INFO] [stdout] 
[INFO] [stderr]      Running tests/test-default-location-override.rs (/opt/rustwide/target/debug/deps/test_default_location_override-723423c09e1f731b)
[INFO] [stdout] 
[INFO] [stdout] running 1 test
[INFO] [stdout] test test_default_location_override ... ok
[INFO] [stdout] 
[INFO] [stdout] test result: ok. 1 passed; 0 failed; 0 ignored; 0 measured; 0 filtered out; finished in 0.00s
[INFO] [stdout] 
[INFO] [stderr]      Running tests/test-dotenv-iter.rs (/opt/rustwide/target/debug/deps/test_dotenv_iter-def64e34b1811042)
[INFO] [stdout] 
[INFO] [stdout] running 1 test
[INFO] [stderr]      Running tests/test-from-filename.rs (/opt/rustwide/target/debug/deps/test_from_filename-ab742edf3b8967c6)
[INFO] [stdout] test test_dotenv_iter ... ok
[INFO] [stdout] 
[INFO] [stdout] test result: ok. 1 passed; 0 failed; 0 ignored; 0 measured; 0 filtered out; finished in 0.00s
[INFO] [stdout] 
[INFO] [stdout] 
[INFO] [stdout] running 1 test
[INFO] [stdout] test test_from_filename ... ok
[INFO] [stdout] 
[INFO] [stdout] test result: ok. 1 passed; 0 failed; 0 ignored; 0 measured; 0 filtered out; finished in 0.01s
[INFO] [stdout] 
[INFO] [stderr]      Running tests/test-from-filename-iter.rs (/opt/rustwide/target/debug/deps/test_from_filename_iter-2da8bf930da7970e)
[INFO] [stdout] 
[INFO] [stdout] running 1 test
[INFO] [stdout] test test_from_filename_iter ... ok
[INFO] [stdout] 
[INFO] [stdout] test result: ok. 1 passed; 0 failed; 0 ignored; 0 measured; 0 filtered out; finished in 0.00s
[INFO] [stdout] 
[INFO] [stderr]      Running tests/test-from-filename-override.rs (/opt/rustwide/target/debug/deps/test_from_filename_override-786266bd4c3d2dcb)
[INFO] [stdout] 
[INFO] [stdout] running 1 test
[INFO] [stdout] test test_from_filename_override ... ok
[INFO] [stdout] 
[INFO] [stdout] test result: ok. 1 passed; 0 failed; 0 ignored; 0 measured; 0 filtered out; finished in 0.00s
[INFO] [stdout] 
[INFO] [stderr]      Running tests/test-from-path.rs (/opt/rustwide/target/debug/deps/test_from_path-4ccbc328ada0050b)
[INFO] [stdout] 
[INFO] [stdout] running 1 test
[INFO] [stdout] test test_from_path ... ok
[INFO] [stdout] 
[INFO] [stdout] test result: ok. 1 passed; 0 failed; 0 ignored; 0 measured; 0 filtered out; finished in 0.00s
[INFO] [stdout] 
[INFO] [stderr]      Running tests/test-from-path-iter.rs (/opt/rustwide/target/debug/deps/test_from_path_iter-fca2cc1c8f08ccd9)
[INFO] [stdout] 
[INFO] [stdout] running 1 test
[INFO] [stdout] test test_from_path_iter ... ok
[INFO] [stdout] 
[INFO] [stdout] test result: ok. 1 passed; 0 failed; 0 ignored; 0 measured; 0 filtered out; finished in 0.00s
[INFO] [stdout] 
[INFO] [stderr]      Running tests/test-from-path-override.rs (/opt/rustwide/target/debug/deps/test_from_path_override-658d0eb1001bce0d)
[INFO] [stdout] 
[INFO] [stdout] running 1 test
[INFO] [stdout] test test_from_path_override ... ok
[INFO] [stdout] 
[INFO] [stdout] test result: ok. 1 passed; 0 failed; 0 ignored; 0 measured; 0 filtered out; finished in 0.00s
[INFO] [stdout] 
[INFO] [stderr]      Running tests/test-from-read.rs (/opt/rustwide/target/debug/deps/test_from_read-a2aefa92b416c1bf)
[INFO] [stdout] 
[INFO] [stdout] running 1 test
[INFO] [stdout] test test_from_read ... ok
[INFO] [stdout] 
[INFO] [stdout] test result: ok. 1 passed; 0 failed; 0 ignored; 0 measured; 0 filtered out; finished in 0.00s
[INFO] [stdout] 
[INFO] [stderr]      Running tests/test-from-read-override.rs (/opt/rustwide/target/debug/deps/test_from_read_override-8b9e5ab266a94982)
[INFO] [stdout] 
[INFO] [stdout] running 1 test
[INFO] [stdout] test test_from_read_override ... ok
[INFO] [stdout] 
[INFO] [stdout] test result: ok. 1 passed; 0 failed; 0 ignored; 0 measured; 0 filtered out; finished in 0.00s
[INFO] [stdout] 
[INFO] [stderr]      Running tests/test-ignore-bom.rs (/opt/rustwide/target/debug/deps/test_ignore_bom-830c2a66e98b3b9d)
[INFO] [stdout] 
[INFO] [stdout] running 1 test
[INFO] [stdout] test test_ignore_bom ... ok
[INFO] [stdout] 
[INFO] [stdout] test result: ok. 1 passed; 0 failed; 0 ignored; 0 measured; 0 filtered out; finished in 0.00s
[INFO] [stdout] 
[INFO] [stderr]      Running tests/test-multiline.rs (/opt/rustwide/target/debug/deps/test_multiline-31ca0bae743c577d)
[INFO] [stdout] 
[INFO] [stdout] running 1 test
[INFO] [stdout] test test_multiline ... ok
[INFO] [stdout] 
[INFO] [stdout] test result: ok. 1 passed; 0 failed; 0 ignored; 0 measured; 0 filtered out; finished in 0.00s
[INFO] [stdout] 
[INFO] [stderr]      Running tests/test-multiline-comment.rs (/opt/rustwide/target/debug/deps/test_multiline_comment-1be3faff2531e655)
[INFO] [stdout] 
[INFO] [stdout] running 1 test
[INFO] [stdout] test test_issue_12 ... ok
[INFO] [stdout] 
[INFO] [stdout] test result: ok. 1 passed; 0 failed; 0 ignored; 0 measured; 0 filtered out; finished in 0.00s
[INFO] [stdout] 
[INFO] [stderr]      Running tests/test-var.rs (/opt/rustwide/target/debug/deps/test_var-88b4fb367efc4ef1)
[INFO] [stdout] 
[INFO] [stdout] running 1 test
[INFO] [stdout] test test_var ... ok
[INFO] [stdout] 
[INFO] [stdout] test result: ok. 1 passed; 0 failed; 0 ignored; 0 measured; 0 filtered out; finished in 0.00s
[INFO] [stdout] 
[INFO] [stderr]      Running tests/test-variable-substitution.rs (/opt/rustwide/target/debug/deps/test_variable_substitution-109bbea50cc61cbd)
[INFO] [stdout] 
[INFO] [stdout] running 1 test
[INFO] [stdout] test test_variable_substitutions ... ok
[INFO] [stdout] 
[INFO] [stdout] test result: ok. 1 passed; 0 failed; 0 ignored; 0 measured; 0 filtered out; finished in 0.00s
[INFO] [stdout] 
[INFO] [stderr]      Running tests/test-vars.rs (/opt/rustwide/target/debug/deps/test_vars-028076b1fbd4065f)
[INFO] [stdout] 
[INFO] [stdout] running 1 test
[INFO] [stdout] test test_vars ... ok
[INFO] [stderr]    Doc-tests dotenvy
[INFO] [stdout] 
[INFO] [stdout] test result: ok. 1 passed; 0 failed; 0 ignored; 0 measured; 0 filtered out; finished in 0.00s
[INFO] [stdout] 
[INFO] [stdout] 
[INFO] [stdout] running 16 tests
[INFO] [stdout] test src/lib.rs - from_filename_override (line 178) - compile ... ok
[INFO] [stdout] test src/lib.rs - from_filename_iter (line 203) - compile ... ok
[INFO] [stdout] test src/lib.rs - from_path (line 77) - compile ... ok
[INFO] [stdout] test src/lib.rs - from_filename (line 146) - compile ... ok
[INFO] [stdout] test src/lib.rs - from_path_iter (line 119) - compile ... ok
[INFO] [stdout] test src/lib.rs - from_path_override (line 102) - compile ... ok
[INFO] [stdout] test src/lib.rs - from_read (line 235) - compile ... ok
[INFO] [stdout] test src/lib.rs - from_read_override (line 267) - compile ... ok
[INFO] [stdout] test src/lib.rs - from_read_iter (line 288) - compile ... ok
[INFO] [stdout] test src/lib.rs - vars (line 52) - compile ... ok
[INFO] [stdout] test src/lib.rs - var (line 33) - compile ... ok
[INFO] [stdout] test src/lib.rs - dotenv_iter (line 361) ... FAILED
[INFO] [stdout] test src/lib.rs - from_filename_override (line 187) ... FAILED
[INFO] [stdout] test src/lib.rs - dotenv_override (line 345) ... FAILED
[INFO] [stdout] test src/lib.rs - dotenv (line 322) ... FAILED
[INFO] [stdout] test src/lib.rs - from_filename (line 155) ... FAILED
[INFO] [stdout] 
[INFO] [stdout] failures:
[INFO] [stdout] 
[INFO] [stdout] ---- src/lib.rs - dotenv_iter (line 361) stdout ----
[INFO] [stdout] Test executable failed (exit status: 1).
[INFO] [stdout] 
[INFO] [stdout] stderr:
[INFO] [stdout] Error: Io(Custom { kind: NotFound, error: "path not found" })
[INFO] [stdout] 
[INFO] [stdout] 
[INFO] [stdout] ---- src/lib.rs - from_filename_override (line 187) stdout ----
[INFO] [stdout] Test executable failed (exit status: 1).
[INFO] [stdout] 
[INFO] [stdout] stderr:
[INFO] [stdout] Error: Io(Custom { kind: NotFound, error: "path not found" })
[INFO] [stdout] 
[INFO] [stdout] 
[INFO] [stdout] ---- src/lib.rs - dotenv_override (line 345) stdout ----
[INFO] [stdout] Test executable failed (exit status: 1).
[INFO] [stdout] 
[INFO] [stdout] stderr:
[INFO] [stdout] Error: Io(Custom { kind: NotFound, error: "path not found" })
[INFO] [stdout] 
[INFO] [stdout] 
[INFO] [stdout] ---- src/lib.rs - dotenv (line 322) stdout ----
[INFO] [stdout] Test executable failed (exit status: 1).
[INFO] [stdout] 
[INFO] [stdout] stderr:
[INFO] [stdout] Error: Io(Custom { kind: NotFound, error: "path not found" })
[INFO] [stdout] 
[INFO] [stdout] 
[INFO] [stdout] ---- src/lib.rs - from_filename (line 155) stdout ----
[INFO] [stdout] Test executable failed (exit status: 1).
[INFO] [stdout] 
[INFO] [stdout] stderr:
[INFO] [stdout] Error: Io(Custom { kind: NotFound, error: "path not found" })
[INFO] [stdout] 
[INFO] [stdout] 
[INFO] [stdout] 
[INFO] [stdout] failures:
[INFO] [stdout]     src/lib.rs - dotenv (line 322)
[INFO] [stdout]     src/lib.rs - dotenv_iter (line 361)
[INFO] [stdout]     src/lib.rs - dotenv_override (line 345)
[INFO] [stdout]     src/lib.rs - from_filename (line 155)
[INFO] [stdout]     src/lib.rs - from_filename_override (line 187)
[INFO] [stdout] 
[INFO] [stdout] test result: FAILED. 11 passed; 5 failed; 0 ignored; 0 measured; 0 filtered out; finished in 0.56s
[INFO] [stdout] 
[INFO] [stderr] error: doctest failed, to rerun pass `--doc`
[INFO] running `Command { std: "docker" "inspect" "54451811d7e1577621f2df8c6ed79a97a7f77c2a06a995a14917ce158a16ae27", kill_on_drop: false }`
[INFO] running `Command { std: "docker" "rm" "-f" "54451811d7e1577621f2df8c6ed79a97a7f77c2a06a995a14917ce158a16ae27", kill_on_drop: false }`
[INFO] [stdout] 54451811d7e1577621f2df8c6ed79a97a7f77c2a06a995a14917ce158a16ae27
[INFO] testing dotenvy-0.15.7 against beta-2023-12-22 for beta-1.76-1
[INFO] extracting crate dotenvy 0.15.7 into /workspace/builds/worker-3-tc2/source
[INFO] validating manifest of crates.io crate dotenvy 0.15.7 on toolchain beta-2023-12-22
[INFO] running `Command { std: CARGO_HOME="/workspace/cargo-home" RUSTUP_HOME="/workspace/rustup-home" "/workspace/cargo-home/bin/cargo" "+beta-2023-12-22" "metadata" "--manifest-path" "Cargo.toml" "--no-deps", kill_on_drop: false }`
[INFO] started tweaking crates.io crate dotenvy 0.15.7
[INFO] finished tweaking crates.io crate dotenvy 0.15.7
[INFO] tweaked toml for crates.io crate dotenvy 0.15.7 written to /workspace/builds/worker-3-tc2/source/Cargo.toml
[INFO] crate crates.io crate dotenvy 0.15.7 already has a lockfile, it will not be regenerated
[INFO] running `Command { std: CARGO_HOME="/workspace/cargo-home" RUSTUP_HOME="/workspace/rustup-home" "/workspace/cargo-home/bin/cargo" "+beta-2023-12-22" "fetch" "--manifest-path" "Cargo.toml", kill_on_drop: false }`
[INFO] running `Command { std: "docker" "create" "-v" "/var/lib/crater-agent-workspace/builds/worker-3-tc2/target:/opt/rustwide/target:rw,Z" "-v" "/var/lib/crater-agent-workspace/builds/worker-3-tc2/source:/opt/rustwide/workdir:ro,Z" "-v" "/var/lib/crater-agent-workspace/cargo-home:/opt/rustwide/cargo-home:ro,Z" "-v" "/var/lib/crater-agent-workspace/rustup-home:/opt/rustwide/rustup-home:ro,Z" "-e" "SOURCE_DIR=/opt/rustwide/workdir" "-e" "CARGO_TARGET_DIR=/opt/rustwide/target" "-e" "CARGO_HOME=/opt/rustwide/cargo-home" "-e" "RUSTUP_HOME=/opt/rustwide/rustup-home" "-w" "/opt/rustwide/workdir" "-m" "1610612736" "--user" "0:0" "--network" "none" "ghcr.io/rust-lang/crates-build-env/linux@sha256:2788e3201cd34a07e3172128adcd8b3090168a8e3bcc40d7c032b9dda1df7d1c" "/opt/rustwide/cargo-home/bin/cargo" "+beta-2023-12-22" "metadata" "--no-deps" "--format-version=1", kill_on_drop: false }`
[INFO] [stdout] 3526e0aaa834f9ef6343817693ab4434180148d59727a485a97027b9bcbeab03
[INFO] running `Command { std: "docker" "start" "-a" "3526e0aaa834f9ef6343817693ab4434180148d59727a485a97027b9bcbeab03", kill_on_drop: false }`
[INFO] running `Command { std: "docker" "inspect" "3526e0aaa834f9ef6343817693ab4434180148d59727a485a97027b9bcbeab03", kill_on_drop: false }`
[INFO] running `Command { std: "docker" "rm" "-f" "3526e0aaa834f9ef6343817693ab4434180148d59727a485a97027b9bcbeab03", kill_on_drop: false }`
[INFO] [stdout] 3526e0aaa834f9ef6343817693ab4434180148d59727a485a97027b9bcbeab03
[INFO] running `Command { std: "docker" "create" "-v" "/var/lib/crater-agent-workspace/builds/worker-3-tc2/target:/opt/rustwide/target:rw,Z" "-v" "/var/lib/crater-agent-workspace/builds/worker-3-tc2/source:/opt/rustwide/workdir:ro,Z" "-v" "/var/lib/crater-agent-workspace/cargo-home:/opt/rustwide/cargo-home:ro,Z" "-v" "/var/lib/crater-agent-workspace/rustup-home:/opt/rustwide/rustup-home:ro,Z" "-e" "SOURCE_DIR=/opt/rustwide/workdir" "-e" "CARGO_TARGET_DIR=/opt/rustwide/target" "-e" "CARGO_INCREMENTAL=0" "-e" "RUST_BACKTRACE=full" "-e" "RUSTFLAGS=--cap-lints=warn" "-e" "RUSTDOCFLAGS=--cap-lints=warn" "-e" "CARGO_HOME=/opt/rustwide/cargo-home" "-e" "RUSTUP_HOME=/opt/rustwide/rustup-home" "-w" "/opt/rustwide/workdir" "-m" "1610612736" "--user" "0:0" "--network" "none" "ghcr.io/rust-lang/crates-build-env/linux@sha256:2788e3201cd34a07e3172128adcd8b3090168a8e3bcc40d7c032b9dda1df7d1c" "/opt/rustwide/cargo-home/bin/cargo" "+beta-2023-12-22" "build" "--frozen" "--message-format=json", kill_on_drop: false }`
[INFO] [stdout] 13d1ee7891083efb9603862df7fef4ecdc2fcafdf8333e46638355889c2391e4
[INFO] running `Command { std: "docker" "start" "-a" "13d1ee7891083efb9603862df7fef4ecdc2fcafdf8333e46638355889c2391e4", kill_on_drop: false }`
[INFO] [stderr]    Compiling dotenvy v0.15.7 (/opt/rustwide/workdir)
[INFO] [stderr]     Finished dev [unoptimized + debuginfo] target(s) in 0.40s
[INFO] running `Command { std: "docker" "inspect" "13d1ee7891083efb9603862df7fef4ecdc2fcafdf8333e46638355889c2391e4", kill_on_drop: false }`
[INFO] running `Command { std: "docker" "rm" "-f" "13d1ee7891083efb9603862df7fef4ecdc2fcafdf8333e46638355889c2391e4", kill_on_drop: false }`
[INFO] [stdout] 13d1ee7891083efb9603862df7fef4ecdc2fcafdf8333e46638355889c2391e4
[INFO] running `Command { std: "docker" "create" "-v" "/var/lib/crater-agent-workspace/builds/worker-3-tc2/target:/opt/rustwide/target:rw,Z" "-v" "/var/lib/crater-agent-workspace/builds/worker-3-tc2/source:/opt/rustwide/workdir:ro,Z" "-v" "/var/lib/crater-agent-workspace/cargo-home:/opt/rustwide/cargo-home:ro,Z" "-v" "/var/lib/crater-agent-workspace/rustup-home:/opt/rustwide/rustup-home:ro,Z" "-e" "SOURCE_DIR=/opt/rustwide/workdir" "-e" "CARGO_TARGET_DIR=/opt/rustwide/target" "-e" "CARGO_INCREMENTAL=0" "-e" "RUST_BACKTRACE=full" "-e" "RUSTFLAGS=--cap-lints=warn" "-e" "RUSTDOCFLAGS=--cap-lints=warn" "-e" "CARGO_HOME=/opt/rustwide/cargo-home" "-e" "RUSTUP_HOME=/opt/rustwide/rustup-home" "-w" "/opt/rustwide/workdir" "-m" "1610612736" "--user" "0:0" "--network" "none" "ghcr.io/rust-lang/crates-build-env/linux@sha256:2788e3201cd34a07e3172128adcd8b3090168a8e3bcc40d7c032b9dda1df7d1c" "/opt/rustwide/cargo-home/bin/cargo" "+beta-2023-12-22" "test" "--frozen" "--no-run" "--message-format=json", kill_on_drop: false }`
[INFO] [stdout] 9f46b7448edeede353966f1e87409b16b10ca8a0641b6dbf6bad397a3e674279
[INFO] running `Command { std: "docker" "start" "-a" "9f46b7448edeede353966f1e87409b16b10ca8a0641b6dbf6bad397a3e674279", kill_on_drop: false }`
[INFO] [stderr]    Compiling libc v0.2.140
[INFO] [stderr]    Compiling io-lifetimes v1.0.9
[INFO] [stderr]    Compiling rustix v0.36.11
[INFO] [stderr]    Compiling linux-raw-sys v0.1.4
[INFO] [stderr]    Compiling fastrand v1.9.0
[INFO] [stderr]    Compiling tempfile v3.4.0
[INFO] [stderr]    Compiling dotenvy v0.15.7 (/opt/rustwide/workdir)
[INFO] [stdout] warning: unused import: `testenv::*`
[INFO] [stdout]  --> tests/integration/util/mod.rs:7:9
[INFO] [stdout]   |
[INFO] [stdout] 7 | pub use testenv::*;
[INFO] [stdout]   |         ^^^^^^^^^^
[INFO] [stdout]   |
[INFO] [stdout]   = note: `#[warn(unused_imports)]` on by default
[INFO] [stdout] 
[INFO] [stdout] 
[INFO] [stdout] warning: 1 warning emitted
[INFO] [stdout] 
[INFO] [stdout] 
[INFO] [stderr]     Finished test [unoptimized + debuginfo] target(s) in 9.35s
[INFO] running `Command { std: "docker" "inspect" "9f46b7448edeede353966f1e87409b16b10ca8a0641b6dbf6bad397a3e674279", kill_on_drop: false }`
[INFO] running `Command { std: "docker" "rm" "-f" "9f46b7448edeede353966f1e87409b16b10ca8a0641b6dbf6bad397a3e674279", kill_on_drop: false }`
[INFO] [stdout] 9f46b7448edeede353966f1e87409b16b10ca8a0641b6dbf6bad397a3e674279
[INFO] running `Command { std: "docker" "create" "-v" "/var/lib/crater-agent-workspace/builds/worker-3-tc2/target:/opt/rustwide/target:rw,Z" "-v" "/var/lib/crater-agent-workspace/builds/worker-3-tc2/source:/opt/rustwide/workdir:ro,Z" "-v" "/var/lib/crater-agent-workspace/cargo-home:/opt/rustwide/cargo-home:ro,Z" "-v" "/var/lib/crater-agent-workspace/rustup-home:/opt/rustwide/rustup-home:ro,Z" "-e" "SOURCE_DIR=/opt/rustwide/workdir" "-e" "CARGO_TARGET_DIR=/opt/rustwide/target" "-e" "CARGO_INCREMENTAL=0" "-e" "RUST_BACKTRACE=full" "-e" "RUSTFLAGS=--cap-lints=warn" "-e" "RUSTDOCFLAGS=--cap-lints=warn" "-e" "CARGO_HOME=/opt/rustwide/cargo-home" "-e" "RUSTUP_HOME=/opt/rustwide/rustup-home" "-w" "/opt/rustwide/workdir" "-m" "1610612736" "--user" "0:0" "--network" "none" "ghcr.io/rust-lang/crates-build-env/linux@sha256:2788e3201cd34a07e3172128adcd8b3090168a8e3bcc40d7c032b9dda1df7d1c" "/opt/rustwide/cargo-home/bin/cargo" "+beta-2023-12-22" "test" "--frozen", kill_on_drop: false }`
[INFO] [stdout] a1f6dbaf9ffb6baa1bb0d9253602cc27e0e73130c29d4473608c2a7604ee7287
[INFO] running `Command { std: "docker" "start" "-a" "a1f6dbaf9ffb6baa1bb0d9253602cc27e0e73130c29d4473608c2a7604ee7287", kill_on_drop: false }`
[INFO] [stderr] warning: unused import: `testenv::*`
[INFO] [stderr]  --> tests/integration/util/mod.rs:7:9
[INFO] [stderr]   |
[INFO] [stderr] 7 | pub use testenv::*;
[INFO] [stderr]   |         ^^^^^^^^^^
[INFO] [stderr]   |
[INFO] [stderr]   = note: `#[warn(unused_imports)]` on by default
[INFO] [stderr] 
[INFO] [stderr] warning: `dotenvy` (test "integration") generated 1 warning (run `cargo fix --test "integration"` to apply 1 suggestion)
[INFO] [stderr]     Finished test [unoptimized + debuginfo] target(s) in 0.06s
[INFO] [stderr]      Running unittests src/lib.rs (/opt/rustwide/target/debug/deps/dotenvy-64fa5f14ac7ad3ba)
[INFO] [stdout] 
[INFO] [stdout] running 30 tests
[INFO] [stdout] test errors::test::test_error_not_found_false ... ok
[INFO] [stdout] test errors::test::test_error_not_found_true ... ok
[INFO] [stdout] test errors::test::test_io_error_display ... ok
[INFO] [stdout] test errors::test::test_io_error_source ... ok
[INFO] [stdout] test errors::test::test_lineparse_error_source ... ok
[INFO] [stdout] test errors::test::test_envvar_error_source ... ok
[INFO] [stdout] test errors::test::test_lineparse_error_display ... ok
[INFO] [stdout] test parse::error_tests::should_not_allow_dot_as_first_character_of_key ... ok
[INFO] [stdout] test parse::error_tests::should_not_parse_illegal_escape ... ok
[INFO] [stdout] test parse::error_tests::should_not_parse_unfinished_substitutions ... ok
[INFO] [stdout] test errors::test::test_envvar_error_display ... ok
[INFO] [stdout] test parse::test::test_parse_line_comment ... ok
[INFO] [stdout] test parse::test::test_parse_line_env ... ok
[INFO] [stdout] test parse::test::test_parse_value_escapes ... ok
[INFO] [stdout] test parse::error_tests::should_not_parse_illegal_format ... ok
[INFO] [stdout] test parse::variable_substitution_tests::consequent_substitutions ... ok
[INFO] [stdout] test parse::test::test_parse_line_invalid ... ok
[INFO] [stdout] test parse::test::test_parse_value_escapes_invalid ... ok
[INFO] [stdout] test parse::variable_substitution_tests::do_not_substitute_variables_in_weak_quotes_with_dollar_escaped ... ok
[INFO] [stdout] test parse::variable_substitution_tests::do_not_substitute_variables_with_dollar_escaped ... ok
[INFO] [stdout] test parse::variable_substitution_tests::variable_in_parenthesis_surrounded_by_quotes ... ok
[INFO] [stdout] test parse::variable_substitution_tests::recursive_substitution ... ok
[INFO] [stdout] test parse::variable_substitution_tests::variable_without_parenthesis_is_substituted_before_separators ... ok
[INFO] [stdout] test parse::variable_substitution_tests::same_variable_reused ... ok
[INFO] [stdout] test parse::variable_substitution_tests::consequent_substitutions_with_one_missing ... ok
[INFO] [stdout] test parse::variable_substitution_tests::do_not_substitute_variables_in_strong_quotes ... ok
[INFO] [stdout] test parse::variable_substitution_tests::substitute_variable_env_variable_overrides_dotenv_in_substitution ... ok
[INFO] [stdout] test parse::variable_substitution_tests::substitute_undefined_variables_to_empty_string ... ok
[INFO] [stdout] test parse::variable_substitution_tests::substitute_variable_from_env_variable ... ok
[INFO] [stdout] test parse::variable_substitution_tests::with_dot ... ok
[INFO] [stdout] 
[INFO] [stdout] test result: ok. 30 passed; 0 failed; 0 ignored; 0 measured; 0 filtered out; finished in 0.01s
[INFO] [stdout] 
[INFO] [stderr]      Running tests/integration/main.rs (/opt/rustwide/target/debug/deps/integration-49fb9925228f8cc0)
[INFO] [stdout] 
[INFO] [stdout] running 0 tests
[INFO] [stdout] 
[INFO] [stdout] test result: ok. 0 passed; 0 failed; 0 ignored; 0 measured; 0 filtered out; finished in 0.00s
[INFO] [stdout] 
[INFO] [stderr]      Running tests/test-child-dir.rs (/opt/rustwide/target/debug/deps/test_child_dir-74a17f48fba74ae5)
[INFO] [stdout] 
[INFO] [stdout] running 1 test
[INFO] [stderr]      Running tests/test-default-location.rs (/opt/rustwide/target/debug/deps/test_default_location-ae53a2026f7cedba)
[INFO] [stdout] test test_child_dir ... ok
[INFO] [stdout] 
[INFO] [stdout] test result: ok. 1 passed; 0 failed; 0 ignored; 0 measured; 0 filtered out; finished in 0.01s
[INFO] [stdout] 
[INFO] [stdout] 
[INFO] [stdout] running 1 test
[INFO] [stdout] test test_default_location ... ok
[INFO] [stdout] 
[INFO] [stdout] test result: ok. 1 passed; 0 failed; 0 ignored; 0 measured; 0 filtered out; finished in 0.00s
[INFO] [stdout] 
[INFO] [stderr]      Running tests/test-default-location-override.rs (/opt/rustwide/target/debug/deps/test_default_location_override-a9b819e5bafde70e)
[INFO] [stdout] 
[INFO] [stdout] running 1 test
[INFO] [stdout] test test_default_location_override ... ok
[INFO] [stderr]      Running tests/test-dotenv-iter.rs (/opt/rustwide/target/debug/deps/test_dotenv_iter-472d0832b4a3d5ad)
[INFO] [stdout] 
[INFO] [stdout] test result: ok. 1 passed; 0 failed; 0 ignored; 0 measured; 0 filtered out; finished in 0.00s
[INFO] [stdout] 
[INFO] [stdout] 
[INFO] [stdout] running 1 test
[INFO] [stderr]      Running tests/test-from-filename.rs (/opt/rustwide/target/debug/deps/test_from_filename-ff7bdf7abc9b69e2)
[INFO] [stdout] test test_dotenv_iter ... ok
[INFO] [stdout] 
[INFO] [stdout] test result: ok. 1 passed; 0 failed; 0 ignored; 0 measured; 0 filtered out; finished in 0.00s
[INFO] [stdout] 
[INFO] [stdout] 
[INFO] [stdout] running 1 test
[INFO] [stdout] test test_from_filename ... ok
[INFO] [stdout] 
[INFO] [stdout] test result: ok. 1 passed; 0 failed; 0 ignored; 0 measured; 0 filtered out; finished in 0.01s
[INFO] [stdout] 
[INFO] [stderr]      Running tests/test-from-filename-iter.rs (/opt/rustwide/target/debug/deps/test_from_filename_iter-f2854f86893dbf31)
[INFO] [stderr]      Running tests/test-from-filename-override.rs (/opt/rustwide/target/debug/deps/test_from_filename_override-23cc744a67f7adcf)
[INFO] [stdout] 
[INFO] [stdout] running 1 test
[INFO] [stdout] test test_from_filename_iter ... ok
[INFO] [stdout] 
[INFO] [stdout] test result: ok. 1 passed; 0 failed; 0 ignored; 0 measured; 0 filtered out; finished in 0.00s
[INFO] [stdout] 
[INFO] [stdout] 
[INFO] [stdout] running 1 test
[INFO] [stderr]      Running tests/test-from-path.rs (/opt/rustwide/target/debug/deps/test_from_path-619b0345206acc1d)
[INFO] [stdout] test test_from_filename_override ... ok
[INFO] [stdout] 
[INFO] [stdout] test result: ok. 1 passed; 0 failed; 0 ignored; 0 measured; 0 filtered out; finished in 0.00s
[INFO] [stdout] 
[INFO] [stdout] 
[INFO] [stdout] running 1 test
[INFO] [stdout] test test_from_path ... ok
[INFO] [stdout] 
[INFO] [stdout] test result: ok. 1 passed; 0 failed; 0 ignored; 0 measured; 0 filtered out; finished in 0.01s
[INFO] [stdout] 
[INFO] [stderr]      Running tests/test-from-path-iter.rs (/opt/rustwide/target/debug/deps/test_from_path_iter-c40352a24bb3a416)
[INFO] [stdout] 
[INFO] [stdout] running 1 test
[INFO] [stderr]      Running tests/test-from-path-override.rs (/opt/rustwide/target/debug/deps/test_from_path_override-d56edfe7bc59023d)
[INFO] [stdout] test test_from_path_iter ... ok
[INFO] [stdout] 
[INFO] [stdout] test result: ok. 1 passed; 0 failed; 0 ignored; 0 measured; 0 filtered out; finished in 0.01s
[INFO] [stdout] 
[INFO] [stdout] 
[INFO] [stdout] running 1 test
[INFO] [stdout] test test_from_path_override ... ok
[INFO] [stdout] 
[INFO] [stdout] test result: ok. 1 passed; 0 failed; 0 ignored; 0 measured; 0 filtered out; finished in 0.01s
[INFO] [stdout] 
[INFO] [stderr]      Running tests/test-from-read.rs (/opt/rustwide/target/debug/deps/test_from_read-80179301de4e98ca)
[INFO] [stdout] 
[INFO] [stdout] running 1 test
[INFO] [stderr]      Running tests/test-from-read-override.rs (/opt/rustwide/target/debug/deps/test_from_read_override-e273ed68ee0a71f3)
[INFO] [stdout] test test_from_read ... ok
[INFO] [stdout] 
[INFO] [stdout] test result: ok. 1 passed; 0 failed; 0 ignored; 0 measured; 0 filtered out; finished in 0.01s
[INFO] [stdout] 
[INFO] [stdout] 
[INFO] [stdout] running 1 test
[INFO] [stdout] test test_from_read_override ... ok
[INFO] [stderr]      Running tests/test-ignore-bom.rs (/opt/rustwide/target/debug/deps/test_ignore_bom-ad5dc96b9088257a)
[INFO] [stdout] 
[INFO] [stdout] test result: ok. 1 passed; 0 failed; 0 ignored; 0 measured; 0 filtered out; finished in 0.01s
[INFO] [stdout] 
[INFO] [stdout] 
[INFO] [stdout] running 1 test
[INFO] [stderr]      Running tests/test-multiline.rs (/opt/rustwide/target/debug/deps/test_multiline-1873762b9fac4676)
[INFO] [stdout] test test_ignore_bom ... ok
[INFO] [stdout] 
[INFO] [stdout] test result: ok. 1 passed; 0 failed; 0 ignored; 0 measured; 0 filtered out; finished in 0.01s
[INFO] [stdout] 
[INFO] [stdout] 
[INFO] [stdout] running 1 test
[INFO] [stdout] test test_multiline ... ok
[INFO] [stderr]      Running tests/test-multiline-comment.rs (/opt/rustwide/target/debug/deps/test_multiline_comment-d82bdc8b9c0ef727)
[INFO] [stdout] 
[INFO] [stdout] test result: ok. 1 passed; 0 failed; 0 ignored; 0 measured; 0 filtered out; finished in 0.00s
[INFO] [stdout] 
[INFO] [stdout] 
[INFO] [stderr]      Running tests/test-var.rs (/opt/rustwide/target/debug/deps/test_var-4b819a9e0087db21)
[INFO] [stdout] running 1 test
[INFO] [stdout] test test_issue_12 ... ok
[INFO] [stdout] 
[INFO] [stdout] test result: ok. 1 passed; 0 failed; 0 ignored; 0 measured; 0 filtered out; finished in 0.00s
[INFO] [stdout] 
[INFO] [stdout] 
[INFO] [stdout] running 1 test
[INFO] [stderr]      Running tests/test-variable-substitution.rs (/opt/rustwide/target/debug/deps/test_variable_substitution-d3a6d905d27dab39)
[INFO] [stdout] test test_var ... ok
[INFO] [stdout] 
[INFO] [stdout] test result: ok. 1 passed; 0 failed; 0 ignored; 0 measured; 0 filtered out; finished in 0.01s
[INFO] [stdout] 
[INFO] [stdout] 
[INFO] [stdout] running 1 test
[INFO] [stdout] test test_variable_substitutions ... ok
[INFO] [stdout] 
[INFO] [stdout] test result: ok. 1 passed; 0 failed; 0 ignored; 0 measured; 0 filtered out; finished in 0.00s
[INFO] [stdout] 
[INFO] [stderr]      Running tests/test-vars.rs (/opt/rustwide/target/debug/deps/test_vars-f3d69690b64d4a2c)
[INFO] [stdout] 
[INFO] [stdout] running 1 test
[INFO] [stderr]    Doc-tests dotenvy
[INFO] [stdout] test test_vars ... ok
[INFO] [stdout] 
[INFO] [stdout] test result: ok. 1 passed; 0 failed; 0 ignored; 0 measured; 0 filtered out; finished in 0.00s
[INFO] [stdout] 
[INFO] [stdout] 
[INFO] [stdout] running 16 tests
[INFO] [stdout] test src/lib.rs - from_filename (line 146) - compile ... ok
[INFO] [stdout] test src/lib.rs - from_filename_override (line 178) - compile ... ok
[INFO] [stdout] test src/lib.rs - from_filename_iter (line 203) - compile ... ok
[INFO] [stdout] test src/lib.rs - from_path (line 77) - compile ... ok
[INFO] [stdout] test src/lib.rs - from_path_iter (line 119) - compile ... ok
[INFO] [stdout] test src/lib.rs - from_path_override (line 102) - compile ... ok
[INFO] [stdout] test src/lib.rs - from_read (line 235) - compile ... ok
[INFO] [stdout] test src/lib.rs - from_read_override (line 267) - compile ... ok
[INFO] [stdout] test src/lib.rs - from_read_iter (line 288) - compile ... ok
[INFO] [stdout] test src/lib.rs - vars (line 52) - compile ... ok
[INFO] [stdout] test src/lib.rs - var (line 33) - compile ... ok
[INFO] [stdout] test src/lib.rs - dotenv_override (line 345) ... FAILED
[INFO] [stdout] test src/lib.rs - from_filename (line 155) ... FAILED
[INFO] [stdout] test src/lib.rs - dotenv_iter (line 361) ... FAILED
[INFO] [stdout] test src/lib.rs - dotenv (line 322) ... FAILED
[INFO] [stderr] error: doctest failed, to rerun pass `--doc`
[INFO] [stdout] test src/lib.rs - from_filename_override (line 187) ... FAILED
[INFO] [stdout] 
[INFO] [stdout] failures:
[INFO] [stdout] 
[INFO] [stdout] ---- src/lib.rs - dotenv_override (line 345) stdout ----
[INFO] [stdout] Test executable failed (exit status: 1).
[INFO] [stdout] 
[INFO] [stdout] stderr:
[INFO] [stdout] Error: Io(Custom { kind: NotFound, error: "path not found" })
[INFO] [stdout] 
[INFO] [stdout] 
[INFO] [stdout] ---- src/lib.rs - from_filename (line 155) stdout ----
[INFO] [stdout] Test executable failed (exit status: 1).
[INFO] [stdout] 
[INFO] [stdout] stderr:
[INFO] [stdout] Error: Io(Custom { kind: NotFound, error: "path not found" })
[INFO] [stdout] 
[INFO] [stdout] 
[INFO] [stdout] ---- src/lib.rs - dotenv_iter (line 361) stdout ----
[INFO] [stdout] Test executable failed (exit status: 1).
[INFO] [stdout] 
[INFO] [stdout] stderr:
[INFO] [stdout] Error: Io(Custom { kind: NotFound, error: "path not found" })
[INFO] [stdout] 
[INFO] [stdout] 
[INFO] [stdout] ---- src/lib.rs - dotenv (line 322) stdout ----
[INFO] [stdout] Test executable failed (exit status: 1).
[INFO] [stdout] 
[INFO] [stdout] stderr:
[INFO] [stdout] Error: Io(Custom { kind: NotFound, error: "path not found" })
[INFO] [stdout] 
[INFO] [stdout] 
[INFO] [stdout] ---- src/lib.rs - from_filename_override (line 187) stdout ----
[INFO] [stdout] Test executable failed (exit status: 1).
[INFO] [stdout] 
[INFO] [stdout] stderr:
[INFO] [stdout] Error: Io(Custom { kind: NotFound, error: "path not found" })
[INFO] [stdout] 
[INFO] [stdout] 
[INFO] [stdout] 
[INFO] [stdout] failures:
[INFO] [stdout]     src/lib.rs - dotenv (line 322)
[INFO] [stdout]     src/lib.rs - dotenv_iter (line 361)
[INFO] [stdout]     src/lib.rs - dotenv_override (line 345)
[INFO] [stdout]     src/lib.rs - from_filename (line 155)
[INFO] [stdout]     src/lib.rs - from_filename_override (line 187)
[INFO] [stdout] 
[INFO] [stdout] test result: FAILED. 11 passed; 5 failed; 0 ignored; 0 measured; 0 filtered out; finished in 0.77s
[INFO] [stdout] 
[INFO] running `Command { std: "docker" "inspect" "a1f6dbaf9ffb6baa1bb0d9253602cc27e0e73130c29d4473608c2a7604ee7287", kill_on_drop: false }`
[INFO] running `Command { std: "docker" "rm" "-f" "a1f6dbaf9ffb6baa1bb0d9253602cc27e0e73130c29d4473608c2a7604ee7287", kill_on_drop: false }`
[INFO] [stdout] a1f6dbaf9ffb6baa1bb0d9253602cc27e0e73130c29d4473608c2a7604ee7287
