[INFO] fetching crate dos-uid-derive 4.1.0...
[INFO] testing dos-uid-derive-4.1.0 against 1.75.0 for beta-1.76-1
[INFO] extracting crate dos-uid-derive 4.1.0 into /workspace/builds/worker-0-tc1/source
[INFO] validating manifest of crates.io crate dos-uid-derive 4.1.0 on toolchain 1.75.0
[INFO] running `Command { std: CARGO_HOME="/workspace/cargo-home" RUSTUP_HOME="/workspace/rustup-home" "/workspace/cargo-home/bin/cargo" "+1.75.0" "metadata" "--manifest-path" "Cargo.toml" "--no-deps", kill_on_drop: false }`
[INFO] started tweaking crates.io crate dos-uid-derive 4.1.0
[INFO] finished tweaking crates.io crate dos-uid-derive 4.1.0
[INFO] tweaked toml for crates.io crate dos-uid-derive 4.1.0 written to /workspace/builds/worker-0-tc1/source/Cargo.toml
[INFO] crate crates.io crate dos-uid-derive 4.1.0 already has a lockfile, it will not be regenerated
[INFO] running `Command { std: CARGO_HOME="/workspace/cargo-home" RUSTUP_HOME="/workspace/rustup-home" "/workspace/cargo-home/bin/cargo" "+1.75.0" "fetch" "--manifest-path" "Cargo.toml", kill_on_drop: false }`
[INFO] [stderr]     Updating crates.io index
[INFO] [stderr]  Downloading crates ...
[INFO] [stderr]   Downloaded paris v1.5.15
[INFO] [stderr]   Downloaded dos-uid-derive v4.0.0
[INFO] [stderr]   Downloaded gmt_dos-actors-clients_interface v0.1.2
[INFO] running `Command { std: "docker" "create" "-v" "/var/lib/crater-agent-workspace/builds/worker-0-tc1/target:/opt/rustwide/target:rw,Z" "-v" "/var/lib/crater-agent-workspace/builds/worker-0-tc1/source:/opt/rustwide/workdir:ro,Z" "-v" "/var/lib/crater-agent-workspace/cargo-home:/opt/rustwide/cargo-home:ro,Z" "-v" "/var/lib/crater-agent-workspace/rustup-home:/opt/rustwide/rustup-home:ro,Z" "-e" "SOURCE_DIR=/opt/rustwide/workdir" "-e" "CARGO_TARGET_DIR=/opt/rustwide/target" "-e" "CARGO_HOME=/opt/rustwide/cargo-home" "-e" "RUSTUP_HOME=/opt/rustwide/rustup-home" "-w" "/opt/rustwide/workdir" "-m" "1610612736" "--user" "0:0" "--network" "none" "ghcr.io/rust-lang/crates-build-env/linux@sha256:2788e3201cd34a07e3172128adcd8b3090168a8e3bcc40d7c032b9dda1df7d1c" "/opt/rustwide/cargo-home/bin/cargo" "+1.75.0" "metadata" "--no-deps" "--format-version=1", kill_on_drop: false }`
[INFO] [stdout] 518b6f5e7d205e1fa4a595f6740a0d0d5fed3e4f2d39cfce4889fb609c2b715f
[INFO] running `Command { std: "docker" "start" "-a" "518b6f5e7d205e1fa4a595f6740a0d0d5fed3e4f2d39cfce4889fb609c2b715f", kill_on_drop: false }`
[INFO] running `Command { std: "docker" "inspect" "518b6f5e7d205e1fa4a595f6740a0d0d5fed3e4f2d39cfce4889fb609c2b715f", kill_on_drop: false }`
[INFO] running `Command { std: "docker" "rm" "-f" "518b6f5e7d205e1fa4a595f6740a0d0d5fed3e4f2d39cfce4889fb609c2b715f", kill_on_drop: false }`
[INFO] [stdout] 518b6f5e7d205e1fa4a595f6740a0d0d5fed3e4f2d39cfce4889fb609c2b715f
[INFO] running `Command { std: "docker" "create" "-v" "/var/lib/crater-agent-workspace/builds/worker-0-tc1/target:/opt/rustwide/target:rw,Z" "-v" "/var/lib/crater-agent-workspace/builds/worker-0-tc1/source:/opt/rustwide/workdir:ro,Z" "-v" "/var/lib/crater-agent-workspace/cargo-home:/opt/rustwide/cargo-home:ro,Z" "-v" "/var/lib/crater-agent-workspace/rustup-home:/opt/rustwide/rustup-home:ro,Z" "-e" "SOURCE_DIR=/opt/rustwide/workdir" "-e" "CARGO_TARGET_DIR=/opt/rustwide/target" "-e" "CARGO_INCREMENTAL=0" "-e" "RUST_BACKTRACE=full" "-e" "RUSTFLAGS=--cap-lints=warn" "-e" "RUSTDOCFLAGS=--cap-lints=warn" "-e" "CARGO_HOME=/opt/rustwide/cargo-home" "-e" "RUSTUP_HOME=/opt/rustwide/rustup-home" "-w" "/opt/rustwide/workdir" "-m" "1610612736" "--user" "0:0" "--network" "none" "ghcr.io/rust-lang/crates-build-env/linux@sha256:2788e3201cd34a07e3172128adcd8b3090168a8e3bcc40d7c032b9dda1df7d1c" "/opt/rustwide/cargo-home/bin/cargo" "+1.75.0" "build" "--frozen" "--message-format=json", kill_on_drop: false }`
[INFO] [stdout] abaf96ab1f774aefba9cbeb9a66257230ec36faa041ee301e653b5760e37a2c2
[INFO] running `Command { std: "docker" "start" "-a" "abaf96ab1f774aefba9cbeb9a66257230ec36faa041ee301e653b5760e37a2c2", kill_on_drop: false }`
[INFO] [stderr]    Compiling proc-macro2 v1.0.66
[INFO] [stderr]    Compiling unicode-ident v1.0.11
[INFO] [stderr]    Compiling quote v1.0.33
[INFO] [stderr]    Compiling syn v2.0.31
[INFO] [stderr]    Compiling dos-uid-derive v4.1.0 (/opt/rustwide/workdir)
[INFO] [stderr]     Finished dev [unoptimized + debuginfo] target(s) in 2.58s
[INFO] running `Command { std: "docker" "inspect" "abaf96ab1f774aefba9cbeb9a66257230ec36faa041ee301e653b5760e37a2c2", kill_on_drop: false }`
[INFO] running `Command { std: "docker" "rm" "-f" "abaf96ab1f774aefba9cbeb9a66257230ec36faa041ee301e653b5760e37a2c2", kill_on_drop: false }`
[INFO] [stdout] abaf96ab1f774aefba9cbeb9a66257230ec36faa041ee301e653b5760e37a2c2
[INFO] running `Command { std: "docker" "create" "-v" "/var/lib/crater-agent-workspace/builds/worker-0-tc1/target:/opt/rustwide/target:rw,Z" "-v" "/var/lib/crater-agent-workspace/builds/worker-0-tc1/source:/opt/rustwide/workdir:ro,Z" "-v" "/var/lib/crater-agent-workspace/cargo-home:/opt/rustwide/cargo-home:ro,Z" "-v" "/var/lib/crater-agent-workspace/rustup-home:/opt/rustwide/rustup-home:ro,Z" "-e" "SOURCE_DIR=/opt/rustwide/workdir" "-e" "CARGO_TARGET_DIR=/opt/rustwide/target" "-e" "CARGO_INCREMENTAL=0" "-e" "RUST_BACKTRACE=full" "-e" "RUSTFLAGS=--cap-lints=warn" "-e" "RUSTDOCFLAGS=--cap-lints=warn" "-e" "CARGO_HOME=/opt/rustwide/cargo-home" "-e" "RUSTUP_HOME=/opt/rustwide/rustup-home" "-w" "/opt/rustwide/workdir" "-m" "1610612736" "--user" "0:0" "--network" "none" "ghcr.io/rust-lang/crates-build-env/linux@sha256:2788e3201cd34a07e3172128adcd8b3090168a8e3bcc40d7c032b9dda1df7d1c" "/opt/rustwide/cargo-home/bin/cargo" "+1.75.0" "test" "--frozen" "--no-run" "--message-format=json", kill_on_drop: false }`
[INFO] [stdout] 387652b20a76def8a29b188047ec8d031ecf4b411ad4f4acad81f8d6531902a8
[INFO] running `Command { std: "docker" "start" "-a" "387652b20a76def8a29b188047ec8d031ecf4b411ad4f4acad81f8d6531902a8", kill_on_drop: false }`
[INFO] [stderr]    Compiling proc-macro2 v1.0.66
[INFO] [stderr]    Compiling unicode-ident v1.0.11
[INFO] [stderr]    Compiling paris v1.5.15
[INFO] [stderr]    Compiling quote v1.0.33
[INFO] [stderr]    Compiling syn v2.0.31
[INFO] [stderr]    Compiling dos-uid-derive v4.0.0
[INFO] [stderr]    Compiling dos-uid-derive v4.1.0 (/opt/rustwide/workdir)
[INFO] [stderr]    Compiling gmt_dos-actors-clients_interface v0.1.2
[INFO] [stderr]     Finished test [unoptimized + debuginfo] target(s) in 2.88s
[INFO] running `Command { std: "docker" "inspect" "387652b20a76def8a29b188047ec8d031ecf4b411ad4f4acad81f8d6531902a8", kill_on_drop: false }`
[INFO] running `Command { std: "docker" "rm" "-f" "387652b20a76def8a29b188047ec8d031ecf4b411ad4f4acad81f8d6531902a8", kill_on_drop: false }`
[INFO] [stdout] 387652b20a76def8a29b188047ec8d031ecf4b411ad4f4acad81f8d6531902a8
[INFO] running `Command { std: "docker" "create" "-v" "/var/lib/crater-agent-workspace/builds/worker-0-tc1/target:/opt/rustwide/target:rw,Z" "-v" "/var/lib/crater-agent-workspace/builds/worker-0-tc1/source:/opt/rustwide/workdir:ro,Z" "-v" "/var/lib/crater-agent-workspace/cargo-home:/opt/rustwide/cargo-home:ro,Z" "-v" "/var/lib/crater-agent-workspace/rustup-home:/opt/rustwide/rustup-home:ro,Z" "-e" "SOURCE_DIR=/opt/rustwide/workdir" "-e" "CARGO_TARGET_DIR=/opt/rustwide/target" "-e" "CARGO_INCREMENTAL=0" "-e" "RUST_BACKTRACE=full" "-e" "RUSTFLAGS=--cap-lints=warn" "-e" "RUSTDOCFLAGS=--cap-lints=warn" "-e" "CARGO_HOME=/opt/rustwide/cargo-home" "-e" "RUSTUP_HOME=/opt/rustwide/rustup-home" "-w" "/opt/rustwide/workdir" "-m" "1610612736" "--user" "0:0" "--network" "none" "ghcr.io/rust-lang/crates-build-env/linux@sha256:2788e3201cd34a07e3172128adcd8b3090168a8e3bcc40d7c032b9dda1df7d1c" "/opt/rustwide/cargo-home/bin/cargo" "+1.75.0" "test" "--frozen", kill_on_drop: false }`
[INFO] [stdout] 3e8febb8fb08ecd94a9cac474a32371819ef52bfa4fef0a31155325f2a839497
[INFO] running `Command { std: "docker" "start" "-a" "3e8febb8fb08ecd94a9cac474a32371819ef52bfa4fef0a31155325f2a839497", kill_on_drop: false }`
[INFO] [stderr]     Finished test [unoptimized + debuginfo] target(s) in 0.01s
[INFO] [stderr]      Running unittests src/lib.rs (/opt/rustwide/target/debug/deps/dos_uid_derive-3e5639940c1f1612)
[INFO] [stdout] 
[INFO] [stdout] running 0 tests
[INFO] [stdout] 
[INFO] [stdout] test result: ok. 0 passed; 0 failed; 0 ignored; 0 measured; 0 filtered out; finished in 0.00s
[INFO] [stdout] 
[INFO] [stderr]    Doc-tests dos-uid-derive
[INFO] [stdout] 
[INFO] [stdout] running 3 tests
[INFO] [stdout] test src/lib.rs - (line 29) ... FAILED
[INFO] [stdout] test src/lib.rs - (line 8) ... ok
[INFO] [stdout] test src/lib.rs - (line 16) ... ok
[INFO] [stdout] 
[INFO] [stdout] failures:
[INFO] [stdout] 
[INFO] [stdout] ---- src/lib.rs - (line 29) stdout ----
[INFO] [stdout] error[E0271]: type mismatch resolving `<TUT as UniqueIdentifier>::DataType == Q<ID>`
[INFO] [stdout]   --> src/lib.rs:53:10
[INFO] [stdout]    |
[INFO] [stdout] 26 | #[derive(UID)]
[INFO] [stdout]    |          ^^^ expected `Q<ID>`, found `Vec<f64>`
[INFO] [stdout]    |
[INFO] [stdout]    = note: expected struct `Q<ID>`
[INFO] [stdout]               found struct `Vec<f64>`
[INFO] [stdout] note: required by a bound in `Data::<U>::transmute`
[INFO] [stdout]   --> /opt/rustwide/cargo-home/registry/src/index.crates.io-6f17d22bba15001f/gmt_dos-actors-clients_interface-0.1.2/src/data.rs:50:42
[INFO] [stdout]    |
[INFO] [stdout] 50 |     pub fn transmute<V: UniqueIdentifier<DataType = T>>(self) -> Data<V> {
[INFO] [stdout]    |                                          ^^^^^^^^^^^^ required by this bound in `Data::<U>::transmute`
[INFO] [stdout]    = note: this error originates in the derive macro `UID` (in Nightly builds, run with -Z macro-backtrace for more info)
[INFO] [stdout] 
[INFO] [stdout] error[E0271]: type mismatch resolving `<TU as UniqueIdentifier>::DataType == Vec<f64>`
[INFO] [stdout]   --> src/lib.rs:53:10
[INFO] [stdout]    |
[INFO] [stdout] 26 | #[derive(UID)]
[INFO] [stdout]    |          ^^^ expected `Vec<f64>`, found `Q<ID>`
[INFO] [stdout]    |
[INFO] [stdout]    = note: expected struct `Vec<f64>`
[INFO] [stdout]               found struct `Q<ID>`
[INFO] [stdout] note: required by a bound in `Data::<U>::transmute`
[INFO] [stdout]   --> /opt/rustwide/cargo-home/registry/src/index.crates.io-6f17d22bba15001f/gmt_dos-actors-clients_interface-0.1.2/src/data.rs:50:42
[INFO] [stdout]    |
[INFO] [stdout] 50 |     pub fn transmute<V: UniqueIdentifier<DataType = T>>(self) -> Data<V> {
[INFO] [stdout]    |                                          ^^^^^^^^^^^^ required by this bound in `Data::<U>::transmute`
[INFO] [stdout]    = note: this error originates in the derive macro `UID` (in Nightly builds, run with -Z macro-backtrace for more info)
[INFO] [stdout] 
[INFO] [stdout] error: aborting due to 2 previous errors
[INFO] [stdout] 
[INFO] [stdout] For more information about this error, try `rustc --explain E0271`.
[INFO] [stdout] Couldn't compile the test.
[INFO] [stdout] 
[INFO] [stdout] failures:
[INFO] [stdout]     src/lib.rs - (line 29)
[INFO] [stdout] 
[INFO] [stdout] test result: FAILED. 2 passed; 1 failed; 0 ignored; 0 measured; 0 filtered out; finished in 0.15s
[INFO] [stdout] 
[INFO] [stderr] error: doctest failed, to rerun pass `--doc`
[INFO] running `Command { std: "docker" "inspect" "3e8febb8fb08ecd94a9cac474a32371819ef52bfa4fef0a31155325f2a839497", kill_on_drop: false }`
[INFO] running `Command { std: "docker" "rm" "-f" "3e8febb8fb08ecd94a9cac474a32371819ef52bfa4fef0a31155325f2a839497", kill_on_drop: false }`
[INFO] [stdout] 3e8febb8fb08ecd94a9cac474a32371819ef52bfa4fef0a31155325f2a839497
[INFO] testing dos-uid-derive-4.1.0 against beta-2023-12-22 for beta-1.76-1
[INFO] extracting crate dos-uid-derive 4.1.0 into /workspace/builds/worker-0-tc2/source
[INFO] validating manifest of crates.io crate dos-uid-derive 4.1.0 on toolchain beta-2023-12-22
[INFO] running `Command { std: CARGO_HOME="/workspace/cargo-home" RUSTUP_HOME="/workspace/rustup-home" "/workspace/cargo-home/bin/cargo" "+beta-2023-12-22" "metadata" "--manifest-path" "Cargo.toml" "--no-deps", kill_on_drop: false }`
[INFO] started tweaking crates.io crate dos-uid-derive 4.1.0
[INFO] finished tweaking crates.io crate dos-uid-derive 4.1.0
[INFO] tweaked toml for crates.io crate dos-uid-derive 4.1.0 written to /workspace/builds/worker-0-tc2/source/Cargo.toml
[INFO] crate crates.io crate dos-uid-derive 4.1.0 already has a lockfile, it will not be regenerated
[INFO] running `Command { std: CARGO_HOME="/workspace/cargo-home" RUSTUP_HOME="/workspace/rustup-home" "/workspace/cargo-home/bin/cargo" "+beta-2023-12-22" "fetch" "--manifest-path" "Cargo.toml", kill_on_drop: false }`
[INFO] running `Command { std: "docker" "create" "-v" "/var/lib/crater-agent-workspace/builds/worker-0-tc2/target:/opt/rustwide/target:rw,Z" "-v" "/var/lib/crater-agent-workspace/builds/worker-0-tc2/source:/opt/rustwide/workdir:ro,Z" "-v" "/var/lib/crater-agent-workspace/cargo-home:/opt/rustwide/cargo-home:ro,Z" "-v" "/var/lib/crater-agent-workspace/rustup-home:/opt/rustwide/rustup-home:ro,Z" "-e" "SOURCE_DIR=/opt/rustwide/workdir" "-e" "CARGO_TARGET_DIR=/opt/rustwide/target" "-e" "CARGO_HOME=/opt/rustwide/cargo-home" "-e" "RUSTUP_HOME=/opt/rustwide/rustup-home" "-w" "/opt/rustwide/workdir" "-m" "1610612736" "--user" "0:0" "--network" "none" "ghcr.io/rust-lang/crates-build-env/linux@sha256:2788e3201cd34a07e3172128adcd8b3090168a8e3bcc40d7c032b9dda1df7d1c" "/opt/rustwide/cargo-home/bin/cargo" "+beta-2023-12-22" "metadata" "--no-deps" "--format-version=1", kill_on_drop: false }`
[INFO] [stdout] 4a7c784d26283432084c4fbca6b2196f6c163af13444ef66c8717d104127d5e7
[INFO] running `Command { std: "docker" "start" "-a" "4a7c784d26283432084c4fbca6b2196f6c163af13444ef66c8717d104127d5e7", kill_on_drop: false }`
[INFO] running `Command { std: "docker" "inspect" "4a7c784d26283432084c4fbca6b2196f6c163af13444ef66c8717d104127d5e7", kill_on_drop: false }`
[INFO] running `Command { std: "docker" "rm" "-f" "4a7c784d26283432084c4fbca6b2196f6c163af13444ef66c8717d104127d5e7", kill_on_drop: false }`
[INFO] [stdout] 4a7c784d26283432084c4fbca6b2196f6c163af13444ef66c8717d104127d5e7
[INFO] running `Command { std: "docker" "create" "-v" "/var/lib/crater-agent-workspace/builds/worker-0-tc2/target:/opt/rustwide/target:rw,Z" "-v" "/var/lib/crater-agent-workspace/builds/worker-0-tc2/source:/opt/rustwide/workdir:ro,Z" "-v" "/var/lib/crater-agent-workspace/cargo-home:/opt/rustwide/cargo-home:ro,Z" "-v" "/var/lib/crater-agent-workspace/rustup-home:/opt/rustwide/rustup-home:ro,Z" "-e" "SOURCE_DIR=/opt/rustwide/workdir" "-e" "CARGO_TARGET_DIR=/opt/rustwide/target" "-e" "CARGO_INCREMENTAL=0" "-e" "RUST_BACKTRACE=full" "-e" "RUSTFLAGS=--cap-lints=warn" "-e" "RUSTDOCFLAGS=--cap-lints=warn" "-e" "CARGO_HOME=/opt/rustwide/cargo-home" "-e" "RUSTUP_HOME=/opt/rustwide/rustup-home" "-w" "/opt/rustwide/workdir" "-m" "1610612736" "--user" "0:0" "--network" "none" "ghcr.io/rust-lang/crates-build-env/linux@sha256:2788e3201cd34a07e3172128adcd8b3090168a8e3bcc40d7c032b9dda1df7d1c" "/opt/rustwide/cargo-home/bin/cargo" "+beta-2023-12-22" "build" "--frozen" "--message-format=json", kill_on_drop: false }`
[INFO] [stdout] a48e8cf678d0abd589d4eb32c3c3314a3178ff0760ea1207a679794cb01becd3
[INFO] running `Command { std: "docker" "start" "-a" "a48e8cf678d0abd589d4eb32c3c3314a3178ff0760ea1207a679794cb01becd3", kill_on_drop: false }`
[INFO] [stderr]    Compiling proc-macro2 v1.0.66
[INFO] [stderr]    Compiling unicode-ident v1.0.11
[INFO] [stderr]    Compiling quote v1.0.33
[INFO] [stderr]    Compiling syn v2.0.31
[INFO] [stderr]    Compiling dos-uid-derive v4.1.0 (/opt/rustwide/workdir)
[INFO] [stderr]     Finished dev [unoptimized + debuginfo] target(s) in 3.03s
[INFO] running `Command { std: "docker" "inspect" "a48e8cf678d0abd589d4eb32c3c3314a3178ff0760ea1207a679794cb01becd3", kill_on_drop: false }`
[INFO] running `Command { std: "docker" "rm" "-f" "a48e8cf678d0abd589d4eb32c3c3314a3178ff0760ea1207a679794cb01becd3", kill_on_drop: false }`
[INFO] [stdout] a48e8cf678d0abd589d4eb32c3c3314a3178ff0760ea1207a679794cb01becd3
[INFO] running `Command { std: "docker" "create" "-v" "/var/lib/crater-agent-workspace/builds/worker-0-tc2/target:/opt/rustwide/target:rw,Z" "-v" "/var/lib/crater-agent-workspace/builds/worker-0-tc2/source:/opt/rustwide/workdir:ro,Z" "-v" "/var/lib/crater-agent-workspace/cargo-home:/opt/rustwide/cargo-home:ro,Z" "-v" "/var/lib/crater-agent-workspace/rustup-home:/opt/rustwide/rustup-home:ro,Z" "-e" "SOURCE_DIR=/opt/rustwide/workdir" "-e" "CARGO_TARGET_DIR=/opt/rustwide/target" "-e" "CARGO_INCREMENTAL=0" "-e" "RUST_BACKTRACE=full" "-e" "RUSTFLAGS=--cap-lints=warn" "-e" "RUSTDOCFLAGS=--cap-lints=warn" "-e" "CARGO_HOME=/opt/rustwide/cargo-home" "-e" "RUSTUP_HOME=/opt/rustwide/rustup-home" "-w" "/opt/rustwide/workdir" "-m" "1610612736" "--user" "0:0" "--network" "none" "ghcr.io/rust-lang/crates-build-env/linux@sha256:2788e3201cd34a07e3172128adcd8b3090168a8e3bcc40d7c032b9dda1df7d1c" "/opt/rustwide/cargo-home/bin/cargo" "+beta-2023-12-22" "test" "--frozen" "--no-run" "--message-format=json", kill_on_drop: false }`
[INFO] [stdout] 7b5c96a04c060d04a2f03e286b59cd871abc51e6729c834b8cf38858ac85821a
[INFO] running `Command { std: "docker" "start" "-a" "7b5c96a04c060d04a2f03e286b59cd871abc51e6729c834b8cf38858ac85821a", kill_on_drop: false }`
[INFO] [stderr]    Compiling proc-macro2 v1.0.66
[INFO] [stderr]    Compiling unicode-ident v1.0.11
[INFO] [stderr]    Compiling paris v1.5.15
[INFO] [stderr]    Compiling quote v1.0.33
[INFO] [stderr]    Compiling syn v2.0.31
[INFO] [stderr]    Compiling dos-uid-derive v4.0.0
[INFO] [stderr]    Compiling dos-uid-derive v4.1.0 (/opt/rustwide/workdir)
[INFO] [stderr]    Compiling gmt_dos-actors-clients_interface v0.1.2
[INFO] [stderr]     Finished test [unoptimized + debuginfo] target(s) in 3.24s
[INFO] running `Command { std: "docker" "inspect" "7b5c96a04c060d04a2f03e286b59cd871abc51e6729c834b8cf38858ac85821a", kill_on_drop: false }`
[INFO] running `Command { std: "docker" "rm" "-f" "7b5c96a04c060d04a2f03e286b59cd871abc51e6729c834b8cf38858ac85821a", kill_on_drop: false }`
[INFO] [stdout] 7b5c96a04c060d04a2f03e286b59cd871abc51e6729c834b8cf38858ac85821a
[INFO] running `Command { std: "docker" "create" "-v" "/var/lib/crater-agent-workspace/builds/worker-0-tc2/target:/opt/rustwide/target:rw,Z" "-v" "/var/lib/crater-agent-workspace/builds/worker-0-tc2/source:/opt/rustwide/workdir:ro,Z" "-v" "/var/lib/crater-agent-workspace/cargo-home:/opt/rustwide/cargo-home:ro,Z" "-v" "/var/lib/crater-agent-workspace/rustup-home:/opt/rustwide/rustup-home:ro,Z" "-e" "SOURCE_DIR=/opt/rustwide/workdir" "-e" "CARGO_TARGET_DIR=/opt/rustwide/target" "-e" "CARGO_INCREMENTAL=0" "-e" "RUST_BACKTRACE=full" "-e" "RUSTFLAGS=--cap-lints=warn" "-e" "RUSTDOCFLAGS=--cap-lints=warn" "-e" "CARGO_HOME=/opt/rustwide/cargo-home" "-e" "RUSTUP_HOME=/opt/rustwide/rustup-home" "-w" "/opt/rustwide/workdir" "-m" "1610612736" "--user" "0:0" "--network" "none" "ghcr.io/rust-lang/crates-build-env/linux@sha256:2788e3201cd34a07e3172128adcd8b3090168a8e3bcc40d7c032b9dda1df7d1c" "/opt/rustwide/cargo-home/bin/cargo" "+beta-2023-12-22" "test" "--frozen", kill_on_drop: false }`
[INFO] [stdout] c270112ff6e6bae1e5e2cdf0be1bacd906edcf691400bd60937e7c387f6c8939
[INFO] running `Command { std: "docker" "start" "-a" "c270112ff6e6bae1e5e2cdf0be1bacd906edcf691400bd60937e7c387f6c8939", kill_on_drop: false }`
[INFO] [stderr]     Finished test [unoptimized + debuginfo] target(s) in 0.01s
[INFO] [stderr]      Running unittests src/lib.rs (/opt/rustwide/target/debug/deps/dos_uid_derive-06532d938ce3c833)
[INFO] [stdout] 
[INFO] [stdout] running 0 tests
[INFO] [stdout] 
[INFO] [stdout] test result: ok. 0 passed; 0 failed; 0 ignored; 0 measured; 0 filtered out; finished in 0.00s
[INFO] [stdout] 
[INFO] [stderr]    Doc-tests dos-uid-derive
[INFO] [stdout] 
[INFO] [stdout] running 3 tests
[INFO] [stdout] test src/lib.rs - (line 29) ... FAILED
[INFO] [stdout] test src/lib.rs - (line 16) ... ok
[INFO] [stdout] test src/lib.rs - (line 8) ... ok
[INFO] [stdout] 
[INFO] [stdout] failures:
[INFO] [stdout] 
[INFO] [stdout] ---- src/lib.rs - (line 29) stdout ----
[INFO] [stdout] error[E0271]: type mismatch resolving `<TUT as UniqueIdentifier>::DataType == Q<ID>`
[INFO] [stdout]   --> src/lib.rs:53:10
[INFO] [stdout]    |
[INFO] [stdout] 26 | #[derive(UID)]
[INFO] [stdout]    |          ^^^ expected `Q<ID>`, found `Vec<f64>`
[INFO] [stdout]    |
[INFO] [stdout]    = note: expected struct `Q<ID>`
[INFO] [stdout]               found struct `Vec<f64>`
[INFO] [stdout] note: required by a bound in `Data::<U>::transmute`
[INFO] [stdout]   --> /opt/rustwide/cargo-home/registry/src/index.crates.io-6f17d22bba15001f/gmt_dos-actors-clients_interface-0.1.2/src/data.rs:50:42
[INFO] [stdout]    |
[INFO] [stdout] 50 |     pub fn transmute<V: UniqueIdentifier<DataType = T>>(self) -> Data<V> {
[INFO] [stdout]    |                                          ^^^^^^^^^^^^ required by this bound in `Data::<U>::transmute`
[INFO] [stdout]    = note: this error originates in the derive macro `UID` (in Nightly builds, run with -Z macro-backtrace for more info)
[INFO] [stdout] 
[INFO] [stdout] error[E0271]: type mismatch resolving `<TU as UniqueIdentifier>::DataType == Vec<f64>`
[INFO] [stdout]   --> src/lib.rs:53:10
[INFO] [stdout]    |
[INFO] [stdout] 26 | #[derive(UID)]
[INFO] [stdout]    |          ^^^ expected `Vec<f64>`, found `Q<ID>`
[INFO] [stdout]    |
[INFO] [stdout]    = note: expected struct `Vec<f64>`
[INFO] [stdout]               found struct `Q<ID>`
[INFO] [stdout] note: required by a bound in `Data::<U>::transmute`
[INFO] [stdout]   --> /opt/rustwide/cargo-home/registry/src/index.crates.io-6f17d22bba15001f/gmt_dos-actors-clients_interface-0.1.2/src/data.rs:50:42
[INFO] [stdout]    |
[INFO] [stdout] 50 |     pub fn transmute<V: UniqueIdentifier<DataType = T>>(self) -> Data<V> {
[INFO] [stdout]    |                                          ^^^^^^^^^^^^ required by this bound in `Data::<U>::transmute`
[INFO] [stdout]    = note: this error originates in the derive macro `UID` (in Nightly builds, run with -Z macro-backtrace for more info)
[INFO] [stdout] 
[INFO] [stdout] error: aborting due to 2 previous errors
[INFO] [stdout] 
[INFO] [stdout] For more information about this error, try `rustc --explain E0271`.
[INFO] [stdout] Couldn't compile the test.
[INFO] [stdout] 
[INFO] [stdout] failures:
[INFO] [stdout]     src/lib.rs - (line 29)
[INFO] [stdout] 
[INFO] [stdout] test result: FAILED. 2 passed; 1 failed; 0 ignored; 0 measured; 0 filtered out; finished in 0.14s
[INFO] [stdout] 
[INFO] [stderr] error: doctest failed, to rerun pass `--doc`
[INFO] running `Command { std: "docker" "inspect" "c270112ff6e6bae1e5e2cdf0be1bacd906edcf691400bd60937e7c387f6c8939", kill_on_drop: false }`
[INFO] running `Command { std: "docker" "rm" "-f" "c270112ff6e6bae1e5e2cdf0be1bacd906edcf691400bd60937e7c387f6c8939", kill_on_drop: false }`
[INFO] [stdout] c270112ff6e6bae1e5e2cdf0be1bacd906edcf691400bd60937e7c387f6c8939
