[INFO] fetching crate domino-program-dp 0.1.11...
[INFO] testing domino-program-dp-0.1.11 against 1.75.0 for beta-1.76-1
[INFO] extracting crate domino-program-dp 0.1.11 into /workspace/builds/worker-4-tc1/source
[INFO] validating manifest of crates.io crate domino-program-dp 0.1.11 on toolchain 1.75.0
[INFO] running `Command { std: CARGO_HOME="/workspace/cargo-home" RUSTUP_HOME="/workspace/rustup-home" "/workspace/cargo-home/bin/cargo" "+1.75.0" "metadata" "--manifest-path" "Cargo.toml" "--no-deps", kill_on_drop: false }`
[INFO] started tweaking crates.io crate domino-program-dp 0.1.11
[INFO] finished tweaking crates.io crate domino-program-dp 0.1.11
[INFO] tweaked toml for crates.io crate domino-program-dp 0.1.11 written to /workspace/builds/worker-4-tc1/source/Cargo.toml
[INFO] running `Command { std: CARGO_HOME="/workspace/cargo-home" RUSTUP_HOME="/workspace/rustup-home" "/workspace/cargo-home/bin/cargo" "+1.75.0" "generate-lockfile" "--manifest-path" "Cargo.toml", kill_on_drop: false }`
[INFO] [stderr]     Updating crates.io index
[INFO] running `Command { std: CARGO_HOME="/workspace/cargo-home" RUSTUP_HOME="/workspace/rustup-home" "/workspace/cargo-home/bin/cargo" "+1.75.0" "fetch" "--manifest-path" "Cargo.toml", kill_on_drop: false }`
[INFO] [stderr]     Blocking waiting for file lock on package cache
[INFO] [stderr]     Blocking waiting for file lock on package cache
[INFO] [stderr]  Downloading crates ...
[INFO] [stderr]   Downloaded solana-logger v1.10.0
[INFO] [stderr]   Downloaded solana-sdk-macro v1.10.0
[INFO] [stderr]   Downloaded solana-frozen-abi v1.10.0
[INFO] [stderr]   Downloaded solana-frozen-abi-macro v1.10.0
[INFO] running `Command { std: "docker" "create" "-v" "/var/lib/crater-agent-workspace/builds/worker-4-tc1/target:/opt/rustwide/target:rw,Z" "-v" "/var/lib/crater-agent-workspace/builds/worker-4-tc1/source:/opt/rustwide/workdir:ro,Z" "-v" "/var/lib/crater-agent-workspace/cargo-home:/opt/rustwide/cargo-home:ro,Z" "-v" "/var/lib/crater-agent-workspace/rustup-home:/opt/rustwide/rustup-home:ro,Z" "-e" "SOURCE_DIR=/opt/rustwide/workdir" "-e" "CARGO_TARGET_DIR=/opt/rustwide/target" "-e" "CARGO_HOME=/opt/rustwide/cargo-home" "-e" "RUSTUP_HOME=/opt/rustwide/rustup-home" "-w" "/opt/rustwide/workdir" "-m" "1610612736" "--user" "0:0" "--network" "none" "ghcr.io/rust-lang/crates-build-env/linux@sha256:2788e3201cd34a07e3172128adcd8b3090168a8e3bcc40d7c032b9dda1df7d1c" "/opt/rustwide/cargo-home/bin/cargo" "+1.75.0" "metadata" "--no-deps" "--format-version=1", kill_on_drop: false }`
[INFO] [stdout] 5cb115dab86a5b208616242242ef30bfd29e0c27812d0030684600c93fd2d2fa
[INFO] running `Command { std: "docker" "start" "-a" "5cb115dab86a5b208616242242ef30bfd29e0c27812d0030684600c93fd2d2fa", kill_on_drop: false }`
[INFO] running `Command { std: "docker" "inspect" "5cb115dab86a5b208616242242ef30bfd29e0c27812d0030684600c93fd2d2fa", kill_on_drop: false }`
[INFO] running `Command { std: "docker" "rm" "-f" "5cb115dab86a5b208616242242ef30bfd29e0c27812d0030684600c93fd2d2fa", kill_on_drop: false }`
[INFO] [stdout] 5cb115dab86a5b208616242242ef30bfd29e0c27812d0030684600c93fd2d2fa
[INFO] running `Command { std: "docker" "create" "-v" "/var/lib/crater-agent-workspace/builds/worker-4-tc1/target:/opt/rustwide/target:rw,Z" "-v" "/var/lib/crater-agent-workspace/builds/worker-4-tc1/source:/opt/rustwide/workdir:ro,Z" "-v" "/var/lib/crater-agent-workspace/cargo-home:/opt/rustwide/cargo-home:ro,Z" "-v" "/var/lib/crater-agent-workspace/rustup-home:/opt/rustwide/rustup-home:ro,Z" "-e" "SOURCE_DIR=/opt/rustwide/workdir" "-e" "CARGO_TARGET_DIR=/opt/rustwide/target" "-e" "CARGO_INCREMENTAL=0" "-e" "RUST_BACKTRACE=full" "-e" "RUSTFLAGS=--cap-lints=warn" "-e" "RUSTDOCFLAGS=--cap-lints=warn" "-e" "CARGO_HOME=/opt/rustwide/cargo-home" "-e" "RUSTUP_HOME=/opt/rustwide/rustup-home" "-w" "/opt/rustwide/workdir" "-m" "1610612736" "--user" "0:0" "--network" "none" "ghcr.io/rust-lang/crates-build-env/linux@sha256:2788e3201cd34a07e3172128adcd8b3090168a8e3bcc40d7c032b9dda1df7d1c" "/opt/rustwide/cargo-home/bin/cargo" "+1.75.0" "build" "--frozen" "--message-format=json", kill_on_drop: false }`
[INFO] [stdout] 70e5ee57c06492169caf00d2a7f4662c3d34a1b343037a4d655f956587ac95c3
[INFO] running `Command { std: "docker" "start" "-a" "70e5ee57c06492169caf00d2a7f4662c3d34a1b343037a4d655f956587ac95c3", kill_on_drop: false }`
[INFO] [stderr]    Compiling version_check v0.9.4
[INFO] [stderr]    Compiling typenum v1.17.0
[INFO] [stderr]    Compiling serde v1.0.194
[INFO] [stderr]    Compiling subtle v2.5.0
[INFO] [stderr]    Compiling syn v1.0.109
[INFO] [stderr]    Compiling crunchy v0.2.2
[INFO] [stderr]    Compiling getrandom v0.1.16
[INFO] [stderr]    Compiling wasm-bindgen-shared v0.2.89
[INFO] [stderr]    Compiling libc v0.2.151
[INFO] [stderr]    Compiling log v0.4.20
[INFO] [stderr]    Compiling cpufeatures v0.2.12
[INFO] [stderr]    Compiling feature-probe v0.1.1
[INFO] [stderr]    Compiling syn v2.0.48
[INFO] [stderr]    Compiling once_cell v1.19.0
[INFO] [stderr]    Compiling bumpalo v3.14.0
[INFO] [stderr]    Compiling solana-frozen-abi-macro v1.10.0
[INFO] [stderr]    Compiling getrandom v0.2.11
[INFO] [stderr]    Compiling bv v0.11.1
[INFO] [stderr]    Compiling ppv-lite86 v0.2.17
[INFO] [stderr]    Compiling thiserror v1.0.56
[INFO] [stderr]    Compiling rustversion v1.0.14
[INFO] [stderr]    Compiling generic-array v0.14.7
[INFO] [stderr]    Compiling ahash v0.7.7
[INFO] [stderr]    Compiling solana-frozen-abi v1.10.0
[INFO] [stderr]    Compiling rand_core v0.5.1
[INFO] [stderr]    Compiling bs58 v0.4.0
[INFO] [stderr]    Compiling arrayref v0.3.7
[INFO] [stderr]    Compiling opaque-debug v0.3.0
[INFO] [stderr]    Compiling wasm-bindgen v0.2.89
[INFO] [stderr]    Compiling memmap2 v0.5.10
[INFO] [stderr]    Compiling arrayvec v0.7.4
[INFO] [stderr]    Compiling byteorder v1.5.0
[INFO] [stderr]    Compiling zeroize v1.3.0
[INFO] [stderr]    Compiling base64 v0.12.3
[INFO] [stderr]    Compiling constant_time_eq v0.3.0
[INFO] [stderr]    Compiling rand_chacha v0.2.2
[INFO] [stderr]    Compiling either v1.9.0
[INFO] [stderr]    Compiling keccak v0.1.4
[INFO] [stderr]    Compiling base64 v0.13.1
[INFO] [stderr]    Compiling hashbrown v0.11.2
[INFO] [stderr]    Compiling rand v0.7.3
[INFO] [stderr]    Compiling itertools v0.10.5
[INFO] [stderr]    Compiling cc v1.0.83
[INFO] [stderr]    Compiling digest v0.9.0
[INFO] [stderr]    Compiling libsecp256k1-core v0.2.2
[INFO] [stderr]    Compiling blake3 v1.5.0
[INFO] [stderr]    Compiling libsecp256k1-gen-ecmult v0.2.1
[INFO] [stderr]    Compiling libsecp256k1-gen-genmult v0.2.1
[INFO] [stderr]    Compiling libsecp256k1 v0.6.0
[INFO] [stderr]    Compiling wasm-bindgen-backend v0.2.89
[INFO] [stderr]    Compiling toml v0.5.11
[INFO] [stderr]    Compiling serde_derive v1.0.194
[INFO] [stderr]    Compiling thiserror-impl v1.0.56
[INFO] [stderr]    Compiling bytemuck_derive v1.5.0
[INFO] [stderr]    Compiling proc-macro-crate v0.1.5
[INFO] [stderr]    Compiling wasm-bindgen-macro-support v0.2.89
[INFO] [stderr]    Compiling borsh-schema-derive-internal v0.9.3
[INFO] [stderr]    Compiling borsh-derive-internal v0.9.3
[INFO] [stderr]    Compiling wasm-bindgen-macro v0.2.89
[INFO] [stderr]    Compiling bytemuck v1.14.0
[INFO] [stderr]    Compiling borsh-derive v0.9.3
[INFO] [stderr]    Compiling solana-sdk-macro v1.10.0
[INFO] [stderr]    Compiling num-derive v0.3.3
[INFO] [stderr]    Compiling borsh v0.9.3
[INFO] [stderr]    Compiling serde_bytes v0.11.14
[INFO] [stderr]    Compiling bincode v1.3.3
[INFO] [stderr]    Compiling crypto-common v0.1.6
[INFO] [stderr]    Compiling block-buffer v0.10.4
[INFO] [stderr]    Compiling crypto-mac v0.8.0
[INFO] [stderr]    Compiling block-buffer v0.9.0
[INFO] [stderr]    Compiling hmac v0.8.1
[INFO] [stderr]    Compiling sha2 v0.9.9
[INFO] [stderr]    Compiling curve25519-dalek v3.2.1
[INFO] [stderr]    Compiling digest v0.10.7
[INFO] [stderr]    Compiling hmac-drbg v0.3.0
[INFO] [stderr]    Compiling sha2 v0.10.8
[INFO] [stderr]    Compiling sha3 v0.10.8
[INFO] [stderr]    Compiling domino-program-dp v0.1.11 (/opt/rustwide/workdir)
[INFO] [stdout] warning: assigning to `&T` is undefined behavior, consider using an `UnsafeCell`
[INFO] [stdout]    --> src/account_info.rs:153:13
[INFO] [stdout]     |
[INFO] [stdout] 153 | /             std::ptr::write_volatile(
[INFO] [stdout] 154 | |                 self.owner as *const Pubkey as *mut [u8; 32],
[INFO] [stdout] 155 | |                 new_owner.to_bytes(),
[INFO] [stdout] 156 | |             );
[INFO] [stdout]     | |_____________^
[INFO] [stdout]     |
[INFO] [stdout]     = note: for more information, visit <https://doc.rust-lang.org/book/ch15-05-interior-mutability.html>
[INFO] [stdout]     = note: `#[warn(invalid_reference_casting)]` on by default
[INFO] [stdout] 
[INFO] [stdout] 
[INFO] [stdout] warning: 1 warning emitted
[INFO] [stdout] 
[INFO] [stdout] 
[INFO] [stderr]     Finished dev [unoptimized + debuginfo] target(s) in 20.82s
[INFO] running `Command { std: "docker" "inspect" "70e5ee57c06492169caf00d2a7f4662c3d34a1b343037a4d655f956587ac95c3", kill_on_drop: false }`
[INFO] running `Command { std: "docker" "rm" "-f" "70e5ee57c06492169caf00d2a7f4662c3d34a1b343037a4d655f956587ac95c3", kill_on_drop: false }`
[INFO] [stdout] 70e5ee57c06492169caf00d2a7f4662c3d34a1b343037a4d655f956587ac95c3
[INFO] running `Command { std: "docker" "create" "-v" "/var/lib/crater-agent-workspace/builds/worker-4-tc1/target:/opt/rustwide/target:rw,Z" "-v" "/var/lib/crater-agent-workspace/builds/worker-4-tc1/source:/opt/rustwide/workdir:ro,Z" "-v" "/var/lib/crater-agent-workspace/cargo-home:/opt/rustwide/cargo-home:ro,Z" "-v" "/var/lib/crater-agent-workspace/rustup-home:/opt/rustwide/rustup-home:ro,Z" "-e" "SOURCE_DIR=/opt/rustwide/workdir" "-e" "CARGO_TARGET_DIR=/opt/rustwide/target" "-e" "CARGO_INCREMENTAL=0" "-e" "RUST_BACKTRACE=full" "-e" "RUSTFLAGS=--cap-lints=warn" "-e" "RUSTDOCFLAGS=--cap-lints=warn" "-e" "CARGO_HOME=/opt/rustwide/cargo-home" "-e" "RUSTUP_HOME=/opt/rustwide/rustup-home" "-w" "/opt/rustwide/workdir" "-m" "1610612736" "--user" "0:0" "--network" "none" "ghcr.io/rust-lang/crates-build-env/linux@sha256:2788e3201cd34a07e3172128adcd8b3090168a8e3bcc40d7c032b9dda1df7d1c" "/opt/rustwide/cargo-home/bin/cargo" "+1.75.0" "test" "--frozen" "--no-run" "--message-format=json", kill_on_drop: false }`
[INFO] [stdout] 8b3058d0e9fa4b75f339ddfabf88f71f6ccecefd7dc8acbab0eb350c359febbe
[INFO] running `Command { std: "docker" "start" "-a" "8b3058d0e9fa4b75f339ddfabf88f71f6ccecefd7dc8acbab0eb350c359febbe", kill_on_drop: false }`
[INFO] [stderr]    Compiling log v0.4.20
[INFO] [stderr]    Compiling memchr v2.7.1
[INFO] [stderr]    Compiling regex-syntax v0.8.2
[INFO] [stderr]    Compiling termcolor v1.4.0
[INFO] [stderr]    Compiling humantime v2.1.0
[INFO] [stderr]    Compiling anyhow v1.0.79
[INFO] [stderr]    Compiling assert_matches v1.5.0
[INFO] [stderr]    Compiling static_assertions v1.1.0
[INFO] [stderr]    Compiling serde_json v1.0.111
[INFO] [stderr]    Compiling wasm-bindgen-backend v0.2.89
[INFO] [stderr]    Compiling solana-frozen-abi v1.10.0
[INFO] [stderr]    Compiling aho-corasick v1.1.2
[INFO] [stderr]    Compiling wasm-bindgen-macro-support v0.2.89
[INFO] [stderr]    Compiling regex-automata v0.4.3
[INFO] [stderr]    Compiling wasm-bindgen-macro v0.2.89
[INFO] [stderr]    Compiling wasm-bindgen v0.2.89
[INFO] [stderr]    Compiling domino-program-dp v0.1.11 (/opt/rustwide/workdir)
[INFO] [stderr]    Compiling regex v1.10.2
[INFO] [stderr]    Compiling env_logger v0.9.3
[INFO] [stderr]    Compiling solana-logger v1.10.0
[INFO] [stdout] warning: assigning to `&T` is undefined behavior, consider using an `UnsafeCell`
[INFO] [stdout]    --> src/account_info.rs:153:13
[INFO] [stdout]     |
[INFO] [stdout] 153 | /             std::ptr::write_volatile(
[INFO] [stdout] 154 | |                 self.owner as *const Pubkey as *mut [u8; 32],
[INFO] [stdout] 155 | |                 new_owner.to_bytes(),
[INFO] [stdout] 156 | |             );
[INFO] [stdout]     | |_____________^
[INFO] [stdout]     |
[INFO] [stdout]     = note: for more information, visit <https://doc.rust-lang.org/book/ch15-05-interior-mutability.html>
[INFO] [stdout]     = note: `#[warn(invalid_reference_casting)]` on by default
[INFO] [stdout] 
[INFO] [stdout] 
[INFO] [stdout] warning: 1 warning emitted
[INFO] [stdout] 
[INFO] [stdout] 
[INFO] [stdout] warning: assigning to `&T` is undefined behavior, consider using an `UnsafeCell`
[INFO] [stdout]    --> src/account_info.rs:153:13
[INFO] [stdout]     |
[INFO] [stdout] 153 | /             std::ptr::write_volatile(
[INFO] [stdout] 154 | |                 self.owner as *const Pubkey as *mut [u8; 32],
[INFO] [stdout] 155 | |                 new_owner.to_bytes(),
[INFO] [stdout] 156 | |             );
[INFO] [stdout]     | |_____________^
[INFO] [stdout]     |
[INFO] [stdout]     = note: for more information, visit <https://doc.rust-lang.org/book/ch15-05-interior-mutability.html>
[INFO] [stdout]     = note: `#[warn(invalid_reference_casting)]` on by default
[INFO] [stdout] 
[INFO] [stdout] 
[INFO] [stdout] warning: 1 warning emitted
[INFO] [stdout] 
[INFO] [stdout] 
[INFO] [stderr]     Finished test [unoptimized + debuginfo] target(s) in 8.53s
[INFO] running `Command { std: "docker" "inspect" "8b3058d0e9fa4b75f339ddfabf88f71f6ccecefd7dc8acbab0eb350c359febbe", kill_on_drop: false }`
[INFO] running `Command { std: "docker" "rm" "-f" "8b3058d0e9fa4b75f339ddfabf88f71f6ccecefd7dc8acbab0eb350c359febbe", kill_on_drop: false }`
[INFO] [stdout] 8b3058d0e9fa4b75f339ddfabf88f71f6ccecefd7dc8acbab0eb350c359febbe
[INFO] running `Command { std: "docker" "create" "-v" "/var/lib/crater-agent-workspace/builds/worker-4-tc1/target:/opt/rustwide/target:rw,Z" "-v" "/var/lib/crater-agent-workspace/builds/worker-4-tc1/source:/opt/rustwide/workdir:ro,Z" "-v" "/var/lib/crater-agent-workspace/cargo-home:/opt/rustwide/cargo-home:ro,Z" "-v" "/var/lib/crater-agent-workspace/rustup-home:/opt/rustwide/rustup-home:ro,Z" "-e" "SOURCE_DIR=/opt/rustwide/workdir" "-e" "CARGO_TARGET_DIR=/opt/rustwide/target" "-e" "CARGO_INCREMENTAL=0" "-e" "RUST_BACKTRACE=full" "-e" "RUSTFLAGS=--cap-lints=warn" "-e" "RUSTDOCFLAGS=--cap-lints=warn" "-e" "CARGO_HOME=/opt/rustwide/cargo-home" "-e" "RUSTUP_HOME=/opt/rustwide/rustup-home" "-w" "/opt/rustwide/workdir" "-m" "1610612736" "--user" "0:0" "--network" "none" "ghcr.io/rust-lang/crates-build-env/linux@sha256:2788e3201cd34a07e3172128adcd8b3090168a8e3bcc40d7c032b9dda1df7d1c" "/opt/rustwide/cargo-home/bin/cargo" "+1.75.0" "test" "--frozen", kill_on_drop: false }`
[INFO] [stdout] f187c4a67bbd9e351bf9e1c7a1ec4753f96f45e128a1b761193cd3d1a90500ec
[INFO] running `Command { std: "docker" "start" "-a" "f187c4a67bbd9e351bf9e1c7a1ec4753f96f45e128a1b761193cd3d1a90500ec", kill_on_drop: false }`
[INFO] [stderr] warning: assigning to `&T` is undefined behavior, consider using an `UnsafeCell`
[INFO] [stderr]    --> src/account_info.rs:153:13
[INFO] [stderr]     |
[INFO] [stderr] 153 | /             std::ptr::write_volatile(
[INFO] [stderr] 154 | |                 self.owner as *const Pubkey as *mut [u8; 32],
[INFO] [stderr] 155 | |                 new_owner.to_bytes(),
[INFO] [stderr] 156 | |             );
[INFO] [stderr]     | |_____________^
[INFO] [stderr]     |
[INFO] [stderr]     = note: for more information, visit <https://doc.rust-lang.org/book/ch15-05-interior-mutability.html>
[INFO] [stderr]     = note: `#[warn(invalid_reference_casting)]` on by default
[INFO] [stderr] 
[INFO] [stderr] warning: `domino-program-dp` (lib) generated 1 warning
[INFO] [stderr] warning: `domino-program-dp` (lib test) generated 1 warning (1 duplicate)
[INFO] [stderr]     Finished test [unoptimized + debuginfo] target(s) in 0.06s
[INFO] [stderr]      Running unittests src/lib.rs (/opt/rustwide/target/debug/deps/domino_program_dp-562db2eb14233ea8)
[INFO] [stdout] 
[INFO] [stdout] running 170 tests
[INFO] [stdout] test account_info::tests::test_next_account_infos ... ok
[INFO] [stdout] test account_info::tests::test_account_info_as_ref ... ok
[INFO] [stdout] test blake3::tests::test_new_unique ... ok
[INFO] [stdout] test blake3::tests::test_extend_and_hash ... ok
[INFO] [stdout] test blake3::tests::test_hash_fromstr ... ok
[INFO] [stdout] test account_info::tests::test_account_info_debug_data ... ok
[INFO] [stdout] test borsh::tests::instance_packed_len_with_varying_sizes_in_hashmap ... ok
[INFO] [stdout] test borsh::tests::instance_packed_len_matches_packed_len ... ok
[INFO] [stdout] test borsh::tests::instance_packed_len_with_vec ... ok
[INFO] [stdout] test borsh::tests::packed_len ... ok
[INFO] [stdout] test borsh::tests::unchecked_deserialization ... ok
[INFO] [stdout] test bpf_loader::test_id ... ok
[INFO] [stdout] test bpf_loader_deprecated::test_id ... ok
[INFO] [stdout] test bpf_loader_upgradeable::test_id ... ok
[INFO] [stdout] test bpf_loader_upgradeable::tests::test_account_lengths ... ok
[INFO] [stdout] test bpf_loader_upgradeable::tests::test_is_set_authority_instruction ... ok
[INFO] [stdout] test bpf_loader_upgradeable::tests::test_is_upgrade_instruction ... ok
[INFO] [stdout] test config::program::test_id ... ok
[INFO] [stdout] test ed25519_program::test_id ... ok
[INFO] [stdout] test decode_error::tests::test_decode_custom_error_to_enum ... ok
[INFO] [stdout] test entrypoint::test::test_bump_allocator ... ok
[INFO] [stdout] test feature::test::feature_sizeof ... ok
[INFO] [stdout] test feature::test_id ... ok
[INFO] [stdout] test fee_calculator::tests::test_fee_calculator_calculate_fee ... ok
[INFO] [stdout] test fee_calculator::tests::test_fee_rate_governor_burn ... ok
[INFO] [stdout] test fee_calculator::tests::test_fee_calculator_calculate_fee_secp256k1 ... ok
[INFO] [stdout] test incinerator::test_id ... ok
[INFO] [stdout] test fee_calculator::tests::test_fee_rate_governor_derived_default ... ok
[INFO] [stdout] test hash::tests::test_hash_fromstr ... ok
[INFO] [stdout] test hash::tests::test_new_unique ... ok
[INFO] [stdout] test fee_calculator::tests::test_fee_rate_governor_derived_adjust ... ok
[INFO] [stdout] test message::legacy::tests::test_is_non_loader_key ... ok
[INFO] [stdout] test message::legacy::tests::test_is_writable ... ok
[INFO] [stdout] test message::legacy::tests::test_message_header_len_constant ... ok
[INFO] [stdout] test message::legacy::tests::test_get_account_keys_by_lock_type ... ok
[INFO] [stdout] test message::legacy::tests::test_message_program_last ... ok
[INFO] [stdout] test message::legacy::tests::test_message_kitchen_sink ... ok
[INFO] [stdout] test message::legacy::tests::test_builtin_program_keys ... ok
[INFO] [stdout] test message::legacy::tests::test_message_unique_keys_both_signed ... ok
[INFO] [stdout] test message::legacy::tests::test_is_key_passed_to_program ... ok
[INFO] [stdout] test message::legacy::tests::test_builtin_program_keys_abi_freeze ... ok
[INFO] [stdout] test message::legacy::tests::test_message_hash ... ok
[INFO] [stdout] test message::legacy::tests::test_message_payer_first ... ok
[INFO] [stdout] test message::legacy::tests::test_message_signed_keys_len ... ok
[INFO] [stdout] test message::legacy::tests::test_message_readonly_keys_last ... ok
[INFO] [stdout] test message::legacy::tests::test_message_unique_keys_one_readonly_signed ... ok
[INFO] [stdout] test message::legacy::tests::test_message_unique_keys_one_readonly_unsigned ... ok
[INFO] [stdout] test message::legacy::tests::test_message_signed_keys_first ... ok
[INFO] [stdout] test message::legacy::tests::test_message_unique_keys_signed_and_payer ... ok
[INFO] [stdout] test message::legacy::tests::test_message_unique_keys_not_adjacent ... ok
[INFO] [stdout] test message::legacy::tests::test_message_unique_keys_unsigned_and_payer ... ok
[INFO] [stdout] test message::legacy::tests::test_message_unique_program_ids ... ok
[INFO] [stdout] test message::legacy::tests::test_message_unique_program_ids_not_adjacent ... ok
[INFO] [stdout] test message::legacy::tests::test_message_unique_program_ids_order_preserved ... ok
[INFO] [stdout] test message::legacy::tests::test_message_unique_keys_one_signed ... ok
[INFO] [stdout] test message::non_bpf_modules::account_keys::tests::test_get ... ok
[INFO] [stdout] test message::legacy::tests::test_message_unique_keys_order_preserved ... ok
[INFO] [stdout] test message::non_bpf_modules::account_keys::tests::test_key_segment_iter ... ok
[INFO] [stdout] test message::legacy::tests::test_program_ids ... ok
[INFO] [stdout] test message::non_bpf_modules::account_keys::tests::test_get_with_dynamic_keys ... ok
[INFO] [stdout] test message::non_bpf_modules::account_keys::tests::test_len ... ok
[INFO] [stdout] test message::non_bpf_modules::account_keys::tests::test_iter_with_dynamic_keys ... ok
[INFO] [stdout] test message::non_bpf_modules::account_keys::tests::test_len_with_dynamic_keys ... ok
[INFO] [stdout] test message::non_bpf_modules::sanitized::tests::test_is_non_loader_key ... ok
[INFO] [stdout] test message::legacy::tests::test_program_position ... ok
[INFO] [stdout] test message::non_bpf_modules::account_keys::tests::test_iter ... ok
[INFO] [stdout] test message::non_bpf_modules::sanitized::tests::test_num_readonly_accounts ... ok
[INFO] [stdout] test message::non_bpf_modules::sanitized::tests::test_try_from_message ... ok
[INFO] [stdout] test message::non_bpf_modules::sanitized::tests::test_try_compile_instruction ... ok
[INFO] [stdout] test message::non_bpf_modules::versions::tests::test_legacy_message_serialization ... ok
[INFO] [stdout] test message::non_bpf_modules::versions::v0::tests::test_sanitize ... ok
[INFO] [stdout] test message::non_bpf_modules::versions::v0::loaded::tests::test_demote_writable_program ... ok
[INFO] [stdout] test message::non_bpf_modules::versions::v0::tests::test_sanitize_with_empty_table_lookup ... ok
[INFO] [stdout] test message::non_bpf_modules::versions::v0::loaded::tests::test_has_duplicates ... ok
[INFO] [stdout] test message::non_bpf_modules::versions::v0::loaded::tests::test_is_writable ... ok
[INFO] [stdout] test message::non_bpf_modules::versions::tests::test_versioned_message_serialization ... ok
[INFO] [stdout] test message::non_bpf_modules::versions::v0::loaded::tests::test_is_writable_index ... ok
[INFO] [stdout] test message::non_bpf_modules::versions::v0::tests::test_sanitize_with_instruction ... ok
[INFO] [stdout] test message::non_bpf_modules::versions::v0::tests::test_sanitize_with_max_account_keys ... ok
[INFO] [stdout] test message::non_bpf_modules::versions::v0::tests::test_sanitize_with_max_table_loaded_keys ... ok
[INFO] [stdout] test message::non_bpf_modules::versions::v0::tests::test_sanitize_with_invalid_ix_account ... ok
[INFO] [stdout] test message::non_bpf_modules::versions::v0::tests::test_sanitize_with_invalid_ix_program_id ... ok
[INFO] [stdout] test message::non_bpf_modules::versions::v0::tests::test_sanitize_with_table_lookup_and_ix ... ok
[INFO] [stdout] test program_option::test::test_from_rust_option ... ok
[INFO] [stdout] test message::non_bpf_modules::versions::v0::tests::test_sanitize_with_too_many_table_loaded_keys ... ok
[INFO] [stdout] test message::non_bpf_modules::versions::v0::tests::test_sanitize_without_signer ... ok
[INFO] [stdout] test program_stubs::tests::test_is_nonoverlapping ... ok
[INFO] [stdout] test program_utils::tests::test_limited_deserialize_advance_nonce_account ... ok
[INFO] [stdout] test message::non_bpf_modules::versions::v0::tests::test_sanitize_with_too_many_account_keys ... ok
[INFO] [stdout] test message::non_bpf_modules::versions::v0::tests::test_serialize ... ok
[INFO] [stdout] test message::non_bpf_modules::versions::v0::tests::test_sanitize_with_table_lookup ... ok
[INFO] [stdout] test nonce::state::current::test::default_is_uninitialized ... ok
[INFO] [stdout] test pubkey::tests::test_create_with_seed ... ok
[INFO] [stdout] test pubkey::tests::test_new_unique ... ok
[INFO] [stdout] test pubkey::tests::test_create_program_address ... ok
[INFO] [stdout] test message::non_bpf_modules::versions::v0::tests::test_sanitize_without_writable_signer ... ok
[INFO] [stdout] test rent::tests::test_due ... ok
[INFO] [stdout] test rent::tests::test_rent_due_is_exempt ... ok
[INFO] [stdout] test short_vec::tests::test_short_vec_aliased_length ... ok
[INFO] [stdout] test rent::tests::test_rent_due_lamports ... ok
[INFO] [stdout] test short_vec::tests::test_deserialize ... ok
[INFO] [stdout] test pubkey::tests::test_create_with_seed_rejects_illegal_owner ... ok
[INFO] [stdout] test short_vec::tests::test_short_vec_encode_len ... ok
[INFO] [stdout] test pubkey::tests::pubkey_fromstr ... ok
[INFO] [stdout] test secp256k1_program::test_id ... ok
[INFO] [stdout] test slot_history::tests::test_older_slot ... ok
[INFO] [stdout] test short_vec::tests::test_short_vec_json ... ok
[INFO] [stdout] test short_vec::tests::test_short_vec_u8 ... ok
[INFO] [stdout] test stake::config::test_id ... ok
[INFO] [stdout] test stake::instruction::tests::test_custom_error_decode ... ok
[INFO] [stdout] test stake::program::test_id ... ok
[INFO] [stdout] test stake::state::test::bincode_vs_borsh_deserialization ... ok
[INFO] [stdout] test stake::state::test::bincode_vs_borsh_serialization ... ok
[INFO] [stdout] test stake::state::test::borsh_deserialization_live_data ... ok
[INFO] [stdout] test system_instruction::tests::test_create_nonce_account ... ok
[INFO] [stdout] test stake_history::tests::test_stake_history ... ok
[INFO] [stdout] test system_instruction::tests::test_instruction_to_nonce_error ... ok
[INFO] [stdout] test system_instruction::tests::test_move_many ... ok
[INFO] [stdout] test system_instruction::tests::test_nonce_error_decode ... ok
[INFO] [stdout] test system_program::test_id ... ok
[INFO] [stdout] test system_instruction::tests::test_nonce_to_instruction_error ... ok
[INFO] [stdout] test system_instruction::tests::test_nonce_error_adapter_compat ... ok
[INFO] [stdout] test sysvar::clock::test_sysvar_id ... ok
[INFO] [stdout] test sysvar::fees::test_id ... ok
[INFO] [stdout] test sysvar::epoch_schedule::test_sysvar_id ... ok
[INFO] [stdout] test sysvar::epoch_schedule::test_id ... ok
[INFO] [stdout] test sysvar::clock::test_id ... ok
[INFO] [stdout] test message::non_bpf_modules::versions::v0::loaded::tests::test_has_duplicates_with_dupe_keys ... ok
[INFO] [stdout] test sysvar::fees::test_sysvar_id ... ok
[INFO] [stdout] test sysvar::instructions::test_id ... ok
[INFO] [stdout] test sysvar::instructions::test_sysvar_id ... ok
[INFO] [stdout] test sysvar::instructions::tests::test_decompile_instructions_out_of_bounds ... ok
[INFO] [stdout] test sysvar::instructions::tests::test_get_instruction_relative ... ok
[INFO] [stdout] test sysvar::instructions::tests::test_load_current_index_checked ... ok
[INFO] [stdout] test sysvar::instructions::tests::test_load_instruction_at_checked ... ok
[INFO] [stdout] test slot_hashes::tests::test ... ok
[INFO] [stdout] test sysvar::recent_blockhashes::test_id ... ok
[INFO] [stdout] test sysvar::instructions::tests::test_serialize_instructions ... ok
[INFO] [stdout] test sysvar::instructions::tests::test_load_store_instruction ... ok
[INFO] [stdout] test sysvar::recent_blockhashes::test_sysvar_id ... ok
[INFO] [stdout] test sysvar::recent_blockhashes::tests::test_sysvar_can_hold_all_active_blockhashes ... ok
[INFO] [stdout] test sysvar::rent::test_id ... ok
[INFO] [stdout] test sysvar::rent::test_sysvar_id ... ok
[INFO] [stdout] test sysvar::rewards::test_id ... ok
[INFO] [stdout] test sysvar::recent_blockhashes::tests::test_size_of ... ok
[INFO] [stdout] test sysvar::rewards::test_sysvar_id ... ok
[INFO] [stdout] test sysvar::slot_hashes::test_id ... ok
[INFO] [stdout] test sysvar::slot_hashes::test_sysvar_id ... ok
[INFO] [stdout] test sysvar::slot_history::test_id ... ok
[INFO] [stdout] test sysvar::slot_history::test_sysvar_id ... ok
[INFO] [stdout] test sysvar::stake_history::test_id ... ok
[INFO] [stdout] test sysvar::tests::test_id ... ok
[INFO] [stdout] test sysvar::slot_hashes::tests::test_size_of ... ok
[INFO] [stdout] test sysvar::test_id ... ok
[INFO] [stdout] test sysvar::stake_history::test_sysvar_id ... ok
[INFO] [stdout] test sysvar::stake_history::tests::test_size_of ... ok
[INFO] [stdout] test sysvar::tests::test_sysvar_account_info_to_from ... ok
[INFO] [stdout] test vote::program::test_id ... ok
[INFO] [stdout] test tests::test_unchecked_div_by_const ... ok
[INFO] [stdout] test sysvar::stake_history::tests::test_create_account ... ok
[INFO] [stdout] test sysvar::slot_history::tests::test_size_of ... ok
[INFO] [stdout] test short_vec::tests::test_short_vec_u8_too_long ... ok
[INFO] [stdout] test epoch_schedule::tests::test_epoch_schedule ... ok
[INFO] [stdout] test instruction::test_account_meta_layout ... FAILED
[INFO] [stdout] test pubkey::tests::test_pubkey_off_curve ... ok
[INFO] [stdout] test pubkey::tests::test_find_program_address ... ok
[INFO] [stdout] test slot_history::tests::slot_history_test_same_index ... ok
[INFO] [stdout] test slot_history::tests::test_oldest ... ok
[INFO] [stdout] test slot_history::tests::slot_history_test_wrap ... ok
[INFO] [stdout] test slot_history::tests::slot_history_test1 ... ok
[INFO] [stdout] 
[INFO] [stdout] failures:
[INFO] [stdout] 
[INFO] [stdout] ---- instruction::test_account_meta_layout stdout ----
[INFO] [stdout] thread 'instruction::test_account_meta_layout' panicked at src/instruction.rs:781:5:
[INFO] [stdout] assertion `left == right` failed
[INFO] [stdout]   left: 2
[INFO] [stdout]  right: 0
[INFO] [stdout] stack backtrace:
[INFO] [stdout]    0:     0x556d1fe349cc - std::backtrace_rs::backtrace::libunwind::trace::ha637c64ce894333a
[INFO] [stdout]                                at /rustc/82e1608dfa6e0b5569232559e3d385fea5a93112/library/std/src/../../backtrace/src/backtrace/libunwind.rs:104:5
[INFO] [stdout]    1:     0x556d1fe349cc - std::backtrace_rs::backtrace::trace_unsynchronized::h47f62dea28e0c88d
[INFO] [stdout]                                at /rustc/82e1608dfa6e0b5569232559e3d385fea5a93112/library/std/src/../../backtrace/src/backtrace/mod.rs:66:5
[INFO] [stdout]    2:     0x556d1fe349cc - std::sys_common::backtrace::_print_fmt::h9eef0abe20ede486
[INFO] [stdout]                                at /rustc/82e1608dfa6e0b5569232559e3d385fea5a93112/library/std/src/sys_common/backtrace.rs:67:5
[INFO] [stdout]    3:     0x556d1fe349cc - <std::sys_common::backtrace::_print::DisplayBacktrace as core::fmt::Display>::fmt::hed7f999df88cc644
[INFO] [stdout]                                at /rustc/82e1608dfa6e0b5569232559e3d385fea5a93112/library/std/src/sys_common/backtrace.rs:44:22
[INFO] [stdout]    4:     0x556d1fe5ee30 - core::fmt::rt::Argument::fmt::h1539a9308b8d058d
[INFO] [stdout]                                at /rustc/82e1608dfa6e0b5569232559e3d385fea5a93112/library/core/src/fmt/rt.rs:142:9
[INFO] [stdout]    5:     0x556d1fe5ee30 - core::fmt::write::h3a39390d8560d9c9
[INFO] [stdout]                                at /rustc/82e1608dfa6e0b5569232559e3d385fea5a93112/library/core/src/fmt/mod.rs:1120:17
[INFO] [stdout]    6:     0x556d1fe3237f - std::io::Write::write_fmt::h040b369f3a0f9cbc
[INFO] [stdout]                                at /rustc/82e1608dfa6e0b5569232559e3d385fea5a93112/library/std/src/io/mod.rs:1762:15
[INFO] [stdout]    7:     0x556d1fe347b4 - std::sys_common::backtrace::_print::h894006fb5c6f3d45
[INFO] [stdout]                                at /rustc/82e1608dfa6e0b5569232559e3d385fea5a93112/library/std/src/sys_common/backtrace.rs:47:5
[INFO] [stdout]    8:     0x556d1fe347b4 - std::sys_common::backtrace::print::h23a2d212c6fff936
[INFO] [stdout]                                at /rustc/82e1608dfa6e0b5569232559e3d385fea5a93112/library/std/src/sys_common/backtrace.rs:34:9
[INFO] [stdout]    9:     0x556d1fe36477 - std::panicking::default_hook::{{closure}}::h8a1d2ee00185001a
[INFO] [stdout]   10:     0x556d1fe36163 - std::panicking::default_hook::h6038f2eba384e475
[INFO] [stdout]                                at /rustc/82e1608dfa6e0b5569232559e3d385fea5a93112/library/std/src/panicking.rs:289:9
[INFO] [stdout]   11:     0x556d1fdb6967 - <alloc::boxed::Box<F,A> as core::ops::function::Fn<Args>>::call::h0ad024c9bdc6d768
[INFO] [stdout]                                at /rustc/82e1608dfa6e0b5569232559e3d385fea5a93112/library/alloc/src/boxed.rs:2021:9
[INFO] [stdout]   12:     0x556d1fdb6967 - test::test_main::{{closure}}::h7500b54257359db6
[INFO] [stdout]                                at /rustc/82e1608dfa6e0b5569232559e3d385fea5a93112/library/test/src/lib.rs:138:21
[INFO] [stdout]   13:     0x556d1fe36a88 - <alloc::boxed::Box<F,A> as core::ops::function::Fn<Args>>::call::h1f8f335eaa9cfaee
[INFO] [stdout]                                at /rustc/82e1608dfa6e0b5569232559e3d385fea5a93112/library/alloc/src/boxed.rs:2021:9
[INFO] [stdout]   14:     0x556d1fe36a88 - std::panicking::rust_panic_with_hook::h2b5517d590cab22e
[INFO] [stdout]                                at /rustc/82e1608dfa6e0b5569232559e3d385fea5a93112/library/std/src/panicking.rs:783:13
[INFO] [stdout]   15:     0x556d1fe367de - std::panicking::begin_panic_handler::{{closure}}::h233112c06e0ef43e
[INFO] [stdout]                                at /rustc/82e1608dfa6e0b5569232559e3d385fea5a93112/library/std/src/panicking.rs:657:13
[INFO] [stdout]   16:     0x556d1fe34e96 - std::sys_common::backtrace::__rust_end_short_backtrace::h6e893f24d7ebbff8
[INFO] [stdout]                                at /rustc/82e1608dfa6e0b5569232559e3d385fea5a93112/library/std/src/sys_common/backtrace.rs:170:18
[INFO] [stdout]   17:     0x556d1fe36542 - rust_begin_unwind
[INFO] [stdout]                                at /rustc/82e1608dfa6e0b5569232559e3d385fea5a93112/library/std/src/panicking.rs:645:5
[INFO] [stdout]   18:     0x556d1f9592b5 - core::panicking::panic_fmt::hbf0e066aabfa482c
[INFO] [stdout]                                at /rustc/82e1608dfa6e0b5569232559e3d385fea5a93112/library/core/src/panicking.rs:72:14
[INFO] [stdout]   19:     0x556d1f95970b - core::panicking::assert_failed_inner::h0bba8b7c26ee4492
[INFO] [stdout]   20:     0x556d1fde5e7e - core::panicking::assert_failed::hd3e68bf01ae458ce
[INFO] [stdout]                                at /rustc/82e1608dfa6e0b5569232559e3d385fea5a93112/library/core/src/panicking.rs:279:5
[INFO] [stdout]   21:     0x556d1fa52953 - domino_program_dp::instruction::test_account_meta_layout::h2292dd13ce442163
[INFO] [stdout]                                at /opt/rustwide/workdir/src/instruction.rs:781:5
[INFO] [stdout]   22:     0x556d1fa52687 - domino_program_dp::instruction::test_account_meta_layout::{{closure}}::h1e4a7cf5bfb862aa
[INFO] [stdout]                                at /opt/rustwide/workdir/src/instruction.rs:757:30
[INFO] [stdout]   23:     0x556d1fa058f6 - core::ops::function::FnOnce::call_once::h77a9053ab4fbda95
[INFO] [stdout]                                at /rustc/82e1608dfa6e0b5569232559e3d385fea5a93112/library/core/src/ops/function.rs:250:5
[INFO] [stdout]   24:     0x556d1fdbbfbf - core::ops::function::FnOnce::call_once::h2b5d431d5046312d
[INFO] [stdout]                                at /rustc/82e1608dfa6e0b5569232559e3d385fea5a93112/library/core/src/ops/function.rs:250:5
[INFO] [stdout]   25:     0x556d1fdbbfbf - test::__rust_begin_short_backtrace::h7714669af176e207
[INFO] [stdout]                                at /rustc/82e1608dfa6e0b5569232559e3d385fea5a93112/library/test/src/lib.rs:628:18
[INFO] [stdout]   26:     0x556d1fdbafd5 - test::run_test_in_process::{{closure}}::h85218797dcbcec12
[INFO] [stdout]                                at /rustc/82e1608dfa6e0b5569232559e3d385fea5a93112/library/test/src/lib.rs:651:60
[INFO] [stdout]   27:     0x556d1fdbafd5 - <core::panic::unwind_safe::AssertUnwindSafe<F> as core::ops::function::FnOnce<()>>::call_once::h76c106ea31c14d7b
[INFO] [stdout]                                at /rustc/82e1608dfa6e0b5569232559e3d385fea5a93112/library/core/src/panic/unwind_safe.rs:272:9
[INFO] [stdout]   28:     0x556d1fdbafd5 - std::panicking::try::do_call::h3bd5d0f6620ee946
[INFO] [stdout]                                at /rustc/82e1608dfa6e0b5569232559e3d385fea5a93112/library/std/src/panicking.rs:552:40
[INFO] [stdout]   29:     0x556d1fdbafd5 - std::panicking::try::h232e535e4744fe31
[INFO] [stdout]                                at /rustc/82e1608dfa6e0b5569232559e3d385fea5a93112/library/std/src/panicking.rs:516:19
[INFO] [stdout]   30:     0x556d1fdbafd5 - std::panic::catch_unwind::h3ce3bd6ca8dbac68
[INFO] [stdout]                                at /rustc/82e1608dfa6e0b5569232559e3d385fea5a93112/library/std/src/panic.rs:142:14
[INFO] [stdout]   31:     0x556d1fdbafd5 - test::run_test_in_process::hc97b257c9621286a
[INFO] [stdout]                                at /rustc/82e1608dfa6e0b5569232559e3d385fea5a93112/library/test/src/lib.rs:651:27
[INFO] [stdout]   32:     0x556d1fdbafd5 - test::run_test::{{closure}}::h2aa798823a438d38
[INFO] [stdout]                                at /rustc/82e1608dfa6e0b5569232559e3d385fea5a93112/library/test/src/lib.rs:574:43
[INFO] [stdout]   33:     0x556d1fd83296 - test::run_test::{{closure}}::h87d231c78fb59832
[INFO] [stdout]                                at /rustc/82e1608dfa6e0b5569232559e3d385fea5a93112/library/test/src/lib.rs:602:41
[INFO] [stdout]   34:     0x556d1fd83296 - std::sys_common::backtrace::__rust_begin_short_backtrace::he6df152596625789
[INFO] [stdout]                                at /rustc/82e1608dfa6e0b5569232559e3d385fea5a93112/library/std/src/sys_common/backtrace.rs:154:18
[INFO] [stdout]   35:     0x556d1fd88347 - std::thread::Builder::spawn_unchecked_::{{closure}}::{{closure}}::ha94be15d1e0acf36
[INFO] [stdout]                                at /rustc/82e1608dfa6e0b5569232559e3d385fea5a93112/library/std/src/thread/mod.rs:529:17
[INFO] [stdout]   36:     0x556d1fd88347 - <core::panic::unwind_safe::AssertUnwindSafe<F> as core::ops::function::FnOnce<()>>::call_once::h9dc6bd6372f16606
[INFO] [stdout]                                at /rustc/82e1608dfa6e0b5569232559e3d385fea5a93112/library/core/src/panic/unwind_safe.rs:272:9
[INFO] [stdout]   37:     0x556d1fd88347 - std::panicking::try::do_call::h9057517f80303cd4
[INFO] [stdout]                                at /rustc/82e1608dfa6e0b5569232559e3d385fea5a93112/library/std/src/panicking.rs:552:40
[INFO] [stdout]   38:     0x556d1fd88347 - std::panicking::try::he3a30b11ee45340c
[INFO] [stdout]                                at /rustc/82e1608dfa6e0b5569232559e3d385fea5a93112/library/std/src/panicking.rs:516:19
[INFO] [stdout]   39:     0x556d1fd88347 - std::panic::catch_unwind::h410458cfd3528b8b
[INFO] [stdout]                                at /rustc/82e1608dfa6e0b5569232559e3d385fea5a93112/library/std/src/panic.rs:142:14
[INFO] [stdout]   40:     0x556d1fd88347 - std::thread::Builder::spawn_unchecked_::{{closure}}::h72ac3bdb567b737b
[INFO] [stdout]                                at /rustc/82e1608dfa6e0b5569232559e3d385fea5a93112/library/std/src/thread/mod.rs:528:30
[INFO] [stdout]   41:     0x556d1fd88347 - core::ops::function::FnOnce::call_once{{vtable.shim}}::h38f34da3654a8344
[INFO] [stdout]                                at /rustc/82e1608dfa6e0b5569232559e3d385fea5a93112/library/core/src/ops/function.rs:250:5
[INFO] [stdout]   42:     0x556d1fe3b515 - <alloc::boxed::Box<F,A> as core::ops::function::FnOnce<Args>>::call_once::hc7eafaff61e32df9
[INFO] [stdout]                                at /rustc/82e1608dfa6e0b5569232559e3d385fea5a93112/library/alloc/src/boxed.rs:2007:9
[INFO] [stdout]   43:     0x556d1fe3b515 - <alloc::boxed::Box<F,A> as core::ops::function::FnOnce<Args>>::call_once::h6ba4a5de48dd2304
[INFO] [stdout]                                at /rustc/82e1608dfa6e0b5569232559e3d385fea5a93112/library/alloc/src/boxed.rs:2007:9
[INFO] [stdout]   44:     0x556d1fe3b515 - std::sys::unix::thread::Thread::new::thread_start::he469335aef763e45
[INFO] [stdout]                                at /rustc/82e1608dfa6e0b5569232559e3d385fea5a93112/library/std/src/sys/unix/thread.rs:108:17
[INFO] [stdout]   45:     0x7f710757bac3 - <unknown>
[INFO] [stdout]   46:     0x7f710760cbf4 - __clone
[INFO] [stdout]   47:                0x0 - <unknown>
[INFO] [stdout] 
[INFO] [stdout] 
[INFO] [stdout] failures:
[INFO] [stdout]     instruction::test_account_meta_layout
[INFO] [stdout] 
[INFO] [stdout] test result: FAILED. 169 passed; 1 failed; 0 ignored; 0 measured; 0 filtered out; finished in 0.34s
[INFO] [stdout] 
[INFO] [stderr] error: test failed, to rerun pass `--lib`
[INFO] running `Command { std: "docker" "inspect" "f187c4a67bbd9e351bf9e1c7a1ec4753f96f45e128a1b761193cd3d1a90500ec", kill_on_drop: false }`
[INFO] running `Command { std: "docker" "rm" "-f" "f187c4a67bbd9e351bf9e1c7a1ec4753f96f45e128a1b761193cd3d1a90500ec", kill_on_drop: false }`
[INFO] [stdout] f187c4a67bbd9e351bf9e1c7a1ec4753f96f45e128a1b761193cd3d1a90500ec
[INFO] testing domino-program-dp-0.1.11 against beta-2023-12-22 for beta-1.76-1
[INFO] extracting crate domino-program-dp 0.1.11 into /workspace/builds/worker-4-tc2/source
[INFO] validating manifest of crates.io crate domino-program-dp 0.1.11 on toolchain beta-2023-12-22
[INFO] running `Command { std: CARGO_HOME="/workspace/cargo-home" RUSTUP_HOME="/workspace/rustup-home" "/workspace/cargo-home/bin/cargo" "+beta-2023-12-22" "metadata" "--manifest-path" "Cargo.toml" "--no-deps", kill_on_drop: false }`
[INFO] started tweaking crates.io crate domino-program-dp 0.1.11
[INFO] finished tweaking crates.io crate domino-program-dp 0.1.11
[INFO] tweaked toml for crates.io crate domino-program-dp 0.1.11 written to /workspace/builds/worker-4-tc2/source/Cargo.toml
[INFO] running `Command { std: CARGO_HOME="/workspace/cargo-home" RUSTUP_HOME="/workspace/rustup-home" "/workspace/cargo-home/bin/cargo" "+beta-2023-12-22" "generate-lockfile" "--manifest-path" "Cargo.toml", kill_on_drop: false }`
[INFO] [stderr]     Updating crates.io index
[INFO] running `Command { std: CARGO_HOME="/workspace/cargo-home" RUSTUP_HOME="/workspace/rustup-home" "/workspace/cargo-home/bin/cargo" "+beta-2023-12-22" "fetch" "--manifest-path" "Cargo.toml", kill_on_drop: false }`
[INFO] running `Command { std: "docker" "create" "-v" "/var/lib/crater-agent-workspace/builds/worker-4-tc2/target:/opt/rustwide/target:rw,Z" "-v" "/var/lib/crater-agent-workspace/builds/worker-4-tc2/source:/opt/rustwide/workdir:ro,Z" "-v" "/var/lib/crater-agent-workspace/cargo-home:/opt/rustwide/cargo-home:ro,Z" "-v" "/var/lib/crater-agent-workspace/rustup-home:/opt/rustwide/rustup-home:ro,Z" "-e" "SOURCE_DIR=/opt/rustwide/workdir" "-e" "CARGO_TARGET_DIR=/opt/rustwide/target" "-e" "CARGO_HOME=/opt/rustwide/cargo-home" "-e" "RUSTUP_HOME=/opt/rustwide/rustup-home" "-w" "/opt/rustwide/workdir" "-m" "1610612736" "--user" "0:0" "--network" "none" "ghcr.io/rust-lang/crates-build-env/linux@sha256:2788e3201cd34a07e3172128adcd8b3090168a8e3bcc40d7c032b9dda1df7d1c" "/opt/rustwide/cargo-home/bin/cargo" "+beta-2023-12-22" "metadata" "--no-deps" "--format-version=1", kill_on_drop: false }`
[INFO] [stdout] 20a28b6042c94436a0f20f80eb6ca60ebbf54185edce01670a24f0f61e8d1274
[INFO] running `Command { std: "docker" "start" "-a" "20a28b6042c94436a0f20f80eb6ca60ebbf54185edce01670a24f0f61e8d1274", kill_on_drop: false }`
[INFO] running `Command { std: "docker" "inspect" "20a28b6042c94436a0f20f80eb6ca60ebbf54185edce01670a24f0f61e8d1274", kill_on_drop: false }`
[INFO] running `Command { std: "docker" "rm" "-f" "20a28b6042c94436a0f20f80eb6ca60ebbf54185edce01670a24f0f61e8d1274", kill_on_drop: false }`
[INFO] [stdout] 20a28b6042c94436a0f20f80eb6ca60ebbf54185edce01670a24f0f61e8d1274
[INFO] running `Command { std: "docker" "create" "-v" "/var/lib/crater-agent-workspace/builds/worker-4-tc2/target:/opt/rustwide/target:rw,Z" "-v" "/var/lib/crater-agent-workspace/builds/worker-4-tc2/source:/opt/rustwide/workdir:ro,Z" "-v" "/var/lib/crater-agent-workspace/cargo-home:/opt/rustwide/cargo-home:ro,Z" "-v" "/var/lib/crater-agent-workspace/rustup-home:/opt/rustwide/rustup-home:ro,Z" "-e" "SOURCE_DIR=/opt/rustwide/workdir" "-e" "CARGO_TARGET_DIR=/opt/rustwide/target" "-e" "CARGO_INCREMENTAL=0" "-e" "RUST_BACKTRACE=full" "-e" "RUSTFLAGS=--cap-lints=warn" "-e" "RUSTDOCFLAGS=--cap-lints=warn" "-e" "CARGO_HOME=/opt/rustwide/cargo-home" "-e" "RUSTUP_HOME=/opt/rustwide/rustup-home" "-w" "/opt/rustwide/workdir" "-m" "1610612736" "--user" "0:0" "--network" "none" "ghcr.io/rust-lang/crates-build-env/linux@sha256:2788e3201cd34a07e3172128adcd8b3090168a8e3bcc40d7c032b9dda1df7d1c" "/opt/rustwide/cargo-home/bin/cargo" "+beta-2023-12-22" "build" "--frozen" "--message-format=json", kill_on_drop: false }`
[INFO] [stdout] c6d0fbcf435a0eb0ad6391a8f1ebbef6d8c14c3496b1c0a13375e5f46ce545a3
[INFO] running `Command { std: "docker" "start" "-a" "c6d0fbcf435a0eb0ad6391a8f1ebbef6d8c14c3496b1c0a13375e5f46ce545a3", kill_on_drop: false }`
[INFO] [stderr]    Compiling version_check v0.9.4
[INFO] [stderr]    Compiling typenum v1.17.0
[INFO] [stderr]    Compiling serde v1.0.194
[INFO] [stderr]    Compiling subtle v2.5.0
[INFO] [stderr]    Compiling syn v1.0.109
[INFO] [stderr]    Compiling crunchy v0.2.2
[INFO] [stderr]    Compiling getrandom v0.1.16
[INFO] [stderr]    Compiling libc v0.2.151
[INFO] [stderr]    Compiling wasm-bindgen-shared v0.2.89
[INFO] [stderr]    Compiling log v0.4.20
[INFO] [stderr]    Compiling feature-probe v0.1.1
[INFO] [stderr]    Compiling bumpalo v3.14.0
[INFO] [stderr]    Compiling syn v2.0.48
[INFO] [stderr]    Compiling once_cell v1.19.0
[INFO] [stderr]    Compiling cpufeatures v0.2.12
[INFO] [stderr]    Compiling solana-frozen-abi-macro v1.10.0
[INFO] [stderr]    Compiling getrandom v0.2.11
[INFO] [stderr]    Compiling bv v0.11.1
[INFO] [stderr]    Compiling ppv-lite86 v0.2.17
[INFO] [stderr]    Compiling thiserror v1.0.56
[INFO] [stderr]    Compiling rustversion v1.0.14
[INFO] [stderr]    Compiling solana-frozen-abi v1.10.0
[INFO] [stderr]    Compiling generic-array v0.14.7
[INFO] [stderr]    Compiling ahash v0.7.7
[INFO] [stderr]    Compiling rand_core v0.5.1
[INFO] [stderr]    Compiling opaque-debug v0.3.0
[INFO] [stderr]    Compiling arrayref v0.3.7
[INFO] [stderr]    Compiling wasm-bindgen v0.2.89
[INFO] [stderr]    Compiling bs58 v0.4.0
[INFO] [stderr]    Compiling memmap2 v0.5.10
[INFO] [stderr]    Compiling either v1.9.0
[INFO] [stderr]    Compiling byteorder v1.5.0
[INFO] [stderr]    Compiling zeroize v1.3.0
[INFO] [stderr]    Compiling keccak v0.1.4
[INFO] [stderr]    Compiling rand_chacha v0.2.2
[INFO] [stderr]    Compiling base64 v0.12.3
[INFO] [stderr]    Compiling arrayvec v0.7.4
[INFO] [stderr]    Compiling constant_time_eq v0.3.0
[INFO] [stderr]    Compiling itertools v0.10.5
[INFO] [stderr]    Compiling base64 v0.13.1
[INFO] [stderr]    Compiling hashbrown v0.11.2
[INFO] [stderr]    Compiling rand v0.7.3
[INFO] [stderr]    Compiling cc v1.0.83
[INFO] [stderr]    Compiling digest v0.9.0
[INFO] [stderr]    Compiling libsecp256k1-core v0.2.2
[INFO] [stderr]    Compiling blake3 v1.5.0
[INFO] [stderr]    Compiling libsecp256k1-gen-genmult v0.2.1
[INFO] [stderr]    Compiling libsecp256k1-gen-ecmult v0.2.1
[INFO] [stderr]    Compiling libsecp256k1 v0.6.0
[INFO] [stderr]    Compiling wasm-bindgen-backend v0.2.89
[INFO] [stderr]    Compiling toml v0.5.11
[INFO] [stderr]    Compiling serde_derive v1.0.194
[INFO] [stderr]    Compiling thiserror-impl v1.0.56
[INFO] [stderr]    Compiling bytemuck_derive v1.5.0
[INFO] [stderr]    Compiling borsh-schema-derive-internal v0.9.3
[INFO] [stderr]    Compiling borsh-derive-internal v0.9.3
[INFO] [stderr]    Compiling wasm-bindgen-macro-support v0.2.89
[INFO] [stderr]    Compiling proc-macro-crate v0.1.5
[INFO] [stderr]    Compiling wasm-bindgen-macro v0.2.89
[INFO] [stderr]    Compiling bytemuck v1.14.0
[INFO] [stderr]    Compiling borsh-derive v0.9.3
[INFO] [stderr]    Compiling solana-sdk-macro v1.10.0
[INFO] [stderr]    Compiling num-derive v0.3.3
[INFO] [stderr]    Compiling borsh v0.9.3
[INFO] [stderr]    Compiling bincode v1.3.3
[INFO] [stderr]    Compiling serde_bytes v0.11.14
[INFO] [stderr]    Compiling crypto-common v0.1.6
[INFO] [stderr]    Compiling block-buffer v0.10.4
[INFO] [stderr]    Compiling crypto-mac v0.8.0
[INFO] [stderr]    Compiling block-buffer v0.9.0
[INFO] [stderr]    Compiling hmac v0.8.1
[INFO] [stderr]    Compiling curve25519-dalek v3.2.1
[INFO] [stderr]    Compiling sha2 v0.9.9
[INFO] [stderr]    Compiling digest v0.10.7
[INFO] [stderr]    Compiling hmac-drbg v0.3.0
[INFO] [stderr]    Compiling sha2 v0.10.8
[INFO] [stderr]    Compiling sha3 v0.10.8
[INFO] [stderr]    Compiling domino-program-dp v0.1.11 (/opt/rustwide/workdir)
[INFO] [stdout] warning: assigning to `&T` is undefined behavior, consider using an `UnsafeCell`
[INFO] [stdout]    --> src/account_info.rs:153:13
[INFO] [stdout]     |
[INFO] [stdout] 153 | /             std::ptr::write_volatile(
[INFO] [stdout] 154 | |                 self.owner as *const Pubkey as *mut [u8; 32],
[INFO] [stdout] 155 | |                 new_owner.to_bytes(),
[INFO] [stdout] 156 | |             );
[INFO] [stdout]     | |_____________^
[INFO] [stdout]     |
[INFO] [stdout]     = note: for more information, visit <https://doc.rust-lang.org/book/ch15-05-interior-mutability.html>
[INFO] [stdout]     = note: `#[warn(invalid_reference_casting)]` on by default
[INFO] [stdout] 
[INFO] [stdout] 
[INFO] [stdout] warning: 1 warning emitted
[INFO] [stdout] 
[INFO] [stdout] 
[INFO] [stderr]     Finished dev [unoptimized + debuginfo] target(s) in 13.73s
[INFO] running `Command { std: "docker" "inspect" "c6d0fbcf435a0eb0ad6391a8f1ebbef6d8c14c3496b1c0a13375e5f46ce545a3", kill_on_drop: false }`
[INFO] running `Command { std: "docker" "rm" "-f" "c6d0fbcf435a0eb0ad6391a8f1ebbef6d8c14c3496b1c0a13375e5f46ce545a3", kill_on_drop: false }`
[INFO] [stdout] c6d0fbcf435a0eb0ad6391a8f1ebbef6d8c14c3496b1c0a13375e5f46ce545a3
[INFO] running `Command { std: "docker" "create" "-v" "/var/lib/crater-agent-workspace/builds/worker-4-tc2/target:/opt/rustwide/target:rw,Z" "-v" "/var/lib/crater-agent-workspace/builds/worker-4-tc2/source:/opt/rustwide/workdir:ro,Z" "-v" "/var/lib/crater-agent-workspace/cargo-home:/opt/rustwide/cargo-home:ro,Z" "-v" "/var/lib/crater-agent-workspace/rustup-home:/opt/rustwide/rustup-home:ro,Z" "-e" "SOURCE_DIR=/opt/rustwide/workdir" "-e" "CARGO_TARGET_DIR=/opt/rustwide/target" "-e" "CARGO_INCREMENTAL=0" "-e" "RUST_BACKTRACE=full" "-e" "RUSTFLAGS=--cap-lints=warn" "-e" "RUSTDOCFLAGS=--cap-lints=warn" "-e" "CARGO_HOME=/opt/rustwide/cargo-home" "-e" "RUSTUP_HOME=/opt/rustwide/rustup-home" "-w" "/opt/rustwide/workdir" "-m" "1610612736" "--user" "0:0" "--network" "none" "ghcr.io/rust-lang/crates-build-env/linux@sha256:2788e3201cd34a07e3172128adcd8b3090168a8e3bcc40d7c032b9dda1df7d1c" "/opt/rustwide/cargo-home/bin/cargo" "+beta-2023-12-22" "test" "--frozen" "--no-run" "--message-format=json", kill_on_drop: false }`
[INFO] [stdout] 5ab1905498833b4d414c039dad0bd8846d31fe420aeb77d1e00fd146da5a8bc0
[INFO] running `Command { std: "docker" "start" "-a" "5ab1905498833b4d414c039dad0bd8846d31fe420aeb77d1e00fd146da5a8bc0", kill_on_drop: false }`
[INFO] [stderr]    Compiling log v0.4.20
[INFO] [stderr]    Compiling memchr v2.7.1
[INFO] [stderr]    Compiling regex-syntax v0.8.2
[INFO] [stderr]    Compiling anyhow v1.0.79
[INFO] [stderr]    Compiling termcolor v1.4.0
[INFO] [stderr]    Compiling humantime v2.1.0
[INFO] [stderr]    Compiling assert_matches v1.5.0
[INFO] [stderr]    Compiling serde_json v1.0.111
[INFO] [stderr]    Compiling static_assertions v1.1.0
[INFO] [stderr]    Compiling solana-frozen-abi v1.10.0
[INFO] [stderr]    Compiling wasm-bindgen-backend v0.2.89
[INFO] [stderr]    Compiling aho-corasick v1.1.2
[INFO] [stderr]    Compiling wasm-bindgen-macro-support v0.2.89
[INFO] [stderr]    Compiling regex-automata v0.4.3
[INFO] [stderr]    Compiling wasm-bindgen-macro v0.2.89
[INFO] [stderr]    Compiling wasm-bindgen v0.2.89
[INFO] [stderr]    Compiling domino-program-dp v0.1.11 (/opt/rustwide/workdir)
[INFO] [stderr]    Compiling regex v1.10.2
[INFO] [stderr]    Compiling env_logger v0.9.3
[INFO] [stderr]    Compiling solana-logger v1.10.0
[INFO] [stdout] warning: assigning to `&T` is undefined behavior, consider using an `UnsafeCell`
[INFO] [stdout]    --> src/account_info.rs:153:13
[INFO] [stdout]     |
[INFO] [stdout] 153 | /             std::ptr::write_volatile(
[INFO] [stdout] 154 | |                 self.owner as *const Pubkey as *mut [u8; 32],
[INFO] [stdout] 155 | |                 new_owner.to_bytes(),
[INFO] [stdout] 156 | |             );
[INFO] [stdout]     | |_____________^
[INFO] [stdout]     |
[INFO] [stdout]     = note: for more information, visit <https://doc.rust-lang.org/book/ch15-05-interior-mutability.html>
[INFO] [stdout]     = note: `#[warn(invalid_reference_casting)]` on by default
[INFO] [stdout] 
[INFO] [stdout] 
[INFO] [stdout] warning: 1 warning emitted
[INFO] [stdout] 
[INFO] [stdout] 
[INFO] [stdout] warning: assigning to `&T` is undefined behavior, consider using an `UnsafeCell`
[INFO] [stdout]    --> src/account_info.rs:153:13
[INFO] [stdout]     |
[INFO] [stdout] 153 | /             std::ptr::write_volatile(
[INFO] [stdout] 154 | |                 self.owner as *const Pubkey as *mut [u8; 32],
[INFO] [stdout] 155 | |                 new_owner.to_bytes(),
[INFO] [stdout] 156 | |             );
[INFO] [stdout]     | |_____________^
[INFO] [stdout]     |
[INFO] [stdout]     = note: for more information, visit <https://doc.rust-lang.org/book/ch15-05-interior-mutability.html>
[INFO] [stdout]     = note: `#[warn(invalid_reference_casting)]` on by default
[INFO] [stdout] 
[INFO] [stdout] 
[INFO] [stdout] warning: 1 warning emitted
[INFO] [stdout] 
[INFO] [stdout] 
[INFO] [stderr]     Finished test [unoptimized + debuginfo] target(s) in 11.29s
[INFO] running `Command { std: "docker" "inspect" "5ab1905498833b4d414c039dad0bd8846d31fe420aeb77d1e00fd146da5a8bc0", kill_on_drop: false }`
[INFO] running `Command { std: "docker" "rm" "-f" "5ab1905498833b4d414c039dad0bd8846d31fe420aeb77d1e00fd146da5a8bc0", kill_on_drop: false }`
[INFO] [stdout] 5ab1905498833b4d414c039dad0bd8846d31fe420aeb77d1e00fd146da5a8bc0
[INFO] running `Command { std: "docker" "create" "-v" "/var/lib/crater-agent-workspace/builds/worker-4-tc2/target:/opt/rustwide/target:rw,Z" "-v" "/var/lib/crater-agent-workspace/builds/worker-4-tc2/source:/opt/rustwide/workdir:ro,Z" "-v" "/var/lib/crater-agent-workspace/cargo-home:/opt/rustwide/cargo-home:ro,Z" "-v" "/var/lib/crater-agent-workspace/rustup-home:/opt/rustwide/rustup-home:ro,Z" "-e" "SOURCE_DIR=/opt/rustwide/workdir" "-e" "CARGO_TARGET_DIR=/opt/rustwide/target" "-e" "CARGO_INCREMENTAL=0" "-e" "RUST_BACKTRACE=full" "-e" "RUSTFLAGS=--cap-lints=warn" "-e" "RUSTDOCFLAGS=--cap-lints=warn" "-e" "CARGO_HOME=/opt/rustwide/cargo-home" "-e" "RUSTUP_HOME=/opt/rustwide/rustup-home" "-w" "/opt/rustwide/workdir" "-m" "1610612736" "--user" "0:0" "--network" "none" "ghcr.io/rust-lang/crates-build-env/linux@sha256:2788e3201cd34a07e3172128adcd8b3090168a8e3bcc40d7c032b9dda1df7d1c" "/opt/rustwide/cargo-home/bin/cargo" "+beta-2023-12-22" "test" "--frozen", kill_on_drop: false }`
[INFO] [stdout] db0dbeb3220dc294c77ee1fcbf157b539887cc49e1f21260d090acd27a7bf5cd
[INFO] running `Command { std: "docker" "start" "-a" "db0dbeb3220dc294c77ee1fcbf157b539887cc49e1f21260d090acd27a7bf5cd", kill_on_drop: false }`
[INFO] [stderr] warning: assigning to `&T` is undefined behavior, consider using an `UnsafeCell`
[INFO] [stderr]    --> src/account_info.rs:153:13
[INFO] [stderr]     |
[INFO] [stderr] 153 | /             std::ptr::write_volatile(
[INFO] [stderr] 154 | |                 self.owner as *const Pubkey as *mut [u8; 32],
[INFO] [stderr] 155 | |                 new_owner.to_bytes(),
[INFO] [stderr] 156 | |             );
[INFO] [stderr]     | |_____________^
[INFO] [stderr]     |
[INFO] [stderr]     = note: for more information, visit <https://doc.rust-lang.org/book/ch15-05-interior-mutability.html>
[INFO] [stderr]     = note: `#[warn(invalid_reference_casting)]` on by default
[INFO] [stderr] 
[INFO] [stderr] warning: `domino-program-dp` (lib) generated 1 warning
[INFO] [stderr] warning: `domino-program-dp` (lib test) generated 1 warning (1 duplicate)
[INFO] [stderr]     Finished test [unoptimized + debuginfo] target(s) in 0.10s
[INFO] [stderr]      Running unittests src/lib.rs (/opt/rustwide/target/debug/deps/domino_program_dp-020758b721fe5275)
[INFO] [stdout] 
[INFO] [stdout] running 170 tests
[INFO] [stdout] test account_info::tests::test_next_account_infos ... ok
[INFO] [stdout] test account_info::tests::test_account_info_as_ref ... ok
[INFO] [stdout] test blake3::tests::test_new_unique ... ok
[INFO] [stdout] test bpf_loader::test_id ... ok
[INFO] [stdout] test blake3::tests::test_extend_and_hash ... ok
[INFO] [stdout] test borsh::tests::instance_packed_len_with_vec ... ok
[INFO] [stdout] test borsh::tests::instance_packed_len_with_varying_sizes_in_hashmap ... ok
[INFO] [stdout] test account_info::tests::test_account_info_debug_data ... ok
[INFO] [stdout] test blake3::tests::test_hash_fromstr ... ok
[INFO] [stdout] test bpf_loader_deprecated::test_id ... ok
[INFO] [stdout] test bpf_loader_upgradeable::test_id ... ok
[INFO] [stdout] test borsh::tests::packed_len ... ok
[INFO] [stdout] test borsh::tests::instance_packed_len_matches_packed_len ... ok
[INFO] [stdout] test borsh::tests::unchecked_deserialization ... ok
[INFO] [stdout] test bpf_loader_upgradeable::tests::test_is_upgrade_instruction ... ok
[INFO] [stdout] test config::program::test_id ... ok
[INFO] [stdout] test bpf_loader_upgradeable::tests::test_is_set_authority_instruction ... ok
[INFO] [stdout] test bpf_loader_upgradeable::tests::test_account_lengths ... ok
[INFO] [stdout] test ed25519_program::test_id ... ok
[INFO] [stdout] test entrypoint::test::test_bump_allocator ... ok
[INFO] [stdout] test decode_error::tests::test_decode_custom_error_to_enum ... ok
[INFO] [stdout] test feature::test_id ... ok
[INFO] [stdout] test fee_calculator::tests::test_fee_calculator_calculate_fee ... ok
[INFO] [stdout] test feature::test::feature_sizeof ... ok
[INFO] [stdout] test fee_calculator::tests::test_fee_calculator_calculate_fee_secp256k1 ... ok
[INFO] [stdout] test fee_calculator::tests::test_fee_rate_governor_burn ... ok
[INFO] [stdout] test hash::tests::test_new_unique ... ok
[INFO] [stdout] test incinerator::test_id ... ok
[INFO] [stdout] test fee_calculator::tests::test_fee_rate_governor_derived_default ... ok
[INFO] [stdout] test fee_calculator::tests::test_fee_rate_governor_derived_adjust ... ok
[INFO] [stdout] test hash::tests::test_hash_fromstr ... ok
[INFO] [stdout] test message::legacy::tests::test_is_key_passed_to_program ... ok
[INFO] [stdout] test message::legacy::tests::test_message_header_len_constant ... ok
[INFO] [stdout] test message::legacy::tests::test_get_account_keys_by_lock_type ... ok
[INFO] [stdout] test message::legacy::tests::test_builtin_program_keys ... ok
[INFO] [stdout] test message::legacy::tests::test_message_readonly_keys_last ... ok
[INFO] [stdout] test message::legacy::tests::test_message_signed_keys_first ... ok
[INFO] [stdout] test message::legacy::tests::test_is_non_loader_key ... ok
[INFO] [stdout] test message::legacy::tests::test_message_unique_keys_not_adjacent ... ok
[INFO] [stdout] test message::legacy::tests::test_is_writable ... ok
[INFO] [stdout] test message::legacy::tests::test_message_kitchen_sink ... ok
[INFO] [stdout] test message::legacy::tests::test_message_hash ... ok
[INFO] [stdout] test message::legacy::tests::test_message_signed_keys_len ... ok
[INFO] [stdout] test message::legacy::tests::test_message_unique_keys_both_signed ... ok
[INFO] [stdout] test message::legacy::tests::test_message_payer_first ... ok
[INFO] [stdout] test message::legacy::tests::test_builtin_program_keys_abi_freeze ... ok
[INFO] [stdout] test message::legacy::tests::test_message_unique_keys_one_readonly_signed ... ok
[INFO] [stdout] test message::legacy::tests::test_message_unique_keys_signed_and_payer ... ok
[INFO] [stdout] test message::legacy::tests::test_message_unique_keys_order_preserved ... ok
[INFO] [stdout] test message::legacy::tests::test_message_unique_keys_unsigned_and_payer ... ok
[INFO] [stdout] test message::legacy::tests::test_message_unique_program_ids_not_adjacent ... ok
[INFO] [stdout] test message::legacy::tests::test_message_unique_program_ids ... ok
[INFO] [stdout] test message::legacy::tests::test_message_program_last ... ok
[INFO] [stdout] test message::legacy::tests::test_message_unique_keys_one_signed ... ok
[INFO] [stdout] test message::legacy::tests::test_message_unique_keys_one_readonly_unsigned ... ok
[INFO] [stdout] test message::legacy::tests::test_program_ids ... ok
[INFO] [stdout] test message::legacy::tests::test_program_position ... ok
[INFO] [stdout] test message::non_bpf_modules::account_keys::tests::test_get ... ok
[INFO] [stdout] test message::legacy::tests::test_message_unique_program_ids_order_preserved ... ok
[INFO] [stdout] test message::non_bpf_modules::account_keys::tests::test_key_segment_iter ... ok
[INFO] [stdout] test message::non_bpf_modules::account_keys::tests::test_get_with_dynamic_keys ... ok
[INFO] [stdout] test message::non_bpf_modules::account_keys::tests::test_len_with_dynamic_keys ... ok
[INFO] [stdout] test message::non_bpf_modules::account_keys::tests::test_iter ... ok
[INFO] [stdout] test message::non_bpf_modules::sanitized::tests::test_num_readonly_accounts ... ok
[INFO] [stdout] test message::non_bpf_modules::account_keys::tests::test_iter_with_dynamic_keys ... ok
[INFO] [stdout] test message::non_bpf_modules::account_keys::tests::test_len ... ok
[INFO] [stdout] test message::non_bpf_modules::sanitized::tests::test_try_from_message ... ok
[INFO] [stdout] test message::non_bpf_modules::sanitized::tests::test_try_compile_instruction ... ok
[INFO] [stdout] test message::non_bpf_modules::sanitized::tests::test_is_non_loader_key ... ok
[INFO] [stdout] test message::non_bpf_modules::versions::v0::loaded::tests::test_is_writable ... ok
[INFO] [stdout] test message::non_bpf_modules::versions::v0::loaded::tests::test_has_duplicates ... ok
[INFO] [stdout] test message::non_bpf_modules::versions::v0::tests::test_sanitize ... ok
[INFO] [stdout] test message::non_bpf_modules::versions::v0::tests::test_sanitize_with_empty_table_lookup ... ok
[INFO] [stdout] test message::non_bpf_modules::versions::v0::loaded::tests::test_is_writable_index ... ok
[INFO] [stdout] test message::non_bpf_modules::versions::v0::loaded::tests::test_demote_writable_program ... ok
[INFO] [stdout] test message::non_bpf_modules::versions::tests::test_versioned_message_serialization ... ok
[INFO] [stdout] test message::non_bpf_modules::versions::v0::tests::test_sanitize_with_invalid_ix_account ... ok
[INFO] [stdout] test message::non_bpf_modules::versions::tests::test_legacy_message_serialization ... ok
[INFO] [stdout] test message::non_bpf_modules::versions::v0::tests::test_sanitize_with_instruction ... ok
[INFO] [stdout] test message::non_bpf_modules::versions::v0::tests::test_sanitize_with_invalid_ix_program_id ... ok
[INFO] [stdout] test message::non_bpf_modules::versions::v0::tests::test_sanitize_with_table_lookup ... ok
[INFO] [stdout] test message::non_bpf_modules::versions::v0::tests::test_sanitize_with_table_lookup_and_ix ... ok
[INFO] [stdout] test message::non_bpf_modules::versions::v0::tests::test_sanitize_without_signer ... ok
[INFO] [stdout] test message::non_bpf_modules::versions::v0::tests::test_sanitize_without_writable_signer ... ok
[INFO] [stdout] test message::non_bpf_modules::versions::v0::tests::test_sanitize_with_too_many_table_loaded_keys ... ok
[INFO] [stdout] test message::non_bpf_modules::versions::v0::tests::test_sanitize_with_too_many_account_keys ... ok
[INFO] [stdout] test message::non_bpf_modules::versions::v0::tests::test_sanitize_with_max_account_keys ... ok
[INFO] [stdout] test message::non_bpf_modules::versions::v0::tests::test_sanitize_with_max_table_loaded_keys ... ok
[INFO] [stdout] test nonce::state::current::test::default_is_uninitialized ... ok
[INFO] [stdout] test message::non_bpf_modules::versions::v0::tests::test_serialize ... ok
[INFO] [stdout] test program_stubs::tests::test_is_nonoverlapping ... ok
[INFO] [stdout] test program_utils::tests::test_limited_deserialize_advance_nonce_account ... ok
[INFO] [stdout] test pubkey::tests::pubkey_fromstr ... ok
[INFO] [stdout] test program_option::test::test_from_rust_option ... ok
[INFO] [stdout] test rent::tests::test_due ... ok
[INFO] [stdout] test pubkey::tests::test_create_with_seed ... ok
[INFO] [stdout] test rent::tests::test_rent_due_is_exempt ... ok
[INFO] [stdout] test pubkey::tests::test_create_program_address ... ok
[INFO] [stdout] test rent::tests::test_rent_due_lamports ... ok
[INFO] [stdout] test secp256k1_program::test_id ... ok
[INFO] [stdout] test pubkey::tests::test_new_unique ... ok
[INFO] [stdout] test short_vec::tests::test_deserialize ... ok
[INFO] [stdout] test pubkey::tests::test_create_with_seed_rejects_illegal_owner ... ok
[INFO] [stdout] test short_vec::tests::test_short_vec_aliased_length ... ok
[INFO] [stdout] test short_vec::tests::test_short_vec_encode_len ... ok
[INFO] [stdout] test short_vec::tests::test_short_vec_json ... ok
[INFO] [stdout] test short_vec::tests::test_short_vec_u8 ... ok
[INFO] [stdout] test stake::config::test_id ... ok
[INFO] [stdout] test stake::state::test::bincode_vs_borsh_deserialization ... ok
[INFO] [stdout] test stake::program::test_id ... ok
[INFO] [stdout] test slot_history::tests::test_older_slot ... ok
[INFO] [stdout] test system_instruction::tests::test_create_nonce_account ... ok
[INFO] [stdout] test stake::state::test::borsh_deserialization_live_data ... ok
[INFO] [stdout] test stake::state::test::bincode_vs_borsh_serialization ... ok
[INFO] [stdout] test stake::instruction::tests::test_custom_error_decode ... ok
[INFO] [stdout] test system_instruction::tests::test_instruction_to_nonce_error ... ok
[INFO] [stdout] test system_instruction::tests::test_move_many ... ok
[INFO] [stdout] test system_instruction::tests::test_nonce_error_adapter_compat ... ok
[INFO] [stdout] test system_instruction::tests::test_nonce_error_decode ... ok
[INFO] [stdout] test system_program::test_id ... ok
[INFO] [stdout] test sysvar::clock::test_id ... ok
[INFO] [stdout] test sysvar::clock::test_sysvar_id ... ok
[INFO] [stdout] test system_instruction::tests::test_nonce_to_instruction_error ... ok
[INFO] [stdout] test sysvar::epoch_schedule::test_id ... ok
[INFO] [stdout] test message::non_bpf_modules::versions::v0::loaded::tests::test_has_duplicates_with_dupe_keys ... ok
[INFO] [stdout] test stake_history::tests::test_stake_history ... ok
[INFO] [stdout] test sysvar::fees::test_id ... ok
[INFO] [stdout] test short_vec::tests::test_short_vec_u8_too_long ... ok
[INFO] [stdout] test sysvar::epoch_schedule::test_sysvar_id ... ok
[INFO] [stdout] test sysvar::instructions::test_id ... ok
[INFO] [stdout] test sysvar::fees::test_sysvar_id ... ok
[INFO] [stdout] test sysvar::instructions::tests::test_load_current_index_checked ... ok
[INFO] [stdout] test sysvar::instructions::tests::test_load_instruction_at_checked ... ok
[INFO] [stdout] test sysvar::instructions::tests::test_serialize_instructions ... ok
[INFO] [stdout] test sysvar::instructions::tests::test_get_instruction_relative ... ok
[INFO] [stdout] test sysvar::instructions::tests::test_load_store_instruction ... ok
[INFO] [stdout] test sysvar::instructions::test_sysvar_id ... ok
[INFO] [stdout] test slot_hashes::tests::test ... ok
[INFO] [stdout] test sysvar::recent_blockhashes::test_sysvar_id ... ok
[INFO] [stdout] test sysvar::recent_blockhashes::test_id ... ok
[INFO] [stdout] test sysvar::rent::test_sysvar_id ... ok
[INFO] [stdout] test sysvar::rent::test_id ... ok
[INFO] [stdout] test sysvar::recent_blockhashes::tests::test_size_of ... ok
[INFO] [stdout] test sysvar::instructions::tests::test_decompile_instructions_out_of_bounds ... ok
[INFO] [stdout] test sysvar::slot_hashes::test_id ... ok
[INFO] [stdout] test sysvar::rewards::test_sysvar_id ... ok
[INFO] [stdout] test sysvar::rewards::test_id ... ok
[INFO] [stdout] test sysvar::recent_blockhashes::tests::test_sysvar_can_hold_all_active_blockhashes ... ok
[INFO] [stdout] test sysvar::slot_hashes::test_sysvar_id ... ok
[INFO] [stdout] test sysvar::slot_history::test_id ... ok
[INFO] [stdout] test sysvar::stake_history::test_id ... ok
[INFO] [stdout] test sysvar::slot_history::test_sysvar_id ... ok
[INFO] [stdout] test sysvar::stake_history::test_sysvar_id ... ok
[INFO] [stdout] test sysvar::stake_history::tests::test_create_account ... ok
[INFO] [stdout] test sysvar::slot_hashes::tests::test_size_of ... ok
[INFO] [stdout] test sysvar::stake_history::tests::test_size_of ... ok
[INFO] [stdout] test sysvar::tests::test_sysvar_account_info_to_from ... ok
[INFO] [stdout] test sysvar::tests::test_id ... ok
[INFO] [stdout] test tests::test_unchecked_div_by_const ... ok
[INFO] [stdout] test sysvar::test_id ... ok
[INFO] [stdout] test vote::program::test_id ... ok
[INFO] [stdout] test sysvar::slot_history::tests::test_size_of ... ok
[INFO] [stdout] test epoch_schedule::tests::test_epoch_schedule ... ok
[INFO] [stdout] test instruction::test_account_meta_layout ... FAILED
[INFO] [stdout] test pubkey::tests::test_find_program_address ... ok
[INFO] [stdout] test pubkey::tests::test_pubkey_off_curve ... ok
[INFO] [stdout] test slot_history::tests::test_oldest ... ok
[INFO] [stdout] test slot_history::tests::slot_history_test_same_index ... ok
[INFO] [stdout] test slot_history::tests::slot_history_test_wrap ... ok
[INFO] [stdout] test slot_history::tests::slot_history_test1 ... ok
[INFO] [stdout] 
[INFO] [stdout] failures:
[INFO] [stdout] 
[INFO] [stdout] ---- instruction::test_account_meta_layout stdout ----
[INFO] [stdout] thread 'instruction::test_account_meta_layout' panicked at src/instruction.rs:781:5:
[INFO] [stdout] assertion `left == right` failed
[INFO] [stdout]   left: 2
[INFO] [stdout]  right: 0
[INFO] [stdout] stack backtrace:
[INFO] [stdout]    0:     0x5623915aeed6 - std::backtrace_rs::backtrace::libunwind::trace::h261606ad26a499c1
[INFO] [stdout]                                at /rustc/0e09125c6c3c2fd70d7de961bcf0e51575235fad/library/std/src/../../backtrace/src/backtrace/libunwind.rs:104:5
[INFO] [stdout]    1:     0x5623915aeed6 - std::backtrace_rs::backtrace::trace_unsynchronized::hd183f0625477fb28
[INFO] [stdout]                                at /rustc/0e09125c6c3c2fd70d7de961bcf0e51575235fad/library/std/src/../../backtrace/src/backtrace/mod.rs:66:5
[INFO] [stdout]    2:     0x5623915aeed6 - std::sys_common::backtrace::_print_fmt::hd7f8fef21b4eda67
[INFO] [stdout]                                at /rustc/0e09125c6c3c2fd70d7de961bcf0e51575235fad/library/std/src/sys_common/backtrace.rs:68:5
[INFO] [stdout]    3:     0x5623915aeed6 - <std::sys_common::backtrace::_print::DisplayBacktrace as core::fmt::Display>::fmt::h623d9b51f2f453f1
[INFO] [stdout]                                at /rustc/0e09125c6c3c2fd70d7de961bcf0e51575235fad/library/std/src/sys_common/backtrace.rs:44:22
[INFO] [stdout]    4:     0x5623915d8630 - core::fmt::rt::Argument::fmt::h9f417ac76a86f368
[INFO] [stdout]                                at /rustc/0e09125c6c3c2fd70d7de961bcf0e51575235fad/library/core/src/fmt/rt.rs:142:9
[INFO] [stdout]    5:     0x5623915d8630 - core::fmt::write::hc9b6faf4ac2aeff7
[INFO] [stdout]                                at /rustc/0e09125c6c3c2fd70d7de961bcf0e51575235fad/library/core/src/fmt/mod.rs:1120:17
[INFO] [stdout]    6:     0x5623915ac93f - std::io::Write::write_fmt::he04625a3a989fec3
[INFO] [stdout]                                at /rustc/0e09125c6c3c2fd70d7de961bcf0e51575235fad/library/std/src/io/mod.rs:1810:15
[INFO] [stdout]    7:     0x5623915aecb4 - std::sys_common::backtrace::_print::hd5d66399c7df88a2
[INFO] [stdout]                                at /rustc/0e09125c6c3c2fd70d7de961bcf0e51575235fad/library/std/src/sys_common/backtrace.rs:47:5
[INFO] [stdout]    8:     0x5623915aecb4 - std::sys_common::backtrace::print::he81ed2da642d37e5
[INFO] [stdout]                                at /rustc/0e09125c6c3c2fd70d7de961bcf0e51575235fad/library/std/src/sys_common/backtrace.rs:34:9
[INFO] [stdout]    9:     0x5623915b0a27 - std::panicking::default_hook::{{closure}}::h85773f4fa117163d
[INFO] [stdout]   10:     0x5623915b070d - std::panicking::default_hook::h6a1694a91d09b278
[INFO] [stdout]                                at /rustc/0e09125c6c3c2fd70d7de961bcf0e51575235fad/library/std/src/panicking.rs:289:9
[INFO] [stdout]   11:     0x562391530fb7 - <alloc::boxed::Box<F,A> as core::ops::function::Fn<Args>>::call::h616ac37fa3cd6c8f
[INFO] [stdout]                                at /rustc/0e09125c6c3c2fd70d7de961bcf0e51575235fad/library/alloc/src/boxed.rs:2029:9
[INFO] [stdout]   12:     0x562391530fb7 - test::test_main::{{closure}}::h00d84697cefdcbb6
[INFO] [stdout]                                at /rustc/0e09125c6c3c2fd70d7de961bcf0e51575235fad/library/test/src/lib.rs:138:21
[INFO] [stdout]   13:     0x5623915b1046 - <alloc::boxed::Box<F,A> as core::ops::function::Fn<Args>>::call::hcb3fe3b9bb537ba8
[INFO] [stdout]                                at /rustc/0e09125c6c3c2fd70d7de961bcf0e51575235fad/library/alloc/src/boxed.rs:2029:9
[INFO] [stdout]   14:     0x5623915b1046 - std::panicking::rust_panic_with_hook::h0a7ad96e90f7145b
[INFO] [stdout]                                at /rustc/0e09125c6c3c2fd70d7de961bcf0e51575235fad/library/std/src/panicking.rs:783:13
[INFO] [stdout]   15:     0x5623915b0d92 - std::panicking::begin_panic_handler::{{closure}}::h7919090525c6485e
[INFO] [stdout]                                at /rustc/0e09125c6c3c2fd70d7de961bcf0e51575235fad/library/std/src/panicking.rs:657:13
[INFO] [stdout]   16:     0x5623915af3d6 - std::sys_common::backtrace::__rust_end_short_backtrace::hf3289479464f7dfe
[INFO] [stdout]                                at /rustc/0e09125c6c3c2fd70d7de961bcf0e51575235fad/library/std/src/sys_common/backtrace.rs:171:18
[INFO] [stdout]   17:     0x5623915b0af0 - rust_begin_unwind
[INFO] [stdout]                                at /rustc/0e09125c6c3c2fd70d7de961bcf0e51575235fad/library/std/src/panicking.rs:645:5
[INFO] [stdout]   18:     0x5623910d3295 - core::panicking::panic_fmt::hcc9f77c5c132af55
[INFO] [stdout]                                at /rustc/0e09125c6c3c2fd70d7de961bcf0e51575235fad/library/core/src/panicking.rs:72:14
[INFO] [stdout]   19:     0x5623910d370b - core::panicking::assert_failed_inner::h9f13e27dd63c3a08
[INFO] [stdout]                                at /rustc/0e09125c6c3c2fd70d7de961bcf0e51575235fad/library/core/src/panicking.rs:342:17
[INFO] [stdout]   20:     0x56239156275e - core::panicking::assert_failed::h5feec42711e79d9d
[INFO] [stdout]                                at /rustc/0e09125c6c3c2fd70d7de961bcf0e51575235fad/library/core/src/panicking.rs:297:5
[INFO] [stdout]   21:     0x5623910f9799 - domino_program_dp::instruction::test_account_meta_layout::h95ea04e434db164b
[INFO] [stdout]                                at /opt/rustwide/workdir/src/instruction.rs:781:5
[INFO] [stdout]   22:     0x5623910f94d7 - domino_program_dp::instruction::test_account_meta_layout::{{closure}}::h8a37320bc4e862ca
[INFO] [stdout]                                at /opt/rustwide/workdir/src/instruction.rs:757:30
[INFO] [stdout]   23:     0x5623911c1166 - core::ops::function::FnOnce::call_once::h9e551c888ca86410
[INFO] [stdout]                                at /rustc/0e09125c6c3c2fd70d7de961bcf0e51575235fad/library/core/src/ops/function.rs:250:5
[INFO] [stdout]   24:     0x56239153688f - core::ops::function::FnOnce::call_once::hd64d26f405258157
[INFO] [stdout]                                at /rustc/0e09125c6c3c2fd70d7de961bcf0e51575235fad/library/core/src/ops/function.rs:250:5
[INFO] [stdout]   25:     0x56239153688f - test::__rust_begin_short_backtrace::he21b0b7a6d731bf9
[INFO] [stdout]                                at /rustc/0e09125c6c3c2fd70d7de961bcf0e51575235fad/library/test/src/lib.rs:627:18
[INFO] [stdout]   26:     0x562391535611 - test::run_test_in_process::{{closure}}::hf5c73986d7bdfde2
[INFO] [stdout]                                at /rustc/0e09125c6c3c2fd70d7de961bcf0e51575235fad/library/test/src/lib.rs:650:60
[INFO] [stdout]   27:     0x562391535611 - <core::panic::unwind_safe::AssertUnwindSafe<F> as core::ops::function::FnOnce<()>>::call_once::h330011ad032aadc0
[INFO] [stdout]                                at /rustc/0e09125c6c3c2fd70d7de961bcf0e51575235fad/library/core/src/panic/unwind_safe.rs:272:9
[INFO] [stdout]   28:     0x562391535611 - std::panicking::try::do_call::he61b0a958b795a41
[INFO] [stdout]                                at /rustc/0e09125c6c3c2fd70d7de961bcf0e51575235fad/library/std/src/panicking.rs:552:40
[INFO] [stdout]   29:     0x562391535611 - std::panicking::try::h7309da130f906eb7
[INFO] [stdout]                                at /rustc/0e09125c6c3c2fd70d7de961bcf0e51575235fad/library/std/src/panicking.rs:516:19
[INFO] [stdout]   30:     0x562391535611 - std::panic::catch_unwind::hc5c3a06fdaf0a92a
[INFO] [stdout]                                at /rustc/0e09125c6c3c2fd70d7de961bcf0e51575235fad/library/std/src/panic.rs:142:14
[INFO] [stdout]   31:     0x562391535611 - test::run_test_in_process::h7e7b7c71c3324e0f
[INFO] [stdout]                                at /rustc/0e09125c6c3c2fd70d7de961bcf0e51575235fad/library/test/src/lib.rs:650:27
[INFO] [stdout]   32:     0x562391535611 - test::run_test::{{closure}}::h1f509f28f5cf20b1
[INFO] [stdout]                                at /rustc/0e09125c6c3c2fd70d7de961bcf0e51575235fad/library/test/src/lib.rs:573:43
[INFO] [stdout]   33:     0x5623914fc946 - test::run_test::{{closure}}::h1754218abf443f6d
[INFO] [stdout]                                at /rustc/0e09125c6c3c2fd70d7de961bcf0e51575235fad/library/test/src/lib.rs:601:41
[INFO] [stdout]   34:     0x5623914fc946 - std::sys_common::backtrace::__rust_begin_short_backtrace::h2ee174b9d5954948
[INFO] [stdout]                                at /rustc/0e09125c6c3c2fd70d7de961bcf0e51575235fad/library/std/src/sys_common/backtrace.rs:155:18
[INFO] [stdout]   35:     0x5623915019a7 - std::thread::Builder::spawn_unchecked_::{{closure}}::{{closure}}::hf60bee9c1a17ef09
[INFO] [stdout]                                at /rustc/0e09125c6c3c2fd70d7de961bcf0e51575235fad/library/std/src/thread/mod.rs:529:17
[INFO] [stdout]   36:     0x5623915019a7 - <core::panic::unwind_safe::AssertUnwindSafe<F> as core::ops::function::FnOnce<()>>::call_once::h33d0dddec5216160
[INFO] [stdout]                                at /rustc/0e09125c6c3c2fd70d7de961bcf0e51575235fad/library/core/src/panic/unwind_safe.rs:272:9
[INFO] [stdout]   37:     0x5623915019a7 - std::panicking::try::do_call::h144b3048b546f835
[INFO] [stdout]                                at /rustc/0e09125c6c3c2fd70d7de961bcf0e51575235fad/library/std/src/panicking.rs:552:40
[INFO] [stdout]   38:     0x5623915019a7 - std::panicking::try::h978244d04646189f
[INFO] [stdout]                                at /rustc/0e09125c6c3c2fd70d7de961bcf0e51575235fad/library/std/src/panicking.rs:516:19
[INFO] [stdout]   39:     0x5623915019a7 - std::panic::catch_unwind::hdf436369d188fe86
[INFO] [stdout]                                at /rustc/0e09125c6c3c2fd70d7de961bcf0e51575235fad/library/std/src/panic.rs:142:14
[INFO] [stdout]   40:     0x5623915019a7 - std::thread::Builder::spawn_unchecked_::{{closure}}::h87329cbdd33c79ec
[INFO] [stdout]                                at /rustc/0e09125c6c3c2fd70d7de961bcf0e51575235fad/library/std/src/thread/mod.rs:528:30
[INFO] [stdout]   41:     0x5623915019a7 - core::ops::function::FnOnce::call_once{{vtable.shim}}::h401abbe67897d450
[INFO] [stdout]                                at /rustc/0e09125c6c3c2fd70d7de961bcf0e51575235fad/library/core/src/ops/function.rs:250:5
[INFO] [stdout]   42:     0x5623915b5af5 - <alloc::boxed::Box<F,A> as core::ops::function::FnOnce<Args>>::call_once::h5d7c8f150ab9c84c
[INFO] [stdout]                                at /rustc/0e09125c6c3c2fd70d7de961bcf0e51575235fad/library/alloc/src/boxed.rs:2015:9
[INFO] [stdout]   43:     0x5623915b5af5 - <alloc::boxed::Box<F,A> as core::ops::function::FnOnce<Args>>::call_once::h570d5b005c242c15
[INFO] [stdout]                                at /rustc/0e09125c6c3c2fd70d7de961bcf0e51575235fad/library/alloc/src/boxed.rs:2015:9
[INFO] [stdout]   44:     0x5623915b5af5 - std::sys::unix::thread::Thread::new::thread_start::h36b0a20c0b2361ad
[INFO] [stdout]                                at /rustc/0e09125c6c3c2fd70d7de961bcf0e51575235fad/library/std/src/sys/unix/thread.rs:108:17
[INFO] [stdout]   45:     0x7f2794808ac3 - <unknown>
[INFO] [stdout]   46:     0x7f2794899bf4 - __clone
[INFO] [stdout]   47:                0x0 - <unknown>
[INFO] [stdout] 
[INFO] [stdout] 
[INFO] [stdout] failures:
[INFO] [stdout]     instruction::test_account_meta_layout
[INFO] [stdout] 
[INFO] [stdout] test result: FAILED. 169 passed; 1 failed; 0 ignored; 0 measured; 0 filtered out; finished in 0.31s
[INFO] [stdout] 
[INFO] [stderr] error: test failed, to rerun pass `--lib`
[INFO] running `Command { std: "docker" "inspect" "db0dbeb3220dc294c77ee1fcbf157b539887cc49e1f21260d090acd27a7bf5cd", kill_on_drop: false }`
[INFO] running `Command { std: "docker" "rm" "-f" "db0dbeb3220dc294c77ee1fcbf157b539887cc49e1f21260d090acd27a7bf5cd", kill_on_drop: false }`
[INFO] [stdout] db0dbeb3220dc294c77ee1fcbf157b539887cc49e1f21260d090acd27a7bf5cd
