[INFO] fetching crate dominion-parser 0.5.0...
[INFO] testing dominion-parser-0.5.0 against 1.75.0 for beta-1.76-1
[INFO] extracting crate dominion-parser 0.5.0 into /workspace/builds/worker-4-tc1/source
[INFO] validating manifest of crates.io crate dominion-parser 0.5.0 on toolchain 1.75.0
[INFO] running `Command { std: CARGO_HOME="/workspace/cargo-home" RUSTUP_HOME="/workspace/rustup-home" "/workspace/cargo-home/bin/cargo" "+1.75.0" "metadata" "--manifest-path" "Cargo.toml" "--no-deps", kill_on_drop: false }`
[INFO] started tweaking crates.io crate dominion-parser 0.5.0
[INFO] finished tweaking crates.io crate dominion-parser 0.5.0
[INFO] tweaked toml for crates.io crate dominion-parser 0.5.0 written to /workspace/builds/worker-4-tc1/source/Cargo.toml
[INFO] crate crates.io crate dominion-parser 0.5.0 already has a lockfile, it will not be regenerated
[INFO] running `Command { std: CARGO_HOME="/workspace/cargo-home" RUSTUP_HOME="/workspace/rustup-home" "/workspace/cargo-home/bin/cargo" "+1.75.0" "fetch" "--manifest-path" "Cargo.toml", kill_on_drop: false }`
[INFO] [stderr]  Downloading crates ...
[INFO] [stderr]   Downloaded symbolic-common v8.8.0
[INFO] [stderr]   Downloaded crossbeam-epoch v0.9.13
[INFO] [stderr]   Downloaded debugid v0.7.3
[INFO] [stderr]   Downloaded pretty-hex v0.3.0
[INFO] [stderr]   Downloaded memmap2 v0.5.8
[INFO] [stderr]   Downloaded rgb v0.8.34
[INFO] [stderr]   Downloaded bytemuck v1.13.0
[INFO] [stderr]   Downloaded symbolic-demangle v8.8.0
[INFO] [stderr]   Downloaded gimli v0.27.1
[INFO] [stderr]   Downloaded inferno v0.11.14
[INFO] [stderr]   Downloaded pprof v0.9.1
[INFO] running `Command { std: "docker" "create" "-v" "/var/lib/crater-agent-workspace/builds/worker-4-tc1/target:/opt/rustwide/target:rw,Z" "-v" "/var/lib/crater-agent-workspace/builds/worker-4-tc1/source:/opt/rustwide/workdir:ro,Z" "-v" "/var/lib/crater-agent-workspace/cargo-home:/opt/rustwide/cargo-home:ro,Z" "-v" "/var/lib/crater-agent-workspace/rustup-home:/opt/rustwide/rustup-home:ro,Z" "-e" "SOURCE_DIR=/opt/rustwide/workdir" "-e" "CARGO_TARGET_DIR=/opt/rustwide/target" "-e" "CARGO_HOME=/opt/rustwide/cargo-home" "-e" "RUSTUP_HOME=/opt/rustwide/rustup-home" "-w" "/opt/rustwide/workdir" "-m" "1610612736" "--user" "0:0" "--network" "none" "ghcr.io/rust-lang/crates-build-env/linux@sha256:2788e3201cd34a07e3172128adcd8b3090168a8e3bcc40d7c032b9dda1df7d1c" "/opt/rustwide/cargo-home/bin/cargo" "+1.75.0" "metadata" "--no-deps" "--format-version=1", kill_on_drop: false }`
[INFO] [stdout] 7406eeddd82c9363f11b739fa6325d0d843ffd37e3c4dc2efcf959ddf69191fa
[INFO] running `Command { std: "docker" "start" "-a" "7406eeddd82c9363f11b739fa6325d0d843ffd37e3c4dc2efcf959ddf69191fa", kill_on_drop: false }`
[INFO] running `Command { std: "docker" "inspect" "7406eeddd82c9363f11b739fa6325d0d843ffd37e3c4dc2efcf959ddf69191fa", kill_on_drop: false }`
[INFO] running `Command { std: "docker" "rm" "-f" "7406eeddd82c9363f11b739fa6325d0d843ffd37e3c4dc2efcf959ddf69191fa", kill_on_drop: false }`
[INFO] [stdout] 7406eeddd82c9363f11b739fa6325d0d843ffd37e3c4dc2efcf959ddf69191fa
[INFO] running `Command { std: "docker" "create" "-v" "/var/lib/crater-agent-workspace/builds/worker-4-tc1/target:/opt/rustwide/target:rw,Z" "-v" "/var/lib/crater-agent-workspace/builds/worker-4-tc1/source:/opt/rustwide/workdir:ro,Z" "-v" "/var/lib/crater-agent-workspace/cargo-home:/opt/rustwide/cargo-home:ro,Z" "-v" "/var/lib/crater-agent-workspace/rustup-home:/opt/rustwide/rustup-home:ro,Z" "-e" "SOURCE_DIR=/opt/rustwide/workdir" "-e" "CARGO_TARGET_DIR=/opt/rustwide/target" "-e" "CARGO_INCREMENTAL=0" "-e" "RUST_BACKTRACE=full" "-e" "RUSTFLAGS=--cap-lints=warn" "-e" "RUSTDOCFLAGS=--cap-lints=warn" "-e" "CARGO_HOME=/opt/rustwide/cargo-home" "-e" "RUSTUP_HOME=/opt/rustwide/rustup-home" "-w" "/opt/rustwide/workdir" "-m" "1610612736" "--user" "0:0" "--network" "none" "ghcr.io/rust-lang/crates-build-env/linux@sha256:2788e3201cd34a07e3172128adcd8b3090168a8e3bcc40d7c032b9dda1df7d1c" "/opt/rustwide/cargo-home/bin/cargo" "+1.75.0" "build" "--frozen" "--message-format=json", kill_on_drop: false }`
[INFO] [stdout] 6e586b1138cd2e5a0d93a82ac18c8edd591dbe7d8f7242a2263b025d25ae5f75
[INFO] running `Command { std: "docker" "start" "-a" "6e586b1138cd2e5a0d93a82ac18c8edd591dbe7d8f7242a2263b025d25ae5f75", kill_on_drop: false }`
[INFO] [stderr]    Compiling proc-macro2 v1.0.50
[INFO] [stderr]    Compiling quote v1.0.23
[INFO] [stderr]    Compiling unicode-ident v1.0.6
[INFO] [stderr]    Compiling syn v1.0.107
[INFO] [stderr]    Compiling thiserror v1.0.38
[INFO] [stderr]    Compiling thiserror-impl v1.0.38
[INFO] [stderr]    Compiling dominion-parser v0.5.0 (/opt/rustwide/workdir)
[INFO] [stderr]     Finished dev [unoptimized + debuginfo] target(s) in 7.43s
[INFO] running `Command { std: "docker" "inspect" "6e586b1138cd2e5a0d93a82ac18c8edd591dbe7d8f7242a2263b025d25ae5f75", kill_on_drop: false }`
[INFO] running `Command { std: "docker" "rm" "-f" "6e586b1138cd2e5a0d93a82ac18c8edd591dbe7d8f7242a2263b025d25ae5f75", kill_on_drop: false }`
[INFO] [stdout] 6e586b1138cd2e5a0d93a82ac18c8edd591dbe7d8f7242a2263b025d25ae5f75
[INFO] running `Command { std: "docker" "create" "-v" "/var/lib/crater-agent-workspace/builds/worker-4-tc1/target:/opt/rustwide/target:rw,Z" "-v" "/var/lib/crater-agent-workspace/builds/worker-4-tc1/source:/opt/rustwide/workdir:ro,Z" "-v" "/var/lib/crater-agent-workspace/cargo-home:/opt/rustwide/cargo-home:ro,Z" "-v" "/var/lib/crater-agent-workspace/rustup-home:/opt/rustwide/rustup-home:ro,Z" "-e" "SOURCE_DIR=/opt/rustwide/workdir" "-e" "CARGO_TARGET_DIR=/opt/rustwide/target" "-e" "CARGO_INCREMENTAL=0" "-e" "RUST_BACKTRACE=full" "-e" "RUSTFLAGS=--cap-lints=warn" "-e" "RUSTDOCFLAGS=--cap-lints=warn" "-e" "CARGO_HOME=/opt/rustwide/cargo-home" "-e" "RUSTUP_HOME=/opt/rustwide/rustup-home" "-w" "/opt/rustwide/workdir" "-m" "1610612736" "--user" "0:0" "--network" "none" "ghcr.io/rust-lang/crates-build-env/linux@sha256:2788e3201cd34a07e3172128adcd8b3090168a8e3bcc40d7c032b9dda1df7d1c" "/opt/rustwide/cargo-home/bin/cargo" "+1.75.0" "test" "--frozen" "--no-run" "--message-format=json", kill_on_drop: false }`
[INFO] [stdout] 249b95a0b3f68e2a9a7e61ce223c70a5da108a3929c9d80029c27d37ce76c7b0
[INFO] running `Command { std: "docker" "start" "-a" "249b95a0b3f68e2a9a7e61ce223c70a5da108a3929c9d80029c27d37ce76c7b0", kill_on_drop: false }`
[INFO] [stderr]    Compiling libc v0.2.139
[INFO] [stderr]    Compiling memchr v2.5.0
[INFO] [stderr]    Compiling crossbeam-utils v0.8.14
[INFO] [stderr]    Compiling serde v1.0.152
[INFO] [stderr]    Compiling memoffset v0.7.1
[INFO] [stderr]    Compiling scopeguard v1.1.0
[INFO] [stderr]    Compiling crossbeam-epoch v0.9.13
[INFO] [stderr]    Compiling cc v1.0.79
[INFO] [stderr]    Compiling itoa v1.0.5
[INFO] [stderr]    Compiling num-traits v0.2.15
[INFO] [stderr]    Compiling serde_json v1.0.91
[INFO] [stderr]    Compiling either v1.8.1
[INFO] [stderr]    Compiling ryu v1.0.12
[INFO] [stderr]    Compiling rayon-core v1.10.2
[INFO] [stderr]    Compiling ahash v0.8.3
[INFO] [stderr]    Compiling crossbeam-channel v0.5.6
[INFO] [stderr]    Compiling crossbeam-deque v0.8.2
[INFO] [stderr]    Compiling lock_api v0.4.9
[INFO] [stderr]    Compiling indexmap v1.9.2
[INFO] [stderr]    Compiling regex-automata v0.1.10
[INFO] [stderr]    Compiling serde_derive v1.0.152
[INFO] [stderr]    Compiling plotters-backend v0.3.4
[INFO] [stderr]    Compiling cpp_demangle v0.3.5
[INFO] [stderr]    Compiling unicode-width v0.1.10
[INFO] [stderr]    Compiling parking_lot_core v0.9.7
[INFO] [stderr]    Compiling uuid v0.8.2
[INFO] [stderr]    Compiling log v0.4.17
[INFO] [stderr]    Compiling textwrap v0.11.0
[INFO] [stderr]    Compiling findshlibs v0.10.2
[INFO] [stderr]    Compiling backtrace v0.3.67
[INFO] [stderr]    Compiling plotters-svg v0.3.3
[INFO] [stderr]    Compiling num_cpus v1.15.0
[INFO] [stderr]    Compiling debugid v0.7.3
[INFO] [stderr]    Compiling getrandom v0.2.8
[INFO] [stderr]    Compiling memmap2 v0.5.8
[INFO] [stderr]    Compiling atty v0.2.14
[INFO] [stderr]    Compiling csv-core v0.1.10
[INFO] [stderr]    Compiling itertools v0.10.5
[INFO] [stderr]    Compiling itoa v0.4.8
[INFO] [stderr]    Compiling once_cell v1.17.0
[INFO] [stderr]    Compiling regex-syntax v0.6.28
[INFO] [stderr]    Compiling arrayvec v0.7.2
[INFO] [stderr]    Compiling rustc-demangle v0.1.21
[INFO] [stderr]    Compiling symbolic-demangle v8.8.0
[INFO] [stderr]    Compiling hashbrown v0.12.3
[INFO] [stderr]    Compiling gimli v0.27.1
[INFO] [stderr]    Compiling bytemuck v1.13.0
[INFO] [stderr]    Compiling bstr v0.2.17
[INFO] [stderr]    Compiling smallvec v1.10.0
[INFO] [stderr]    Compiling regex v1.7.1
[INFO] [stderr]    Compiling csv v1.1.6
[INFO] [stderr]    Compiling criterion-plot v0.4.5
[INFO] [stderr]    Compiling tinytemplate v1.2.1
[INFO] [stderr]    Compiling rgb v0.8.34
[INFO] [stderr]    Compiling serde_cbor v0.11.2
[INFO] [stderr]    Compiling miniz_oxide v0.6.2
[INFO] [stderr]    Compiling symbolic-common v8.8.0
[INFO] [stderr]    Compiling plotters v0.3.4
[INFO] [stderr]    Compiling rayon v1.6.1
[INFO] [stderr]    Compiling addr2line v0.19.0
[INFO] [stderr]    Compiling walkdir v2.3.2
[INFO] [stderr]    Compiling num-format v0.4.4
[INFO] [stderr]    Compiling clap v2.34.0
[INFO] [stderr]    Compiling quick-xml v0.26.0
[INFO] [stderr]    Compiling object v0.30.3
[INFO] [stderr]    Compiling str_stack v0.1.0
[INFO] [stderr]    Compiling fastrand v1.8.0
[INFO] [stderr]    Compiling pprof v0.9.1
[INFO] [stderr]    Compiling tempfile v3.3.0
[INFO] [stderr]    Compiling inferno v0.11.14
[INFO] [stderr]    Compiling parking_lot v0.12.1
[INFO] [stderr]    Compiling nix v0.24.3
[INFO] [stderr]    Compiling pretty-hex v0.3.0
[INFO] [stderr]    Compiling criterion v0.3.6
[INFO] [stderr]    Compiling dominion-parser v0.5.0 (/opt/rustwide/workdir)
[INFO] [stderr]     Finished test [unoptimized + debuginfo] target(s) in 25.40s
[INFO] running `Command { std: "docker" "inspect" "249b95a0b3f68e2a9a7e61ce223c70a5da108a3929c9d80029c27d37ce76c7b0", kill_on_drop: false }`
[INFO] running `Command { std: "docker" "rm" "-f" "249b95a0b3f68e2a9a7e61ce223c70a5da108a3929c9d80029c27d37ce76c7b0", kill_on_drop: false }`
[INFO] [stdout] 249b95a0b3f68e2a9a7e61ce223c70a5da108a3929c9d80029c27d37ce76c7b0
[INFO] running `Command { std: "docker" "create" "-v" "/var/lib/crater-agent-workspace/builds/worker-4-tc1/target:/opt/rustwide/target:rw,Z" "-v" "/var/lib/crater-agent-workspace/builds/worker-4-tc1/source:/opt/rustwide/workdir:ro,Z" "-v" "/var/lib/crater-agent-workspace/cargo-home:/opt/rustwide/cargo-home:ro,Z" "-v" "/var/lib/crater-agent-workspace/rustup-home:/opt/rustwide/rustup-home:ro,Z" "-e" "SOURCE_DIR=/opt/rustwide/workdir" "-e" "CARGO_TARGET_DIR=/opt/rustwide/target" "-e" "CARGO_INCREMENTAL=0" "-e" "RUST_BACKTRACE=full" "-e" "RUSTFLAGS=--cap-lints=warn" "-e" "RUSTDOCFLAGS=--cap-lints=warn" "-e" "CARGO_HOME=/opt/rustwide/cargo-home" "-e" "RUSTUP_HOME=/opt/rustwide/rustup-home" "-w" "/opt/rustwide/workdir" "-m" "1610612736" "--user" "0:0" "--network" "none" "ghcr.io/rust-lang/crates-build-env/linux@sha256:2788e3201cd34a07e3172128adcd8b3090168a8e3bcc40d7c032b9dda1df7d1c" "/opt/rustwide/cargo-home/bin/cargo" "+1.75.0" "test" "--frozen", kill_on_drop: false }`
[INFO] [stdout] f6136e50def76b1bea93e1e2d5b63325a83c77c70c36432a8a6d1d6e0a6f5534
[INFO] running `Command { std: "docker" "start" "-a" "f6136e50def76b1bea93e1e2d5b63325a83c77c70c36432a8a6d1d6e0a6f5534", kill_on_drop: false }`
[INFO] [stderr]     Finished test [unoptimized + debuginfo] target(s) in 0.12s
[INFO] [stderr]      Running unittests src/lib.rs (/opt/rustwide/target/debug/deps/dominion_parser-d49654507b372704)
[INFO] [stdout] 
[INFO] [stdout] running 24 tests
[INFO] [stdout] test body::name::tests::name_parse_with_jumps ... ok
[INFO] [stdout] test body::name::tests::iterate_hierarchy ... ok
[INFO] [stdout] test body::name::tests::check_subdomain ... ok
[INFO] [stdout] test body::name::tests::add_string_subdomain ... ok
[INFO] [stdout] test body::name::tests::add_str_subdomain ... ok
[INFO] [stdout] test body::name::tests::get_tld ... ok
[INFO] [stdout] test body::name::tests::no_jumps ... ok
[INFO] [stdout] test body::name::tests::with_jumps ... ok
[INFO] [stdout] test body::name::tests::serialize ... ok
[INFO] [stdout] test body::name::tests::valid_labels ... ok
[INFO] [stdout] test body::name::tests::root_subdomain ... ok
[INFO] [stdout] test body::name::tests::iterate_human ... ok
[INFO] [stdout] test header::tests::flags_response_nxdomain ... ok
[INFO] [stdout] test header::tests::flags_response_refused ... ok
[INFO] [stdout] test header::tests::flags_response_servfail ... ok
[INFO] [stdout] test body::tests::class_transformations ... ok
[INFO] [stdout] test header::tests::header_err ... ok
[INFO] [stdout] test header::tests::flags_response_noerror ... ok
[INFO] [stdout] test header::tests::flags_inverse_query ... ok
[INFO] [stdout] test header::tests::flags_standard_query ... ok
[INFO] [stdout] test body::tests::qtype_transformations ... ok
[INFO] [stdout] test header::tests::serialize_from_header ... ok
[INFO] [stdout] test header::tests::parse_header ... ok
[INFO] [stdout] test header::tests::serialize_header ... ok
[INFO] [stdout] 
[INFO] [stdout] test result: ok. 24 passed; 0 failed; 0 ignored; 0 measured; 0 filtered out; finished in 0.05s
[INFO] [stdout] 
[INFO] [stderr]    Doc-tests dominion-parser
[INFO] [stdout] 
[INFO] [stdout] running 9 tests
[INFO] [stdout] test src/lib.rs - (line 15) ... FAILED
[INFO] [stdout] test src/lib.rs - (line 32) ... FAILED
[INFO] [stdout] test src/body/name.rs - body::name::Name<'a>::iter_human (line 263) ... ok
[INFO] [stdout] test src/body/name.rs - body::name::Name<'a>::iter_hierarchy (line 279) ... ok
[INFO] [stdout] test src/body/name.rs - body::name::Name<'a>::tld (line 191) ... ok
[INFO] [stdout] test src/body/name.rs - body::name::Name<'a>::label_count (line 233) ... ok
[INFO] [stdout] test src/body/name.rs - body::name::Name<'a>::push_label (line 207) ... ok
[INFO] [stdout] test src/body/name.rs - body::name::Name<'a>::new (line 176) ... ok
[INFO] [stdout] test src/body/name.rs - body::name::Name<'a>::is_subdomain (line 245) ... ok
[INFO] [stdout] 
[INFO] [stdout] failures:
[INFO] [stdout] 
[INFO] [stdout] ---- src/lib.rs - (line 15) stdout ----
[INFO] [stdout] error: couldn't read src/../assets/dns_request.bin: No such file or directory (os error 2)
[INFO] [stdout]  --> src/lib.rs:20:32
[INFO] [stdout]   |
[INFO] [stdout] 7 | const REQ: &'static [u8; 33] = include_bytes!("../assets/dns_request.bin");
[INFO] [stdout]   |                                ^^^^^^^^^^^^^^^^^^^^^^^^^^^^^^^^^^^^^^^^^^^
[INFO] [stdout]   |
[INFO] [stdout]   = note: this error originates in the macro `include_bytes` (in Nightly builds, run with -Z macro-backtrace for more info)
[INFO] [stdout] 
[INFO] [stdout] error: aborting due to previous error
[INFO] [stdout] 
[INFO] [stdout] Couldn't compile the test.
[INFO] [stdout] ---- src/lib.rs - (line 32) stdout ----
[INFO] [stdout] error: couldn't read src/../assets/dns_request.bin: No such file or directory (os error 2)
[INFO] [stdout]  --> src/lib.rs:38:32
[INFO] [stdout]   |
[INFO] [stdout] 8 | const REQ: &'static [u8; 33] = include_bytes!("../assets/dns_request.bin");
[INFO] [stdout]   |                                ^^^^^^^^^^^^^^^^^^^^^^^^^^^^^^^^^^^^^^^^^^^
[INFO] [stdout]   |
[INFO] [stdout]   = note: this error originates in the macro `include_bytes` (in Nightly builds, run with -Z macro-backtrace for more info)
[INFO] [stdout] 
[INFO] [stdout] error: aborting due to previous error
[INFO] [stdout] 
[INFO] [stdout] Couldn't compile the test.
[INFO] [stdout] 
[INFO] [stdout] failures:
[INFO] [stdout]     src/lib.rs - (line 15)
[INFO] [stdout]     src/lib.rs - (line 32)
[INFO] [stdout] 
[INFO] [stdout] test result: FAILED. 7 passed; 2 failed; 0 ignored; 0 measured; 0 filtered out; finished in 0.57s
[INFO] [stdout] 
[INFO] [stderr] error: doctest failed, to rerun pass `--doc`
[INFO] running `Command { std: "docker" "inspect" "f6136e50def76b1bea93e1e2d5b63325a83c77c70c36432a8a6d1d6e0a6f5534", kill_on_drop: false }`
[INFO] running `Command { std: "docker" "rm" "-f" "f6136e50def76b1bea93e1e2d5b63325a83c77c70c36432a8a6d1d6e0a6f5534", kill_on_drop: false }`
[INFO] [stdout] f6136e50def76b1bea93e1e2d5b63325a83c77c70c36432a8a6d1d6e0a6f5534
[INFO] testing dominion-parser-0.5.0 against beta-2023-12-22 for beta-1.76-1
[INFO] extracting crate dominion-parser 0.5.0 into /workspace/builds/worker-4-tc2/source
[INFO] validating manifest of crates.io crate dominion-parser 0.5.0 on toolchain beta-2023-12-22
[INFO] running `Command { std: CARGO_HOME="/workspace/cargo-home" RUSTUP_HOME="/workspace/rustup-home" "/workspace/cargo-home/bin/cargo" "+beta-2023-12-22" "metadata" "--manifest-path" "Cargo.toml" "--no-deps", kill_on_drop: false }`
[INFO] started tweaking crates.io crate dominion-parser 0.5.0
[INFO] finished tweaking crates.io crate dominion-parser 0.5.0
[INFO] tweaked toml for crates.io crate dominion-parser 0.5.0 written to /workspace/builds/worker-4-tc2/source/Cargo.toml
[INFO] crate crates.io crate dominion-parser 0.5.0 already has a lockfile, it will not be regenerated
[INFO] running `Command { std: CARGO_HOME="/workspace/cargo-home" RUSTUP_HOME="/workspace/rustup-home" "/workspace/cargo-home/bin/cargo" "+beta-2023-12-22" "fetch" "--manifest-path" "Cargo.toml", kill_on_drop: false }`
[INFO] running `Command { std: "docker" "create" "-v" "/var/lib/crater-agent-workspace/builds/worker-4-tc2/target:/opt/rustwide/target:rw,Z" "-v" "/var/lib/crater-agent-workspace/builds/worker-4-tc2/source:/opt/rustwide/workdir:ro,Z" "-v" "/var/lib/crater-agent-workspace/cargo-home:/opt/rustwide/cargo-home:ro,Z" "-v" "/var/lib/crater-agent-workspace/rustup-home:/opt/rustwide/rustup-home:ro,Z" "-e" "SOURCE_DIR=/opt/rustwide/workdir" "-e" "CARGO_TARGET_DIR=/opt/rustwide/target" "-e" "CARGO_HOME=/opt/rustwide/cargo-home" "-e" "RUSTUP_HOME=/opt/rustwide/rustup-home" "-w" "/opt/rustwide/workdir" "-m" "1610612736" "--user" "0:0" "--network" "none" "ghcr.io/rust-lang/crates-build-env/linux@sha256:2788e3201cd34a07e3172128adcd8b3090168a8e3bcc40d7c032b9dda1df7d1c" "/opt/rustwide/cargo-home/bin/cargo" "+beta-2023-12-22" "metadata" "--no-deps" "--format-version=1", kill_on_drop: false }`
[INFO] [stdout] 3e203aa61edde1cdc6b9beb128f5c6d0361b286d52271af088deceec988bfeb6
[INFO] running `Command { std: "docker" "start" "-a" "3e203aa61edde1cdc6b9beb128f5c6d0361b286d52271af088deceec988bfeb6", kill_on_drop: false }`
[INFO] running `Command { std: "docker" "inspect" "3e203aa61edde1cdc6b9beb128f5c6d0361b286d52271af088deceec988bfeb6", kill_on_drop: false }`
[INFO] running `Command { std: "docker" "rm" "-f" "3e203aa61edde1cdc6b9beb128f5c6d0361b286d52271af088deceec988bfeb6", kill_on_drop: false }`
[INFO] [stdout] 3e203aa61edde1cdc6b9beb128f5c6d0361b286d52271af088deceec988bfeb6
[INFO] running `Command { std: "docker" "create" "-v" "/var/lib/crater-agent-workspace/builds/worker-4-tc2/target:/opt/rustwide/target:rw,Z" "-v" "/var/lib/crater-agent-workspace/builds/worker-4-tc2/source:/opt/rustwide/workdir:ro,Z" "-v" "/var/lib/crater-agent-workspace/cargo-home:/opt/rustwide/cargo-home:ro,Z" "-v" "/var/lib/crater-agent-workspace/rustup-home:/opt/rustwide/rustup-home:ro,Z" "-e" "SOURCE_DIR=/opt/rustwide/workdir" "-e" "CARGO_TARGET_DIR=/opt/rustwide/target" "-e" "CARGO_INCREMENTAL=0" "-e" "RUST_BACKTRACE=full" "-e" "RUSTFLAGS=--cap-lints=warn" "-e" "RUSTDOCFLAGS=--cap-lints=warn" "-e" "CARGO_HOME=/opt/rustwide/cargo-home" "-e" "RUSTUP_HOME=/opt/rustwide/rustup-home" "-w" "/opt/rustwide/workdir" "-m" "1610612736" "--user" "0:0" "--network" "none" "ghcr.io/rust-lang/crates-build-env/linux@sha256:2788e3201cd34a07e3172128adcd8b3090168a8e3bcc40d7c032b9dda1df7d1c" "/opt/rustwide/cargo-home/bin/cargo" "+beta-2023-12-22" "build" "--frozen" "--message-format=json", kill_on_drop: false }`
[INFO] [stdout] 94bc1ed03020f5752f6be91b4e2d2f3c77a3976d91765f18b42ef216b4a28f83
[INFO] running `Command { std: "docker" "start" "-a" "94bc1ed03020f5752f6be91b4e2d2f3c77a3976d91765f18b42ef216b4a28f83", kill_on_drop: false }`
[INFO] [stderr]    Compiling proc-macro2 v1.0.50
[INFO] [stderr]    Compiling unicode-ident v1.0.6
[INFO] [stderr]    Compiling quote v1.0.23
[INFO] [stderr]    Compiling syn v1.0.107
[INFO] [stderr]    Compiling thiserror v1.0.38
[INFO] [stderr]    Compiling thiserror-impl v1.0.38
[INFO] [stderr]    Compiling dominion-parser v0.5.0 (/opt/rustwide/workdir)
[INFO] [stderr]     Finished dev [unoptimized + debuginfo] target(s) in 4.02s
[INFO] running `Command { std: "docker" "inspect" "94bc1ed03020f5752f6be91b4e2d2f3c77a3976d91765f18b42ef216b4a28f83", kill_on_drop: false }`
[INFO] running `Command { std: "docker" "rm" "-f" "94bc1ed03020f5752f6be91b4e2d2f3c77a3976d91765f18b42ef216b4a28f83", kill_on_drop: false }`
[INFO] [stdout] 94bc1ed03020f5752f6be91b4e2d2f3c77a3976d91765f18b42ef216b4a28f83
[INFO] running `Command { std: "docker" "create" "-v" "/var/lib/crater-agent-workspace/builds/worker-4-tc2/target:/opt/rustwide/target:rw,Z" "-v" "/var/lib/crater-agent-workspace/builds/worker-4-tc2/source:/opt/rustwide/workdir:ro,Z" "-v" "/var/lib/crater-agent-workspace/cargo-home:/opt/rustwide/cargo-home:ro,Z" "-v" "/var/lib/crater-agent-workspace/rustup-home:/opt/rustwide/rustup-home:ro,Z" "-e" "SOURCE_DIR=/opt/rustwide/workdir" "-e" "CARGO_TARGET_DIR=/opt/rustwide/target" "-e" "CARGO_INCREMENTAL=0" "-e" "RUST_BACKTRACE=full" "-e" "RUSTFLAGS=--cap-lints=warn" "-e" "RUSTDOCFLAGS=--cap-lints=warn" "-e" "CARGO_HOME=/opt/rustwide/cargo-home" "-e" "RUSTUP_HOME=/opt/rustwide/rustup-home" "-w" "/opt/rustwide/workdir" "-m" "1610612736" "--user" "0:0" "--network" "none" "ghcr.io/rust-lang/crates-build-env/linux@sha256:2788e3201cd34a07e3172128adcd8b3090168a8e3bcc40d7c032b9dda1df7d1c" "/opt/rustwide/cargo-home/bin/cargo" "+beta-2023-12-22" "test" "--frozen" "--no-run" "--message-format=json", kill_on_drop: false }`
[INFO] [stdout] 792795c7055716c628c14f33d1aadae60fda23f67bd3db61bce67d3221d84dce
[INFO] running `Command { std: "docker" "start" "-a" "792795c7055716c628c14f33d1aadae60fda23f67bd3db61bce67d3221d84dce", kill_on_drop: false }`
[INFO] [stderr]    Compiling libc v0.2.139
[INFO] [stderr]    Compiling memchr v2.5.0
[INFO] [stderr]    Compiling crossbeam-utils v0.8.14
[INFO] [stderr]    Compiling serde v1.0.152
[INFO] [stderr]    Compiling memoffset v0.7.1
[INFO] [stderr]    Compiling scopeguard v1.1.0
[INFO] [stderr]    Compiling crossbeam-epoch v0.9.13
[INFO] [stderr]    Compiling cc v1.0.79
[INFO] [stderr]    Compiling itoa v1.0.5
[INFO] [stderr]    Compiling num-traits v0.2.15
[INFO] [stderr]    Compiling serde_json v1.0.91
[INFO] [stderr]    Compiling either v1.8.1
[INFO] [stderr]    Compiling ryu v1.0.12
[INFO] [stderr]    Compiling rayon-core v1.10.2
[INFO] [stderr]    Compiling crossbeam-channel v0.5.6
[INFO] [stderr]    Compiling ahash v0.8.3
[INFO] [stderr]    Compiling crossbeam-deque v0.8.2
[INFO] [stderr]    Compiling indexmap v1.9.2
[INFO] [stderr]    Compiling lock_api v0.4.9
[INFO] [stderr]    Compiling unicode-width v0.1.10
[INFO] [stderr]    Compiling regex-automata v0.1.10
[INFO] [stderr]    Compiling plotters-backend v0.3.4
[INFO] [stderr]    Compiling log v0.4.17
[INFO] [stderr]    Compiling uuid v0.8.2
[INFO] [stderr]    Compiling serde_derive v1.0.152
[INFO] [stderr]    Compiling parking_lot_core v0.9.7
[INFO] [stderr]    Compiling cpp_demangle v0.3.5
[INFO] [stderr]    Compiling num_cpus v1.15.0
[INFO] [stderr]    Compiling debugid v0.7.3
[INFO] [stderr]    Compiling getrandom v0.2.8
[INFO] [stderr]    Compiling atty v0.2.14
[INFO] [stderr]    Compiling memmap2 v0.5.8
[INFO] [stderr]    Compiling plotters-svg v0.3.3
[INFO] [stderr]    Compiling textwrap v0.11.0
[INFO] [stderr]    Compiling findshlibs v0.10.2
[INFO] [stderr]    Compiling backtrace v0.3.67
[INFO] [stderr]    Compiling csv-core v0.1.10
[INFO] [stderr]    Compiling itertools v0.10.5
[INFO] [stderr]    Compiling arrayvec v0.7.2
[INFO] [stderr]    Compiling gimli v0.27.1
[INFO] [stderr]    Compiling rustc-demangle v0.1.21
[INFO] [stderr]    Compiling symbolic-demangle v8.8.0
[INFO] [stderr]    Compiling regex-syntax v0.6.28
[INFO] [stderr]    Compiling once_cell v1.17.0
[INFO] [stderr]    Compiling hashbrown v0.12.3
[INFO] [stderr]    Compiling bytemuck v1.13.0
[INFO] [stderr]    Compiling smallvec v1.10.0
[INFO] [stderr]    Compiling itoa v0.4.8
[INFO] [stderr]    Compiling rgb v0.8.34
[INFO] [stderr]    Compiling criterion-plot v0.4.5
[INFO] [stderr]    Compiling bstr v0.2.17
[INFO] [stderr]    Compiling serde_cbor v0.11.2
[INFO] [stderr]    Compiling regex v1.7.1
[INFO] [stderr]    Compiling csv v1.1.6
[INFO] [stderr]    Compiling miniz_oxide v0.6.2
[INFO] [stderr]    Compiling plotters v0.3.4
[INFO] [stderr]    Compiling num-format v0.4.4
[INFO] [stderr]    Compiling tinytemplate v1.2.1
[INFO] [stderr]    Compiling addr2line v0.19.0
[INFO] [stderr]    Compiling walkdir v2.3.2
[INFO] [stderr]    Compiling symbolic-common v8.8.0
[INFO] [stderr]    Compiling rayon v1.6.1
[INFO] [stderr]    Compiling clap v2.34.0
[INFO] [stderr]    Compiling quick-xml v0.26.0
[INFO] [stderr]    Compiling object v0.30.3
[INFO] [stderr]    Compiling fastrand v1.8.0
[INFO] [stderr]    Compiling str_stack v0.1.0
[INFO] [stderr]    Compiling pprof v0.9.1
[INFO] [stderr]    Compiling tempfile v3.3.0
[INFO] [stderr]    Compiling inferno v0.11.14
[INFO] [stderr]    Compiling parking_lot v0.12.1
[INFO] [stderr]    Compiling nix v0.24.3
[INFO] [stderr]    Compiling pretty-hex v0.3.0
[INFO] [stderr]    Compiling criterion v0.3.6
[INFO] [stderr]    Compiling dominion-parser v0.5.0 (/opt/rustwide/workdir)
[INFO] [stderr]     Finished test [unoptimized + debuginfo] target(s) in 32.56s
[INFO] running `Command { std: "docker" "inspect" "792795c7055716c628c14f33d1aadae60fda23f67bd3db61bce67d3221d84dce", kill_on_drop: false }`
[INFO] running `Command { std: "docker" "rm" "-f" "792795c7055716c628c14f33d1aadae60fda23f67bd3db61bce67d3221d84dce", kill_on_drop: false }`
[INFO] [stdout] 792795c7055716c628c14f33d1aadae60fda23f67bd3db61bce67d3221d84dce
[INFO] running `Command { std: "docker" "create" "-v" "/var/lib/crater-agent-workspace/builds/worker-4-tc2/target:/opt/rustwide/target:rw,Z" "-v" "/var/lib/crater-agent-workspace/builds/worker-4-tc2/source:/opt/rustwide/workdir:ro,Z" "-v" "/var/lib/crater-agent-workspace/cargo-home:/opt/rustwide/cargo-home:ro,Z" "-v" "/var/lib/crater-agent-workspace/rustup-home:/opt/rustwide/rustup-home:ro,Z" "-e" "SOURCE_DIR=/opt/rustwide/workdir" "-e" "CARGO_TARGET_DIR=/opt/rustwide/target" "-e" "CARGO_INCREMENTAL=0" "-e" "RUST_BACKTRACE=full" "-e" "RUSTFLAGS=--cap-lints=warn" "-e" "RUSTDOCFLAGS=--cap-lints=warn" "-e" "CARGO_HOME=/opt/rustwide/cargo-home" "-e" "RUSTUP_HOME=/opt/rustwide/rustup-home" "-w" "/opt/rustwide/workdir" "-m" "1610612736" "--user" "0:0" "--network" "none" "ghcr.io/rust-lang/crates-build-env/linux@sha256:2788e3201cd34a07e3172128adcd8b3090168a8e3bcc40d7c032b9dda1df7d1c" "/opt/rustwide/cargo-home/bin/cargo" "+beta-2023-12-22" "test" "--frozen", kill_on_drop: false }`
[INFO] [stdout] efddc35a831fe4855a55b6911c4be1f10b81cfbf18102972092aebfaa748edab
[INFO] running `Command { std: "docker" "start" "-a" "efddc35a831fe4855a55b6911c4be1f10b81cfbf18102972092aebfaa748edab", kill_on_drop: false }`
[INFO] [stderr]     Finished test [unoptimized + debuginfo] target(s) in 0.11s
[INFO] [stderr]      Running unittests src/lib.rs (/opt/rustwide/target/debug/deps/dominion_parser-403974ad47cd80d7)
[INFO] [stdout] 
[INFO] [stdout] running 24 tests
[INFO] [stdout] test body::name::tests::add_str_subdomain ... ok
[INFO] [stdout] test body::name::tests::iterate_hierarchy ... ok
[INFO] [stdout] test body::name::tests::iterate_human ... ok
[INFO] [stdout] test body::name::tests::check_subdomain ... ok
[INFO] [stdout] test body::name::tests::name_parse_with_jumps ... ok
[INFO] [stdout] test body::name::tests::root_subdomain ... ok
[INFO] [stdout] test body::name::tests::get_tld ... ok
[INFO] [stdout] test body::name::tests::add_string_subdomain ... ok
[INFO] [stdout] test body::name::tests::with_jumps ... ok
[INFO] [stdout] test body::tests::class_transformations ... ok
[INFO] [stdout] test body::tests::qtype_transformations ... ok
[INFO] [stdout] test body::name::tests::no_jumps ... ok
[INFO] [stdout] test header::tests::flags_response_noerror ... ok
[INFO] [stdout] test header::tests::flags_response_refused ... ok
[INFO] [stdout] test header::tests::flags_standard_query ... ok
[INFO] [stdout] test header::tests::flags_response_servfail ... ok
[INFO] [stdout] test header::tests::flags_inverse_query ... ok
[INFO] [stdout] test header::tests::flags_response_nxdomain ... ok
[INFO] [stdout] test header::tests::serialize_from_header ... ok
[INFO] [stderr]    Doc-tests dominion-parser
[INFO] [stdout] test header::tests::parse_header ... ok
[INFO] [stdout] test header::tests::serialize_header ... ok
[INFO] [stdout] test header::tests::header_err ... ok
[INFO] [stdout] test body::name::tests::serialize ... ok
[INFO] [stdout] test body::name::tests::valid_labels ... ok
[INFO] [stdout] 
[INFO] [stdout] test result: ok. 24 passed; 0 failed; 0 ignored; 0 measured; 0 filtered out; finished in 0.01s
[INFO] [stdout] 
[INFO] [stdout] 
[INFO] [stdout] running 9 tests
[INFO] [stdout] test src/lib.rs - (line 15) ... FAILED
[INFO] [stdout] test src/lib.rs - (line 32) ... FAILED
[INFO] [stdout] test src/body/name.rs - body::name::Name<'a>::new (line 176) ... ok
[INFO] [stdout] test src/body/name.rs - body::name::Name<'a>::push_label (line 207) ... ok
[INFO] [stdout] test src/body/name.rs - body::name::Name<'a>::tld (line 191) ... ok
[INFO] [stdout] test src/body/name.rs - body::name::Name<'a>::label_count (line 233) ... ok
[INFO] [stdout] test src/body/name.rs - body::name::Name<'a>::iter_human (line 263) ... ok
[INFO] [stdout] test src/body/name.rs - body::name::Name<'a>::is_subdomain (line 245) ... ok
[INFO] [stdout] test src/body/name.rs - body::name::Name<'a>::iter_hierarchy (line 279) ... ok
[INFO] [stdout] 
[INFO] [stdout] failures:
[INFO] [stdout] 
[INFO] [stdout] ---- src/lib.rs - (line 15) stdout ----
[INFO] [stdout] error: couldn't read src/../assets/dns_request.bin: No such file or directory (os error 2)
[INFO] [stdout]  --> src/lib.rs:20:32
[INFO] [stdout]   |
[INFO] [stdout] 7 | const REQ: &'static [u8; 33] = include_bytes!("../assets/dns_request.bin");
[INFO] [stdout]   |                                ^^^^^^^^^^^^^^^^^^^^^^^^^^^^^^^^^^^^^^^^^^^
[INFO] [stdout]   |
[INFO] [stdout]   = note: this error originates in the macro `include_bytes` (in Nightly builds, run with -Z macro-backtrace for more info)
[INFO] [stdout] 
[INFO] [stdout] error: aborting due to 1 previous error
[INFO] [stdout] 
[INFO] [stdout] Couldn't compile the test.
[INFO] [stdout] ---- src/lib.rs - (line 32) stdout ----
[INFO] [stdout] error: couldn't read src/../assets/dns_request.bin: No such file or directory (os error 2)
[INFO] [stdout]  --> src/lib.rs:38:32
[INFO] [stdout]   |
[INFO] [stdout] 8 | const REQ: &'static [u8; 33] = include_bytes!("../assets/dns_request.bin");
[INFO] [stdout]   |                                ^^^^^^^^^^^^^^^^^^^^^^^^^^^^^^^^^^^^^^^^^^^
[INFO] [stdout]   |
[INFO] [stdout]   = note: this error originates in the macro `include_bytes` (in Nightly builds, run with -Z macro-backtrace for more info)
[INFO] [stdout] 
[INFO] [stdout] error: aborting due to 1 previous error
[INFO] [stdout] 
[INFO] [stdout] Couldn't compile the test.
[INFO] [stdout] 
[INFO] [stdout] failures:
[INFO] [stdout]     src/lib.rs - (line 15)
[INFO] [stdout]     src/lib.rs - (line 32)
[INFO] [stdout] 
[INFO] [stdout] test result: FAILED. 7 passed; 2 failed; 0 ignored; 0 measured; 0 filtered out; finished in 0.51s
[INFO] [stdout] 
[INFO] [stderr] error: doctest failed, to rerun pass `--doc`
[INFO] running `Command { std: "docker" "inspect" "efddc35a831fe4855a55b6911c4be1f10b81cfbf18102972092aebfaa748edab", kill_on_drop: false }`
[INFO] running `Command { std: "docker" "rm" "-f" "efddc35a831fe4855a55b6911c4be1f10b81cfbf18102972092aebfaa748edab", kill_on_drop: false }`
[INFO] [stdout] efddc35a831fe4855a55b6911c4be1f10b81cfbf18102972092aebfaa748edab
