[INFO] fetching crate domain_changer 0.1.4...
[INFO] testing domain_changer-0.1.4 against 1.75.0 for beta-1.76-1
[INFO] extracting crate domain_changer 0.1.4 into /workspace/builds/worker-7-tc1/source
[INFO] validating manifest of crates.io crate domain_changer 0.1.4 on toolchain 1.75.0
[INFO] running `Command { std: CARGO_HOME="/workspace/cargo-home" RUSTUP_HOME="/workspace/rustup-home" "/workspace/cargo-home/bin/cargo" "+1.75.0" "metadata" "--manifest-path" "Cargo.toml" "--no-deps", kill_on_drop: false }`
[INFO] started tweaking crates.io crate domain_changer 0.1.4
[INFO] finished tweaking crates.io crate domain_changer 0.1.4
[INFO] tweaked toml for crates.io crate domain_changer 0.1.4 written to /workspace/builds/worker-7-tc1/source/Cargo.toml
[INFO] running `Command { std: CARGO_HOME="/workspace/cargo-home" RUSTUP_HOME="/workspace/rustup-home" "/workspace/cargo-home/bin/cargo" "+1.75.0" "generate-lockfile" "--manifest-path" "Cargo.toml", kill_on_drop: false }`
[INFO] [stderr]     Blocking waiting for file lock on package cache
[INFO] [stderr]     Updating crates.io index
[INFO] running `Command { std: CARGO_HOME="/workspace/cargo-home" RUSTUP_HOME="/workspace/rustup-home" "/workspace/cargo-home/bin/cargo" "+1.75.0" "fetch" "--manifest-path" "Cargo.toml", kill_on_drop: false }`
[INFO] running `Command { std: "docker" "create" "-v" "/var/lib/crater-agent-workspace/builds/worker-7-tc1/target:/opt/rustwide/target:rw,Z" "-v" "/var/lib/crater-agent-workspace/builds/worker-7-tc1/source:/opt/rustwide/workdir:ro,Z" "-v" "/var/lib/crater-agent-workspace/cargo-home:/opt/rustwide/cargo-home:ro,Z" "-v" "/var/lib/crater-agent-workspace/rustup-home:/opt/rustwide/rustup-home:ro,Z" "-e" "SOURCE_DIR=/opt/rustwide/workdir" "-e" "CARGO_TARGET_DIR=/opt/rustwide/target" "-e" "CARGO_HOME=/opt/rustwide/cargo-home" "-e" "RUSTUP_HOME=/opt/rustwide/rustup-home" "-w" "/opt/rustwide/workdir" "-m" "1610612736" "--user" "0:0" "--network" "none" "ghcr.io/rust-lang/crates-build-env/linux@sha256:2788e3201cd34a07e3172128adcd8b3090168a8e3bcc40d7c032b9dda1df7d1c" "/opt/rustwide/cargo-home/bin/cargo" "+1.75.0" "metadata" "--no-deps" "--format-version=1", kill_on_drop: false }`
[INFO] [stdout] 46a45d97b0ca60ca7831b0cba6656fd8ff603821f51d0bd2df79597d71a953ad
[INFO] running `Command { std: "docker" "start" "-a" "46a45d97b0ca60ca7831b0cba6656fd8ff603821f51d0bd2df79597d71a953ad", kill_on_drop: false }`
[INFO] running `Command { std: "docker" "inspect" "46a45d97b0ca60ca7831b0cba6656fd8ff603821f51d0bd2df79597d71a953ad", kill_on_drop: false }`
[INFO] running `Command { std: "docker" "rm" "-f" "46a45d97b0ca60ca7831b0cba6656fd8ff603821f51d0bd2df79597d71a953ad", kill_on_drop: false }`
[INFO] [stdout] 46a45d97b0ca60ca7831b0cba6656fd8ff603821f51d0bd2df79597d71a953ad
[INFO] running `Command { std: "docker" "create" "-v" "/var/lib/crater-agent-workspace/builds/worker-7-tc1/target:/opt/rustwide/target:rw,Z" "-v" "/var/lib/crater-agent-workspace/builds/worker-7-tc1/source:/opt/rustwide/workdir:ro,Z" "-v" "/var/lib/crater-agent-workspace/cargo-home:/opt/rustwide/cargo-home:ro,Z" "-v" "/var/lib/crater-agent-workspace/rustup-home:/opt/rustwide/rustup-home:ro,Z" "-e" "SOURCE_DIR=/opt/rustwide/workdir" "-e" "CARGO_TARGET_DIR=/opt/rustwide/target" "-e" "CARGO_INCREMENTAL=0" "-e" "RUST_BACKTRACE=full" "-e" "RUSTFLAGS=--cap-lints=warn" "-e" "RUSTDOCFLAGS=--cap-lints=warn" "-e" "CARGO_HOME=/opt/rustwide/cargo-home" "-e" "RUSTUP_HOME=/opt/rustwide/rustup-home" "-w" "/opt/rustwide/workdir" "-m" "1610612736" "--user" "0:0" "--network" "none" "ghcr.io/rust-lang/crates-build-env/linux@sha256:2788e3201cd34a07e3172128adcd8b3090168a8e3bcc40d7c032b9dda1df7d1c" "/opt/rustwide/cargo-home/bin/cargo" "+1.75.0" "build" "--frozen" "--message-format=json", kill_on_drop: false }`
[INFO] [stdout] bf2b38187a804cf4b164b9146ad3f560c3937acac295c9bb63dc5f24fed27213
[INFO] running `Command { std: "docker" "start" "-a" "bf2b38187a804cf4b164b9146ad3f560c3937acac295c9bb63dc5f24fed27213", kill_on_drop: false }`
[INFO] [stderr]    Compiling domain_changer v0.1.4 (/opt/rustwide/workdir)
[INFO] [stderr]     Finished dev [unoptimized + debuginfo] target(s) in 0.20s
[INFO] running `Command { std: "docker" "inspect" "bf2b38187a804cf4b164b9146ad3f560c3937acac295c9bb63dc5f24fed27213", kill_on_drop: false }`
[INFO] running `Command { std: "docker" "rm" "-f" "bf2b38187a804cf4b164b9146ad3f560c3937acac295c9bb63dc5f24fed27213", kill_on_drop: false }`
[INFO] [stdout] bf2b38187a804cf4b164b9146ad3f560c3937acac295c9bb63dc5f24fed27213
[INFO] running `Command { std: "docker" "create" "-v" "/var/lib/crater-agent-workspace/builds/worker-7-tc1/target:/opt/rustwide/target:rw,Z" "-v" "/var/lib/crater-agent-workspace/builds/worker-7-tc1/source:/opt/rustwide/workdir:ro,Z" "-v" "/var/lib/crater-agent-workspace/cargo-home:/opt/rustwide/cargo-home:ro,Z" "-v" "/var/lib/crater-agent-workspace/rustup-home:/opt/rustwide/rustup-home:ro,Z" "-e" "SOURCE_DIR=/opt/rustwide/workdir" "-e" "CARGO_TARGET_DIR=/opt/rustwide/target" "-e" "CARGO_INCREMENTAL=0" "-e" "RUST_BACKTRACE=full" "-e" "RUSTFLAGS=--cap-lints=warn" "-e" "RUSTDOCFLAGS=--cap-lints=warn" "-e" "CARGO_HOME=/opt/rustwide/cargo-home" "-e" "RUSTUP_HOME=/opt/rustwide/rustup-home" "-w" "/opt/rustwide/workdir" "-m" "1610612736" "--user" "0:0" "--network" "none" "ghcr.io/rust-lang/crates-build-env/linux@sha256:2788e3201cd34a07e3172128adcd8b3090168a8e3bcc40d7c032b9dda1df7d1c" "/opt/rustwide/cargo-home/bin/cargo" "+1.75.0" "test" "--frozen" "--no-run" "--message-format=json", kill_on_drop: false }`
[INFO] [stdout] ca49d57d54bfa1d5e324f8206b40e527d4848c708a51f46d328631f314348ec9
[INFO] running `Command { std: "docker" "start" "-a" "ca49d57d54bfa1d5e324f8206b40e527d4848c708a51f46d328631f314348ec9", kill_on_drop: false }`
[INFO] [stderr]    Compiling domain_changer v0.1.4 (/opt/rustwide/workdir)
[INFO] [stderr]     Finished test [unoptimized + debuginfo] target(s) in 0.38s
[INFO] running `Command { std: "docker" "inspect" "ca49d57d54bfa1d5e324f8206b40e527d4848c708a51f46d328631f314348ec9", kill_on_drop: false }`
[INFO] running `Command { std: "docker" "rm" "-f" "ca49d57d54bfa1d5e324f8206b40e527d4848c708a51f46d328631f314348ec9", kill_on_drop: false }`
[INFO] [stdout] ca49d57d54bfa1d5e324f8206b40e527d4848c708a51f46d328631f314348ec9
[INFO] running `Command { std: "docker" "create" "-v" "/var/lib/crater-agent-workspace/builds/worker-7-tc1/target:/opt/rustwide/target:rw,Z" "-v" "/var/lib/crater-agent-workspace/builds/worker-7-tc1/source:/opt/rustwide/workdir:ro,Z" "-v" "/var/lib/crater-agent-workspace/cargo-home:/opt/rustwide/cargo-home:ro,Z" "-v" "/var/lib/crater-agent-workspace/rustup-home:/opt/rustwide/rustup-home:ro,Z" "-e" "SOURCE_DIR=/opt/rustwide/workdir" "-e" "CARGO_TARGET_DIR=/opt/rustwide/target" "-e" "CARGO_INCREMENTAL=0" "-e" "RUST_BACKTRACE=full" "-e" "RUSTFLAGS=--cap-lints=warn" "-e" "RUSTDOCFLAGS=--cap-lints=warn" "-e" "CARGO_HOME=/opt/rustwide/cargo-home" "-e" "RUSTUP_HOME=/opt/rustwide/rustup-home" "-w" "/opt/rustwide/workdir" "-m" "1610612736" "--user" "0:0" "--network" "none" "ghcr.io/rust-lang/crates-build-env/linux@sha256:2788e3201cd34a07e3172128adcd8b3090168a8e3bcc40d7c032b9dda1df7d1c" "/opt/rustwide/cargo-home/bin/cargo" "+1.75.0" "test" "--frozen", kill_on_drop: false }`
[INFO] [stdout] 7adc92b9c7e6189722ec276e753c69beeca5642e424470d17cdd14d1c288b70f
[INFO] running `Command { std: "docker" "start" "-a" "7adc92b9c7e6189722ec276e753c69beeca5642e424470d17cdd14d1c288b70f", kill_on_drop: false }`
[INFO] [stderr]     Finished test [unoptimized + debuginfo] target(s) in 0.01s
[INFO] [stderr]      Running unittests src/lib.rs (/opt/rustwide/target/debug/deps/domain_changer-38e399e385443213)
[INFO] [stdout] 
[INFO] [stdout] running 2 tests
[INFO] [stdout] test types::domain::tests::domain_tryfrom_test ... ok
[INFO] [stdout] test tests::parse_string_test ... ok
[INFO] [stdout] 
[INFO] [stdout] test result: ok. 2 passed; 0 failed; 0 ignored; 0 measured; 0 filtered out; finished in 0.00s
[INFO] [stdout] 
[INFO] [stderr]    Doc-tests domain_changer
[INFO] [stdout] 
[INFO] [stdout] running 16 tests
[INFO] [stdout] test src/lib.rs - (line 69) ... FAILED
[INFO] [stdout] test src/lib.rs - (line 60) ... FAILED
[INFO] [stdout] test src/types/errors.rs - types::errors::DomainChangerError::is_invalid_old_domain (line 36) ... ok
[INFO] [stdout] test src/types/domain.rs - types::domain::Domain::contain (line 61) ... ok
[INFO] [stdout] test src/types/domain.rs - types::domain::Domain::new (line 41) ... ok
[INFO] [stdout] test src/types/errors.rs - types::errors::DomainChangerError::is_invalid_new_domain (line 50) ... ok
[INFO] [stdout] test src/types/config.rs - types::config::Config::new (line 33) ... ok
[INFO] [stdout] test src/types/domain.rs - types::domain::Domain::try_from (line 120) ... ok
[INFO] [stdout] test src/types/config.rs - types::config::Config::get_by_old (line 99) ... ok
[INFO] [stdout] test src/types/config.rs - types::config::Config::new_hosts (line 75) ... ok
[INFO] [stdout] test src/types/config.rs - types::config::Config::contain (line 127) ... ok
[INFO] [stdout] test src/lib.rs - (line 39) ... ok
[INFO] [stdout] test src/lib.rs - extract_old_domains (line 60) ... ok
[INFO] [stdout] test src/lib.rs - (line 26) ... ok
[INFO] [stdout] test src/lib.rs - parse_string (line 24) ... ok
[INFO] [stdout] test src/types/config.rs - types::config::Config::old_hosts (line 53) ... ok
[INFO] [stdout] 
[INFO] [stdout] failures:
[INFO] [stdout] 
[INFO] [stdout] ---- src/lib.rs - (line 69) stdout ----
[INFO] [stdout] error[E0432]: unresolved import `domain_changer::types::ToFromJson`
[INFO] [stdout]   --> src/lib.rs:71:45
[INFO] [stdout]    |
[INFO] [stdout] 5  | use domain_changer::types::{Config, Domain, ToFromJson};
[INFO] [stdout]    |                                             ^^^^^^^^^^ no `ToFromJson` in `types`
[INFO] [stdout]    |
[INFO] [stdout] note: found an item that was configured out
[INFO] [stdout]   --> /opt/rustwide/workdir/src/types/mod.rs:24:17
[INFO] [stdout]    |
[INFO] [stdout] 24 | pub use traits::ToFromJson;
[INFO] [stdout]    |                 ^^^^^^^^^^
[INFO] [stdout]    = note: the item is gated behind the `json` feature
[INFO] [stdout] 
[INFO] [stdout] error[E0599]: no method named `to_json` found for struct `Config` in the current scope
[INFO] [stdout]  --> src/lib.rs:75:12
[INFO] [stdout]   |
[INFO] [stdout] 9 |     config.to_json().unwrap(),
[INFO] [stdout]   |            ^^^^^^^ method not found in `Config`
[INFO] [stdout] 
[INFO] [stdout] error[E0599]: no function or associated item named `from_json` found for struct `Config` in the current scope
[INFO] [stdout]   --> src/lib.rs:80:13
[INFO] [stdout]    |
[INFO] [stdout] 14 |     Config::from_json("{\"domains\":[{\"old\":\"https://twitter.com/\",\"new\":\"https://nitter.net/\"}]}").unwrap(),
[INFO] [stdout]    |             ^^^^^^^^^ function or associated item not found in `Config`
[INFO] [stdout]    |
[INFO] [stdout] note: if you're trying to build a new `Config`, consider using `Config::new` which returns `Config`
[INFO] [stdout]   --> /opt/rustwide/workdir/src/types/config.rs:46:5
[INFO] [stdout]    |
[INFO] [stdout] 46 |     pub fn new(domains: Vec<Domain>) -> Self {
[INFO] [stdout]    |     ^^^^^^^^^^^^^^^^^^^^^^^^^^^^^^^^^^^^^^^^
[INFO] [stdout] 
[INFO] [stdout] error: aborting due to 3 previous errors
[INFO] [stdout] 
[INFO] [stdout] Some errors have detailed explanations: E0432, E0599.
[INFO] [stdout] For more information about an error, try `rustc --explain E0432`.
[INFO] [stdout] Couldn't compile the test.
[INFO] [stdout] ---- src/lib.rs - (line 60) stdout ----
[INFO] [stdout] error[E0432]: unresolved import `domain_changer::types::ToFromJson`
[INFO] [stdout]   --> src/lib.rs:62:37
[INFO] [stdout]    |
[INFO] [stdout] 5  | use domain_changer::types::{Domain, ToFromJson};
[INFO] [stdout]    |                                     ^^^^^^^^^^ no `ToFromJson` in `types`
[INFO] [stdout]    |
[INFO] [stdout] note: found an item that was configured out
[INFO] [stdout]   --> /opt/rustwide/workdir/src/types/mod.rs:24:17
[INFO] [stdout]    |
[INFO] [stdout] 24 | pub use traits::ToFromJson;
[INFO] [stdout]    |                 ^^^^^^^^^^
[INFO] [stdout]    = note: the item is gated behind the `json` feature
[INFO] [stdout] 
[INFO] [stdout] error[E0599]: no method named `to_json` found for struct `Domain` in the current scope
[INFO] [stdout]  --> src/lib.rs:65:19
[INFO] [stdout]   |
[INFO] [stdout] 8 | assert_eq!(domain.to_json().unwrap(), "{\"old\":\"https://twitter.com/\",\"new\":\"https://nitter.net/\"}");
[INFO] [stdout]   |                   ^^^^^^^ method not found in `Domain`
[INFO] [stdout] 
[INFO] [stdout] error[E0599]: no function or associated item named `from_json` found for struct `Domain` in the current scope
[INFO] [stdout]   --> src/lib.rs:66:20
[INFO] [stdout]    |
[INFO] [stdout] 9  | assert_eq!(Domain::from_json("{\"old\":\"https://twitter.com/\",\"new\":\"https://nitter.net/\"}").unwrap(), domain);
[INFO] [stdout]    |                    ^^^^^^^^^ function or associated item not found in `Domain`
[INFO] [stdout]    |
[INFO] [stdout] note: if you're trying to build a new `Domain`, consider using `Domain::new` which returns `Domain`
[INFO] [stdout]   --> /opt/rustwide/workdir/src/types/domain.rs:53:5
[INFO] [stdout]    |
[INFO] [stdout] 53 |     pub fn new(old: Url, new: Url) -> Self {
[INFO] [stdout]    |     ^^^^^^^^^^^^^^^^^^^^^^^^^^^^^^^^^^^^^^
[INFO] [stdout] 
[INFO] [stdout] error[E0599]: no function or associated item named `from_json` found for struct `Domain` in the current scope
[INFO] [stdout]   --> src/lib.rs:67:17
[INFO] [stdout]    |
[INFO] [stdout] 10 | assert!(Domain::from_json("{\"old\":\"twitter.com/\",\"new\":\"nitter.net/\"}").is_err());
[INFO] [stdout]    |                 ^^^^^^^^^ function or associated item not found in `Domain`
[INFO] [stdout]    |
[INFO] [stdout] note: if you're trying to build a new `Domain`, consider using `Domain::new` which returns `Domain`
[INFO] [stdout]   --> /opt/rustwide/workdir/src/types/domain.rs:53:5
[INFO] [stdout]    |
[INFO] [stdout] 53 |     pub fn new(old: Url, new: Url) -> Self {
[INFO] [stdout]    |     ^^^^^^^^^^^^^^^^^^^^^^^^^^^^^^^^^^^^^^
[INFO] [stdout] 
[INFO] [stdout] error: aborting due to 4 previous errors
[INFO] [stdout] 
[INFO] [stdout] Some errors have detailed explanations: E0432, E0599.
[INFO] [stdout] For more information about an error, try `rustc --explain E0432`.
[INFO] [stdout] Couldn't compile the test.
[INFO] [stdout] 
[INFO] [stdout] failures:
[INFO] [stdout]     src/lib.rs - (line 60)
[INFO] [stdout]     src/lib.rs - (line 69)
[INFO] [stdout] 
[INFO] [stdout] test result: FAILED. 14 passed; 2 failed; 0 ignored; 0 measured; 0 filtered out; finished in 0.57s
[INFO] [stdout] 
[INFO] [stderr] error: doctest failed, to rerun pass `--doc`
[INFO] running `Command { std: "docker" "inspect" "7adc92b9c7e6189722ec276e753c69beeca5642e424470d17cdd14d1c288b70f", kill_on_drop: false }`
[INFO] running `Command { std: "docker" "rm" "-f" "7adc92b9c7e6189722ec276e753c69beeca5642e424470d17cdd14d1c288b70f", kill_on_drop: false }`
[INFO] [stdout] 7adc92b9c7e6189722ec276e753c69beeca5642e424470d17cdd14d1c288b70f
[INFO] testing domain_changer-0.1.4 against beta-2023-12-22 for beta-1.76-1
[INFO] extracting crate domain_changer 0.1.4 into /workspace/builds/worker-7-tc2/source
[INFO] validating manifest of crates.io crate domain_changer 0.1.4 on toolchain beta-2023-12-22
[INFO] running `Command { std: CARGO_HOME="/workspace/cargo-home" RUSTUP_HOME="/workspace/rustup-home" "/workspace/cargo-home/bin/cargo" "+beta-2023-12-22" "metadata" "--manifest-path" "Cargo.toml" "--no-deps", kill_on_drop: false }`
[INFO] started tweaking crates.io crate domain_changer 0.1.4
[INFO] finished tweaking crates.io crate domain_changer 0.1.4
[INFO] tweaked toml for crates.io crate domain_changer 0.1.4 written to /workspace/builds/worker-7-tc2/source/Cargo.toml
[INFO] running `Command { std: CARGO_HOME="/workspace/cargo-home" RUSTUP_HOME="/workspace/rustup-home" "/workspace/cargo-home/bin/cargo" "+beta-2023-12-22" "generate-lockfile" "--manifest-path" "Cargo.toml", kill_on_drop: false }`
[INFO] [stderr]     Updating crates.io index
[INFO] running `Command { std: CARGO_HOME="/workspace/cargo-home" RUSTUP_HOME="/workspace/rustup-home" "/workspace/cargo-home/bin/cargo" "+beta-2023-12-22" "fetch" "--manifest-path" "Cargo.toml", kill_on_drop: false }`
[INFO] running `Command { std: "docker" "create" "-v" "/var/lib/crater-agent-workspace/builds/worker-7-tc2/target:/opt/rustwide/target:rw,Z" "-v" "/var/lib/crater-agent-workspace/builds/worker-7-tc2/source:/opt/rustwide/workdir:ro,Z" "-v" "/var/lib/crater-agent-workspace/cargo-home:/opt/rustwide/cargo-home:ro,Z" "-v" "/var/lib/crater-agent-workspace/rustup-home:/opt/rustwide/rustup-home:ro,Z" "-e" "SOURCE_DIR=/opt/rustwide/workdir" "-e" "CARGO_TARGET_DIR=/opt/rustwide/target" "-e" "CARGO_HOME=/opt/rustwide/cargo-home" "-e" "RUSTUP_HOME=/opt/rustwide/rustup-home" "-w" "/opt/rustwide/workdir" "-m" "1610612736" "--user" "0:0" "--network" "none" "ghcr.io/rust-lang/crates-build-env/linux@sha256:2788e3201cd34a07e3172128adcd8b3090168a8e3bcc40d7c032b9dda1df7d1c" "/opt/rustwide/cargo-home/bin/cargo" "+beta-2023-12-22" "metadata" "--no-deps" "--format-version=1", kill_on_drop: false }`
[INFO] [stdout] d0e8aa4cfb0f34acc029c5465ace2669d916bb38e295328659bbe9c271426bcb
[INFO] running `Command { std: "docker" "start" "-a" "d0e8aa4cfb0f34acc029c5465ace2669d916bb38e295328659bbe9c271426bcb", kill_on_drop: false }`
[INFO] running `Command { std: "docker" "inspect" "d0e8aa4cfb0f34acc029c5465ace2669d916bb38e295328659bbe9c271426bcb", kill_on_drop: false }`
[INFO] running `Command { std: "docker" "rm" "-f" "d0e8aa4cfb0f34acc029c5465ace2669d916bb38e295328659bbe9c271426bcb", kill_on_drop: false }`
[INFO] [stdout] d0e8aa4cfb0f34acc029c5465ace2669d916bb38e295328659bbe9c271426bcb
[INFO] running `Command { std: "docker" "create" "-v" "/var/lib/crater-agent-workspace/builds/worker-7-tc2/target:/opt/rustwide/target:rw,Z" "-v" "/var/lib/crater-agent-workspace/builds/worker-7-tc2/source:/opt/rustwide/workdir:ro,Z" "-v" "/var/lib/crater-agent-workspace/cargo-home:/opt/rustwide/cargo-home:ro,Z" "-v" "/var/lib/crater-agent-workspace/rustup-home:/opt/rustwide/rustup-home:ro,Z" "-e" "SOURCE_DIR=/opt/rustwide/workdir" "-e" "CARGO_TARGET_DIR=/opt/rustwide/target" "-e" "CARGO_INCREMENTAL=0" "-e" "RUST_BACKTRACE=full" "-e" "RUSTFLAGS=--cap-lints=warn" "-e" "RUSTDOCFLAGS=--cap-lints=warn" "-e" "CARGO_HOME=/opt/rustwide/cargo-home" "-e" "RUSTUP_HOME=/opt/rustwide/rustup-home" "-w" "/opt/rustwide/workdir" "-m" "1610612736" "--user" "0:0" "--network" "none" "ghcr.io/rust-lang/crates-build-env/linux@sha256:2788e3201cd34a07e3172128adcd8b3090168a8e3bcc40d7c032b9dda1df7d1c" "/opt/rustwide/cargo-home/bin/cargo" "+beta-2023-12-22" "build" "--frozen" "--message-format=json", kill_on_drop: false }`
[INFO] [stdout] 75a7c72b9268bb5688c7e26e70f48f0e25d67ade85d0d5a4671aa371a2e0f95e
[INFO] running `Command { std: "docker" "start" "-a" "75a7c72b9268bb5688c7e26e70f48f0e25d67ade85d0d5a4671aa371a2e0f95e", kill_on_drop: false }`
[INFO] [stderr]    Compiling domain_changer v0.1.4 (/opt/rustwide/workdir)
[INFO] [stderr]     Finished dev [unoptimized + debuginfo] target(s) in 0.16s
[INFO] running `Command { std: "docker" "inspect" "75a7c72b9268bb5688c7e26e70f48f0e25d67ade85d0d5a4671aa371a2e0f95e", kill_on_drop: false }`
[INFO] running `Command { std: "docker" "rm" "-f" "75a7c72b9268bb5688c7e26e70f48f0e25d67ade85d0d5a4671aa371a2e0f95e", kill_on_drop: false }`
[INFO] [stdout] 75a7c72b9268bb5688c7e26e70f48f0e25d67ade85d0d5a4671aa371a2e0f95e
[INFO] running `Command { std: "docker" "create" "-v" "/var/lib/crater-agent-workspace/builds/worker-7-tc2/target:/opt/rustwide/target:rw,Z" "-v" "/var/lib/crater-agent-workspace/builds/worker-7-tc2/source:/opt/rustwide/workdir:ro,Z" "-v" "/var/lib/crater-agent-workspace/cargo-home:/opt/rustwide/cargo-home:ro,Z" "-v" "/var/lib/crater-agent-workspace/rustup-home:/opt/rustwide/rustup-home:ro,Z" "-e" "SOURCE_DIR=/opt/rustwide/workdir" "-e" "CARGO_TARGET_DIR=/opt/rustwide/target" "-e" "CARGO_INCREMENTAL=0" "-e" "RUST_BACKTRACE=full" "-e" "RUSTFLAGS=--cap-lints=warn" "-e" "RUSTDOCFLAGS=--cap-lints=warn" "-e" "CARGO_HOME=/opt/rustwide/cargo-home" "-e" "RUSTUP_HOME=/opt/rustwide/rustup-home" "-w" "/opt/rustwide/workdir" "-m" "1610612736" "--user" "0:0" "--network" "none" "ghcr.io/rust-lang/crates-build-env/linux@sha256:2788e3201cd34a07e3172128adcd8b3090168a8e3bcc40d7c032b9dda1df7d1c" "/opt/rustwide/cargo-home/bin/cargo" "+beta-2023-12-22" "test" "--frozen" "--no-run" "--message-format=json", kill_on_drop: false }`
[INFO] [stdout] 9d4a567d4f3942b8d4b9182c9a1bd70818e3628b8f99dee11c81a436ccce59bd
[INFO] running `Command { std: "docker" "start" "-a" "9d4a567d4f3942b8d4b9182c9a1bd70818e3628b8f99dee11c81a436ccce59bd", kill_on_drop: false }`
[INFO] [stderr]    Compiling domain_changer v0.1.4 (/opt/rustwide/workdir)
[INFO] [stderr]     Finished test [unoptimized + debuginfo] target(s) in 0.60s
[INFO] running `Command { std: "docker" "inspect" "9d4a567d4f3942b8d4b9182c9a1bd70818e3628b8f99dee11c81a436ccce59bd", kill_on_drop: false }`
[INFO] running `Command { std: "docker" "rm" "-f" "9d4a567d4f3942b8d4b9182c9a1bd70818e3628b8f99dee11c81a436ccce59bd", kill_on_drop: false }`
[INFO] [stdout] 9d4a567d4f3942b8d4b9182c9a1bd70818e3628b8f99dee11c81a436ccce59bd
[INFO] running `Command { std: "docker" "create" "-v" "/var/lib/crater-agent-workspace/builds/worker-7-tc2/target:/opt/rustwide/target:rw,Z" "-v" "/var/lib/crater-agent-workspace/builds/worker-7-tc2/source:/opt/rustwide/workdir:ro,Z" "-v" "/var/lib/crater-agent-workspace/cargo-home:/opt/rustwide/cargo-home:ro,Z" "-v" "/var/lib/crater-agent-workspace/rustup-home:/opt/rustwide/rustup-home:ro,Z" "-e" "SOURCE_DIR=/opt/rustwide/workdir" "-e" "CARGO_TARGET_DIR=/opt/rustwide/target" "-e" "CARGO_INCREMENTAL=0" "-e" "RUST_BACKTRACE=full" "-e" "RUSTFLAGS=--cap-lints=warn" "-e" "RUSTDOCFLAGS=--cap-lints=warn" "-e" "CARGO_HOME=/opt/rustwide/cargo-home" "-e" "RUSTUP_HOME=/opt/rustwide/rustup-home" "-w" "/opt/rustwide/workdir" "-m" "1610612736" "--user" "0:0" "--network" "none" "ghcr.io/rust-lang/crates-build-env/linux@sha256:2788e3201cd34a07e3172128adcd8b3090168a8e3bcc40d7c032b9dda1df7d1c" "/opt/rustwide/cargo-home/bin/cargo" "+beta-2023-12-22" "test" "--frozen", kill_on_drop: false }`
[INFO] [stdout] abc6dfcbf4585a44103d373928dfcb49b0fe62914943eb278bb2e99ad5881cad
[INFO] running `Command { std: "docker" "start" "-a" "abc6dfcbf4585a44103d373928dfcb49b0fe62914943eb278bb2e99ad5881cad", kill_on_drop: false }`
[INFO] [stderr]     Finished test [unoptimized + debuginfo] target(s) in 0.02s
[INFO] [stderr]      Running unittests src/lib.rs (/opt/rustwide/target/debug/deps/domain_changer-f1295a4dd58a06dc)
[INFO] [stdout] 
[INFO] [stdout] running 2 tests
[INFO] [stdout] test types::domain::tests::domain_tryfrom_test ... ok
[INFO] [stdout] test tests::parse_string_test ... ok
[INFO] [stdout] 
[INFO] [stdout] test result: ok. 2 passed; 0 failed; 0 ignored; 0 measured; 0 filtered out; finished in 0.00s
[INFO] [stdout] 
[INFO] [stderr]    Doc-tests domain_changer
[INFO] [stdout] 
[INFO] [stdout] running 16 tests
[INFO] [stdout] test src/lib.rs - (line 60) ... FAILED
[INFO] [stdout] test src/lib.rs - (line 69) ... FAILED
[INFO] [stdout] test src/types/errors.rs - types::errors::DomainChangerError::is_invalid_old_domain (line 36) ... ok
[INFO] [stdout] test src/types/domain.rs - types::domain::Domain::contain (line 61) ... ok
[INFO] [stdout] test src/types/config.rs - types::config::Config::new (line 33) ... ok
[INFO] [stdout] test src/types/config.rs - types::config::Config::get_by_old (line 99) ... ok
[INFO] [stdout] test src/lib.rs - parse_string (line 24) ... ok
[INFO] [stdout] test src/types/config.rs - types::config::Config::contain (line 127) ... ok
[INFO] [stdout] test src/types/domain.rs - types::domain::Domain::try_from (line 120) ... ok
[INFO] [stdout] test src/types/domain.rs - types::domain::Domain::new (line 41) ... ok
[INFO] [stdout] test src/lib.rs - (line 39) ... ok
[INFO] [stdout] test src/types/errors.rs - types::errors::DomainChangerError::is_invalid_new_domain (line 50) ... ok
[INFO] [stdout] test src/types/config.rs - types::config::Config::old_hosts (line 53) ... ok
[INFO] [stdout] test src/types/config.rs - types::config::Config::new_hosts (line 75) ... ok
[INFO] [stdout] test src/lib.rs - extract_old_domains (line 60) ... ok
[INFO] [stdout] test src/lib.rs - (line 26) ... ok
[INFO] [stdout] 
[INFO] [stdout] failures:
[INFO] [stdout] 
[INFO] [stdout] ---- src/lib.rs - (line 60) stdout ----
[INFO] [stdout] error[E0432]: unresolved import `domain_changer::types::ToFromJson`
[INFO] [stdout]   --> src/lib.rs:62:37
[INFO] [stdout]    |
[INFO] [stdout] 5  | use domain_changer::types::{Domain, ToFromJson};
[INFO] [stdout]    |                                     ^^^^^^^^^^ no `ToFromJson` in `types`
[INFO] [stdout]    |
[INFO] [stdout] note: found an item that was configured out
[INFO] [stdout]   --> /opt/rustwide/workdir/src/types/mod.rs:24:17
[INFO] [stdout]    |
[INFO] [stdout] 24 | pub use traits::ToFromJson;
[INFO] [stdout]    |                 ^^^^^^^^^^
[INFO] [stdout]    = note: the item is gated behind the `json` feature
[INFO] [stdout] 
[INFO] [stdout] error[E0599]: no method named `to_json` found for struct `Domain` in the current scope
[INFO] [stdout]  --> src/lib.rs:65:19
[INFO] [stdout]   |
[INFO] [stdout] 8 | assert_eq!(domain.to_json().unwrap(), "{\"old\":\"https://twitter.com/\",\"new\":\"https://nitter.net/\"}");
[INFO] [stdout]   |                   ^^^^^^^ method not found in `Domain`
[INFO] [stdout] 
[INFO] [stdout] error[E0599]: no function or associated item named `from_json` found for struct `Domain` in the current scope
[INFO] [stdout]   --> src/lib.rs:66:20
[INFO] [stdout]    |
[INFO] [stdout] 9  | assert_eq!(Domain::from_json("{\"old\":\"https://twitter.com/\",\"new\":\"https://nitter.net/\"}").unwrap(), domain);
[INFO] [stdout]    |                    ^^^^^^^^^ function or associated item not found in `Domain`
[INFO] [stdout]    |
[INFO] [stdout] note: if you're trying to build a new `Domain`, consider using `Domain::new` which returns `Domain`
[INFO] [stdout]   --> /opt/rustwide/workdir/src/types/domain.rs:53:5
[INFO] [stdout]    |
[INFO] [stdout] 53 |     pub fn new(old: Url, new: Url) -> Self {
[INFO] [stdout]    |     ^^^^^^^^^^^^^^^^^^^^^^^^^^^^^^^^^^^^^^
[INFO] [stdout] 
[INFO] [stdout] error[E0599]: no function or associated item named `from_json` found for struct `Domain` in the current scope
[INFO] [stdout]   --> src/lib.rs:67:17
[INFO] [stdout]    |
[INFO] [stdout] 10 | assert!(Domain::from_json("{\"old\":\"twitter.com/\",\"new\":\"nitter.net/\"}").is_err());
[INFO] [stdout]    |                 ^^^^^^^^^ function or associated item not found in `Domain`
[INFO] [stdout]    |
[INFO] [stdout] note: if you're trying to build a new `Domain`, consider using `Domain::new` which returns `Domain`
[INFO] [stdout]   --> /opt/rustwide/workdir/src/types/domain.rs:53:5
[INFO] [stdout]    |
[INFO] [stdout] 53 |     pub fn new(old: Url, new: Url) -> Self {
[INFO] [stdout]    |     ^^^^^^^^^^^^^^^^^^^^^^^^^^^^^^^^^^^^^^
[INFO] [stdout] 
[INFO] [stdout] error: aborting due to 4 previous errors
[INFO] [stdout] 
[INFO] [stdout] Some errors have detailed explanations: E0432, E0599.
[INFO] [stdout] For more information about an error, try `rustc --explain E0432`.
[INFO] [stdout] Couldn't compile the test.
[INFO] [stdout] ---- src/lib.rs - (line 69) stdout ----
[INFO] [stdout] error[E0432]: unresolved import `domain_changer::types::ToFromJson`
[INFO] [stdout]   --> src/lib.rs:71:45
[INFO] [stdout]    |
[INFO] [stdout] 5  | use domain_changer::types::{Config, Domain, ToFromJson};
[INFO] [stdout]    |                                             ^^^^^^^^^^ no `ToFromJson` in `types`
[INFO] [stdout]    |
[INFO] [stdout] note: found an item that was configured out
[INFO] [stdout]   --> /opt/rustwide/workdir/src/types/mod.rs:24:17
[INFO] [stdout]    |
[INFO] [stdout] 24 | pub use traits::ToFromJson;
[INFO] [stdout]    |                 ^^^^^^^^^^
[INFO] [stdout]    = note: the item is gated behind the `json` feature
[INFO] [stdout] 
[INFO] [stdout] error[E0599]: no method named `to_json` found for struct `Config` in the current scope
[INFO] [stdout]  --> src/lib.rs:75:12
[INFO] [stdout]   |
[INFO] [stdout] 9 |     config.to_json().unwrap(),
[INFO] [stdout]   |            ^^^^^^^ method not found in `Config`
[INFO] [stdout] 
[INFO] [stdout] error[E0599]: no function or associated item named `from_json` found for struct `Config` in the current scope
[INFO] [stdout]   --> src/lib.rs:80:13
[INFO] [stdout]    |
[INFO] [stdout] 14 |     Config::from_json("{\"domains\":[{\"old\":\"https://twitter.com/\",\"new\":\"https://nitter.net/\"}]}").unwrap(),
[INFO] [stdout]    |             ^^^^^^^^^ function or associated item not found in `Config`
[INFO] [stdout]    |
[INFO] [stdout] note: if you're trying to build a new `Config`, consider using `Config::new` which returns `Config`
[INFO] [stdout]   --> /opt/rustwide/workdir/src/types/config.rs:46:5
[INFO] [stdout]    |
[INFO] [stdout] 46 |     pub fn new(domains: Vec<Domain>) -> Self {
[INFO] [stdout]    |     ^^^^^^^^^^^^^^^^^^^^^^^^^^^^^^^^^^^^^^^^
[INFO] [stdout] 
[INFO] [stdout] error: aborting due to 3 previous errors
[INFO] [stdout] 
[INFO] [stdout] Some errors have detailed explanations: E0432, E0599.
[INFO] [stdout] For more information about an error, try `rustc --explain E0432`.
[INFO] [stdout] Couldn't compile the test.
[INFO] [stdout] 
[INFO] [stdout] failures:
[INFO] [stdout]     src/lib.rs - (line 60)
[INFO] [stdout]     src/lib.rs - (line 69)
[INFO] [stdout] 
[INFO] [stdout] test result: FAILED. 14 passed; 2 failed; 0 ignored; 0 measured; 0 filtered out; finished in 0.61s
[INFO] [stdout] 
[INFO] [stderr] error: doctest failed, to rerun pass `--doc`
[INFO] running `Command { std: "docker" "inspect" "abc6dfcbf4585a44103d373928dfcb49b0fe62914943eb278bb2e99ad5881cad", kill_on_drop: false }`
[INFO] running `Command { std: "docker" "rm" "-f" "abc6dfcbf4585a44103d373928dfcb49b0fe62914943eb278bb2e99ad5881cad", kill_on_drop: false }`
[INFO] [stdout] abc6dfcbf4585a44103d373928dfcb49b0fe62914943eb278bb2e99ad5881cad
