[INFO] fetching crate dll-hijack-derive 1.0.0...
[INFO] testing dll-hijack-derive-1.0.0 against 1.75.0 for beta-1.76-1
[INFO] extracting crate dll-hijack-derive 1.0.0 into /workspace/builds/worker-3-tc1/source
[INFO] validating manifest of crates.io crate dll-hijack-derive 1.0.0 on toolchain 1.75.0
[INFO] running `Command { std: CARGO_HOME="/workspace/cargo-home" RUSTUP_HOME="/workspace/rustup-home" "/workspace/cargo-home/bin/cargo" "+1.75.0" "metadata" "--manifest-path" "Cargo.toml" "--no-deps", kill_on_drop: false }`
[INFO] started tweaking crates.io crate dll-hijack-derive 1.0.0
[INFO] finished tweaking crates.io crate dll-hijack-derive 1.0.0
[INFO] tweaked toml for crates.io crate dll-hijack-derive 1.0.0 written to /workspace/builds/worker-3-tc1/source/Cargo.toml
[INFO] running `Command { std: CARGO_HOME="/workspace/cargo-home" RUSTUP_HOME="/workspace/rustup-home" "/workspace/cargo-home/bin/cargo" "+1.75.0" "generate-lockfile" "--manifest-path" "Cargo.toml", kill_on_drop: false }`
[INFO] [stderr]     Updating crates.io index
[INFO] running `Command { std: CARGO_HOME="/workspace/cargo-home" RUSTUP_HOME="/workspace/rustup-home" "/workspace/cargo-home/bin/cargo" "+1.75.0" "fetch" "--manifest-path" "Cargo.toml", kill_on_drop: false }`
[INFO] running `Command { std: "docker" "create" "-v" "/var/lib/crater-agent-workspace/builds/worker-3-tc1/target:/opt/rustwide/target:rw,Z" "-v" "/var/lib/crater-agent-workspace/builds/worker-3-tc1/source:/opt/rustwide/workdir:ro,Z" "-v" "/var/lib/crater-agent-workspace/cargo-home:/opt/rustwide/cargo-home:ro,Z" "-v" "/var/lib/crater-agent-workspace/rustup-home:/opt/rustwide/rustup-home:ro,Z" "-e" "SOURCE_DIR=/opt/rustwide/workdir" "-e" "CARGO_TARGET_DIR=/opt/rustwide/target" "-e" "CARGO_HOME=/opt/rustwide/cargo-home" "-e" "RUSTUP_HOME=/opt/rustwide/rustup-home" "-w" "/opt/rustwide/workdir" "-m" "1610612736" "--user" "0:0" "--network" "none" "ghcr.io/rust-lang/crates-build-env/linux@sha256:2788e3201cd34a07e3172128adcd8b3090168a8e3bcc40d7c032b9dda1df7d1c" "/opt/rustwide/cargo-home/bin/cargo" "+1.75.0" "metadata" "--no-deps" "--format-version=1", kill_on_drop: false }`
[INFO] [stdout] 0f3e38c337172bfa068070fe29df4abe49fd44fbd920c19ca67b97a9d093d9bd
[INFO] running `Command { std: "docker" "start" "-a" "0f3e38c337172bfa068070fe29df4abe49fd44fbd920c19ca67b97a9d093d9bd", kill_on_drop: false }`
[INFO] running `Command { std: "docker" "inspect" "0f3e38c337172bfa068070fe29df4abe49fd44fbd920c19ca67b97a9d093d9bd", kill_on_drop: false }`
[INFO] running `Command { std: "docker" "rm" "-f" "0f3e38c337172bfa068070fe29df4abe49fd44fbd920c19ca67b97a9d093d9bd", kill_on_drop: false }`
[INFO] [stdout] 0f3e38c337172bfa068070fe29df4abe49fd44fbd920c19ca67b97a9d093d9bd
[INFO] running `Command { std: "docker" "create" "-v" "/var/lib/crater-agent-workspace/builds/worker-3-tc1/target:/opt/rustwide/target:rw,Z" "-v" "/var/lib/crater-agent-workspace/builds/worker-3-tc1/source:/opt/rustwide/workdir:ro,Z" "-v" "/var/lib/crater-agent-workspace/cargo-home:/opt/rustwide/cargo-home:ro,Z" "-v" "/var/lib/crater-agent-workspace/rustup-home:/opt/rustwide/rustup-home:ro,Z" "-e" "SOURCE_DIR=/opt/rustwide/workdir" "-e" "CARGO_TARGET_DIR=/opt/rustwide/target" "-e" "CARGO_INCREMENTAL=0" "-e" "RUST_BACKTRACE=full" "-e" "RUSTFLAGS=--cap-lints=warn" "-e" "RUSTDOCFLAGS=--cap-lints=warn" "-e" "CARGO_HOME=/opt/rustwide/cargo-home" "-e" "RUSTUP_HOME=/opt/rustwide/rustup-home" "-w" "/opt/rustwide/workdir" "-m" "1610612736" "--user" "0:0" "--network" "none" "ghcr.io/rust-lang/crates-build-env/linux@sha256:2788e3201cd34a07e3172128adcd8b3090168a8e3bcc40d7c032b9dda1df7d1c" "/opt/rustwide/cargo-home/bin/cargo" "+1.75.0" "build" "--frozen" "--message-format=json", kill_on_drop: false }`
[INFO] [stdout] 6f19aa09ac84c56ee207a0889686dedcb2c7c0959d26a7e44264739db362cc6c
[INFO] running `Command { std: "docker" "start" "-a" "6f19aa09ac84c56ee207a0889686dedcb2c7c0959d26a7e44264739db362cc6c", kill_on_drop: false }`
[INFO] [stderr]    Compiling proc-macro2 v1.0.75
[INFO] [stderr]    Compiling quote v1.0.35
[INFO] [stderr]    Compiling syn v2.0.48
[INFO] [stderr]    Compiling dll-hijack-derive v1.0.0 (/opt/rustwide/workdir)
[INFO] [stderr]     Finished dev [unoptimized + debuginfo] target(s) in 2.52s
[INFO] running `Command { std: "docker" "inspect" "6f19aa09ac84c56ee207a0889686dedcb2c7c0959d26a7e44264739db362cc6c", kill_on_drop: false }`
[INFO] running `Command { std: "docker" "rm" "-f" "6f19aa09ac84c56ee207a0889686dedcb2c7c0959d26a7e44264739db362cc6c", kill_on_drop: false }`
[INFO] [stdout] 6f19aa09ac84c56ee207a0889686dedcb2c7c0959d26a7e44264739db362cc6c
[INFO] running `Command { std: "docker" "create" "-v" "/var/lib/crater-agent-workspace/builds/worker-3-tc1/target:/opt/rustwide/target:rw,Z" "-v" "/var/lib/crater-agent-workspace/builds/worker-3-tc1/source:/opt/rustwide/workdir:ro,Z" "-v" "/var/lib/crater-agent-workspace/cargo-home:/opt/rustwide/cargo-home:ro,Z" "-v" "/var/lib/crater-agent-workspace/rustup-home:/opt/rustwide/rustup-home:ro,Z" "-e" "SOURCE_DIR=/opt/rustwide/workdir" "-e" "CARGO_TARGET_DIR=/opt/rustwide/target" "-e" "CARGO_INCREMENTAL=0" "-e" "RUST_BACKTRACE=full" "-e" "RUSTFLAGS=--cap-lints=warn" "-e" "RUSTDOCFLAGS=--cap-lints=warn" "-e" "CARGO_HOME=/opt/rustwide/cargo-home" "-e" "RUSTUP_HOME=/opt/rustwide/rustup-home" "-w" "/opt/rustwide/workdir" "-m" "1610612736" "--user" "0:0" "--network" "none" "ghcr.io/rust-lang/crates-build-env/linux@sha256:2788e3201cd34a07e3172128adcd8b3090168a8e3bcc40d7c032b9dda1df7d1c" "/opt/rustwide/cargo-home/bin/cargo" "+1.75.0" "test" "--frozen" "--no-run" "--message-format=json", kill_on_drop: false }`
[INFO] [stdout] ec0e81e6eac667babc9e7c94cc5d2706375dd37dcabdbd686c954cdcbae442a1
[INFO] running `Command { std: "docker" "start" "-a" "ec0e81e6eac667babc9e7c94cc5d2706375dd37dcabdbd686c954cdcbae442a1", kill_on_drop: false }`
[INFO] [stderr]    Compiling dll-hijack-derive v1.0.0 (/opt/rustwide/workdir)
[INFO] [stderr]     Finished test [unoptimized + debuginfo] target(s) in 0.32s
[INFO] running `Command { std: "docker" "inspect" "ec0e81e6eac667babc9e7c94cc5d2706375dd37dcabdbd686c954cdcbae442a1", kill_on_drop: false }`
[INFO] running `Command { std: "docker" "rm" "-f" "ec0e81e6eac667babc9e7c94cc5d2706375dd37dcabdbd686c954cdcbae442a1", kill_on_drop: false }`
[INFO] [stdout] ec0e81e6eac667babc9e7c94cc5d2706375dd37dcabdbd686c954cdcbae442a1
[INFO] running `Command { std: "docker" "create" "-v" "/var/lib/crater-agent-workspace/builds/worker-3-tc1/target:/opt/rustwide/target:rw,Z" "-v" "/var/lib/crater-agent-workspace/builds/worker-3-tc1/source:/opt/rustwide/workdir:ro,Z" "-v" "/var/lib/crater-agent-workspace/cargo-home:/opt/rustwide/cargo-home:ro,Z" "-v" "/var/lib/crater-agent-workspace/rustup-home:/opt/rustwide/rustup-home:ro,Z" "-e" "SOURCE_DIR=/opt/rustwide/workdir" "-e" "CARGO_TARGET_DIR=/opt/rustwide/target" "-e" "CARGO_INCREMENTAL=0" "-e" "RUST_BACKTRACE=full" "-e" "RUSTFLAGS=--cap-lints=warn" "-e" "RUSTDOCFLAGS=--cap-lints=warn" "-e" "CARGO_HOME=/opt/rustwide/cargo-home" "-e" "RUSTUP_HOME=/opt/rustwide/rustup-home" "-w" "/opt/rustwide/workdir" "-m" "1610612736" "--user" "0:0" "--network" "none" "ghcr.io/rust-lang/crates-build-env/linux@sha256:2788e3201cd34a07e3172128adcd8b3090168a8e3bcc40d7c032b9dda1df7d1c" "/opt/rustwide/cargo-home/bin/cargo" "+1.75.0" "test" "--frozen", kill_on_drop: false }`
[INFO] [stdout] 82bb475d2714b9f0de3f2eff62508cba701e5b090f5d36fd42251d0c84e8d240
[INFO] running `Command { std: "docker" "start" "-a" "82bb475d2714b9f0de3f2eff62508cba701e5b090f5d36fd42251d0c84e8d240", kill_on_drop: false }`
[INFO] [stderr]     Finished test [unoptimized + debuginfo] target(s) in 0.00s
[INFO] [stderr]      Running unittests src/lib.rs (/opt/rustwide/target/debug/deps/dll_hijack_derive-28ec639ad1118ca3)
[INFO] [stdout] 
[INFO] [stdout] running 0 tests
[INFO] [stdout] 
[INFO] [stdout] test result: ok. 0 passed; 0 failed; 0 ignored; 0 measured; 0 filtered out; finished in 0.00s
[INFO] [stdout] 
[INFO] [stderr]    Doc-tests dll-hijack-derive
[INFO] [stdout] 
[INFO] [stdout] running 1 test
[INFO] [stdout] test src/lib.rs - hijack (line 25) ... FAILED
[INFO] [stdout] 
[INFO] [stdout] failures:
[INFO] [stdout] 
[INFO] [stdout] ---- src/lib.rs - hijack (line 25) stdout ----
[INFO] [stdout] error[E0432]: unresolved import `dll_hijack`
[INFO] [stdout]  --> src/lib.rs:29:1
[INFO] [stdout]   |
[INFO] [stdout] 7 | #[hijack("evil.dll", "orig.dll")]
[INFO] [stdout]   | ^^^^^^^^^^^^^^^^^^^^^^^^^^^^^^^^^ use of undeclared crate or module `dll_hijack`
[INFO] [stdout]   |
[INFO] [stdout]   = note: this error originates in the attribute macro `hijack` (in Nightly builds, run with -Z macro-backtrace for more info)
[INFO] [stdout] 
[INFO] [stdout] warning: use of calling convention not supported on this target
[INFO] [stdout]  --> src/lib.rs:29:1
[INFO] [stdout]   |
[INFO] [stdout] 7 | #[hijack("evil.dll", "orig.dll")]
[INFO] [stdout]   | ^^^^^^^^^^^^^^^^^^^^^^^^^^^^^^^^^
[INFO] [stdout]   |
[INFO] [stdout]   = warning: this was previously accepted by the compiler but is being phased out; it will become a hard error in a future release!
[INFO] [stdout]   = note: for more information, see issue #87678 <https://github.com/rust-lang/rust/issues/87678>
[INFO] [stdout]   = note: `#[warn(unsupported_calling_conventions)]` on by default
[INFO] [stdout]   = note: this warning originates in the attribute macro `hijack` (in Nightly builds, run with -Z macro-backtrace for more info)
[INFO] [stdout] 
[INFO] [stdout] error: aborting due to previous error; 1 warning emitted
[INFO] [stdout] 
[INFO] [stdout] For more information about this error, try `rustc --explain E0432`.
[INFO] [stdout] Couldn't compile the test.
[INFO] [stdout] 
[INFO] [stdout] failures:
[INFO] [stdout]     src/lib.rs - hijack (line 25)
[INFO] [stdout] 
[INFO] [stdout] test result: FAILED. 0 passed; 1 failed; 0 ignored; 0 measured; 0 filtered out; finished in 0.03s
[INFO] [stdout] 
[INFO] [stderr] error: doctest failed, to rerun pass `--doc`
[INFO] running `Command { std: "docker" "inspect" "82bb475d2714b9f0de3f2eff62508cba701e5b090f5d36fd42251d0c84e8d240", kill_on_drop: false }`
[INFO] running `Command { std: "docker" "rm" "-f" "82bb475d2714b9f0de3f2eff62508cba701e5b090f5d36fd42251d0c84e8d240", kill_on_drop: false }`
[INFO] [stdout] 82bb475d2714b9f0de3f2eff62508cba701e5b090f5d36fd42251d0c84e8d240
