[INFO] fetching crate distant-core 0.20.0...
[INFO] testing distant-core-0.20.0 against 1.75.0 for beta-1.76-1
[INFO] extracting crate distant-core 0.20.0 into /workspace/builds/worker-0-tc1/source
[INFO] validating manifest of crates.io crate distant-core 0.20.0 on toolchain 1.75.0
[INFO] running `Command { std: CARGO_HOME="/workspace/cargo-home" RUSTUP_HOME="/workspace/rustup-home" "/workspace/cargo-home/bin/cargo" "+1.75.0" "metadata" "--manifest-path" "Cargo.toml" "--no-deps", kill_on_drop: false }`
[INFO] started tweaking crates.io crate distant-core 0.20.0
[INFO] finished tweaking crates.io crate distant-core 0.20.0
[INFO] tweaked toml for crates.io crate distant-core 0.20.0 written to /workspace/builds/worker-0-tc1/source/Cargo.toml
[INFO] running `Command { std: CARGO_HOME="/workspace/cargo-home" RUSTUP_HOME="/workspace/rustup-home" "/workspace/cargo-home/bin/cargo" "+1.75.0" "generate-lockfile" "--manifest-path" "Cargo.toml", kill_on_drop: false }`
[INFO] [stderr]     Updating crates.io index
[INFO] running `Command { std: CARGO_HOME="/workspace/cargo-home" RUSTUP_HOME="/workspace/rustup-home" "/workspace/cargo-home/bin/cargo" "+1.75.0" "fetch" "--manifest-path" "Cargo.toml", kill_on_drop: false }`
[INFO] [stderr]  Downloading crates ...
[INFO] [stderr]   Downloaded test-log-macros v0.2.14
[INFO] [stderr]   Downloaded distant-auth v0.20.0
[INFO] [stderr]   Downloaded test-log v0.2.14
[INFO] [stderr]   Downloaded distant-net v0.20.0
[INFO] [stderr]   Downloaded distant-protocol v0.20.0
[INFO] [stderr]   Downloaded const-str v0.5.6
[INFO] running `Command { std: "docker" "create" "-v" "/var/lib/crater-agent-workspace/builds/worker-0-tc1/target:/opt/rustwide/target:rw,Z" "-v" "/var/lib/crater-agent-workspace/builds/worker-0-tc1/source:/opt/rustwide/workdir:ro,Z" "-v" "/var/lib/crater-agent-workspace/cargo-home:/opt/rustwide/cargo-home:ro,Z" "-v" "/var/lib/crater-agent-workspace/rustup-home:/opt/rustwide/rustup-home:ro,Z" "-e" "SOURCE_DIR=/opt/rustwide/workdir" "-e" "CARGO_TARGET_DIR=/opt/rustwide/target" "-e" "CARGO_HOME=/opt/rustwide/cargo-home" "-e" "RUSTUP_HOME=/opt/rustwide/rustup-home" "-w" "/opt/rustwide/workdir" "-m" "1610612736" "--user" "0:0" "--network" "none" "ghcr.io/rust-lang/crates-build-env/linux@sha256:2788e3201cd34a07e3172128adcd8b3090168a8e3bcc40d7c032b9dda1df7d1c" "/opt/rustwide/cargo-home/bin/cargo" "+1.75.0" "metadata" "--no-deps" "--format-version=1", kill_on_drop: false }`
[INFO] [stdout] 9ce524de494e62ba94e9022d4d47cbef5084436f371d137b1617addd8d9deec0
[INFO] running `Command { std: "docker" "start" "-a" "9ce524de494e62ba94e9022d4d47cbef5084436f371d137b1617addd8d9deec0", kill_on_drop: false }`
[INFO] running `Command { std: "docker" "inspect" "9ce524de494e62ba94e9022d4d47cbef5084436f371d137b1617addd8d9deec0", kill_on_drop: false }`
[INFO] running `Command { std: "docker" "rm" "-f" "9ce524de494e62ba94e9022d4d47cbef5084436f371d137b1617addd8d9deec0", kill_on_drop: false }`
[INFO] [stdout] 9ce524de494e62ba94e9022d4d47cbef5084436f371d137b1617addd8d9deec0
[INFO] running `Command { std: "docker" "create" "-v" "/var/lib/crater-agent-workspace/builds/worker-0-tc1/target:/opt/rustwide/target:rw,Z" "-v" "/var/lib/crater-agent-workspace/builds/worker-0-tc1/source:/opt/rustwide/workdir:ro,Z" "-v" "/var/lib/crater-agent-workspace/cargo-home:/opt/rustwide/cargo-home:ro,Z" "-v" "/var/lib/crater-agent-workspace/rustup-home:/opt/rustwide/rustup-home:ro,Z" "-e" "SOURCE_DIR=/opt/rustwide/workdir" "-e" "CARGO_TARGET_DIR=/opt/rustwide/target" "-e" "CARGO_INCREMENTAL=0" "-e" "RUST_BACKTRACE=full" "-e" "RUSTFLAGS=--cap-lints=warn" "-e" "RUSTDOCFLAGS=--cap-lints=warn" "-e" "CARGO_HOME=/opt/rustwide/cargo-home" "-e" "RUSTUP_HOME=/opt/rustwide/rustup-home" "-w" "/opt/rustwide/workdir" "-m" "1610612736" "--user" "0:0" "--network" "none" "ghcr.io/rust-lang/crates-build-env/linux@sha256:2788e3201cd34a07e3172128adcd8b3090168a8e3bcc40d7c032b9dda1df7d1c" "/opt/rustwide/cargo-home/bin/cargo" "+1.75.0" "build" "--frozen" "--message-format=json", kill_on_drop: false }`
[INFO] [stdout] 50520efb38828172de14598cd515538db8936e44c512135ad2e063361d5fffe4
[INFO] running `Command { std: "docker" "start" "-a" "50520efb38828172de14598cd515538db8936e44c512135ad2e063361d5fffe4", kill_on_drop: false }`
[INFO] [stderr]    Compiling libc v0.2.151
[INFO] [stderr]    Compiling zeroize v1.7.0
[INFO] [stderr]    Compiling typenum v1.17.0
[INFO] [stderr]    Compiling version_check v0.9.4
[INFO] [stderr]    Compiling subtle v2.5.0
[INFO] [stderr]    Compiling proc-macro2 v1.0.75
[INFO] [stderr]    Compiling const-oid v0.9.6
[INFO] [stderr]    Compiling base64ct v1.6.0
[INFO] [stderr]    Compiling serde v1.0.194
[INFO] [stderr]    Compiling base16ct v0.2.0
[INFO] [stderr]    Compiling rustversion v1.0.14
[INFO] [stderr]    Compiling pem-rfc7468 v0.7.0
[INFO] [stderr]    Compiling cpufeatures v0.2.12
[INFO] [stderr]    Compiling generic-array v0.14.7
[INFO] [stderr]    Compiling num-traits v0.2.17
[INFO] [stderr]    Compiling der v0.7.8
[INFO] [stderr]    Compiling quote v1.0.35
[INFO] [stderr]    Compiling lock_api v0.4.11
[INFO] [stderr]    Compiling slab v0.4.9
[INFO] [stderr]    Compiling syn v2.0.48
[INFO] [stderr]    Compiling syn v1.0.109
[INFO] [stderr]    Compiling pin-project-lite v0.2.13
[INFO] [stderr]    Compiling parking_lot_core v0.9.9
[INFO] [stderr]    Compiling paste v1.0.14
[INFO] [stderr]    Compiling getrandom v0.2.11
[INFO] [stderr]    Compiling rand_core v0.6.4
[INFO] [stderr]    Compiling smallvec v1.11.2
[INFO] [stderr]    Compiling ff v0.13.0
[INFO] [stderr]    Compiling async-trait v0.1.77
[INFO] [stderr]    Compiling convert_case v0.4.0
[INFO] [stderr]    Compiling group v0.13.0
[INFO] [stderr]    Compiling spki v0.7.3
[INFO] [stderr]    Compiling futures-core v0.3.30
[INFO] [stderr]    Compiling semver v1.0.21
[INFO] [stderr]    Compiling pkcs8 v0.10.2
[INFO] [stderr]    Compiling heck v0.4.1
[INFO] [stderr]    Compiling crc32fast v1.3.2
[INFO] [stderr]    Compiling futures-sink v0.3.30
[INFO] [stderr]    Compiling futures-channel v0.3.30
[INFO] [stderr]    Compiling crypto-common v0.1.6
[INFO] [stderr]    Compiling block-buffer v0.10.4
[INFO] [stderr]    Compiling crypto-bigint v0.5.5
[INFO] [stderr]    Compiling sec1 v0.7.3
[INFO] [stderr]    Compiling digest v0.10.7
[INFO] [stderr]    Compiling inout v0.1.3
[INFO] [stderr]    Compiling universal-hash v0.5.1
[INFO] [stderr]    Compiling cipher v0.4.4
[INFO] [stderr]    Compiling hmac v0.12.1
[INFO] [stderr]    Compiling signature v2.2.0
[INFO] [stderr]    Compiling hkdf v0.12.4
[INFO] [stderr]    Compiling rfc6979 v0.4.0
[INFO] [stderr]    Compiling byteorder v1.5.0
[INFO] [stderr]    Compiling futures-io v0.3.30
[INFO] [stderr]    Compiling serde_json v1.0.111
[INFO] [stderr]    Compiling ppv-lite86 v0.2.17
[INFO] [stderr]    Compiling futures-task v0.3.30
[INFO] [stderr]    Compiling miniz_oxide v0.7.1
[INFO] [stderr]    Compiling poly1305 v0.8.0
[INFO] [stderr]    Compiling rmp v0.8.12
[INFO] [stderr]    Compiling rand_chacha v0.3.1
[INFO] [stderr]    Compiling parking_lot v0.12.1
[INFO] [stderr]    Compiling chacha20 v0.9.1
[INFO] [stderr]    Compiling sha2 v0.10.8
[INFO] [stderr]    Compiling elliptic-curve v0.13.8
[INFO] [stderr]    Compiling aead v0.5.2
[INFO] [stderr]    Compiling mio v0.8.10
[INFO] [stderr]    Compiling signal-hook-registry v1.4.1
[INFO] [stderr]    Compiling socket2 v0.5.5
[INFO] [stderr]    Compiling num_cpus v1.16.0
[INFO] [stderr]    Compiling primeorder v0.13.6
[INFO] [stderr]    Compiling ecdsa v0.16.9
[INFO] [stderr]    Compiling ryu v1.0.16
[INFO] [stderr]    Compiling itoa v1.0.10
[INFO] [stderr]    Compiling bytes v1.5.0
[INFO] [stderr]    Compiling derive_more v0.99.17
[INFO] [stderr]    Compiling strum_macros v0.24.3
[INFO] [stderr]    Compiling const-str v0.5.6
[INFO] [stderr]    Compiling chacha20poly1305 v0.10.1
[INFO] [stderr]    Compiling flate2 v1.0.28
[INFO] [stderr]    Compiling rand v0.8.5
[INFO] [stderr]    Compiling p256 v0.13.2
[INFO] [stderr]    Compiling dyn-clone v1.0.16
[INFO] [stderr]    Compiling bitflags v2.4.1
[INFO] [stderr]    Compiling once_cell v1.19.0
[INFO] [stderr]    Compiling serde_derive v1.0.194
[INFO] [stderr]    Compiling futures-macro v0.3.30
[INFO] [stderr]    Compiling tokio-macros v2.2.0
[INFO] [stderr]    Compiling strum v0.24.1
[INFO] [stderr]    Compiling tokio v1.35.1
[INFO] [stderr]    Compiling futures-util v0.3.30
[INFO] [stderr]    Compiling futures-executor v0.3.30
[INFO] [stderr]    Compiling futures v0.3.30
[INFO] [stderr]    Compiling serde_bytes v0.11.14
[INFO] [stderr]    Compiling distant-auth v0.20.0
[INFO] [stderr]    Compiling rmp-serde v1.1.2
[INFO] [stderr]    Compiling distant-protocol v0.20.0
[INFO] [stderr]    Compiling distant-net v0.20.0
[INFO] [stderr]    Compiling distant-core v0.20.0 (/opt/rustwide/workdir)
[INFO] [stderr]     Finished dev [unoptimized + debuginfo] target(s) in 15.43s
[INFO] running `Command { std: "docker" "inspect" "50520efb38828172de14598cd515538db8936e44c512135ad2e063361d5fffe4", kill_on_drop: false }`
[INFO] running `Command { std: "docker" "rm" "-f" "50520efb38828172de14598cd515538db8936e44c512135ad2e063361d5fffe4", kill_on_drop: false }`
[INFO] [stdout] 50520efb38828172de14598cd515538db8936e44c512135ad2e063361d5fffe4
[INFO] running `Command { std: "docker" "create" "-v" "/var/lib/crater-agent-workspace/builds/worker-0-tc1/target:/opt/rustwide/target:rw,Z" "-v" "/var/lib/crater-agent-workspace/builds/worker-0-tc1/source:/opt/rustwide/workdir:ro,Z" "-v" "/var/lib/crater-agent-workspace/cargo-home:/opt/rustwide/cargo-home:ro,Z" "-v" "/var/lib/crater-agent-workspace/rustup-home:/opt/rustwide/rustup-home:ro,Z" "-e" "SOURCE_DIR=/opt/rustwide/workdir" "-e" "CARGO_TARGET_DIR=/opt/rustwide/target" "-e" "CARGO_INCREMENTAL=0" "-e" "RUST_BACKTRACE=full" "-e" "RUSTFLAGS=--cap-lints=warn" "-e" "RUSTDOCFLAGS=--cap-lints=warn" "-e" "CARGO_HOME=/opt/rustwide/cargo-home" "-e" "RUSTUP_HOME=/opt/rustwide/rustup-home" "-w" "/opt/rustwide/workdir" "-m" "1610612736" "--user" "0:0" "--network" "none" "ghcr.io/rust-lang/crates-build-env/linux@sha256:2788e3201cd34a07e3172128adcd8b3090168a8e3bcc40d7c032b9dda1df7d1c" "/opt/rustwide/cargo-home/bin/cargo" "+1.75.0" "test" "--frozen" "--no-run" "--message-format=json", kill_on_drop: false }`
[INFO] [stdout] 8f59d37429c6ead3cee99a1940c4a7b26015fda73af5690203122a09a0cd1825
[INFO] running `Command { std: "docker" "start" "-a" "8f59d37429c6ead3cee99a1940c4a7b26015fda73af5690203122a09a0cd1825", kill_on_drop: false }`
[INFO] [stderr]    Compiling rustix v0.38.28
[INFO] [stderr]    Compiling log v0.4.20
[INFO] [stderr]    Compiling humantime v2.1.0
[INFO] [stderr]    Compiling termcolor v1.4.0
[INFO] [stderr]    Compiling distant-protocol v0.20.0
[INFO] [stderr]    Compiling test-log-macros v0.2.14
[INFO] [stderr]    Compiling distant-auth v0.20.0
[INFO] [stderr]    Compiling distant-net v0.20.0
[INFO] [stderr]    Compiling is-terminal v0.4.10
[INFO] [stderr]    Compiling env_logger v0.10.1
[INFO] [stderr]    Compiling test-log v0.2.14
[INFO] [stderr]    Compiling distant-core v0.20.0 (/opt/rustwide/workdir)
[INFO] [stderr]     Finished test [unoptimized + debuginfo] target(s) in 19.63s
[INFO] running `Command { std: "docker" "inspect" "8f59d37429c6ead3cee99a1940c4a7b26015fda73af5690203122a09a0cd1825", kill_on_drop: false }`
[INFO] running `Command { std: "docker" "rm" "-f" "8f59d37429c6ead3cee99a1940c4a7b26015fda73af5690203122a09a0cd1825", kill_on_drop: false }`
[INFO] [stdout] 8f59d37429c6ead3cee99a1940c4a7b26015fda73af5690203122a09a0cd1825
[INFO] running `Command { std: "docker" "create" "-v" "/var/lib/crater-agent-workspace/builds/worker-0-tc1/target:/opt/rustwide/target:rw,Z" "-v" "/var/lib/crater-agent-workspace/builds/worker-0-tc1/source:/opt/rustwide/workdir:ro,Z" "-v" "/var/lib/crater-agent-workspace/cargo-home:/opt/rustwide/cargo-home:ro,Z" "-v" "/var/lib/crater-agent-workspace/rustup-home:/opt/rustwide/rustup-home:ro,Z" "-e" "SOURCE_DIR=/opt/rustwide/workdir" "-e" "CARGO_TARGET_DIR=/opt/rustwide/target" "-e" "CARGO_INCREMENTAL=0" "-e" "RUST_BACKTRACE=full" "-e" "RUSTFLAGS=--cap-lints=warn" "-e" "RUSTDOCFLAGS=--cap-lints=warn" "-e" "CARGO_HOME=/opt/rustwide/cargo-home" "-e" "RUSTUP_HOME=/opt/rustwide/rustup-home" "-w" "/opt/rustwide/workdir" "-m" "1610612736" "--user" "0:0" "--network" "none" "ghcr.io/rust-lang/crates-build-env/linux@sha256:2788e3201cd34a07e3172128adcd8b3090168a8e3bcc40d7c032b9dda1df7d1c" "/opt/rustwide/cargo-home/bin/cargo" "+1.75.0" "test" "--frozen", kill_on_drop: false }`
[INFO] [stdout] 1de503f4f30b456cfe425514268e05b55348057ea61b73e39e2059e6de9eb1f7
[INFO] running `Command { std: "docker" "start" "-a" "1de503f4f30b456cfe425514268e05b55348057ea61b73e39e2059e6de9eb1f7", kill_on_drop: false }`
[INFO] [stderr]     Finished test [unoptimized + debuginfo] target(s) in 0.18s
[INFO] [stderr]      Running unittests src/lib.rs (/opt/rustwide/target/debug/deps/distant_core-3f56912ceb5e8aa2)
[INFO] [stdout] 
[INFO] [stdout] running 67 tests
[INFO] [stdout] test client::lsp::msg::tests::content_convert_local_scheme_to_should_convert_keys_and_values ... ok
[INFO] [stdout] test client::lsp::msg::tests::content_parse_should_succeed_if_valid_json ... ok
[INFO] [stdout] test client::lsp::msg::tests::content_convert_distant_scheme_to_local_should_convert_keys_and_values ... ok
[INFO] [stdout] test client::lsp::msg::tests::content_convert_scheme_to_local_should_convert_keys_and_values ... ok
[INFO] [stdout] test client::lsp::msg::tests::content_parse_should_fail_if_invalid_json ... ok
[INFO] [stdout] test client::lsp::msg::tests::header_parse_should_fail_if_missing_content_length ... ok
[INFO] [stdout] test client::lsp::msg::tests::header_parse_should_fail_if_content_length_invalid ... ok
[INFO] [stdout] test client::lsp::msg::tests::header_parse_should_fail_if_receive_an_unexpected_header_field ... ok
[INFO] [stdout] test client::lsp::msg::tests::header_parse_should_support_optional_content_type ... ok
[INFO] [stdout] test client::lsp::msg::tests::msg_display_should_output_header_and_content ... ok
[INFO] [stdout] test client::lsp::msg::tests::content_display_should_output_content_as_json ... ok
[INFO] [stdout] test client::lsp::msg::tests::content_convert_local_scheme_to_distant_should_convert_keys_and_values ... ok
[INFO] [stdout] test client::lsp::msg::tests::header_display_should_output_header_fields_with_appropriate_line_terminations ... ok
[INFO] [stdout] test client::lsp::msg::tests::header_parse_should_succeed_if_given_valid_content_length ... ok
[INFO] [stdout] test client::lsp::msg::tests::msg_from_buf_reader_should_fail_if_reach_eof_before_received_full_msg ... ok
[INFO] [stdout] test client::lsp::msg::tests::msg_from_buf_reader_should_fail_if_bad_content_provided ... ok
[INFO] [stdout] test client::lsp::msg::tests::msg_from_buf_reader_should_fail_if_non_utf8_msg_encountered_for_content ... ok
[INFO] [stdout] test client::lsp::msg::tests::msg_from_buf_reader_should_fail_if_missing_proper_line_termination_for_header_field ... ok
[INFO] [stdout] test client::lsp::msg::tests::msg_from_buf_reader_should_fail_if_bad_header_provided ... ok
[INFO] [stdout] test client::lsp::msg::tests::msg_from_buf_reader_should_be_successful_if_valid_msg_received ... ok
[INFO] [stdout] test client::lsp::tests::stderr_read_should_support_yielding_multiple_lsp_messages_if_all_received_at_once ... ok
[INFO] [stdout] test client::lsp::tests::stdin_write_should_only_consume_a_complete_lsp_message_even_if_more_is_written ... ok
[INFO] [stdout] test client::lsp::tests::stdin_write_should_only_send_out_complete_lsp_messages ... ok
[INFO] [stdout] test client::lsp::tests::stderr_read_should_yield_lsp_messages_as_strings ... ok
[INFO] [stdout] test client::lsp::tests::stdin_write_should_convert_content_with_distant_scheme_to_file_scheme ... ok
[INFO] [stdout] test client::lsp::tests::stderr_read_should_convert_content_with_file_scheme_to_distant_scheme ... ok
[INFO] [stdout] test client::lsp::tests::stdout_read_should_convert_content_with_file_scheme_to_distant_scheme ... ok
[INFO] [stdout] test client::lsp::tests::stdin_write_should_support_sending_out_multiple_lsp_messages_if_all_received_at_once ... ok
[INFO] [stdout] test client::lsp::tests::stdout_read_should_support_yielding_multiple_lsp_messages_if_all_received_at_once ... ok
[INFO] [stdout] test client::process::tests::kill_should_send_proc_kill_request_and_then_cause_stdin_forwarding_to_close ... ok
[INFO] [stdout] test client::lsp::tests::stdout_read_should_yield_lsp_messages_as_strings ... ok
[INFO] [stdout] test client::lsp::tests::stderr_read_should_only_yield_complete_lsp_messages ... ok
[INFO] [stdout] test client::lsp::tests::stderr_read_should_only_consume_a_complete_lsp_message_even_if_more_errput_is_available ... ok
[INFO] [stdout] test client::lsp::tests::stdin_write_should_support_buffering_output_until_a_complete_lsp_message_is_composed ... ok
[INFO] [stdout] test client::lsp::tests::stdout_read_should_only_consume_a_complete_lsp_message_even_if_more_output_is_available ... ok
[INFO] [stdout] test client::lsp::tests::stdout_read_should_only_yield_complete_lsp_messages ... ok
[INFO] [stdout] test client::process::tests::spawn_should_return_invalid_data_if_received_batch_response ... ok
[INFO] [stdout] test client::process::tests::spawn_should_return_invalid_data_if_did_not_get_a_indicator_that_process_started ... ok
[INFO] [stdout] test client::process::tests::receiving_done_response_should_result_in_output_returning_exit_information ... ok
[INFO] [stdout] test client::process::tests::receiving_done_response_should_result_in_wait_returning_exit_information ... ok
[INFO] [stdout] test client::process::tests::stderr_should_be_forwarded_to_receiver_field ... ok
[INFO] [stdout] test client::process::tests::status_should_return_none_if_not_done ... ok
[INFO] [stdout] test client::process::tests::stdin_should_be_forwarded_from_receiver_field ... ok
[INFO] [stdout] test client::process::tests::wait_should_return_error_if_connection_terminates_before_receiving_done_response ... ok
[INFO] [stdout] test client::process::tests::stdout_should_be_forwarded_to_receiver_field ... ok
[INFO] [stdout] test client::searcher::tests::searcher_should_have_query_reflect_ongoing_query ... ok
[INFO] [stdout] test client::searcher::tests::searcher_should_support_getting_next_match ... ok
[INFO] [stdout] test client::searcher::tests::searcher_should_distinguish_match_events_and_only_receive_matches_for_itself ... ok
[INFO] [stdout] test client::watcher::tests::watcher_should_have_path_reflect_watched_path ... ok
[INFO] [stdout] test client::watcher::tests::watcher_should_distinguish_change_events_and_only_receive_changes_for_itself ... ok
[INFO] [stdout] test credentials::tests::display_should_not_wrap_ipv4_address ... ok
[INFO] [stdout] test credentials::tests::display_should_wrap_ipv6_address_in_square_brackets ... ok
[INFO] [stdout] test client::watcher::tests::watcher_should_support_getting_next_change ... ok
[INFO] [stdout] test credentials::tests::find_should_return_first_match_found_in_str ... ok
[INFO] [stdout] test credentials::tests::find_should_return_none_if_no_match_found ... ok
[INFO] [stdout] test credentials::tests::find_should_return_some_key_if_string_is_exact_match ... ok
[INFO] [stdout] test credentials::tests::find_should_return_some_key_if_there_is_a_match_with_only_control_characters_on_either_side ... ok
[INFO] [stdout] test credentials::tests::find_should_return_first_valid_match_found_in_str ... ok
[INFO] [stdout] test credentials::tests::find_should_return_some_key_if_there_is_a_match_with_only_whitespace_on_either_side ... ok
[INFO] [stdout] test credentials::tests::find_with_strict_false_should_ignore_any_character_preceding_scheme ... ok
[INFO] [stdout] test credentials::tests::find_with_strict_true_should_not_find_if_non_whitespace_and_control_preceding_scheme ... ok
[INFO] [stdout] test client::searcher::tests::searcher_should_stop_receiving_events_if_cancelled ... ok
[INFO] [stdout] test client::watcher::tests::watcher_should_stop_receiving_events_if_unwatched ... ok
[INFO] [stdout] test client::process::tests::status_should_return_process_status_when_done ... ok
[INFO] [stdout] test client::process::tests::wait_should_return_error_if_internal_tasks_fail ... ok
[INFO] [stdout] test client::process::tests::kill_should_return_error_if_internal_tasks_already_completed ... ok
[INFO] [stdout] test client::process::tests::status_should_return_false_for_success_if_internal_tasks_fail ... ok
[INFO] [stdout] 
[INFO] [stdout] test result: ok. 67 passed; 0 failed; 0 ignored; 0 measured; 0 filtered out; finished in 0.33s
[INFO] [stdout] 
[INFO] [stderr]      Running tests/api_tests.rs (/opt/rustwide/target/debug/deps/api_tests-dd8e4288c3e5c043)
[INFO] [stdout] 
[INFO] [stdout] running 6 tests
[INFO] [stdout] test single::should_support_single_request_returning_success ... ok
[INFO] [stdout] test batch_sequence::should_interrupt_any_requests_following_a_failure ... ok
[INFO] [stdout] test batch_parallel::should_run_all_requests_even_if_some_fail ... ok
[INFO] [stdout] test single::should_support_single_request_returning_error ... ok
[INFO] [stdout] test batch_parallel::should_support_multiple_requests_running_in_parallel ... ok
[INFO] [stdout] test batch_sequence::should_support_multiple_requests_running_in_sequence ... FAILED
[INFO] [stdout] 
[INFO] [stdout] failures:
[INFO] [stdout] 
[INFO] [stdout] ---- batch_sequence::should_support_multiple_requests_running_in_sequence stdout ----
[INFO] [stdout] [2024-01-05T03:31:04Z ERROR distant_net::server] Server no longer accepting connections: Oneshot listener has concluded
[INFO] [stdout] thread 'batch_sequence::should_support_multiple_requests_running_in_sequence' panicked at tests/api_tests.rs:262:9:
[INFO] [stdout] Parallel ordering detected
[INFO] [stdout] stack backtrace:
[INFO] [stdout]    0:     0x56535e5701cc - std::backtrace_rs::backtrace::libunwind::trace::ha637c64ce894333a
[INFO] [stdout]                                at /rustc/82e1608dfa6e0b5569232559e3d385fea5a93112/library/std/src/../../backtrace/src/backtrace/libunwind.rs:104:5
[INFO] [stdout]    1:     0x56535e5701cc - std::backtrace_rs::backtrace::trace_unsynchronized::h47f62dea28e0c88d
[INFO] [stdout]                                at /rustc/82e1608dfa6e0b5569232559e3d385fea5a93112/library/std/src/../../backtrace/src/backtrace/mod.rs:66:5
[INFO] [stdout]    2:     0x56535e5701cc - std::sys_common::backtrace::_print_fmt::h9eef0abe20ede486
[INFO] [stdout]                                at /rustc/82e1608dfa6e0b5569232559e3d385fea5a93112/library/std/src/sys_common/backtrace.rs:67:5
[INFO] [stdout]    3:     0x56535e5701cc - <std::sys_common::backtrace::_print::DisplayBacktrace as core::fmt::Display>::fmt::hed7f999df88cc644
[INFO] [stdout]                                at /rustc/82e1608dfa6e0b5569232559e3d385fea5a93112/library/std/src/sys_common/backtrace.rs:44:22
[INFO] [stdout]    4:     0x56535e59af30 - core::fmt::rt::Argument::fmt::h1539a9308b8d058d
[INFO] [stdout]                                at /rustc/82e1608dfa6e0b5569232559e3d385fea5a93112/library/core/src/fmt/rt.rs:142:9
[INFO] [stdout]    5:     0x56535e59af30 - core::fmt::write::h3a39390d8560d9c9
[INFO] [stdout]                                at /rustc/82e1608dfa6e0b5569232559e3d385fea5a93112/library/core/src/fmt/mod.rs:1120:17
[INFO] [stdout]    6:     0x56535e56d8cf - std::io::Write::write_fmt::h040b369f3a0f9cbc
[INFO] [stdout]                                at /rustc/82e1608dfa6e0b5569232559e3d385fea5a93112/library/std/src/io/mod.rs:1762:15
[INFO] [stdout]    7:     0x56535e56ffb4 - std::sys_common::backtrace::_print::h894006fb5c6f3d45
[INFO] [stdout]                                at /rustc/82e1608dfa6e0b5569232559e3d385fea5a93112/library/std/src/sys_common/backtrace.rs:47:5
[INFO] [stdout]    8:     0x56535e56ffb4 - std::sys_common::backtrace::print::h23a2d212c6fff936
[INFO] [stdout]                                at /rustc/82e1608dfa6e0b5569232559e3d385fea5a93112/library/std/src/sys_common/backtrace.rs:34:9
[INFO] [stdout]    9:     0x56535e571c77 - std::panicking::default_hook::{{closure}}::h8a1d2ee00185001a
[INFO] [stdout]   10:     0x56535e571963 - std::panicking::default_hook::h6038f2eba384e475
[INFO] [stdout]                                at /rustc/82e1608dfa6e0b5569232559e3d385fea5a93112/library/std/src/panicking.rs:289:9
[INFO] [stdout]   11:     0x56535de98fe7 - <alloc::boxed::Box<F,A> as core::ops::function::Fn<Args>>::call::h0ad024c9bdc6d768
[INFO] [stdout]                                at /rustc/82e1608dfa6e0b5569232559e3d385fea5a93112/library/alloc/src/boxed.rs:2021:9
[INFO] [stdout]   12:     0x56535de98fe7 - test::test_main::{{closure}}::h7500b54257359db6
[INFO] [stdout]                                at /rustc/82e1608dfa6e0b5569232559e3d385fea5a93112/library/test/src/lib.rs:138:21
[INFO] [stdout]   13:     0x56535e572288 - <alloc::boxed::Box<F,A> as core::ops::function::Fn<Args>>::call::h1f8f335eaa9cfaee
[INFO] [stdout]                                at /rustc/82e1608dfa6e0b5569232559e3d385fea5a93112/library/alloc/src/boxed.rs:2021:9
[INFO] [stdout]   14:     0x56535e572288 - std::panicking::rust_panic_with_hook::h2b5517d590cab22e
[INFO] [stdout]                                at /rustc/82e1608dfa6e0b5569232559e3d385fea5a93112/library/std/src/panicking.rs:783:13
[INFO] [stdout]   15:     0x56535e571fa9 - std::panicking::begin_panic_handler::{{closure}}::h233112c06e0ef43e
[INFO] [stdout]                                at /rustc/82e1608dfa6e0b5569232559e3d385fea5a93112/library/std/src/panicking.rs:649:13
[INFO] [stdout]   16:     0x56535e570696 - std::sys_common::backtrace::__rust_end_short_backtrace::h6e893f24d7ebbff8
[INFO] [stdout]                                at /rustc/82e1608dfa6e0b5569232559e3d385fea5a93112/library/std/src/sys_common/backtrace.rs:170:18
[INFO] [stdout]   17:     0x56535e571d42 - rust_begin_unwind
[INFO] [stdout]                                at /rustc/82e1608dfa6e0b5569232559e3d385fea5a93112/library/std/src/panicking.rs:645:5
[INFO] [stdout]   18:     0x56535da42335 - core::panicking::panic_fmt::hbf0e066aabfa482c
[INFO] [stdout]                                at /rustc/82e1608dfa6e0b5569232559e3d385fea5a93112/library/core/src/panicking.rs:72:14
[INFO] [stdout]   19:     0x56535dc35c41 - api_tests::batch_sequence::should_support_multiple_requests_running_in_sequence::{{closure}}::h33f897fd703d5fe2
[INFO] [stdout]                                at /opt/rustwide/workdir/tests/api_tests.rs:262:9
[INFO] [stdout]   20:     0x56535de4aa58 - <core::pin::Pin<P> as core::future::future::Future>::poll::h00f8b0190efd9e38
[INFO] [stdout]                                at /rustc/82e1608dfa6e0b5569232559e3d385fea5a93112/library/core/src/future/future.rs:125:9
[INFO] [stdout]   21:     0x56535de4ab7b - <core::pin::Pin<P> as core::future::future::Future>::poll::h1414d1c99519452a
[INFO] [stdout]                                at /rustc/82e1608dfa6e0b5569232559e3d385fea5a93112/library/core/src/future/future.rs:125:9
[INFO] [stdout]   22:     0x56535dcff914 - tokio::runtime::scheduler::current_thread::CoreGuard::block_on::{{closure}}::{{closure}}::{{closure}}::hc81f8c58e77db44f
[INFO] [stdout]                                at /opt/rustwide/cargo-home/registry/src/index.crates.io-6f17d22bba15001f/tokio-1.35.1/src/runtime/scheduler/current_thread/mod.rs:665:57
[INFO] [stdout]   23:     0x56535dcff84a - tokio::runtime::coop::with_budget::h57317ce93d548f8f
[INFO] [stdout]                                at /opt/rustwide/cargo-home/registry/src/index.crates.io-6f17d22bba15001f/tokio-1.35.1/src/runtime/coop.rs:107:5
[INFO] [stdout]   24:     0x56535dcff84a - tokio::runtime::coop::budget::h01533e93e0bfdce6
[INFO] [stdout]                                at /opt/rustwide/cargo-home/registry/src/index.crates.io-6f17d22bba15001f/tokio-1.35.1/src/runtime/coop.rs:73:5
[INFO] [stdout]   25:     0x56535dcff84a - tokio::runtime::scheduler::current_thread::CoreGuard::block_on::{{closure}}::{{closure}}::h747ae727f5cdfd98
[INFO] [stdout]                                at /opt/rustwide/cargo-home/registry/src/index.crates.io-6f17d22bba15001f/tokio-1.35.1/src/runtime/scheduler/current_thread/mod.rs:665:25
[INFO] [stdout]   26:     0x56535dcfe4cc - tokio::runtime::scheduler::current_thread::Context::enter::hc1098d2f0c0fb515
[INFO] [stdout]                                at /opt/rustwide/cargo-home/registry/src/index.crates.io-6f17d22bba15001f/tokio-1.35.1/src/runtime/scheduler/current_thread/mod.rs:410:19
[INFO] [stdout]   27:     0x56535dcff03e - tokio::runtime::scheduler::current_thread::CoreGuard::block_on::{{closure}}::h10a9d4f2e79f51fe
[INFO] [stdout]                                at /opt/rustwide/cargo-home/registry/src/index.crates.io-6f17d22bba15001f/tokio-1.35.1/src/runtime/scheduler/current_thread/mod.rs:664:36
[INFO] [stdout]   28:     0x56535dcfed4b - tokio::runtime::scheduler::current_thread::CoreGuard::enter::{{closure}}::hb8415ee4407ca344
[INFO] [stdout]                                at /opt/rustwide/cargo-home/registry/src/index.crates.io-6f17d22bba15001f/tokio-1.35.1/src/runtime/scheduler/current_thread/mod.rs:743:68
[INFO] [stdout]   29:     0x56535dc6df3b - tokio::runtime::context::scoped::Scoped<T>::set::hf7520a871edd7110
[INFO] [stdout]                                at /opt/rustwide/cargo-home/registry/src/index.crates.io-6f17d22bba15001f/tokio-1.35.1/src/runtime/context/scoped.rs:40:9
[INFO] [stdout]   30:     0x56535dc6dc29 - tokio::runtime::context::set_scheduler::{{closure}}::h40c069fd8574fd2f
[INFO] [stdout]                                at /opt/rustwide/cargo-home/registry/src/index.crates.io-6f17d22bba15001f/tokio-1.35.1/src/runtime/context.rs:176:26
[INFO] [stdout]   31:     0x56535dd9ff06 - std::thread::local::LocalKey<T>::try_with::h8ac0682ad1947101
[INFO] [stdout]                                at /rustc/82e1608dfa6e0b5569232559e3d385fea5a93112/library/std/src/thread/local.rs:270:16
[INFO] [stdout]   32:     0x56535dd9c0ca - std::thread::local::LocalKey<T>::with::hd2d25fb90e679f13
[INFO] [stdout]                                at /rustc/82e1608dfa6e0b5569232559e3d385fea5a93112/library/std/src/thread/local.rs:246:9
[INFO] [stdout]   33:     0x56535dc6dbdd - tokio::runtime::context::set_scheduler::h3601f6efb7de536c
[INFO] [stdout]                                at /opt/rustwide/cargo-home/registry/src/index.crates.io-6f17d22bba15001f/tokio-1.35.1/src/runtime/context.rs:176:9
[INFO] [stdout]   34:     0x56535dcfeae0 - tokio::runtime::scheduler::current_thread::CoreGuard::enter::h141d68b2aeac90e3
[INFO] [stdout]                                at /opt/rustwide/cargo-home/registry/src/index.crates.io-6f17d22bba15001f/tokio-1.35.1/src/runtime/scheduler/current_thread/mod.rs:743:27
[INFO] [stdout]   35:     0x56535dcfed7d - tokio::runtime::scheduler::current_thread::CoreGuard::block_on::h13e9c4be08c26b4e
[INFO] [stdout]                                at /opt/rustwide/cargo-home/registry/src/index.crates.io-6f17d22bba15001f/tokio-1.35.1/src/runtime/scheduler/current_thread/mod.rs:652:19
[INFO] [stdout]   36:     0x56535dcf5d3d - tokio::runtime::scheduler::current_thread::CurrentThread::block_on::{{closure}}::he4d4bb2df3b4e931
[INFO] [stdout]                                at /opt/rustwide/cargo-home/registry/src/index.crates.io-6f17d22bba15001f/tokio-1.35.1/src/runtime/scheduler/current_thread/mod.rs:175:28
[INFO] [stdout]   37:     0x56535dceeffa - tokio::runtime::context::runtime::enter_runtime::h5014d8e58f8feb29
[INFO] [stdout]                                at /opt/rustwide/cargo-home/registry/src/index.crates.io-6f17d22bba15001f/tokio-1.35.1/src/runtime/context/runtime.rs:65:16
[INFO] [stdout]   38:     0x56535dcf5c50 - tokio::runtime::scheduler::current_thread::CurrentThread::block_on::hda7a7b4891073efa
[INFO] [stdout]                                at /opt/rustwide/cargo-home/registry/src/index.crates.io-6f17d22bba15001f/tokio-1.35.1/src/runtime/scheduler/current_thread/mod.rs:167:9
[INFO] [stdout]   39:     0x56535dded72d - tokio::runtime::runtime::Runtime::block_on::h912a76f857377c51
[INFO] [stdout]                                at /opt/rustwide/cargo-home/registry/src/index.crates.io-6f17d22bba15001f/tokio-1.35.1/src/runtime/runtime.rs:348:47
[INFO] [stdout]   40:     0x56535dc35174 - api_tests::batch_sequence::should_support_multiple_requests_running_in_sequence::h510a81f53d68be9d
[INFO] [stdout]                                at /opt/rustwide/workdir/tests/api_tests.rs:211:69
[INFO] [stdout]   41:     0x56535dc34ff7 - api_tests::batch_sequence::should_support_multiple_requests_running_in_sequence::{{closure}}::h9b0f6b18f8cd63a5
[INFO] [stdout]                                at /opt/rustwide/workdir/tests/api_tests.rs:211:68
[INFO] [stdout]   42:     0x56535daf7136 - core::ops::function::FnOnce::call_once::h5edd3af9eeda159c
[INFO] [stdout]                                at /rustc/82e1608dfa6e0b5569232559e3d385fea5a93112/library/core/src/ops/function.rs:250:5
[INFO] [stdout]   43:     0x56535de9e63f - core::ops::function::FnOnce::call_once::h2b5d431d5046312d
[INFO] [stdout]                                at /rustc/82e1608dfa6e0b5569232559e3d385fea5a93112/library/core/src/ops/function.rs:250:5
[INFO] [stdout]   44:     0x56535de9e63f - test::__rust_begin_short_backtrace::h7714669af176e207
[INFO] [stdout]                                at /rustc/82e1608dfa6e0b5569232559e3d385fea5a93112/library/test/src/lib.rs:628:18
[INFO] [stdout]   45:     0x56535de9d655 - test::run_test_in_process::{{closure}}::h85218797dcbcec12
[INFO] [stdout]                                at /rustc/82e1608dfa6e0b5569232559e3d385fea5a93112/library/test/src/lib.rs:651:60
[INFO] [stdout]   46:     0x56535de9d655 - <core::panic::unwind_safe::AssertUnwindSafe<F> as core::ops::function::FnOnce<()>>::call_once::h76c106ea31c14d7b
[INFO] [stdout]                                at /rustc/82e1608dfa6e0b5569232559e3d385fea5a93112/library/core/src/panic/unwind_safe.rs:272:9
[INFO] [stdout]   47:     0x56535de9d655 - std::panicking::try::do_call::h3bd5d0f6620ee946
[INFO] [stdout]                                at /rustc/82e1608dfa6e0b5569232559e3d385fea5a93112/library/std/src/panicking.rs:552:40
[INFO] [stdout]   48:     0x56535de9d655 - std::panicking::try::h232e535e4744fe31
[INFO] [stdout]                                at /rustc/82e1608dfa6e0b5569232559e3d385fea5a93112/library/std/src/panicking.rs:516:19
[INFO] [stdout]   49:     0x56535de9d655 - std::panic::catch_unwind::h3ce3bd6ca8dbac68
[INFO] [stdout]                                at /rustc/82e1608dfa6e0b5569232559e3d385fea5a93112/library/std/src/panic.rs:142:14
[INFO] [stdout]   50:     0x56535de9d655 - test::run_test_in_process::hc97b257c9621286a
[INFO] [stdout]                                at /rustc/82e1608dfa6e0b5569232559e3d385fea5a93112/library/test/src/lib.rs:651:27
[INFO] [stdout]   51:     0x56535de9d655 - test::run_test::{{closure}}::h2aa798823a438d38
[INFO] [stdout]                                at /rustc/82e1608dfa6e0b5569232559e3d385fea5a93112/library/test/src/lib.rs:574:43
[INFO] [stdout]   52:     0x56535de65916 - test::run_test::{{closure}}::h87d231c78fb59832
[INFO] [stdout]                                at /rustc/82e1608dfa6e0b5569232559e3d385fea5a93112/library/test/src/lib.rs:602:41
[INFO] [stdout]   53:     0x56535de65916 - std::sys_common::backtrace::__rust_begin_short_backtrace::he6df152596625789
[INFO] [stdout]                                at /rustc/82e1608dfa6e0b5569232559e3d385fea5a93112/library/std/src/sys_common/backtrace.rs:154:18
[INFO] [stdout]   54:     0x56535de6a9c7 - std::thread::Builder::spawn_unchecked_::{{closure}}::{{closure}}::ha94be15d1e0acf36
[INFO] [stdout]                                at /rustc/82e1608dfa6e0b5569232559e3d385fea5a93112/library/std/src/thread/mod.rs:529:17
[INFO] [stdout]   55:     0x56535de6a9c7 - <core::panic::unwind_safe::AssertUnwindSafe<F> as core::ops::function::FnOnce<()>>::call_once::h9dc6bd6372f16606
[INFO] [stdout]                                at /rustc/82e1608dfa6e0b5569232559e3d385fea5a93112/library/core/src/panic/unwind_safe.rs:272:9
[INFO] [stdout]   56:     0x56535de6a9c7 - std::panicking::try::do_call::h9057517f80303cd4
[INFO] [stdout]                                at /rustc/82e1608dfa6e0b5569232559e3d385fea5a93112/library/std/src/panicking.rs:552:40
[INFO] [stdout]   57:     0x56535de6a9c7 - std::panicking::try::he3a30b11ee45340c
[INFO] [stdout]                                at /rustc/82e1608dfa6e0b5569232559e3d385fea5a93112/library/std/src/panicking.rs:516:19
[INFO] [stdout]   58:     0x56535de6a9c7 - std::panic::catch_unwind::h410458cfd3528b8b
[INFO] [stdout]                                at /rustc/82e1608dfa6e0b5569232559e3d385fea5a93112/library/std/src/panic.rs:142:14
[INFO] [stdout]   59:     0x56535de6a9c7 - std::thread::Builder::spawn_unchecked_::{{closure}}::h72ac3bdb567b737b
[INFO] [stdout]                                at /rustc/82e1608dfa6e0b5569232559e3d385fea5a93112/library/std/src/thread/mod.rs:528:30
[INFO] [stdout]   60:     0x56535de6a9c7 - core::ops::function::FnOnce::call_once{{vtable.shim}}::h38f34da3654a8344
[INFO] [stdout]                                at /rustc/82e1608dfa6e0b5569232559e3d385fea5a93112/library/core/src/ops/function.rs:250:5
[INFO] [stdout]   61:     0x56535e576e95 - <alloc::boxed::Box<F,A> as core::ops::function::FnOnce<Args>>::call_once::hc7eafaff61e32df9
[INFO] [stdout]                                at /rustc/82e1608dfa6e0b5569232559e3d385fea5a93112/library/alloc/src/boxed.rs:2007:9
[INFO] [stdout]   62:     0x56535e576e95 - <alloc::boxed::Box<F,A> as core::ops::function::FnOnce<Args>>::call_once::h6ba4a5de48dd2304
[INFO] [stdout]                                at /rustc/82e1608dfa6e0b5569232559e3d385fea5a93112/library/alloc/src/boxed.rs:2007:9
[INFO] [stdout]   63:     0x56535e576e95 - std::sys::unix::thread::Thread::new::thread_start::he469335aef763e45
[INFO] [stdout]                                at /rustc/82e1608dfa6e0b5569232559e3d385fea5a93112/library/std/src/sys/unix/thread.rs:108:17
[INFO] [stdout]   64:     0x7f42694f5ac3 - <unknown>
[INFO] [stdout]   65:     0x7f4269586bf4 - __clone
[INFO] [stdout]   66:                0x0 - <unknown>
[INFO] [stdout] 
[INFO] [stdout] 
[INFO] [stdout] failures:
[INFO] [stdout]     batch_sequence::should_support_multiple_requests_running_in_sequence
[INFO] [stdout] 
[INFO] [stdout] test result: FAILED. 5 passed; 1 failed; 0 ignored; 0 measured; 0 filtered out; finished in 0.68s
[INFO] [stdout] 
[INFO] [stderr] error: test failed, to rerun pass `--test api_tests`
[INFO] running `Command { std: "docker" "inspect" "1de503f4f30b456cfe425514268e05b55348057ea61b73e39e2059e6de9eb1f7", kill_on_drop: false }`
[INFO] running `Command { std: "docker" "rm" "-f" "1de503f4f30b456cfe425514268e05b55348057ea61b73e39e2059e6de9eb1f7", kill_on_drop: false }`
[INFO] [stdout] 1de503f4f30b456cfe425514268e05b55348057ea61b73e39e2059e6de9eb1f7
[INFO] testing distant-core-0.20.0 against beta-2023-12-22 for beta-1.76-1
[INFO] extracting crate distant-core 0.20.0 into /workspace/builds/worker-0-tc2/source
[INFO] validating manifest of crates.io crate distant-core 0.20.0 on toolchain beta-2023-12-22
[INFO] running `Command { std: CARGO_HOME="/workspace/cargo-home" RUSTUP_HOME="/workspace/rustup-home" "/workspace/cargo-home/bin/cargo" "+beta-2023-12-22" "metadata" "--manifest-path" "Cargo.toml" "--no-deps", kill_on_drop: false }`
[INFO] started tweaking crates.io crate distant-core 0.20.0
[INFO] finished tweaking crates.io crate distant-core 0.20.0
[INFO] tweaked toml for crates.io crate distant-core 0.20.0 written to /workspace/builds/worker-0-tc2/source/Cargo.toml
[INFO] running `Command { std: CARGO_HOME="/workspace/cargo-home" RUSTUP_HOME="/workspace/rustup-home" "/workspace/cargo-home/bin/cargo" "+beta-2023-12-22" "generate-lockfile" "--manifest-path" "Cargo.toml", kill_on_drop: false }`
[INFO] [stderr]     Updating crates.io index
[INFO] running `Command { std: CARGO_HOME="/workspace/cargo-home" RUSTUP_HOME="/workspace/rustup-home" "/workspace/cargo-home/bin/cargo" "+beta-2023-12-22" "fetch" "--manifest-path" "Cargo.toml", kill_on_drop: false }`
[INFO] running `Command { std: "docker" "create" "-v" "/var/lib/crater-agent-workspace/builds/worker-0-tc2/target:/opt/rustwide/target:rw,Z" "-v" "/var/lib/crater-agent-workspace/builds/worker-0-tc2/source:/opt/rustwide/workdir:ro,Z" "-v" "/var/lib/crater-agent-workspace/cargo-home:/opt/rustwide/cargo-home:ro,Z" "-v" "/var/lib/crater-agent-workspace/rustup-home:/opt/rustwide/rustup-home:ro,Z" "-e" "SOURCE_DIR=/opt/rustwide/workdir" "-e" "CARGO_TARGET_DIR=/opt/rustwide/target" "-e" "CARGO_HOME=/opt/rustwide/cargo-home" "-e" "RUSTUP_HOME=/opt/rustwide/rustup-home" "-w" "/opt/rustwide/workdir" "-m" "1610612736" "--user" "0:0" "--network" "none" "ghcr.io/rust-lang/crates-build-env/linux@sha256:2788e3201cd34a07e3172128adcd8b3090168a8e3bcc40d7c032b9dda1df7d1c" "/opt/rustwide/cargo-home/bin/cargo" "+beta-2023-12-22" "metadata" "--no-deps" "--format-version=1", kill_on_drop: false }`
[INFO] [stdout] 8a9cd802f408b3d923ab1e0d054eaab316ac745a04d72e51b63a948b117abf08
[INFO] running `Command { std: "docker" "start" "-a" "8a9cd802f408b3d923ab1e0d054eaab316ac745a04d72e51b63a948b117abf08", kill_on_drop: false }`
[INFO] running `Command { std: "docker" "inspect" "8a9cd802f408b3d923ab1e0d054eaab316ac745a04d72e51b63a948b117abf08", kill_on_drop: false }`
[INFO] running `Command { std: "docker" "rm" "-f" "8a9cd802f408b3d923ab1e0d054eaab316ac745a04d72e51b63a948b117abf08", kill_on_drop: false }`
[INFO] [stdout] 8a9cd802f408b3d923ab1e0d054eaab316ac745a04d72e51b63a948b117abf08
[INFO] running `Command { std: "docker" "create" "-v" "/var/lib/crater-agent-workspace/builds/worker-0-tc2/target:/opt/rustwide/target:rw,Z" "-v" "/var/lib/crater-agent-workspace/builds/worker-0-tc2/source:/opt/rustwide/workdir:ro,Z" "-v" "/var/lib/crater-agent-workspace/cargo-home:/opt/rustwide/cargo-home:ro,Z" "-v" "/var/lib/crater-agent-workspace/rustup-home:/opt/rustwide/rustup-home:ro,Z" "-e" "SOURCE_DIR=/opt/rustwide/workdir" "-e" "CARGO_TARGET_DIR=/opt/rustwide/target" "-e" "CARGO_INCREMENTAL=0" "-e" "RUST_BACKTRACE=full" "-e" "RUSTFLAGS=--cap-lints=warn" "-e" "RUSTDOCFLAGS=--cap-lints=warn" "-e" "CARGO_HOME=/opt/rustwide/cargo-home" "-e" "RUSTUP_HOME=/opt/rustwide/rustup-home" "-w" "/opt/rustwide/workdir" "-m" "1610612736" "--user" "0:0" "--network" "none" "ghcr.io/rust-lang/crates-build-env/linux@sha256:2788e3201cd34a07e3172128adcd8b3090168a8e3bcc40d7c032b9dda1df7d1c" "/opt/rustwide/cargo-home/bin/cargo" "+beta-2023-12-22" "build" "--frozen" "--message-format=json", kill_on_drop: false }`
[INFO] [stdout] 742b45ff9ceeff4dc7535d7a8818c15f5f904f244a067264e0a3516ca8ae99ef
[INFO] running `Command { std: "docker" "start" "-a" "742b45ff9ceeff4dc7535d7a8818c15f5f904f244a067264e0a3516ca8ae99ef", kill_on_drop: false }`
[INFO] [stderr]    Compiling libc v0.2.151
[INFO] [stderr]    Compiling zeroize v1.7.0
[INFO] [stderr]    Compiling typenum v1.17.0
[INFO] [stderr]    Compiling version_check v0.9.4
[INFO] [stderr]    Compiling subtle v2.5.0
[INFO] [stderr]    Compiling proc-macro2 v1.0.75
[INFO] [stderr]    Compiling const-oid v0.9.6
[INFO] [stderr]    Compiling base64ct v1.6.0
[INFO] [stderr]    Compiling serde v1.0.194
[INFO] [stderr]    Compiling rustversion v1.0.14
[INFO] [stderr]    Compiling cpufeatures v0.2.12
[INFO] [stderr]    Compiling base16ct v0.2.0
[INFO] [stderr]    Compiling pem-rfc7468 v0.7.0
[INFO] [stderr]    Compiling generic-array v0.14.7
[INFO] [stderr]    Compiling num-traits v0.2.17
[INFO] [stderr]    Compiling quote v1.0.35
[INFO] [stderr]    Compiling slab v0.4.9
[INFO] [stderr]    Compiling syn v2.0.48
[INFO] [stderr]    Compiling der v0.7.8
[INFO] [stderr]    Compiling syn v1.0.109
[INFO] [stderr]    Compiling lock_api v0.4.11
[INFO] [stderr]    Compiling parking_lot_core v0.9.9
[INFO] [stderr]    Compiling pin-project-lite v0.2.13
[INFO] [stderr]    Compiling paste v1.0.14
[INFO] [stderr]    Compiling getrandom v0.2.11
[INFO] [stderr]    Compiling futures-core v0.3.30
[INFO] [stderr]    Compiling rand_core v0.6.4
[INFO] [stderr]    Compiling async-trait v0.1.77
[INFO] [stderr]    Compiling convert_case v0.4.0
[INFO] [stderr]    Compiling ff v0.13.0
[INFO] [stderr]    Compiling crc32fast v1.3.2
[INFO] [stderr]    Compiling spki v0.7.3
[INFO] [stderr]    Compiling group v0.13.0
[INFO] [stderr]    Compiling pkcs8 v0.10.2
[INFO] [stderr]    Compiling heck v0.4.1
[INFO] [stderr]    Compiling smallvec v1.11.2
[INFO] [stderr]    Compiling futures-sink v0.3.30
[INFO] [stderr]    Compiling semver v1.0.21
[INFO] [stderr]    Compiling futures-channel v0.3.30
[INFO] [stderr]    Compiling crypto-common v0.1.6
[INFO] [stderr]    Compiling block-buffer v0.10.4
[INFO] [stderr]    Compiling sec1 v0.7.3
[INFO] [stderr]    Compiling crypto-bigint v0.5.5
[INFO] [stderr]    Compiling inout v0.1.3
[INFO] [stderr]    Compiling digest v0.10.7
[INFO] [stderr]    Compiling cipher v0.4.4
[INFO] [stderr]    Compiling universal-hash v0.5.1
[INFO] [stderr]    Compiling hmac v0.12.1
[INFO] [stderr]    Compiling signature v2.2.0
[INFO] [stderr]    Compiling hkdf v0.12.4
[INFO] [stderr]    Compiling rfc6979 v0.4.0
[INFO] [stderr]    Compiling byteorder v1.5.0
[INFO] [stderr]    Compiling futures-io v0.3.30
[INFO] [stderr]    Compiling ppv-lite86 v0.2.17
[INFO] [stderr]    Compiling serde_json v1.0.111
[INFO] [stderr]    Compiling futures-task v0.3.30
[INFO] [stderr]    Compiling poly1305 v0.8.0
[INFO] [stderr]    Compiling miniz_oxide v0.7.1
[INFO] [stderr]    Compiling parking_lot v0.12.1
[INFO] [stderr]    Compiling rand_chacha v0.3.1
[INFO] [stderr]    Compiling strum_macros v0.24.3
[INFO] [stderr]    Compiling derive_more v0.99.17
[INFO] [stderr]    Compiling rmp v0.8.12
[INFO] [stderr]    Compiling sha2 v0.10.8
[INFO] [stderr]    Compiling elliptic-curve v0.13.8
[INFO] [stderr]    Compiling chacha20 v0.9.1
[INFO] [stderr]    Compiling aead v0.5.2
[INFO] [stderr]    Compiling mio v0.8.10
[INFO] [stderr]    Compiling num_cpus v1.16.0
[INFO] [stderr]    Compiling primeorder v0.13.6
[INFO] [stderr]    Compiling ecdsa v0.16.9
[INFO] [stderr]    Compiling signal-hook-registry v1.4.1
[INFO] [stderr]    Compiling socket2 v0.5.5
[INFO] [stderr]    Compiling bytes v1.5.0
[INFO] [stderr]    Compiling ryu v1.0.16
[INFO] [stderr]    Compiling const-str v0.5.6
[INFO] [stderr]    Compiling itoa v1.0.10
[INFO] [stderr]    Compiling p256 v0.13.2
[INFO] [stderr]    Compiling chacha20poly1305 v0.10.1
[INFO] [stderr]    Compiling flate2 v1.0.28
[INFO] [stderr]    Compiling rand v0.8.5
[INFO] [stderr]    Compiling dyn-clone v1.0.16
[INFO] [stderr]    Compiling bitflags v2.4.1
[INFO] [stderr]    Compiling once_cell v1.19.0
[INFO] [stderr]    Compiling serde_derive v1.0.194
[INFO] [stderr]    Compiling futures-macro v0.3.30
[INFO] [stderr]    Compiling strum v0.24.1
[INFO] [stderr]    Compiling tokio-macros v2.2.0
[INFO] [stderr]    Compiling futures-util v0.3.30
[INFO] [stderr]    Compiling tokio v1.35.1
[INFO] [stderr]    Compiling futures-executor v0.3.30
[INFO] [stderr]    Compiling futures v0.3.30
[INFO] [stderr]    Compiling serde_bytes v0.11.14
[INFO] [stderr]    Compiling distant-auth v0.20.0
[INFO] [stderr]    Compiling rmp-serde v1.1.2
[INFO] [stderr]    Compiling distant-protocol v0.20.0
[INFO] [stderr]    Compiling distant-net v0.20.0
[INFO] [stderr]    Compiling distant-core v0.20.0 (/opt/rustwide/workdir)
[INFO] [stderr]     Finished dev [unoptimized + debuginfo] target(s) in 40.38s
[INFO] running `Command { std: "docker" "inspect" "742b45ff9ceeff4dc7535d7a8818c15f5f904f244a067264e0a3516ca8ae99ef", kill_on_drop: false }`
[INFO] running `Command { std: "docker" "rm" "-f" "742b45ff9ceeff4dc7535d7a8818c15f5f904f244a067264e0a3516ca8ae99ef", kill_on_drop: false }`
[INFO] [stdout] 742b45ff9ceeff4dc7535d7a8818c15f5f904f244a067264e0a3516ca8ae99ef
[INFO] running `Command { std: "docker" "create" "-v" "/var/lib/crater-agent-workspace/builds/worker-0-tc2/target:/opt/rustwide/target:rw,Z" "-v" "/var/lib/crater-agent-workspace/builds/worker-0-tc2/source:/opt/rustwide/workdir:ro,Z" "-v" "/var/lib/crater-agent-workspace/cargo-home:/opt/rustwide/cargo-home:ro,Z" "-v" "/var/lib/crater-agent-workspace/rustup-home:/opt/rustwide/rustup-home:ro,Z" "-e" "SOURCE_DIR=/opt/rustwide/workdir" "-e" "CARGO_TARGET_DIR=/opt/rustwide/target" "-e" "CARGO_INCREMENTAL=0" "-e" "RUST_BACKTRACE=full" "-e" "RUSTFLAGS=--cap-lints=warn" "-e" "RUSTDOCFLAGS=--cap-lints=warn" "-e" "CARGO_HOME=/opt/rustwide/cargo-home" "-e" "RUSTUP_HOME=/opt/rustwide/rustup-home" "-w" "/opt/rustwide/workdir" "-m" "1610612736" "--user" "0:0" "--network" "none" "ghcr.io/rust-lang/crates-build-env/linux@sha256:2788e3201cd34a07e3172128adcd8b3090168a8e3bcc40d7c032b9dda1df7d1c" "/opt/rustwide/cargo-home/bin/cargo" "+beta-2023-12-22" "test" "--frozen" "--no-run" "--message-format=json", kill_on_drop: false }`
[INFO] [stdout] cb1b5a1a60566b0424d667f235078fec11cccc436652abc40e90145df7e9422b
[INFO] running `Command { std: "docker" "start" "-a" "cb1b5a1a60566b0424d667f235078fec11cccc436652abc40e90145df7e9422b", kill_on_drop: false }`
[INFO] [stderr]    Compiling log v0.4.20
[INFO] [stderr]    Compiling rustix v0.38.28
[INFO] [stderr]    Compiling humantime v2.1.0
[INFO] [stderr]    Compiling termcolor v1.4.0
[INFO] [stderr]    Compiling distant-protocol v0.20.0
[INFO] [stderr]    Compiling test-log-macros v0.2.14
[INFO] [stderr]    Compiling distant-auth v0.20.0
[INFO] [stderr]    Compiling distant-net v0.20.0
[INFO] [stderr]    Compiling is-terminal v0.4.10
[INFO] [stderr]    Compiling env_logger v0.10.1
[INFO] [stderr]    Compiling test-log v0.2.14
[INFO] [stderr]    Compiling distant-core v0.20.0 (/opt/rustwide/workdir)
[INFO] [stderr]     Finished test [unoptimized + debuginfo] target(s) in 26.00s
[INFO] running `Command { std: "docker" "inspect" "cb1b5a1a60566b0424d667f235078fec11cccc436652abc40e90145df7e9422b", kill_on_drop: false }`
[INFO] running `Command { std: "docker" "rm" "-f" "cb1b5a1a60566b0424d667f235078fec11cccc436652abc40e90145df7e9422b", kill_on_drop: false }`
[INFO] [stdout] cb1b5a1a60566b0424d667f235078fec11cccc436652abc40e90145df7e9422b
[INFO] running `Command { std: "docker" "create" "-v" "/var/lib/crater-agent-workspace/builds/worker-0-tc2/target:/opt/rustwide/target:rw,Z" "-v" "/var/lib/crater-agent-workspace/builds/worker-0-tc2/source:/opt/rustwide/workdir:ro,Z" "-v" "/var/lib/crater-agent-workspace/cargo-home:/opt/rustwide/cargo-home:ro,Z" "-v" "/var/lib/crater-agent-workspace/rustup-home:/opt/rustwide/rustup-home:ro,Z" "-e" "SOURCE_DIR=/opt/rustwide/workdir" "-e" "CARGO_TARGET_DIR=/opt/rustwide/target" "-e" "CARGO_INCREMENTAL=0" "-e" "RUST_BACKTRACE=full" "-e" "RUSTFLAGS=--cap-lints=warn" "-e" "RUSTDOCFLAGS=--cap-lints=warn" "-e" "CARGO_HOME=/opt/rustwide/cargo-home" "-e" "RUSTUP_HOME=/opt/rustwide/rustup-home" "-w" "/opt/rustwide/workdir" "-m" "1610612736" "--user" "0:0" "--network" "none" "ghcr.io/rust-lang/crates-build-env/linux@sha256:2788e3201cd34a07e3172128adcd8b3090168a8e3bcc40d7c032b9dda1df7d1c" "/opt/rustwide/cargo-home/bin/cargo" "+beta-2023-12-22" "test" "--frozen", kill_on_drop: false }`
[INFO] [stdout] fc54d758bafc6ad56022f3b1ef903a52e9e7dfe4a5b3b3154e7b708fab4125b4
[INFO] running `Command { std: "docker" "start" "-a" "fc54d758bafc6ad56022f3b1ef903a52e9e7dfe4a5b3b3154e7b708fab4125b4", kill_on_drop: false }`
[INFO] [stderr]     Finished test [unoptimized + debuginfo] target(s) in 0.16s
[INFO] [stderr]      Running unittests src/lib.rs (/opt/rustwide/target/debug/deps/distant_core-4fccdf237737b892)
[INFO] [stdout] 
[INFO] [stdout] running 67 tests
[INFO] [stdout] test client::lsp::msg::tests::header_display_should_output_header_fields_with_appropriate_line_terminations ... ok
[INFO] [stdout] test client::lsp::msg::tests::content_parse_should_succeed_if_valid_json ... ok
[INFO] [stdout] test client::lsp::msg::tests::content_display_should_output_content_as_json ... ok
[INFO] [stdout] test client::lsp::msg::tests::header_parse_should_fail_if_missing_content_length ... ok
[INFO] [stdout] test client::lsp::msg::tests::content_parse_should_fail_if_invalid_json ... ok
[INFO] [stdout] test client::lsp::msg::tests::header_parse_should_fail_if_content_length_invalid ... ok
[INFO] [stdout] test client::lsp::msg::tests::header_parse_should_fail_if_receive_an_unexpected_header_field ... ok
[INFO] [stdout] test client::lsp::msg::tests::content_convert_distant_scheme_to_local_should_convert_keys_and_values ... ok
[INFO] [stdout] test client::lsp::msg::tests::msg_from_buf_reader_should_fail_if_bad_content_provided ... ok
[INFO] [stdout] test client::lsp::msg::tests::content_convert_local_scheme_to_distant_should_convert_keys_and_values ... ok
[INFO] [stdout] test client::lsp::msg::tests::msg_from_buf_reader_should_fail_if_bad_header_provided ... ok
[INFO] [stdout] test client::lsp::msg::tests::header_parse_should_succeed_if_given_valid_content_length ... ok
[INFO] [stdout] test client::lsp::msg::tests::msg_display_should_output_header_and_content ... ok
[INFO] [stdout] test client::lsp::msg::tests::msg_from_buf_reader_should_be_successful_if_valid_msg_received ... ok
[INFO] [stdout] test client::lsp::msg::tests::header_parse_should_support_optional_content_type ... ok
[INFO] [stdout] test client::lsp::msg::tests::content_convert_local_scheme_to_should_convert_keys_and_values ... ok
[INFO] [stdout] test client::lsp::msg::tests::content_convert_scheme_to_local_should_convert_keys_and_values ... ok
[INFO] [stdout] test client::lsp::msg::tests::msg_from_buf_reader_should_fail_if_reach_eof_before_received_full_msg ... ok
[INFO] [stdout] test client::lsp::msg::tests::msg_from_buf_reader_should_fail_if_non_utf8_msg_encountered_for_content ... ok
[INFO] [stdout] test client::lsp::msg::tests::msg_from_buf_reader_should_fail_if_missing_proper_line_termination_for_header_field ... ok
[INFO] [stdout] test client::lsp::tests::stderr_read_should_yield_lsp_messages_as_strings ... ok
[INFO] [stdout] test client::lsp::tests::stderr_read_should_convert_content_with_file_scheme_to_distant_scheme ... ok
[INFO] [stdout] test client::lsp::tests::stdin_write_should_only_consume_a_complete_lsp_message_even_if_more_is_written ... ok
[INFO] [stdout] test client::lsp::tests::stderr_read_should_support_yielding_multiple_lsp_messages_if_all_received_at_once ... ok
[INFO] [stdout] test client::lsp::tests::stdin_write_should_only_send_out_complete_lsp_messages ... ok
[INFO] [stdout] test client::lsp::tests::stdin_write_should_convert_content_with_distant_scheme_to_file_scheme ... ok
[INFO] [stdout] test client::lsp::tests::stdout_read_should_convert_content_with_file_scheme_to_distant_scheme ... ok
[INFO] [stdout] test client::lsp::tests::stdin_write_should_support_sending_out_multiple_lsp_messages_if_all_received_at_once ... ok
[INFO] [stdout] test client::lsp::tests::stdout_read_should_support_yielding_multiple_lsp_messages_if_all_received_at_once ... ok
[INFO] [stdout] test client::lsp::tests::stdout_read_should_yield_lsp_messages_as_strings ... ok
[INFO] [stdout] test client::lsp::tests::stderr_read_should_only_yield_complete_lsp_messages ... ok
[INFO] [stdout] test client::lsp::tests::stderr_read_should_only_consume_a_complete_lsp_message_even_if_more_errput_is_available ... ok
[INFO] [stdout] test client::process::tests::receiving_done_response_should_result_in_output_returning_exit_information ... ok
[INFO] [stdout] test client::process::tests::receiving_done_response_should_result_in_wait_returning_exit_information ... ok
[INFO] [stdout] test client::process::tests::kill_should_send_proc_kill_request_and_then_cause_stdin_forwarding_to_close ... ok
[INFO] [stdout] test client::lsp::tests::stdin_write_should_support_buffering_output_until_a_complete_lsp_message_is_composed ... ok
[INFO] [stdout] test client::lsp::tests::stdout_read_should_only_consume_a_complete_lsp_message_even_if_more_output_is_available ... ok
[INFO] [stdout] test client::process::tests::spawn_should_return_invalid_data_if_did_not_get_a_indicator_that_process_started ... ok
[INFO] [stdout] test client::process::tests::spawn_should_return_invalid_data_if_received_batch_response ... ok
[INFO] [stdout] test client::process::tests::status_should_return_none_if_not_done ... ok
[INFO] [stdout] test client::lsp::tests::stdout_read_should_only_yield_complete_lsp_messages ... ok
[INFO] [stdout] test client::process::tests::stderr_should_be_forwarded_to_receiver_field ... ok
[INFO] [stdout] test client::process::tests::stdout_should_be_forwarded_to_receiver_field ... ok
[INFO] [stdout] test client::process::tests::wait_should_return_error_if_connection_terminates_before_receiving_done_response ... ok
[INFO] [stdout] test client::searcher::tests::searcher_should_have_query_reflect_ongoing_query ... ok
[INFO] [stdout] test client::process::tests::stdin_should_be_forwarded_from_receiver_field ... ok
[INFO] [stdout] test client::searcher::tests::searcher_should_distinguish_match_events_and_only_receive_matches_for_itself ... ok
[INFO] [stdout] test client::searcher::tests::searcher_should_support_getting_next_match ... ok
[INFO] [stdout] test client::watcher::tests::watcher_should_distinguish_change_events_and_only_receive_changes_for_itself ... ok
[INFO] [stdout] test client::watcher::tests::watcher_should_have_path_reflect_watched_path ... ok
[INFO] [stdout] test credentials::tests::display_should_not_wrap_ipv4_address ... ok
[INFO] [stdout] test credentials::tests::display_should_wrap_ipv6_address_in_square_brackets ... ok
[INFO] [stdout] test credentials::tests::find_should_return_first_match_found_in_str ... ok
[INFO] [stdout] test credentials::tests::find_should_return_first_valid_match_found_in_str ... ok
[INFO] [stdout] test client::watcher::tests::watcher_should_support_getting_next_change ... ok
[INFO] [stdout] test credentials::tests::find_should_return_none_if_no_match_found ... ok
[INFO] [stdout] test credentials::tests::find_should_return_some_key_if_there_is_a_match_with_only_control_characters_on_either_side ... ok
[INFO] [stdout] test credentials::tests::find_should_return_some_key_if_string_is_exact_match ... ok
[INFO] [stdout] test credentials::tests::find_should_return_some_key_if_there_is_a_match_with_only_whitespace_on_either_side ... ok
[INFO] [stdout] test credentials::tests::find_with_strict_true_should_not_find_if_non_whitespace_and_control_preceding_scheme ... ok
[INFO] [stdout] test credentials::tests::find_with_strict_false_should_ignore_any_character_preceding_scheme ... ok
[INFO] [stdout] test client::process::tests::status_should_return_process_status_when_done ... ok
[INFO] [stdout] test client::searcher::tests::searcher_should_stop_receiving_events_if_cancelled ... ok
[INFO] [stdout] test client::watcher::tests::watcher_should_stop_receiving_events_if_unwatched ... ok
[INFO] [stdout] test client::process::tests::kill_should_return_error_if_internal_tasks_already_completed ... ok
[INFO] [stdout] test client::process::tests::status_should_return_false_for_success_if_internal_tasks_fail ... ok
[INFO] [stdout] test client::process::tests::wait_should_return_error_if_internal_tasks_fail ... ok
[INFO] [stdout] 
[INFO] [stdout] test result: ok. 67 passed; 0 failed; 0 ignored; 0 measured; 0 filtered out; finished in 0.34s
[INFO] [stdout] 
[INFO] [stderr]      Running tests/api_tests.rs (/opt/rustwide/target/debug/deps/api_tests-549db21e3ccaa25e)
[INFO] [stdout] 
[INFO] [stdout] running 6 tests
[INFO] [stdout] test batch_parallel::should_run_all_requests_even_if_some_fail ... ok
[INFO] [stdout] test single::should_support_single_request_returning_success ... ok
[INFO] [stdout] test batch_sequence::should_interrupt_any_requests_following_a_failure ... ok
[INFO] [stdout] test single::should_support_single_request_returning_error ... ok
[INFO] [stdout] test batch_parallel::should_support_multiple_requests_running_in_parallel ... ok
[INFO] [stdout] test batch_sequence::should_support_multiple_requests_running_in_sequence ... FAILED
[INFO] [stdout] 
[INFO] [stdout] failures:
[INFO] [stdout] 
[INFO] [stdout] ---- batch_sequence::should_support_multiple_requests_running_in_sequence stdout ----
[INFO] [stdout] [2024-01-05T03:32:19Z ERROR distant_net::server] Server no longer accepting connections: Oneshot listener has concluded
[INFO] [stdout] thread 'batch_sequence::should_support_multiple_requests_running_in_sequence' panicked at tests/api_tests.rs:262:9:
[INFO] [stdout] Parallel ordering detected
[INFO] [stdout] stack backtrace:
[INFO] [stdout]    0:     0x557da449c4e6 - std::backtrace_rs::backtrace::libunwind::trace::h261606ad26a499c1
[INFO] [stdout]                                at /rustc/0e09125c6c3c2fd70d7de961bcf0e51575235fad/library/std/src/../../backtrace/src/backtrace/libunwind.rs:104:5
[INFO] [stdout]    1:     0x557da449c4e6 - std::backtrace_rs::backtrace::trace_unsynchronized::hd183f0625477fb28
[INFO] [stdout]                                at /rustc/0e09125c6c3c2fd70d7de961bcf0e51575235fad/library/std/src/../../backtrace/src/backtrace/mod.rs:66:5
[INFO] [stdout]    2:     0x557da449c4e6 - std::sys_common::backtrace::_print_fmt::hd7f8fef21b4eda67
[INFO] [stdout]                                at /rustc/0e09125c6c3c2fd70d7de961bcf0e51575235fad/library/std/src/sys_common/backtrace.rs:68:5
[INFO] [stdout]    3:     0x557da449c4e6 - <std::sys_common::backtrace::_print::DisplayBacktrace as core::fmt::Display>::fmt::h623d9b51f2f453f1
[INFO] [stdout]                                at /rustc/0e09125c6c3c2fd70d7de961bcf0e51575235fad/library/std/src/sys_common/backtrace.rs:44:22
[INFO] [stdout]    4:     0x557da44c6530 - core::fmt::rt::Argument::fmt::h9f417ac76a86f368
[INFO] [stdout]                                at /rustc/0e09125c6c3c2fd70d7de961bcf0e51575235fad/library/core/src/fmt/rt.rs:142:9
[INFO] [stdout]    5:     0x557da44c6530 - core::fmt::write::hc9b6faf4ac2aeff7
[INFO] [stdout]                                at /rustc/0e09125c6c3c2fd70d7de961bcf0e51575235fad/library/core/src/fmt/mod.rs:1120:17
[INFO] [stdout]    6:     0x557da4499b8f - std::io::Write::write_fmt::he04625a3a989fec3
[INFO] [stdout]                                at /rustc/0e09125c6c3c2fd70d7de961bcf0e51575235fad/library/std/src/io/mod.rs:1810:15
[INFO] [stdout]    7:     0x557da449c2c4 - std::sys_common::backtrace::_print::hd5d66399c7df88a2
[INFO] [stdout]                                at /rustc/0e09125c6c3c2fd70d7de961bcf0e51575235fad/library/std/src/sys_common/backtrace.rs:47:5
[INFO] [stdout]    8:     0x557da449c2c4 - std::sys_common::backtrace::print::he81ed2da642d37e5
[INFO] [stdout]                                at /rustc/0e09125c6c3c2fd70d7de961bcf0e51575235fad/library/std/src/sys_common/backtrace.rs:34:9
[INFO] [stdout]    9:     0x557da449e037 - std::panicking::default_hook::{{closure}}::h85773f4fa117163d
[INFO] [stdout]   10:     0x557da449dd1d - std::panicking::default_hook::h6a1694a91d09b278
[INFO] [stdout]                                at /rustc/0e09125c6c3c2fd70d7de961bcf0e51575235fad/library/std/src/panicking.rs:289:9
[INFO] [stdout]   11:     0x557da3dca497 - <alloc::boxed::Box<F,A> as core::ops::function::Fn<Args>>::call::h616ac37fa3cd6c8f
[INFO] [stdout]                                at /rustc/0e09125c6c3c2fd70d7de961bcf0e51575235fad/library/alloc/src/boxed.rs:2029:9
[INFO] [stdout]   12:     0x557da3dca497 - test::test_main::{{closure}}::h00d84697cefdcbb6
[INFO] [stdout]                                at /rustc/0e09125c6c3c2fd70d7de961bcf0e51575235fad/library/test/src/lib.rs:138:21
[INFO] [stdout]   13:     0x557da449e656 - <alloc::boxed::Box<F,A> as core::ops::function::Fn<Args>>::call::hcb3fe3b9bb537ba8
[INFO] [stdout]                                at /rustc/0e09125c6c3c2fd70d7de961bcf0e51575235fad/library/alloc/src/boxed.rs:2029:9
[INFO] [stdout]   14:     0x557da449e656 - std::panicking::rust_panic_with_hook::h0a7ad96e90f7145b
[INFO] [stdout]                                at /rustc/0e09125c6c3c2fd70d7de961bcf0e51575235fad/library/std/src/panicking.rs:783:13
[INFO] [stdout]   15:     0x557da449e369 - std::panicking::begin_panic_handler::{{closure}}::h7919090525c6485e
[INFO] [stdout]                                at /rustc/0e09125c6c3c2fd70d7de961bcf0e51575235fad/library/std/src/panicking.rs:649:13
[INFO] [stdout]   16:     0x557da449c9e6 - std::sys_common::backtrace::__rust_end_short_backtrace::hf3289479464f7dfe
[INFO] [stdout]                                at /rustc/0e09125c6c3c2fd70d7de961bcf0e51575235fad/library/std/src/sys_common/backtrace.rs:171:18
[INFO] [stdout]   17:     0x557da449e100 - rust_begin_unwind
[INFO] [stdout]                                at /rustc/0e09125c6c3c2fd70d7de961bcf0e51575235fad/library/std/src/panicking.rs:645:5
[INFO] [stdout]   18:     0x557da3975315 - core::panicking::panic_fmt::hcc9f77c5c132af55
[INFO] [stdout]                                at /rustc/0e09125c6c3c2fd70d7de961bcf0e51575235fad/library/core/src/panicking.rs:72:14
[INFO] [stdout]   19:     0x557da3cd40cf - api_tests::batch_sequence::should_support_multiple_requests_running_in_sequence::{{closure}}::ha750b2cd80c46e6f
[INFO] [stdout]                                at /opt/rustwide/workdir/tests/api_tests.rs:262:9
[INFO] [stdout]   20:     0x557da3b933f8 - <core::pin::Pin<P> as core::future::future::Future>::poll::h997e4714ef4d3683
[INFO] [stdout]                                at /rustc/0e09125c6c3c2fd70d7de961bcf0e51575235fad/library/core/src/future/future.rs:124:9
[INFO] [stdout]   21:     0x557da3b9344b - <core::pin::Pin<P> as core::future::future::Future>::poll::h99dcd57f772cd376
[INFO] [stdout]                                at /rustc/0e09125c6c3c2fd70d7de961bcf0e51575235fad/library/core/src/future/future.rs:124:9
[INFO] [stdout]   22:     0x557da3be4cb4 - tokio::runtime::scheduler::current_thread::CoreGuard::block_on::{{closure}}::{{closure}}::{{closure}}::h9041479a8892f16e
[INFO] [stdout]                                at /opt/rustwide/cargo-home/registry/src/index.crates.io-6f17d22bba15001f/tokio-1.35.1/src/runtime/scheduler/current_thread/mod.rs:665:57
[INFO] [stdout]   23:     0x557da3be4bea - tokio::runtime::coop::with_budget::hddf2852c961e7d45
[INFO] [stdout]                                at /opt/rustwide/cargo-home/registry/src/index.crates.io-6f17d22bba15001f/tokio-1.35.1/src/runtime/coop.rs:107:5
[INFO] [stdout]   24:     0x557da3be4bea - tokio::runtime::coop::budget::hd606805179e6119a
[INFO] [stdout]                                at /opt/rustwide/cargo-home/registry/src/index.crates.io-6f17d22bba15001f/tokio-1.35.1/src/runtime/coop.rs:73:5
[INFO] [stdout]   25:     0x557da3be4bea - tokio::runtime::scheduler::current_thread::CoreGuard::block_on::{{closure}}::{{closure}}::hf6b931af47cccb54
[INFO] [stdout]                                at /opt/rustwide/cargo-home/registry/src/index.crates.io-6f17d22bba15001f/tokio-1.35.1/src/runtime/scheduler/current_thread/mod.rs:665:25
[INFO] [stdout]   26:     0x557da3be356c - tokio::runtime::scheduler::current_thread::Context::enter::hacceb5a47c84c774
[INFO] [stdout]                                at /opt/rustwide/cargo-home/registry/src/index.crates.io-6f17d22bba15001f/tokio-1.35.1/src/runtime/scheduler/current_thread/mod.rs:410:19
[INFO] [stdout]   27:     0x557da3be43de - tokio::runtime::scheduler::current_thread::CoreGuard::block_on::{{closure}}::h665339bed84a6342
[INFO] [stdout]                                at /opt/rustwide/cargo-home/registry/src/index.crates.io-6f17d22bba15001f/tokio-1.35.1/src/runtime/scheduler/current_thread/mod.rs:664:36
[INFO] [stdout]   28:     0x557da3be40eb - tokio::runtime::scheduler::current_thread::CoreGuard::enter::{{closure}}::hf69dbe1e22b72c2a
[INFO] [stdout]                                at /opt/rustwide/cargo-home/registry/src/index.crates.io-6f17d22bba15001f/tokio-1.35.1/src/runtime/scheduler/current_thread/mod.rs:743:68
[INFO] [stdout]   29:     0x557da3c79efb - tokio::runtime::context::scoped::Scoped<T>::set::h5617caa963c447b9
[INFO] [stdout]                                at /opt/rustwide/cargo-home/registry/src/index.crates.io-6f17d22bba15001f/tokio-1.35.1/src/runtime/context/scoped.rs:40:9
[INFO] [stdout]   30:     0x557da3d8f159 - tokio::runtime::context::set_scheduler::{{closure}}::hc540b2093e025089
[INFO] [stdout]                                at /opt/rustwide/cargo-home/registry/src/index.crates.io-6f17d22bba15001f/tokio-1.35.1/src/runtime/context.rs:176:26
[INFO] [stdout]   31:     0x557da3b83d16 - std::thread::local::LocalKey<T>::try_with::hed189879427f368d
[INFO] [stdout]                                at /rustc/0e09125c6c3c2fd70d7de961bcf0e51575235fad/library/std/src/thread/local.rs:270:16
[INFO] [stdout]   32:     0x557da3b7eaca - std::thread::local::LocalKey<T>::with::hc8ddd13eb474220f
[INFO] [stdout]                                at /rustc/0e09125c6c3c2fd70d7de961bcf0e51575235fad/library/std/src/thread/local.rs:246:9
[INFO] [stdout]   33:     0x557da3d8f10d - tokio::runtime::context::set_scheduler::h6b1cfcb5bac9b519
[INFO] [stdout]                                at /opt/rustwide/cargo-home/registry/src/index.crates.io-6f17d22bba15001f/tokio-1.35.1/src/runtime/context.rs:176:9
[INFO] [stdout]   34:     0x557da3be3e80 - tokio::runtime::scheduler::current_thread::CoreGuard::enter::h34e70815826e9c29
[INFO] [stdout]                                at /opt/rustwide/cargo-home/registry/src/index.crates.io-6f17d22bba15001f/tokio-1.35.1/src/runtime/scheduler/current_thread/mod.rs:743:27
[INFO] [stdout]   35:     0x557da3be411d - tokio::runtime::scheduler::current_thread::CoreGuard::block_on::hafc52af1075eac2b
[INFO] [stdout]                                at /opt/rustwide/cargo-home/registry/src/index.crates.io-6f17d22bba15001f/tokio-1.35.1/src/runtime/scheduler/current_thread/mod.rs:652:19
[INFO] [stdout]   36:     0x557da3bdb20d - tokio::runtime::scheduler::current_thread::CurrentThread::block_on::{{closure}}::h0645a63648bce31c
[INFO] [stdout]                                at /opt/rustwide/cargo-home/registry/src/index.crates.io-6f17d22bba15001f/tokio-1.35.1/src/runtime/scheduler/current_thread/mod.rs:175:28
[INFO] [stdout]   37:     0x557da3c5184a - tokio::runtime::context::runtime::enter_runtime::h419e094be4c479d8
[INFO] [stdout]                                at /opt/rustwide/cargo-home/registry/src/index.crates.io-6f17d22bba15001f/tokio-1.35.1/src/runtime/context/runtime.rs:65:16
[INFO] [stdout]   38:     0x557da3bdb11e - tokio::runtime::scheduler::current_thread::CurrentThread::block_on::hc0a74408da815545
[INFO] [stdout]                                at /opt/rustwide/cargo-home/registry/src/index.crates.io-6f17d22bba15001f/tokio-1.35.1/src/runtime/scheduler/current_thread/mod.rs:167:9
[INFO] [stdout]   39:     0x557da3ccb05d - tokio::runtime::runtime::Runtime::block_on::h3962e69b96de782a
[INFO] [stdout]                                at /opt/rustwide/cargo-home/registry/src/index.crates.io-6f17d22bba15001f/tokio-1.35.1/src/runtime/runtime.rs:348:47
[INFO] [stdout]   40:     0x557da3cd35e4 - api_tests::batch_sequence::should_support_multiple_requests_running_in_sequence::hd02322abfc51f61e
[INFO] [stdout]                                at /opt/rustwide/workdir/tests/api_tests.rs:211:69
[INFO] [stdout]   41:     0x557da3cd3467 - api_tests::batch_sequence::should_support_multiple_requests_running_in_sequence::{{closure}}::hb2fa575f060cad0e
[INFO] [stdout]                                at /opt/rustwide/workdir/tests/api_tests.rs:211:68
[INFO] [stdout]   42:     0x557da3a2a216 - core::ops::function::FnOnce::call_once::h629af274b74a92f7
[INFO] [stdout]                                at /rustc/0e09125c6c3c2fd70d7de961bcf0e51575235fad/library/core/src/ops/function.rs:250:5
[INFO] [stdout]   43:     0x557da3dcfd6f - core::ops::function::FnOnce::call_once::hd64d26f405258157
[INFO] [stdout]                                at /rustc/0e09125c6c3c2fd70d7de961bcf0e51575235fad/library/core/src/ops/function.rs:250:5
[INFO] [stdout]   44:     0x557da3dcfd6f - test::__rust_begin_short_backtrace::he21b0b7a6d731bf9
[INFO] [stdout]                                at /rustc/0e09125c6c3c2fd70d7de961bcf0e51575235fad/library/test/src/lib.rs:627:18
[INFO] [stdout]   45:     0x557da3dceaf1 - test::run_test_in_process::{{closure}}::hf5c73986d7bdfde2
[INFO] [stdout]                                at /rustc/0e09125c6c3c2fd70d7de961bcf0e51575235fad/library/test/src/lib.rs:650:60
[INFO] [stdout]   46:     0x557da3dceaf1 - <core::panic::unwind_safe::AssertUnwindSafe<F> as core::ops::function::FnOnce<()>>::call_once::h330011ad032aadc0
[INFO] [stdout]                                at /rustc/0e09125c6c3c2fd70d7de961bcf0e51575235fad/library/core/src/panic/unwind_safe.rs:272:9
[INFO] [stdout]   47:     0x557da3dceaf1 - std::panicking::try::do_call::he61b0a958b795a41
[INFO] [stdout]                                at /rustc/0e09125c6c3c2fd70d7de961bcf0e51575235fad/library/std/src/panicking.rs:552:40
[INFO] [stdout]   48:     0x557da3dceaf1 - std::panicking::try::h7309da130f906eb7
[INFO] [stdout]                                at /rustc/0e09125c6c3c2fd70d7de961bcf0e51575235fad/library/std/src/panicking.rs:516:19
[INFO] [stdout]   49:     0x557da3dceaf1 - std::panic::catch_unwind::hc5c3a06fdaf0a92a
[INFO] [stdout]                                at /rustc/0e09125c6c3c2fd70d7de961bcf0e51575235fad/library/std/src/panic.rs:142:14
[INFO] [stdout]   50:     0x557da3dceaf1 - test::run_test_in_process::h7e7b7c71c3324e0f
[INFO] [stdout]                                at /rustc/0e09125c6c3c2fd70d7de961bcf0e51575235fad/library/test/src/lib.rs:650:27
[INFO] [stdout]   51:     0x557da3dceaf1 - test::run_test::{{closure}}::h1f509f28f5cf20b1
[INFO] [stdout]                                at /rustc/0e09125c6c3c2fd70d7de961bcf0e51575235fad/library/test/src/lib.rs:573:43
[INFO] [stdout]   52:     0x557da3d95e26 - test::run_test::{{closure}}::h1754218abf443f6d
[INFO] [stdout]                                at /rustc/0e09125c6c3c2fd70d7de961bcf0e51575235fad/library/test/src/lib.rs:601:41
[INFO] [stdout]   53:     0x557da3d95e26 - std::sys_common::backtrace::__rust_begin_short_backtrace::h2ee174b9d5954948
[INFO] [stdout]                                at /rustc/0e09125c6c3c2fd70d7de961bcf0e51575235fad/library/std/src/sys_common/backtrace.rs:155:18
[INFO] [stdout]   54:     0x557da3d9ae87 - std::thread::Builder::spawn_unchecked_::{{closure}}::{{closure}}::hf60bee9c1a17ef09
[INFO] [stdout]                                at /rustc/0e09125c6c3c2fd70d7de961bcf0e51575235fad/library/std/src/thread/mod.rs:529:17
[INFO] [stdout]   55:     0x557da3d9ae87 - <core::panic::unwind_safe::AssertUnwindSafe<F> as core::ops::function::FnOnce<()>>::call_once::h33d0dddec5216160
[INFO] [stdout]                                at /rustc/0e09125c6c3c2fd70d7de961bcf0e51575235fad/library/core/src/panic/unwind_safe.rs:272:9
[INFO] [stdout]   56:     0x557da3d9ae87 - std::panicking::try::do_call::h144b3048b546f835
[INFO] [stdout]                                at /rustc/0e09125c6c3c2fd70d7de961bcf0e51575235fad/library/std/src/panicking.rs:552:40
[INFO] [stdout]   57:     0x557da3d9ae87 - std::panicking::try::h978244d04646189f
[INFO] [stdout]                                at /rustc/0e09125c6c3c2fd70d7de961bcf0e51575235fad/library/std/src/panicking.rs:516:19
[INFO] [stdout]   58:     0x557da3d9ae87 - std::panic::catch_unwind::hdf436369d188fe86
[INFO] [stdout]                                at /rustc/0e09125c6c3c2fd70d7de961bcf0e51575235fad/library/std/src/panic.rs:142:14
[INFO] [stdout]   59:     0x557da3d9ae87 - std::thread::Builder::spawn_unchecked_::{{closure}}::h87329cbdd33c79ec
[INFO] [stdout]                                at /rustc/0e09125c6c3c2fd70d7de961bcf0e51575235fad/library/std/src/thread/mod.rs:528:30
[INFO] [stdout]   60:     0x557da3d9ae87 - core::ops::function::FnOnce::call_once{{vtable.shim}}::h401abbe67897d450
[INFO] [stdout]                                at /rustc/0e09125c6c3c2fd70d7de961bcf0e51575235fad/library/core/src/ops/function.rs:250:5
[INFO] [stdout]   61:     0x557da44a3285 - <alloc::boxed::Box<F,A> as core::ops::function::FnOnce<Args>>::call_once::h5d7c8f150ab9c84c
[INFO] [stdout]                                at /rustc/0e09125c6c3c2fd70d7de961bcf0e51575235fad/library/alloc/src/boxed.rs:2015:9
[INFO] [stdout]   62:     0x557da44a3285 - <alloc::boxed::Box<F,A> as core::ops::function::FnOnce<Args>>::call_once::h570d5b005c242c15
[INFO] [stdout]                                at /rustc/0e09125c6c3c2fd70d7de961bcf0e51575235fad/library/alloc/src/boxed.rs:2015:9
[INFO] [stdout]   63:     0x557da44a3285 - std::sys::unix::thread::Thread::new::thread_start::h36b0a20c0b2361ad
[INFO] [stdout]                                at /rustc/0e09125c6c3c2fd70d7de961bcf0e51575235fad/library/std/src/sys/unix/thread.rs:108:17
[INFO] [stdout]   64:     0x7f219336bac3 - <unknown>
[INFO] [stdout]   65:     0x7f21933fcbf4 - __clone
[INFO] [stdout]   66:                0x0 - <unknown>
[INFO] [stdout] 
[INFO] [stdout] 
[INFO] [stdout] failures:
[INFO] [stdout]     batch_sequence::should_support_multiple_requests_running_in_sequence
[INFO] [stdout] 
[INFO] [stdout] test result: FAILED. 5 passed; 1 failed; 0 ignored; 0 measured; 0 filtered out; finished in 0.68s
[INFO] [stdout] 
[INFO] [stderr] error: test failed, to rerun pass `--test api_tests`
[INFO] running `Command { std: "docker" "inspect" "fc54d758bafc6ad56022f3b1ef903a52e9e7dfe4a5b3b3154e7b708fab4125b4", kill_on_drop: false }`
[INFO] running `Command { std: "docker" "rm" "-f" "fc54d758bafc6ad56022f3b1ef903a52e9e7dfe4a5b3b3154e7b708fab4125b4", kill_on_drop: false }`
[INFO] [stdout] fc54d758bafc6ad56022f3b1ef903a52e9e7dfe4a5b3b3154e7b708fab4125b4
