[INFO] fetching crate dir-test 0.1.1...
[INFO] testing dir-test-0.1.1 against 1.75.0 for beta-1.76-1
[INFO] extracting crate dir-test 0.1.1 into /workspace/builds/worker-7-tc1/source
[INFO] validating manifest of crates.io crate dir-test 0.1.1 on toolchain 1.75.0
[INFO] running `Command { std: CARGO_HOME="/workspace/cargo-home" RUSTUP_HOME="/workspace/rustup-home" "/workspace/cargo-home/bin/cargo" "+1.75.0" "metadata" "--manifest-path" "Cargo.toml" "--no-deps", kill_on_drop: false }`
[INFO] started tweaking crates.io crate dir-test 0.1.1
[INFO] finished tweaking crates.io crate dir-test 0.1.1
[INFO] tweaked toml for crates.io crate dir-test 0.1.1 written to /workspace/builds/worker-7-tc1/source/Cargo.toml
[INFO] running `Command { std: CARGO_HOME="/workspace/cargo-home" RUSTUP_HOME="/workspace/rustup-home" "/workspace/cargo-home/bin/cargo" "+1.75.0" "generate-lockfile" "--manifest-path" "Cargo.toml", kill_on_drop: false }`
[INFO] [stderr]     Updating crates.io index
[INFO] running `Command { std: CARGO_HOME="/workspace/cargo-home" RUSTUP_HOME="/workspace/rustup-home" "/workspace/cargo-home/bin/cargo" "+1.75.0" "fetch" "--manifest-path" "Cargo.toml", kill_on_drop: false }`
[INFO] [stderr]  Downloading crates ...
[INFO] [stderr]   Downloaded dir-test-macros v0.1.1
[INFO] running `Command { std: "docker" "create" "-v" "/var/lib/crater-agent-workspace/builds/worker-7-tc1/target:/opt/rustwide/target:rw,Z" "-v" "/var/lib/crater-agent-workspace/builds/worker-7-tc1/source:/opt/rustwide/workdir:ro,Z" "-v" "/var/lib/crater-agent-workspace/cargo-home:/opt/rustwide/cargo-home:ro,Z" "-v" "/var/lib/crater-agent-workspace/rustup-home:/opt/rustwide/rustup-home:ro,Z" "-e" "SOURCE_DIR=/opt/rustwide/workdir" "-e" "CARGO_TARGET_DIR=/opt/rustwide/target" "-e" "CARGO_HOME=/opt/rustwide/cargo-home" "-e" "RUSTUP_HOME=/opt/rustwide/rustup-home" "-w" "/opt/rustwide/workdir" "-m" "1610612736" "--user" "0:0" "--network" "none" "ghcr.io/rust-lang/crates-build-env/linux@sha256:2788e3201cd34a07e3172128adcd8b3090168a8e3bcc40d7c032b9dda1df7d1c" "/opt/rustwide/cargo-home/bin/cargo" "+1.75.0" "metadata" "--no-deps" "--format-version=1", kill_on_drop: false }`
[INFO] [stdout] 798ad193ef9b484a46376789e3ba4273bf7329dc4fbf03e0c4c786ab776a63ef
[INFO] running `Command { std: "docker" "start" "-a" "798ad193ef9b484a46376789e3ba4273bf7329dc4fbf03e0c4c786ab776a63ef", kill_on_drop: false }`
[INFO] running `Command { std: "docker" "inspect" "798ad193ef9b484a46376789e3ba4273bf7329dc4fbf03e0c4c786ab776a63ef", kill_on_drop: false }`
[INFO] running `Command { std: "docker" "rm" "-f" "798ad193ef9b484a46376789e3ba4273bf7329dc4fbf03e0c4c786ab776a63ef", kill_on_drop: false }`
[INFO] [stdout] 798ad193ef9b484a46376789e3ba4273bf7329dc4fbf03e0c4c786ab776a63ef
[INFO] running `Command { std: "docker" "create" "-v" "/var/lib/crater-agent-workspace/builds/worker-7-tc1/target:/opt/rustwide/target:rw,Z" "-v" "/var/lib/crater-agent-workspace/builds/worker-7-tc1/source:/opt/rustwide/workdir:ro,Z" "-v" "/var/lib/crater-agent-workspace/cargo-home:/opt/rustwide/cargo-home:ro,Z" "-v" "/var/lib/crater-agent-workspace/rustup-home:/opt/rustwide/rustup-home:ro,Z" "-e" "SOURCE_DIR=/opt/rustwide/workdir" "-e" "CARGO_TARGET_DIR=/opt/rustwide/target" "-e" "CARGO_INCREMENTAL=0" "-e" "RUST_BACKTRACE=full" "-e" "RUSTFLAGS=--cap-lints=warn" "-e" "RUSTDOCFLAGS=--cap-lints=warn" "-e" "CARGO_HOME=/opt/rustwide/cargo-home" "-e" "RUSTUP_HOME=/opt/rustwide/rustup-home" "-w" "/opt/rustwide/workdir" "-m" "1610612736" "--user" "0:0" "--network" "none" "ghcr.io/rust-lang/crates-build-env/linux@sha256:2788e3201cd34a07e3172128adcd8b3090168a8e3bcc40d7c032b9dda1df7d1c" "/opt/rustwide/cargo-home/bin/cargo" "+1.75.0" "build" "--frozen" "--message-format=json", kill_on_drop: false }`
[INFO] [stdout] fd5ebc5864ce713c401c95caa0449099368320635383640bd12903e171456bd7
[INFO] running `Command { std: "docker" "start" "-a" "fd5ebc5864ce713c401c95caa0449099368320635383640bd12903e171456bd7", kill_on_drop: false }`
[INFO] [stderr]    Compiling glob v0.3.1
[INFO] [stderr]    Compiling dir-test-macros v0.1.1
[INFO] [stderr]    Compiling dir-test v0.1.1 (/opt/rustwide/workdir)
[INFO] [stderr]     Finished dev [unoptimized + debuginfo] target(s) in 0.76s
[INFO] running `Command { std: "docker" "inspect" "fd5ebc5864ce713c401c95caa0449099368320635383640bd12903e171456bd7", kill_on_drop: false }`
[INFO] running `Command { std: "docker" "rm" "-f" "fd5ebc5864ce713c401c95caa0449099368320635383640bd12903e171456bd7", kill_on_drop: false }`
[INFO] [stdout] fd5ebc5864ce713c401c95caa0449099368320635383640bd12903e171456bd7
[INFO] running `Command { std: "docker" "create" "-v" "/var/lib/crater-agent-workspace/builds/worker-7-tc1/target:/opt/rustwide/target:rw,Z" "-v" "/var/lib/crater-agent-workspace/builds/worker-7-tc1/source:/opt/rustwide/workdir:ro,Z" "-v" "/var/lib/crater-agent-workspace/cargo-home:/opt/rustwide/cargo-home:ro,Z" "-v" "/var/lib/crater-agent-workspace/rustup-home:/opt/rustwide/rustup-home:ro,Z" "-e" "SOURCE_DIR=/opt/rustwide/workdir" "-e" "CARGO_TARGET_DIR=/opt/rustwide/target" "-e" "CARGO_INCREMENTAL=0" "-e" "RUST_BACKTRACE=full" "-e" "RUSTFLAGS=--cap-lints=warn" "-e" "RUSTDOCFLAGS=--cap-lints=warn" "-e" "CARGO_HOME=/opt/rustwide/cargo-home" "-e" "RUSTUP_HOME=/opt/rustwide/rustup-home" "-w" "/opt/rustwide/workdir" "-m" "1610612736" "--user" "0:0" "--network" "none" "ghcr.io/rust-lang/crates-build-env/linux@sha256:2788e3201cd34a07e3172128adcd8b3090168a8e3bcc40d7c032b9dda1df7d1c" "/opt/rustwide/cargo-home/bin/cargo" "+1.75.0" "test" "--frozen" "--no-run" "--message-format=json", kill_on_drop: false }`
[INFO] [stdout] 036937489d6968bf7b1d884e69309343f9cb0acf3736702adbb06d64dd663ac4
[INFO] running `Command { std: "docker" "start" "-a" "036937489d6968bf7b1d884e69309343f9cb0acf3736702adbb06d64dd663ac4", kill_on_drop: false }`
[INFO] [stderr]    Compiling glob v0.3.1
[INFO] [stderr]    Compiling trybuild v1.0.87
[INFO] [stderr]    Compiling termcolor v1.4.0
[INFO] [stderr]    Compiling dissimilar v1.0.7
[INFO] [stderr]    Compiling basic-toml v0.1.8
[INFO] [stderr]    Compiling serde_json v1.0.111
[INFO] [stderr]    Compiling dir-test-macros v0.1.1
[INFO] [stderr]    Compiling dir-test v0.1.1 (/opt/rustwide/workdir)
[INFO] [stderr]     Finished test [unoptimized + debuginfo] target(s) in 2.95s
[INFO] running `Command { std: "docker" "inspect" "036937489d6968bf7b1d884e69309343f9cb0acf3736702adbb06d64dd663ac4", kill_on_drop: false }`
[INFO] running `Command { std: "docker" "rm" "-f" "036937489d6968bf7b1d884e69309343f9cb0acf3736702adbb06d64dd663ac4", kill_on_drop: false }`
[INFO] [stdout] 036937489d6968bf7b1d884e69309343f9cb0acf3736702adbb06d64dd663ac4
[INFO] running `Command { std: "docker" "create" "-v" "/var/lib/crater-agent-workspace/builds/worker-7-tc1/target:/opt/rustwide/target:rw,Z" "-v" "/var/lib/crater-agent-workspace/builds/worker-7-tc1/source:/opt/rustwide/workdir:ro,Z" "-v" "/var/lib/crater-agent-workspace/cargo-home:/opt/rustwide/cargo-home:ro,Z" "-v" "/var/lib/crater-agent-workspace/rustup-home:/opt/rustwide/rustup-home:ro,Z" "-e" "SOURCE_DIR=/opt/rustwide/workdir" "-e" "CARGO_TARGET_DIR=/opt/rustwide/target" "-e" "CARGO_INCREMENTAL=0" "-e" "RUST_BACKTRACE=full" "-e" "RUSTFLAGS=--cap-lints=warn" "-e" "RUSTDOCFLAGS=--cap-lints=warn" "-e" "CARGO_HOME=/opt/rustwide/cargo-home" "-e" "RUSTUP_HOME=/opt/rustwide/rustup-home" "-w" "/opt/rustwide/workdir" "-m" "1610612736" "--user" "0:0" "--network" "none" "ghcr.io/rust-lang/crates-build-env/linux@sha256:2788e3201cd34a07e3172128adcd8b3090168a8e3bcc40d7c032b9dda1df7d1c" "/opt/rustwide/cargo-home/bin/cargo" "+1.75.0" "test" "--frozen", kill_on_drop: false }`
[INFO] [stdout] 6f50628e6fe36d6c74a38ecc554c9f5e2054a2a6ac1931b18994892d7a94aacb
[INFO] running `Command { std: "docker" "start" "-a" "6f50628e6fe36d6c74a38ecc554c9f5e2054a2a6ac1931b18994892d7a94aacb", kill_on_drop: false }`
[INFO] [stderr]     Finished test [unoptimized + debuginfo] target(s) in 0.01s
[INFO] [stderr]      Running unittests src/lib.rs (/opt/rustwide/target/debug/deps/dir_test-e24718cc34e461e2)
[INFO] [stdout] 
[INFO] [stdout] running 0 tests
[INFO] [stdout] 
[INFO] [stdout] test result: ok. 0 passed; 0 failed; 0 ignored; 0 measured; 0 filtered out; finished in 0.00s
[INFO] [stdout] 
[INFO] [stderr]      Running tests/main.rs (/opt/rustwide/target/debug/deps/main-991a0fc647737da9)
[INFO] [stdout] 
[INFO] [stdout] running 1 test
[INFO] [stderr]    Compiling proc-macro2 v1.0.75
[INFO] [stderr]    Compiling unicode-ident v1.0.12
[INFO] [stderr]    Compiling syn v1.0.109
[INFO] [stderr]    Compiling glob v0.3.1
[INFO] [stderr]    Compiling quote v1.0.35
[INFO] [stderr]    Compiling dir-test-macros v0.1.1
[INFO] [stderr]     Checking dir-test v0.1.1 (/opt/rustwide/workdir)
[INFO] [stderr]     Checking dir-test-tests v0.0.0 (/opt/rustwide/target/tests/trybuild/dir-test)
[INFO] [stderr]     Finished dev [unoptimized + debuginfo] target(s) in 5.68s
[INFO] [stderr] 
[INFO] [stderr] 
[INFO] [stderr] test tests/fixtures/fail/invalid_arg.rs ... ok
[INFO] [stderr] 
[INFO] [stderr] 
[INFO] [stdout] test compile_fail ... ok
[INFO] [stdout] 
[INFO] [stdout] test result: ok. 1 passed; 0 failed; 0 ignored; 0 measured; 0 filtered out; finished in 5.84s
[INFO] [stdout] 
[INFO] [stderr]    Doc-tests dir-test
[INFO] [stdout] 
[INFO] [stdout] running 5 tests
[INFO] [stdout] test src/lib.rs - (line 69) - compile ... FAILED
[INFO] [stdout] test src/lib.rs - (line 13) - compile ... FAILED
[INFO] [stdout] test src/lib.rs - (line 91) - compile ... FAILED
[INFO] [stdout] test src/lib.rs - (line 108) - compile ... FAILED
[INFO] [stdout] test src/lib.rs - (line 48) - compile ... ok
[INFO] [stdout] 
[INFO] [stdout] failures:
[INFO] [stdout] 
[INFO] [stdout] ---- src/lib.rs - (line 69) stdout ----
[INFO] [stdout] error: `/opt/rustwide/workdir/fixtures` does not exist
[INFO] [stdout]  --> src/lib.rs:74:10
[INFO] [stdout]   |
[INFO] [stdout] 8 |     dir: "$CARGO_MANIFEST_DIR/fixtures",
[INFO] [stdout]   |          ^^^^^^^^^^^^^^^^^^^^^^^^^^^^^^
[INFO] [stdout] 
[INFO] [stdout] error: aborting due to previous error
[INFO] [stdout] 
[INFO] [stdout] Couldn't compile the test.
[INFO] [stdout] ---- src/lib.rs - (line 13) stdout ----
[INFO] [stdout] error: `/opt/rustwide/workdir/fixtures` does not exist
[INFO] [stdout]  --> src/lib.rs:18:10
[INFO] [stdout]   |
[INFO] [stdout] 8 |     dir: "$CARGO_MANIFEST_DIR/fixtures",
[INFO] [stdout]   |          ^^^^^^^^^^^^^^^^^^^^^^^^^^^^^^
[INFO] [stdout] 
[INFO] [stdout] error: aborting due to previous error
[INFO] [stdout] 
[INFO] [stdout] Couldn't compile the test.
[INFO] [stdout] ---- src/lib.rs - (line 91) stdout ----
[INFO] [stdout] error: `/opt/rustwide/workdir/fixtures` does not exist
[INFO] [stdout]  --> src/lib.rs:96:10
[INFO] [stdout]   |
[INFO] [stdout] 8 |     dir: "$CARGO_MANIFEST_DIR/fixtures",
[INFO] [stdout]   |          ^^^^^^^^^^^^^^^^^^^^^^^^^^^^^^
[INFO] [stdout] 
[INFO] [stdout] error: aborting due to previous error
[INFO] [stdout] 
[INFO] [stdout] Couldn't compile the test.
[INFO] [stdout] ---- src/lib.rs - (line 108) stdout ----
[INFO] [stdout] error: `/opt/rustwide/workdir/fixtures` does not exist
[INFO] [stdout]  --> src/lib.rs:113:10
[INFO] [stdout]   |
[INFO] [stdout] 8 |     dir: "$CARGO_MANIFEST_DIR/fixtures",
[INFO] [stdout]   |          ^^^^^^^^^^^^^^^^^^^^^^^^^^^^^^
[INFO] [stdout] 
[INFO] [stdout] error: aborting due to previous error
[INFO] [stdout] 
[INFO] [stdout] Couldn't compile the test.
[INFO] [stdout] 
[INFO] [stdout] failures:
[INFO] [stdout]     src/lib.rs - (line 108)
[INFO] [stdout]     src/lib.rs - (line 13)
[INFO] [stdout]     src/lib.rs - (line 69)
[INFO] [stdout]     src/lib.rs - (line 91)
[INFO] [stdout] 
[INFO] [stdout] test result: FAILED. 1 passed; 4 failed; 0 ignored; 0 measured; 0 filtered out; finished in 0.08s
[INFO] [stdout] 
[INFO] [stderr] error: doctest failed, to rerun pass `--doc`
[INFO] running `Command { std: "docker" "inspect" "6f50628e6fe36d6c74a38ecc554c9f5e2054a2a6ac1931b18994892d7a94aacb", kill_on_drop: false }`
[INFO] running `Command { std: "docker" "rm" "-f" "6f50628e6fe36d6c74a38ecc554c9f5e2054a2a6ac1931b18994892d7a94aacb", kill_on_drop: false }`
[INFO] [stdout] 6f50628e6fe36d6c74a38ecc554c9f5e2054a2a6ac1931b18994892d7a94aacb
[INFO] testing dir-test-0.1.1 against beta-2023-12-22 for beta-1.76-1
[INFO] extracting crate dir-test 0.1.1 into /workspace/builds/worker-7-tc2/source
[INFO] validating manifest of crates.io crate dir-test 0.1.1 on toolchain beta-2023-12-22
[INFO] running `Command { std: CARGO_HOME="/workspace/cargo-home" RUSTUP_HOME="/workspace/rustup-home" "/workspace/cargo-home/bin/cargo" "+beta-2023-12-22" "metadata" "--manifest-path" "Cargo.toml" "--no-deps", kill_on_drop: false }`
[INFO] started tweaking crates.io crate dir-test 0.1.1
[INFO] finished tweaking crates.io crate dir-test 0.1.1
[INFO] tweaked toml for crates.io crate dir-test 0.1.1 written to /workspace/builds/worker-7-tc2/source/Cargo.toml
[INFO] running `Command { std: CARGO_HOME="/workspace/cargo-home" RUSTUP_HOME="/workspace/rustup-home" "/workspace/cargo-home/bin/cargo" "+beta-2023-12-22" "generate-lockfile" "--manifest-path" "Cargo.toml", kill_on_drop: false }`
[INFO] [stderr]     Blocking waiting for file lock on package cache
[INFO] [stderr]     Updating crates.io index
[INFO] running `Command { std: CARGO_HOME="/workspace/cargo-home" RUSTUP_HOME="/workspace/rustup-home" "/workspace/cargo-home/bin/cargo" "+beta-2023-12-22" "fetch" "--manifest-path" "Cargo.toml", kill_on_drop: false }`
[INFO] [stderr]     Blocking waiting for file lock on package cache
[INFO] running `Command { std: "docker" "create" "-v" "/var/lib/crater-agent-workspace/builds/worker-7-tc2/target:/opt/rustwide/target:rw,Z" "-v" "/var/lib/crater-agent-workspace/builds/worker-7-tc2/source:/opt/rustwide/workdir:ro,Z" "-v" "/var/lib/crater-agent-workspace/cargo-home:/opt/rustwide/cargo-home:ro,Z" "-v" "/var/lib/crater-agent-workspace/rustup-home:/opt/rustwide/rustup-home:ro,Z" "-e" "SOURCE_DIR=/opt/rustwide/workdir" "-e" "CARGO_TARGET_DIR=/opt/rustwide/target" "-e" "CARGO_HOME=/opt/rustwide/cargo-home" "-e" "RUSTUP_HOME=/opt/rustwide/rustup-home" "-w" "/opt/rustwide/workdir" "-m" "1610612736" "--user" "0:0" "--network" "none" "ghcr.io/rust-lang/crates-build-env/linux@sha256:2788e3201cd34a07e3172128adcd8b3090168a8e3bcc40d7c032b9dda1df7d1c" "/opt/rustwide/cargo-home/bin/cargo" "+beta-2023-12-22" "metadata" "--no-deps" "--format-version=1", kill_on_drop: false }`
[INFO] [stdout] 536454a84a281798712f714719dccc31bef9596c60106713c156ff3493cd3bd4
[INFO] running `Command { std: "docker" "start" "-a" "536454a84a281798712f714719dccc31bef9596c60106713c156ff3493cd3bd4", kill_on_drop: false }`
[INFO] running `Command { std: "docker" "inspect" "536454a84a281798712f714719dccc31bef9596c60106713c156ff3493cd3bd4", kill_on_drop: false }`
[INFO] running `Command { std: "docker" "rm" "-f" "536454a84a281798712f714719dccc31bef9596c60106713c156ff3493cd3bd4", kill_on_drop: false }`
[INFO] [stdout] 536454a84a281798712f714719dccc31bef9596c60106713c156ff3493cd3bd4
[INFO] running `Command { std: "docker" "create" "-v" "/var/lib/crater-agent-workspace/builds/worker-7-tc2/target:/opt/rustwide/target:rw,Z" "-v" "/var/lib/crater-agent-workspace/builds/worker-7-tc2/source:/opt/rustwide/workdir:ro,Z" "-v" "/var/lib/crater-agent-workspace/cargo-home:/opt/rustwide/cargo-home:ro,Z" "-v" "/var/lib/crater-agent-workspace/rustup-home:/opt/rustwide/rustup-home:ro,Z" "-e" "SOURCE_DIR=/opt/rustwide/workdir" "-e" "CARGO_TARGET_DIR=/opt/rustwide/target" "-e" "CARGO_INCREMENTAL=0" "-e" "RUST_BACKTRACE=full" "-e" "RUSTFLAGS=--cap-lints=warn" "-e" "RUSTDOCFLAGS=--cap-lints=warn" "-e" "CARGO_HOME=/opt/rustwide/cargo-home" "-e" "RUSTUP_HOME=/opt/rustwide/rustup-home" "-w" "/opt/rustwide/workdir" "-m" "1610612736" "--user" "0:0" "--network" "none" "ghcr.io/rust-lang/crates-build-env/linux@sha256:2788e3201cd34a07e3172128adcd8b3090168a8e3bcc40d7c032b9dda1df7d1c" "/opt/rustwide/cargo-home/bin/cargo" "+beta-2023-12-22" "build" "--frozen" "--message-format=json", kill_on_drop: false }`
[INFO] [stdout] 7dee1c9eabddad123eac2fa82c5384ab1ac1017ba92c18cd2e0efa1af2ffb05a
[INFO] running `Command { std: "docker" "start" "-a" "7dee1c9eabddad123eac2fa82c5384ab1ac1017ba92c18cd2e0efa1af2ffb05a", kill_on_drop: false }`
[INFO] [stderr]    Compiling glob v0.3.1
[INFO] [stderr]    Compiling dir-test-macros v0.1.1
[INFO] [stderr]    Compiling dir-test v0.1.1 (/opt/rustwide/workdir)
[INFO] [stderr]     Finished dev [unoptimized + debuginfo] target(s) in 0.79s
[INFO] running `Command { std: "docker" "inspect" "7dee1c9eabddad123eac2fa82c5384ab1ac1017ba92c18cd2e0efa1af2ffb05a", kill_on_drop: false }`
[INFO] running `Command { std: "docker" "rm" "-f" "7dee1c9eabddad123eac2fa82c5384ab1ac1017ba92c18cd2e0efa1af2ffb05a", kill_on_drop: false }`
[INFO] [stdout] 7dee1c9eabddad123eac2fa82c5384ab1ac1017ba92c18cd2e0efa1af2ffb05a
[INFO] running `Command { std: "docker" "create" "-v" "/var/lib/crater-agent-workspace/builds/worker-7-tc2/target:/opt/rustwide/target:rw,Z" "-v" "/var/lib/crater-agent-workspace/builds/worker-7-tc2/source:/opt/rustwide/workdir:ro,Z" "-v" "/var/lib/crater-agent-workspace/cargo-home:/opt/rustwide/cargo-home:ro,Z" "-v" "/var/lib/crater-agent-workspace/rustup-home:/opt/rustwide/rustup-home:ro,Z" "-e" "SOURCE_DIR=/opt/rustwide/workdir" "-e" "CARGO_TARGET_DIR=/opt/rustwide/target" "-e" "CARGO_INCREMENTAL=0" "-e" "RUST_BACKTRACE=full" "-e" "RUSTFLAGS=--cap-lints=warn" "-e" "RUSTDOCFLAGS=--cap-lints=warn" "-e" "CARGO_HOME=/opt/rustwide/cargo-home" "-e" "RUSTUP_HOME=/opt/rustwide/rustup-home" "-w" "/opt/rustwide/workdir" "-m" "1610612736" "--user" "0:0" "--network" "none" "ghcr.io/rust-lang/crates-build-env/linux@sha256:2788e3201cd34a07e3172128adcd8b3090168a8e3bcc40d7c032b9dda1df7d1c" "/opt/rustwide/cargo-home/bin/cargo" "+beta-2023-12-22" "test" "--frozen" "--no-run" "--message-format=json", kill_on_drop: false }`
[INFO] [stdout] 6e47fa0da34e1f9ac033ce82e3850d4b875f4f7aeb889557de62c73304c46fe6
[INFO] running `Command { std: "docker" "start" "-a" "6e47fa0da34e1f9ac033ce82e3850d4b875f4f7aeb889557de62c73304c46fe6", kill_on_drop: false }`
[INFO] [stderr]    Compiling glob v0.3.1
[INFO] [stderr]    Compiling trybuild v1.0.87
[INFO] [stderr]    Compiling dissimilar v1.0.7
[INFO] [stderr]    Compiling termcolor v1.4.0
[INFO] [stderr]    Compiling serde_json v1.0.111
[INFO] [stderr]    Compiling basic-toml v0.1.8
[INFO] [stderr]    Compiling dir-test-macros v0.1.1
[INFO] [stderr]    Compiling dir-test v0.1.1 (/opt/rustwide/workdir)
[INFO] [stderr]     Finished test [unoptimized + debuginfo] target(s) in 3.46s
[INFO] running `Command { std: "docker" "inspect" "6e47fa0da34e1f9ac033ce82e3850d4b875f4f7aeb889557de62c73304c46fe6", kill_on_drop: false }`
[INFO] running `Command { std: "docker" "rm" "-f" "6e47fa0da34e1f9ac033ce82e3850d4b875f4f7aeb889557de62c73304c46fe6", kill_on_drop: false }`
[INFO] [stdout] 6e47fa0da34e1f9ac033ce82e3850d4b875f4f7aeb889557de62c73304c46fe6
[INFO] running `Command { std: "docker" "create" "-v" "/var/lib/crater-agent-workspace/builds/worker-7-tc2/target:/opt/rustwide/target:rw,Z" "-v" "/var/lib/crater-agent-workspace/builds/worker-7-tc2/source:/opt/rustwide/workdir:ro,Z" "-v" "/var/lib/crater-agent-workspace/cargo-home:/opt/rustwide/cargo-home:ro,Z" "-v" "/var/lib/crater-agent-workspace/rustup-home:/opt/rustwide/rustup-home:ro,Z" "-e" "SOURCE_DIR=/opt/rustwide/workdir" "-e" "CARGO_TARGET_DIR=/opt/rustwide/target" "-e" "CARGO_INCREMENTAL=0" "-e" "RUST_BACKTRACE=full" "-e" "RUSTFLAGS=--cap-lints=warn" "-e" "RUSTDOCFLAGS=--cap-lints=warn" "-e" "CARGO_HOME=/opt/rustwide/cargo-home" "-e" "RUSTUP_HOME=/opt/rustwide/rustup-home" "-w" "/opt/rustwide/workdir" "-m" "1610612736" "--user" "0:0" "--network" "none" "ghcr.io/rust-lang/crates-build-env/linux@sha256:2788e3201cd34a07e3172128adcd8b3090168a8e3bcc40d7c032b9dda1df7d1c" "/opt/rustwide/cargo-home/bin/cargo" "+beta-2023-12-22" "test" "--frozen", kill_on_drop: false }`
[INFO] [stdout] 73a7532b9c8c3af886eeffac25fd4bf1a748db3eb19336b8daad8636715bab7f
[INFO] running `Command { std: "docker" "start" "-a" "73a7532b9c8c3af886eeffac25fd4bf1a748db3eb19336b8daad8636715bab7f", kill_on_drop: false }`
[INFO] [stderr]     Finished test [unoptimized + debuginfo] target(s) in 0.01s
[INFO] [stderr]      Running unittests src/lib.rs (/opt/rustwide/target/debug/deps/dir_test-a31ec7acfbae7c0c)
[INFO] [stdout] 
[INFO] [stdout] running 0 tests
[INFO] [stdout] 
[INFO] [stdout] test result: ok. 0 passed; 0 failed; 0 ignored; 0 measured; 0 filtered out; finished in 0.00s
[INFO] [stdout] 
[INFO] [stderr]      Running tests/main.rs (/opt/rustwide/target/debug/deps/main-0572ddc2bb9de50e)
[INFO] [stdout] 
[INFO] [stdout] running 1 test
[INFO] [stderr]    Compiling proc-macro2 v1.0.75
[INFO] [stderr]    Compiling unicode-ident v1.0.12
[INFO] [stderr]    Compiling syn v1.0.109
[INFO] [stderr]    Compiling glob v0.3.1
[INFO] [stderr]    Compiling quote v1.0.35
[INFO] [stderr]    Compiling dir-test-macros v0.1.1
[INFO] [stderr]     Checking dir-test v0.1.1 (/opt/rustwide/workdir)
[INFO] [stderr]     Checking dir-test-tests v0.0.0 (/opt/rustwide/target/tests/trybuild/dir-test)
[INFO] [stderr]     Finished dev [unoptimized + debuginfo] target(s) in 3.55s
[INFO] [stderr] 
[INFO] [stderr] 
[INFO] [stderr] test tests/fixtures/fail/invalid_arg.rs ... ok
[INFO] [stdout] test compile_fail ... ok
[INFO] [stderr] 
[INFO] [stdout] 
[INFO] [stderr] 
[INFO] [stdout] test result: ok. 1 passed; 0 failed; 0 ignored; 0 measured; 0 filtered out; finished in 3.66s
[INFO] [stdout] 
[INFO] [stderr]    Doc-tests dir-test
[INFO] [stdout] 
[INFO] [stdout] running 5 tests
[INFO] [stdout] test src/lib.rs - (line 48) - compile ... ok
[INFO] [stdout] test src/lib.rs - (line 91) - compile ... FAILED
[INFO] [stdout] test src/lib.rs - (line 69) - compile ... FAILED
[INFO] [stdout] test src/lib.rs - (line 108) - compile ... FAILED
[INFO] [stdout] test src/lib.rs - (line 13) - compile ... FAILED
[INFO] [stdout] 
[INFO] [stdout] failures:
[INFO] [stdout] 
[INFO] [stdout] ---- src/lib.rs - (line 91) stdout ----
[INFO] [stdout] error: `/opt/rustwide/workdir/fixtures` does not exist
[INFO] [stdout]  --> src/lib.rs:96:10
[INFO] [stdout]   |
[INFO] [stdout] 8 |     dir: "$CARGO_MANIFEST_DIR/fixtures",
[INFO] [stdout]   |          ^^^^^^^^^^^^^^^^^^^^^^^^^^^^^^
[INFO] [stdout] 
[INFO] [stdout] error: aborting due to 1 previous error
[INFO] [stdout] 
[INFO] [stdout] Couldn't compile the test.
[INFO] [stdout] ---- src/lib.rs - (line 69) stdout ----
[INFO] [stdout] error: `/opt/rustwide/workdir/fixtures` does not exist
[INFO] [stdout]  --> src/lib.rs:74:10
[INFO] [stdout]   |
[INFO] [stdout] 8 |     dir: "$CARGO_MANIFEST_DIR/fixtures",
[INFO] [stdout]   |          ^^^^^^^^^^^^^^^^^^^^^^^^^^^^^^
[INFO] [stdout] 
[INFO] [stdout] error: aborting due to 1 previous error
[INFO] [stdout] 
[INFO] [stdout] Couldn't compile the test.
[INFO] [stdout] ---- src/lib.rs - (line 108) stdout ----
[INFO] [stdout] error: `/opt/rustwide/workdir/fixtures` does not exist
[INFO] [stdout]  --> src/lib.rs:113:10
[INFO] [stdout]   |
[INFO] [stdout] 8 |     dir: "$CARGO_MANIFEST_DIR/fixtures",
[INFO] [stdout]   |          ^^^^^^^^^^^^^^^^^^^^^^^^^^^^^^
[INFO] [stdout] 
[INFO] [stdout] error: aborting due to 1 previous error
[INFO] [stdout] 
[INFO] [stdout] Couldn't compile the test.
[INFO] [stdout] ---- src/lib.rs - (line 13) stdout ----
[INFO] [stdout] error: `/opt/rustwide/workdir/fixtures` does not exist
[INFO] [stdout]  --> src/lib.rs:18:10
[INFO] [stdout]   |
[INFO] [stdout] 8 |     dir: "$CARGO_MANIFEST_DIR/fixtures",
[INFO] [stdout]   |          ^^^^^^^^^^^^^^^^^^^^^^^^^^^^^^
[INFO] [stdout] 
[INFO] [stdout] error: aborting due to 1 previous error
[INFO] [stdout] 
[INFO] [stdout] Couldn't compile the test.
[INFO] [stdout] 
[INFO] [stdout] failures:
[INFO] [stdout]     src/lib.rs - (line 108)
[INFO] [stdout]     src/lib.rs - (line 13)
[INFO] [stdout]     src/lib.rs - (line 69)
[INFO] [stdout]     src/lib.rs - (line 91)
[INFO] [stdout] 
[INFO] [stdout] test result: FAILED. 1 passed; 4 failed; 0 ignored; 0 measured; 0 filtered out; finished in 0.03s
[INFO] [stdout] 
[INFO] [stderr] error: doctest failed, to rerun pass `--doc`
[INFO] running `Command { std: "docker" "inspect" "73a7532b9c8c3af886eeffac25fd4bf1a748db3eb19336b8daad8636715bab7f", kill_on_drop: false }`
[INFO] running `Command { std: "docker" "rm" "-f" "73a7532b9c8c3af886eeffac25fd4bf1a748db3eb19336b8daad8636715bab7f", kill_on_drop: false }`
[INFO] [stdout] 73a7532b9c8c3af886eeffac25fd4bf1a748db3eb19336b8daad8636715bab7f
