[INFO] fetching crate dioxus-router-macro 0.4.1...
[INFO] testing dioxus-router-macro-0.4.1 against 1.75.0 for beta-1.76-1
[INFO] extracting crate dioxus-router-macro 0.4.1 into /workspace/builds/worker-2-tc1/source
[INFO] validating manifest of crates.io crate dioxus-router-macro 0.4.1 on toolchain 1.75.0
[INFO] running `Command { std: CARGO_HOME="/workspace/cargo-home" RUSTUP_HOME="/workspace/rustup-home" "/workspace/cargo-home/bin/cargo" "+1.75.0" "metadata" "--manifest-path" "Cargo.toml" "--no-deps", kill_on_drop: false }`
[INFO] started tweaking crates.io crate dioxus-router-macro 0.4.1
[INFO] finished tweaking crates.io crate dioxus-router-macro 0.4.1
[INFO] tweaked toml for crates.io crate dioxus-router-macro 0.4.1 written to /workspace/builds/worker-2-tc1/source/Cargo.toml
[INFO] running `Command { std: CARGO_HOME="/workspace/cargo-home" RUSTUP_HOME="/workspace/rustup-home" "/workspace/cargo-home/bin/cargo" "+1.75.0" "generate-lockfile" "--manifest-path" "Cargo.toml", kill_on_drop: false }`
[INFO] [stderr]     Updating crates.io index
[INFO] running `Command { std: CARGO_HOME="/workspace/cargo-home" RUSTUP_HOME="/workspace/rustup-home" "/workspace/cargo-home/bin/cargo" "+1.75.0" "fetch" "--manifest-path" "Cargo.toml", kill_on_drop: false }`
[INFO] running `Command { std: "docker" "create" "-v" "/var/lib/crater-agent-workspace/builds/worker-2-tc1/target:/opt/rustwide/target:rw,Z" "-v" "/var/lib/crater-agent-workspace/builds/worker-2-tc1/source:/opt/rustwide/workdir:ro,Z" "-v" "/var/lib/crater-agent-workspace/cargo-home:/opt/rustwide/cargo-home:ro,Z" "-v" "/var/lib/crater-agent-workspace/rustup-home:/opt/rustwide/rustup-home:ro,Z" "-e" "SOURCE_DIR=/opt/rustwide/workdir" "-e" "CARGO_TARGET_DIR=/opt/rustwide/target" "-e" "CARGO_HOME=/opt/rustwide/cargo-home" "-e" "RUSTUP_HOME=/opt/rustwide/rustup-home" "-w" "/opt/rustwide/workdir" "-m" "1610612736" "--user" "0:0" "--network" "none" "ghcr.io/rust-lang/crates-build-env/linux@sha256:2788e3201cd34a07e3172128adcd8b3090168a8e3bcc40d7c032b9dda1df7d1c" "/opt/rustwide/cargo-home/bin/cargo" "+1.75.0" "metadata" "--no-deps" "--format-version=1", kill_on_drop: false }`
[INFO] [stdout] 0ca92295bb81abbac289537e61cf2b1a71d5ce62329fefcb815b2059cdcf4c49
[INFO] running `Command { std: "docker" "start" "-a" "0ca92295bb81abbac289537e61cf2b1a71d5ce62329fefcb815b2059cdcf4c49", kill_on_drop: false }`
[INFO] running `Command { std: "docker" "inspect" "0ca92295bb81abbac289537e61cf2b1a71d5ce62329fefcb815b2059cdcf4c49", kill_on_drop: false }`
[INFO] running `Command { std: "docker" "rm" "-f" "0ca92295bb81abbac289537e61cf2b1a71d5ce62329fefcb815b2059cdcf4c49", kill_on_drop: false }`
[INFO] [stdout] 0ca92295bb81abbac289537e61cf2b1a71d5ce62329fefcb815b2059cdcf4c49
[INFO] running `Command { std: "docker" "create" "-v" "/var/lib/crater-agent-workspace/builds/worker-2-tc1/target:/opt/rustwide/target:rw,Z" "-v" "/var/lib/crater-agent-workspace/builds/worker-2-tc1/source:/opt/rustwide/workdir:ro,Z" "-v" "/var/lib/crater-agent-workspace/cargo-home:/opt/rustwide/cargo-home:ro,Z" "-v" "/var/lib/crater-agent-workspace/rustup-home:/opt/rustwide/rustup-home:ro,Z" "-e" "SOURCE_DIR=/opt/rustwide/workdir" "-e" "CARGO_TARGET_DIR=/opt/rustwide/target" "-e" "CARGO_INCREMENTAL=0" "-e" "RUST_BACKTRACE=full" "-e" "RUSTFLAGS=--cap-lints=warn" "-e" "RUSTDOCFLAGS=--cap-lints=warn" "-e" "CARGO_HOME=/opt/rustwide/cargo-home" "-e" "RUSTUP_HOME=/opt/rustwide/rustup-home" "-w" "/opt/rustwide/workdir" "-m" "1610612736" "--user" "0:0" "--network" "none" "ghcr.io/rust-lang/crates-build-env/linux@sha256:2788e3201cd34a07e3172128adcd8b3090168a8e3bcc40d7c032b9dda1df7d1c" "/opt/rustwide/cargo-home/bin/cargo" "+1.75.0" "build" "--frozen" "--message-format=json", kill_on_drop: false }`
[INFO] [stdout] 7ecf8bf6808f9a9d68ede9895047f7c274db9d7c5679259275d43a97a942e54a
[INFO] running `Command { std: "docker" "start" "-a" "7ecf8bf6808f9a9d68ede9895047f7c274db9d7c5679259275d43a97a942e54a", kill_on_drop: false }`
[INFO] [stderr]    Compiling proc-macro2 v1.0.75
[INFO] [stderr]    Compiling autocfg v1.1.0
[INFO] [stderr]    Compiling unicode-ident v1.0.12
[INFO] [stderr]    Compiling slab v0.4.9
[INFO] [stderr]    Compiling quote v1.0.35
[INFO] [stderr]    Compiling syn v2.0.48
[INFO] [stderr]    Compiling dioxus-router-macro v0.4.1 (/opt/rustwide/workdir)
[INFO] [stderr]     Finished dev [unoptimized + debuginfo] target(s) in 8.60s
[INFO] running `Command { std: "docker" "inspect" "7ecf8bf6808f9a9d68ede9895047f7c274db9d7c5679259275d43a97a942e54a", kill_on_drop: false }`
[INFO] running `Command { std: "docker" "rm" "-f" "7ecf8bf6808f9a9d68ede9895047f7c274db9d7c5679259275d43a97a942e54a", kill_on_drop: false }`
[INFO] [stdout] 7ecf8bf6808f9a9d68ede9895047f7c274db9d7c5679259275d43a97a942e54a
[INFO] running `Command { std: "docker" "create" "-v" "/var/lib/crater-agent-workspace/builds/worker-2-tc1/target:/opt/rustwide/target:rw,Z" "-v" "/var/lib/crater-agent-workspace/builds/worker-2-tc1/source:/opt/rustwide/workdir:ro,Z" "-v" "/var/lib/crater-agent-workspace/cargo-home:/opt/rustwide/cargo-home:ro,Z" "-v" "/var/lib/crater-agent-workspace/rustup-home:/opt/rustwide/rustup-home:ro,Z" "-e" "SOURCE_DIR=/opt/rustwide/workdir" "-e" "CARGO_TARGET_DIR=/opt/rustwide/target" "-e" "CARGO_INCREMENTAL=0" "-e" "RUST_BACKTRACE=full" "-e" "RUSTFLAGS=--cap-lints=warn" "-e" "RUSTDOCFLAGS=--cap-lints=warn" "-e" "CARGO_HOME=/opt/rustwide/cargo-home" "-e" "RUSTUP_HOME=/opt/rustwide/rustup-home" "-w" "/opt/rustwide/workdir" "-m" "1610612736" "--user" "0:0" "--network" "none" "ghcr.io/rust-lang/crates-build-env/linux@sha256:2788e3201cd34a07e3172128adcd8b3090168a8e3bcc40d7c032b9dda1df7d1c" "/opt/rustwide/cargo-home/bin/cargo" "+1.75.0" "test" "--frozen" "--no-run" "--message-format=json", kill_on_drop: false }`
[INFO] [stdout] da05a7ad50637e112c4cc9866b8becd9abeabb1479d4dfab587af48fe7795d59
[INFO] running `Command { std: "docker" "start" "-a" "da05a7ad50637e112c4cc9866b8becd9abeabb1479d4dfab587af48fe7795d59", kill_on_drop: false }`
[INFO] [stderr]    Compiling dioxus-router-macro v0.4.1 (/opt/rustwide/workdir)
[INFO] [stderr]     Finished test [unoptimized + debuginfo] target(s) in 1.78s
[INFO] running `Command { std: "docker" "inspect" "da05a7ad50637e112c4cc9866b8becd9abeabb1479d4dfab587af48fe7795d59", kill_on_drop: false }`
[INFO] running `Command { std: "docker" "rm" "-f" "da05a7ad50637e112c4cc9866b8becd9abeabb1479d4dfab587af48fe7795d59", kill_on_drop: false }`
[INFO] [stdout] da05a7ad50637e112c4cc9866b8becd9abeabb1479d4dfab587af48fe7795d59
[INFO] running `Command { std: "docker" "create" "-v" "/var/lib/crater-agent-workspace/builds/worker-2-tc1/target:/opt/rustwide/target:rw,Z" "-v" "/var/lib/crater-agent-workspace/builds/worker-2-tc1/source:/opt/rustwide/workdir:ro,Z" "-v" "/var/lib/crater-agent-workspace/cargo-home:/opt/rustwide/cargo-home:ro,Z" "-v" "/var/lib/crater-agent-workspace/rustup-home:/opt/rustwide/rustup-home:ro,Z" "-e" "SOURCE_DIR=/opt/rustwide/workdir" "-e" "CARGO_TARGET_DIR=/opt/rustwide/target" "-e" "CARGO_INCREMENTAL=0" "-e" "RUST_BACKTRACE=full" "-e" "RUSTFLAGS=--cap-lints=warn" "-e" "RUSTDOCFLAGS=--cap-lints=warn" "-e" "CARGO_HOME=/opt/rustwide/cargo-home" "-e" "RUSTUP_HOME=/opt/rustwide/rustup-home" "-w" "/opt/rustwide/workdir" "-m" "1610612736" "--user" "0:0" "--network" "none" "ghcr.io/rust-lang/crates-build-env/linux@sha256:2788e3201cd34a07e3172128adcd8b3090168a8e3bcc40d7c032b9dda1df7d1c" "/opt/rustwide/cargo-home/bin/cargo" "+1.75.0" "test" "--frozen", kill_on_drop: false }`
[INFO] [stdout] 32178993322e2ae9865974035f07542c1c6bff6e5af5144cb618b912f57d4509
[INFO] running `Command { std: "docker" "start" "-a" "32178993322e2ae9865974035f07542c1c6bff6e5af5144cb618b912f57d4509", kill_on_drop: false }`
[INFO] [stderr]     Finished test [unoptimized + debuginfo] target(s) in 0.01s
[INFO] [stderr]      Running unittests src/lib.rs (/opt/rustwide/target/debug/deps/dioxus_router_macro-97ef42c249d055ad)
[INFO] [stdout] 
[INFO] [stdout] running 0 tests
[INFO] [stdout] 
[INFO] [stdout] test result: ok. 0 passed; 0 failed; 0 ignored; 0 measured; 0 filtered out; finished in 0.00s
[INFO] [stdout] 
[INFO] [stderr]    Doc-tests dioxus-router-macro
[INFO] [stdout] 
[INFO] [stdout] running 7 tests
[INFO] [stdout] test src/lib.rs - routable (line 125) ... FAILED
[INFO] [stdout] test src/lib.rs - routable (line 142) ... FAILED
[INFO] [stdout] test src/lib.rs - routable (line 166) ... FAILED
[INFO] [stdout] test src/lib.rs - routable (line 181) ... FAILED
[INFO] [stdout] test src/lib.rs - routable (line 90) ... FAILED
[INFO] [stdout] test src/lib.rs - routable (line 42) ... FAILED
[INFO] [stdout] test src/lib.rs - routable (line 106) ... FAILED
[INFO] [stdout] 
[INFO] [stdout] failures:
[INFO] [stdout] 
[INFO] [stdout] ---- src/lib.rs - routable (line 125) stdout ----
[INFO] [stdout] error: cannot find derive macro `Routable` in this scope
[INFO] [stdout]  --> src/lib.rs:126:35
[INFO] [stdout]   |
[INFO] [stdout] 3 | #[derive(Clone, Debug, PartialEq, Routable)]
[INFO] [stdout]   |                                   ^^^^^^^^
[INFO] [stdout]   |
[INFO] [stdout] help: consider importing this derive macro
[INFO] [stdout]   |
[INFO] [stdout] 2 + use dioxus_router_macro::Routable;
[INFO] [stdout]   |
[INFO] [stdout] 
[INFO] [stdout] error: cannot find attribute `nest` in this scope
[INFO] [stdout]  --> src/lib.rs:129:7
[INFO] [stdout]   |
[INFO] [stdout] 6 |     #[nest("/blog")]
[INFO] [stdout]   |       ^^^^ help: an attribute macro with a similar name exists: `test`
[INFO] [stdout]  --> /rustc/82e1608dfa6e0b5569232559e3d385fea5a93112/library/core/src/macros/mod.rs:1601:5
[INFO] [stdout]   |
[INFO] [stdout]   = note: similarly named attribute macro `test` defined here
[INFO] [stdout] 
[INFO] [stdout] error: cannot find attribute `redirect` in this scope
[INFO] [stdout]  --> src/lib.rs:131:11
[INFO] [stdout]   |
[INFO] [stdout] 8 |         #[redirect("/:id", |_: usize| Route::Index {})]
[INFO] [stdout]   |           ^^^^^^^^
[INFO] [stdout] 
[INFO] [stdout] error: cannot find attribute `route` in this scope
[INFO] [stdout]   --> src/lib.rs:133:11
[INFO] [stdout]    |
[INFO] [stdout] 10 |         #[route("/", Index)]
[INFO] [stdout]    |           ^^^^^
[INFO] [stdout] 
[INFO] [stdout] error: aborting due to 4 previous errors
[INFO] [stdout] 
[INFO] [stdout] Couldn't compile the test.
[INFO] [stdout] ---- src/lib.rs - routable (line 142) stdout ----
[INFO] [stdout] error: cannot find derive macro `Routable` in this scope
[INFO] [stdout]  --> src/lib.rs:143:35
[INFO] [stdout]   |
[INFO] [stdout] 3 | #[derive(Clone, Debug, PartialEq, Routable)]
[INFO] [stdout]   |                                   ^^^^^^^^
[INFO] [stdout]   |
[INFO] [stdout] help: consider importing this derive macro
[INFO] [stdout]   |
[INFO] [stdout] 2 + use dioxus_router_macro::Routable;
[INFO] [stdout]   |
[INFO] [stdout] 
[INFO] [stdout] error: cannot find attribute `nest` in this scope
[INFO] [stdout]  --> src/lib.rs:145:7
[INFO] [stdout]   |
[INFO] [stdout] 5 |     #[nest("/blog")]
[INFO] [stdout]   |       ^^^^ help: an attribute macro with a similar name exists: `test`
[INFO] [stdout]  --> /rustc/82e1608dfa6e0b5569232559e3d385fea5a93112/library/core/src/macros/mod.rs:1601:5
[INFO] [stdout]   |
[INFO] [stdout]   = note: similarly named attribute macro `test` defined here
[INFO] [stdout] 
[INFO] [stdout] error: cannot find attribute `redirect` in this scope
[INFO] [stdout]  --> src/lib.rs:147:11
[INFO] [stdout]   |
[INFO] [stdout] 7 |         #[redirect("/:id", |_: usize| Route::Index {})]
[INFO] [stdout]   |           ^^^^^^^^
[INFO] [stdout] 
[INFO] [stdout] error: cannot find attribute `route` in this scope
[INFO] [stdout]  --> src/lib.rs:149:11
[INFO] [stdout]   |
[INFO] [stdout] 9 |         #[route("/", Index)]
[INFO] [stdout]   |           ^^^^^
[INFO] [stdout] 
[INFO] [stdout] error: cannot find attribute `end_nest` in this scope
[INFO] [stdout]   --> src/lib.rs:152:7
[INFO] [stdout]    |
[INFO] [stdout] 12 |     #[end_nest]
[INFO] [stdout]    |       ^^^^^^^^
[INFO] [stdout] 
[INFO] [stdout] error: cannot find attribute `route` in this scope
[INFO] [stdout]   --> src/lib.rs:154:7
[INFO] [stdout]    |
[INFO] [stdout] 14 |     #[route("/")]
[INFO] [stdout]    |       ^^^^^
[INFO] [stdout] 
[INFO] [stdout] error: aborting due to 6 previous errors
[INFO] [stdout] 
[INFO] [stdout] Couldn't compile the test.
[INFO] [stdout] ---- src/lib.rs - routable (line 166) stdout ----
[INFO] [stdout] error: cannot find derive macro `Routable` in this scope
[INFO] [stdout]  --> src/lib.rs:167:35
[INFO] [stdout]   |
[INFO] [stdout] 3 | #[derive(Clone, Debug, PartialEq, Routable)]
[INFO] [stdout]   |                                   ^^^^^^^^
[INFO] [stdout]   |
[INFO] [stdout] help: consider importing this derive macro
[INFO] [stdout]   |
[INFO] [stdout] 2 + use dioxus_router_macro::Routable;
[INFO] [stdout]   |
[INFO] [stdout] 
[INFO] [stdout] error: cannot find attribute `layout` in this scope
[INFO] [stdout]  --> src/lib.rs:169:7
[INFO] [stdout]   |
[INFO] [stdout] 5 |     #[layout(BlogFrame)]
[INFO] [stdout]   |       ^^^^^^
[INFO] [stdout] 
[INFO] [stdout] error: cannot find attribute `redirect` in this scope
[INFO] [stdout]  --> src/lib.rs:170:11
[INFO] [stdout]   |
[INFO] [stdout] 6 |         #[redirect("/:id", |_: usize| Route::Index {})]
[INFO] [stdout]   |           ^^^^^^^^
[INFO] [stdout] 
[INFO] [stdout] error: cannot find attribute `route` in this scope
[INFO] [stdout]  --> src/lib.rs:172:11
[INFO] [stdout]   |
[INFO] [stdout] 8 |         #[route("/", Index)]
[INFO] [stdout]   |           ^^^^^
[INFO] [stdout] 
[INFO] [stdout] error: aborting due to 4 previous errors
[INFO] [stdout] 
[INFO] [stdout] Couldn't compile the test.
[INFO] [stdout] ---- src/lib.rs - routable (line 181) stdout ----
[INFO] [stdout] error: cannot find derive macro `Routable` in this scope
[INFO] [stdout]  --> src/lib.rs:182:35
[INFO] [stdout]   |
[INFO] [stdout] 3 | #[derive(Clone, Debug, PartialEq, Routable)]
[INFO] [stdout]   |                                   ^^^^^^^^
[INFO] [stdout]   |
[INFO] [stdout] help: consider importing this derive macro
[INFO] [stdout]   |
[INFO] [stdout] 2 + use dioxus_router_macro::Routable;
[INFO] [stdout]   |
[INFO] [stdout] 
[INFO] [stdout] error: cannot find attribute `layout` in this scope
[INFO] [stdout]  --> src/lib.rs:184:7
[INFO] [stdout]   |
[INFO] [stdout] 5 |     #[layout(BlogFrame)]
[INFO] [stdout]   |       ^^^^^^
[INFO] [stdout] 
[INFO] [stdout] error: cannot find attribute `redirect` in this scope
[INFO] [stdout]  --> src/lib.rs:185:11
[INFO] [stdout]   |
[INFO] [stdout] 6 |         #[redirect("/:id", |_: usize| Route::Index {})]
[INFO] [stdout]   |           ^^^^^^^^
[INFO] [stdout] 
[INFO] [stdout] error: cannot find attribute `route` in this scope
[INFO] [stdout]  --> src/lib.rs:187:11
[INFO] [stdout]   |
[INFO] [stdout] 8 |         #[route("/", Index)]
[INFO] [stdout]   |           ^^^^^
[INFO] [stdout] 
[INFO] [stdout] error: cannot find attribute `end_layout` in this scope
[INFO] [stdout]   --> src/lib.rs:190:7
[INFO] [stdout]    |
[INFO] [stdout] 11 |     #[end_layout]
[INFO] [stdout]    |       ^^^^^^^^^^
[INFO] [stdout] 
[INFO] [stdout] error: cannot find attribute `route` in this scope
[INFO] [stdout]   --> src/lib.rs:192:7
[INFO] [stdout]    |
[INFO] [stdout] 13 |     #[route("/")]
[INFO] [stdout]    |       ^^^^^
[INFO] [stdout] 
[INFO] [stdout] error: aborting due to 6 previous errors
[INFO] [stdout] 
[INFO] [stdout] Couldn't compile the test.
[INFO] [stdout] ---- src/lib.rs - routable (line 90) stdout ----
[INFO] [stdout] error: cannot find derive macro `Routable` in this scope
[INFO] [stdout]  --> src/lib.rs:91:35
[INFO] [stdout]   |
[INFO] [stdout] 3 | #[derive(Clone, Debug, PartialEq, Routable)]
[INFO] [stdout]   |                                   ^^^^^^^^
[INFO] [stdout]   |
[INFO] [stdout] help: consider importing this derive macro
[INFO] [stdout]   |
[INFO] [stdout] 2 + use dioxus_router_macro::Routable;
[INFO] [stdout]   |
[INFO] [stdout] 
[INFO] [stdout] error: cannot find attribute `route` in this scope
[INFO] [stdout]  --> src/lib.rs:95:7
[INFO] [stdout]   |
[INFO] [stdout] 7 |     #[route("/", Index)]
[INFO] [stdout]   |       ^^^^^
[INFO] [stdout] 
[INFO] [stdout] error: aborting due to 2 previous errors
[INFO] [stdout] 
[INFO] [stdout] Couldn't compile the test.
[INFO] [stdout] ---- src/lib.rs - routable (line 42) stdout ----
[INFO] [stdout] error: cannot find derive macro `Routable` in this scope
[INFO] [stdout]  --> src/lib.rs:44:35
[INFO] [stdout]   |
[INFO] [stdout] 4 | #[derive(Clone, Debug, PartialEq, Routable)]
[INFO] [stdout]   |                                   ^^^^^^^^
[INFO] [stdout]   |
[INFO] [stdout] help: consider importing this derive macro
[INFO] [stdout]   |
[INFO] [stdout] 2 + use dioxus_router_macro::Routable;
[INFO] [stdout]   |
[INFO] [stdout] 
[INFO] [stdout] error: cannot find attribute `route` in this scope
[INFO] [stdout]  --> src/lib.rs:47:7
[INFO] [stdout]   |
[INFO] [stdout] 7 |     #[route("/", IndexComponent)]
[INFO] [stdout]   |       ^^^^^
[INFO] [stdout] 
[INFO] [stdout] error: cannot find attribute `nest` in this scope
[INFO] [stdout]   --> src/lib.rs:51:7
[INFO] [stdout]    |
[INFO] [stdout] 11 |     #[nest("/user/:user_id")]
[INFO] [stdout]    |       ^^^^ help: an attribute macro with a similar name exists: `test`
[INFO] [stdout]   --> /rustc/82e1608dfa6e0b5569232559e3d385fea5a93112/library/core/src/macros/mod.rs:1601:5
[INFO] [stdout]    |
[INFO] [stdout]    = note: similarly named attribute macro `test` defined here
[INFO] [stdout] 
[INFO] [stdout] error: cannot find attribute `layout` in this scope
[INFO] [stdout]   --> src/lib.rs:54:11
[INFO] [stdout]    |
[INFO] [stdout] 14 |         #[layout(UserFrame)]
[INFO] [stdout]    |           ^^^^^^
[INFO] [stdout] 
[INFO] [stdout] error: cannot find attribute `route` in this scope
[INFO] [stdout]   --> src/lib.rs:56:15
[INFO] [stdout]    |
[INFO] [stdout] 16 |             #[route("/:dynamic?:query")]
[INFO] [stdout]    |               ^^^^^
[INFO] [stdout] 
[INFO] [stdout] error: cannot find attribute `route` in this scope
[INFO] [stdout]   --> src/lib.rs:64:15
[INFO] [stdout]    |
[INFO] [stdout] 24 |             #[route("/hello_world")]
[INFO] [stdout]    |               ^^^^^
[INFO] [stdout] 
[INFO] [stdout] error: cannot find attribute `layout` in this scope
[INFO] [stdout]   --> src/lib.rs:66:15
[INFO] [stdout]    |
[INFO] [stdout] 26 |             #[layout(!UserFrame)]
[INFO] [stdout]    |               ^^^^^^
[INFO] [stdout] 
[INFO] [stdout] error: cannot find attribute `end_layout` in this scope
[INFO] [stdout]   --> src/lib.rs:69:11
[INFO] [stdout]    |
[INFO] [stdout] 29 |         #[end_layout]
[INFO] [stdout]    |           ^^^^^^^^^^
[INFO] [stdout] 
[INFO] [stdout] error: cannot find attribute `end_nest` in this scope
[INFO] [stdout]   --> src/lib.rs:71:7
[INFO] [stdout]    |
[INFO] [stdout] 31 |     #[end_nest]
[INFO] [stdout]    |       ^^^^^^^^
[INFO] [stdout] 
[INFO] [stdout] error: cannot find attribute `redirect` in this scope
[INFO] [stdout]   --> src/lib.rs:73:7
[INFO] [stdout]    |
[INFO] [stdout] 33 |     #[redirect("/:id/user", |id: usize| Route::Route3 { dynamic: id.to_string()})]
[INFO] [stdout]    |       ^^^^^^^^
[INFO] [stdout] 
[INFO] [stdout] error: cannot find attribute `route` in this scope
[INFO] [stdout]   --> src/lib.rs:74:7
[INFO] [stdout]    |
[INFO] [stdout] 34 |     #[route("/:dynamic")]
[INFO] [stdout]    |       ^^^^^
[INFO] [stdout] 
[INFO] [stdout] error: cannot find attribute `child` in this scope
[INFO] [stdout]   --> src/lib.rs:76:7
[INFO] [stdout]    |
[INFO] [stdout] 36 |     #[child]
[INFO] [stdout]    |       ^^^^^
[INFO] [stdout] 
[INFO] [stdout] error[E0412]: cannot find type `NestedRoute` in this scope
[INFO] [stdout]   --> src/lib.rs:77:17
[INFO] [stdout]    |
[INFO] [stdout] 37 |     NestedRoute(NestedRoute),
[INFO] [stdout]    |                 ^^^^^^^^^^^ not found in this scope
[INFO] [stdout] 
[INFO] [stdout] error: aborting due to 13 previous errors
[INFO] [stdout] 
[INFO] [stdout] For more information about this error, try `rustc --explain E0412`.
[INFO] [stdout] Couldn't compile the test.
[INFO] [stdout] ---- src/lib.rs - routable (line 106) stdout ----
[INFO] [stdout] error: cannot find derive macro `Routable` in this scope
[INFO] [stdout]  --> src/lib.rs:107:35
[INFO] [stdout]   |
[INFO] [stdout] 3 | #[derive(Clone, Debug, PartialEq, Routable)]
[INFO] [stdout]   |                                   ^^^^^^^^
[INFO] [stdout]   |
[INFO] [stdout] help: consider importing this derive macro
[INFO] [stdout]   |
[INFO] [stdout] 2 + use dioxus_router_macro::Routable;
[INFO] [stdout]   |
[INFO] [stdout] 
[INFO] [stdout] error: cannot find attribute `redirect` in this scope
[INFO] [stdout]  --> src/lib.rs:110:7
[INFO] [stdout]   |
[INFO] [stdout] 6 |     #[redirect("/:id", |_: usize| Route::Index {})]
[INFO] [stdout]   |       ^^^^^^^^
[INFO] [stdout] 
[INFO] [stdout] error: cannot find attribute `route` in this scope
[INFO] [stdout]  --> src/lib.rs:111:7
[INFO] [stdout]   |
[INFO] [stdout] 7 |     #[route("/", Index)]
[INFO] [stdout]   |       ^^^^^
[INFO] [stdout] 
[INFO] [stdout] error: aborting due to 3 previous errors
[INFO] [stdout] 
[INFO] [stdout] Couldn't compile the test.
[INFO] [stdout] 
[INFO] [stdout] failures:
[INFO] [stdout]     src/lib.rs - routable (line 106)
[INFO] [stdout]     src/lib.rs - routable (line 125)
[INFO] [stdout]     src/lib.rs - routable (line 142)
[INFO] [stdout]     src/lib.rs - routable (line 166)
[INFO] [stdout]     src/lib.rs - routable (line 181)
[INFO] [stdout]     src/lib.rs - routable (line 42)
[INFO] [stdout]     src/lib.rs - routable (line 90)
[INFO] [stdout] 
[INFO] [stdout] test result: FAILED. 0 passed; 7 failed; 0 ignored; 0 measured; 0 filtered out; finished in 0.20s
[INFO] [stdout] 
[INFO] [stderr] error: doctest failed, to rerun pass `--doc`
[INFO] running `Command { std: "docker" "inspect" "32178993322e2ae9865974035f07542c1c6bff6e5af5144cb618b912f57d4509", kill_on_drop: false }`
[INFO] running `Command { std: "docker" "rm" "-f" "32178993322e2ae9865974035f07542c1c6bff6e5af5144cb618b912f57d4509", kill_on_drop: false }`
[INFO] [stdout] 32178993322e2ae9865974035f07542c1c6bff6e5af5144cb618b912f57d4509
