[INFO] fetching crate dioxus-hooks 0.4.0...
[INFO] testing dioxus-hooks-0.4.0 against 1.75.0 for beta-1.76-1
[INFO] extracting crate dioxus-hooks 0.4.0 into /workspace/builds/worker-2-tc1/source
[INFO] validating manifest of crates.io crate dioxus-hooks 0.4.0 on toolchain 1.75.0
[INFO] running `Command { std: CARGO_HOME="/workspace/cargo-home" RUSTUP_HOME="/workspace/rustup-home" "/workspace/cargo-home/bin/cargo" "+1.75.0" "metadata" "--manifest-path" "Cargo.toml" "--no-deps", kill_on_drop: false }`
[INFO] started tweaking crates.io crate dioxus-hooks 0.4.0
[INFO] finished tweaking crates.io crate dioxus-hooks 0.4.0
[INFO] tweaked toml for crates.io crate dioxus-hooks 0.4.0 written to /workspace/builds/worker-2-tc1/source/Cargo.toml
[INFO] running `Command { std: CARGO_HOME="/workspace/cargo-home" RUSTUP_HOME="/workspace/rustup-home" "/workspace/cargo-home/bin/cargo" "+1.75.0" "generate-lockfile" "--manifest-path" "Cargo.toml", kill_on_drop: false }`
[INFO] [stderr]     Updating crates.io index
[INFO] running `Command { std: CARGO_HOME="/workspace/cargo-home" RUSTUP_HOME="/workspace/rustup-home" "/workspace/cargo-home/bin/cargo" "+1.75.0" "fetch" "--manifest-path" "Cargo.toml", kill_on_drop: false }`
[INFO] [stderr]  Downloading crates ...
[INFO] [stderr]   Downloaded dioxus-debug-cell v0.1.1
[INFO] [stderr]   Downloaded dioxus-core v0.4.3
[INFO] running `Command { std: "docker" "create" "-v" "/var/lib/crater-agent-workspace/builds/worker-2-tc1/target:/opt/rustwide/target:rw,Z" "-v" "/var/lib/crater-agent-workspace/builds/worker-2-tc1/source:/opt/rustwide/workdir:ro,Z" "-v" "/var/lib/crater-agent-workspace/cargo-home:/opt/rustwide/cargo-home:ro,Z" "-v" "/var/lib/crater-agent-workspace/rustup-home:/opt/rustwide/rustup-home:ro,Z" "-e" "SOURCE_DIR=/opt/rustwide/workdir" "-e" "CARGO_TARGET_DIR=/opt/rustwide/target" "-e" "CARGO_HOME=/opt/rustwide/cargo-home" "-e" "RUSTUP_HOME=/opt/rustwide/rustup-home" "-w" "/opt/rustwide/workdir" "-m" "1610612736" "--user" "0:0" "--network" "none" "ghcr.io/rust-lang/crates-build-env/linux@sha256:2788e3201cd34a07e3172128adcd8b3090168a8e3bcc40d7c032b9dda1df7d1c" "/opt/rustwide/cargo-home/bin/cargo" "+1.75.0" "metadata" "--no-deps" "--format-version=1", kill_on_drop: false }`
[INFO] [stdout] 58d49575706180b903cced5d19b801eb7f43a9d973e19cc56200cb24aa130f0a
[INFO] running `Command { std: "docker" "start" "-a" "58d49575706180b903cced5d19b801eb7f43a9d973e19cc56200cb24aa130f0a", kill_on_drop: false }`
[INFO] running `Command { std: "docker" "inspect" "58d49575706180b903cced5d19b801eb7f43a9d973e19cc56200cb24aa130f0a", kill_on_drop: false }`
[INFO] running `Command { std: "docker" "rm" "-f" "58d49575706180b903cced5d19b801eb7f43a9d973e19cc56200cb24aa130f0a", kill_on_drop: false }`
[INFO] [stdout] 58d49575706180b903cced5d19b801eb7f43a9d973e19cc56200cb24aa130f0a
[INFO] running `Command { std: "docker" "create" "-v" "/var/lib/crater-agent-workspace/builds/worker-2-tc1/target:/opt/rustwide/target:rw,Z" "-v" "/var/lib/crater-agent-workspace/builds/worker-2-tc1/source:/opt/rustwide/workdir:ro,Z" "-v" "/var/lib/crater-agent-workspace/cargo-home:/opt/rustwide/cargo-home:ro,Z" "-v" "/var/lib/crater-agent-workspace/rustup-home:/opt/rustwide/rustup-home:ro,Z" "-e" "SOURCE_DIR=/opt/rustwide/workdir" "-e" "CARGO_TARGET_DIR=/opt/rustwide/target" "-e" "CARGO_INCREMENTAL=0" "-e" "RUST_BACKTRACE=full" "-e" "RUSTFLAGS=--cap-lints=warn" "-e" "RUSTDOCFLAGS=--cap-lints=warn" "-e" "CARGO_HOME=/opt/rustwide/cargo-home" "-e" "RUSTUP_HOME=/opt/rustwide/rustup-home" "-w" "/opt/rustwide/workdir" "-m" "1610612736" "--user" "0:0" "--network" "none" "ghcr.io/rust-lang/crates-build-env/linux@sha256:2788e3201cd34a07e3172128adcd8b3090168a8e3bcc40d7c032b9dda1df7d1c" "/opt/rustwide/cargo-home/bin/cargo" "+1.75.0" "build" "--frozen" "--message-format=json", kill_on_drop: false }`
[INFO] [stdout] c0d7c75cf55263153bcf79345f06096cdd482a8d8f1c90775ec0a6b22c633b88
[INFO] running `Command { std: "docker" "start" "-a" "c0d7c75cf55263153bcf79345f06096cdd482a8d8f1c90775ec0a6b22c633b88", kill_on_drop: false }`
[INFO] [stderr]    Compiling autocfg v1.1.0
[INFO] [stderr]    Compiling pin-project-lite v0.2.13
[INFO] [stderr]    Compiling once_cell v1.19.0
[INFO] [stderr]    Compiling futures-core v0.3.30
[INFO] [stderr]    Compiling pin-utils v0.1.0
[INFO] [stderr]    Compiling futures-task v0.3.30
[INFO] [stderr]    Compiling rustc-hash v1.1.0
[INFO] [stderr]    Compiling syn v2.0.48
[INFO] [stderr]    Compiling bumpalo v3.14.0
[INFO] [stderr]    Compiling longest-increasing-subsequence v0.1.0
[INFO] [stderr]    Compiling smallbox v0.8.2
[INFO] [stderr]    Compiling tracing-core v0.1.32
[INFO] [stderr]    Compiling futures-channel v0.3.30
[INFO] [stderr]    Compiling futures-util v0.3.30
[INFO] [stderr]    Compiling log v0.4.20
[INFO] [stderr]    Compiling dioxus-debug-cell v0.1.1
[INFO] [stderr]    Compiling slab v0.4.9
[INFO] [stderr]    Compiling tracing-attributes v0.1.27
[INFO] [stderr]    Compiling thiserror-impl v1.0.56
[INFO] [stderr]    Compiling thiserror v1.0.56
[INFO] [stderr]    Compiling tracing v0.1.40
[INFO] [stderr]    Compiling dioxus-core v0.4.3
[INFO] [stderr]    Compiling dioxus-hooks v0.4.0 (/opt/rustwide/workdir)
[INFO] [stderr]     Finished dev [unoptimized + debuginfo] target(s) in 5.18s
[INFO] running `Command { std: "docker" "inspect" "c0d7c75cf55263153bcf79345f06096cdd482a8d8f1c90775ec0a6b22c633b88", kill_on_drop: false }`
[INFO] running `Command { std: "docker" "rm" "-f" "c0d7c75cf55263153bcf79345f06096cdd482a8d8f1c90775ec0a6b22c633b88", kill_on_drop: false }`
[INFO] [stdout] c0d7c75cf55263153bcf79345f06096cdd482a8d8f1c90775ec0a6b22c633b88
[INFO] running `Command { std: "docker" "create" "-v" "/var/lib/crater-agent-workspace/builds/worker-2-tc1/target:/opt/rustwide/target:rw,Z" "-v" "/var/lib/crater-agent-workspace/builds/worker-2-tc1/source:/opt/rustwide/workdir:ro,Z" "-v" "/var/lib/crater-agent-workspace/cargo-home:/opt/rustwide/cargo-home:ro,Z" "-v" "/var/lib/crater-agent-workspace/rustup-home:/opt/rustwide/rustup-home:ro,Z" "-e" "SOURCE_DIR=/opt/rustwide/workdir" "-e" "CARGO_TARGET_DIR=/opt/rustwide/target" "-e" "CARGO_INCREMENTAL=0" "-e" "RUST_BACKTRACE=full" "-e" "RUSTFLAGS=--cap-lints=warn" "-e" "RUSTDOCFLAGS=--cap-lints=warn" "-e" "CARGO_HOME=/opt/rustwide/cargo-home" "-e" "RUSTUP_HOME=/opt/rustwide/rustup-home" "-w" "/opt/rustwide/workdir" "-m" "1610612736" "--user" "0:0" "--network" "none" "ghcr.io/rust-lang/crates-build-env/linux@sha256:2788e3201cd34a07e3172128adcd8b3090168a8e3bcc40d7c032b9dda1df7d1c" "/opt/rustwide/cargo-home/bin/cargo" "+1.75.0" "test" "--frozen" "--no-run" "--message-format=json", kill_on_drop: false }`
[INFO] [stdout] 0d7f65182574f742b28913bb1f1331c5fc29a7100fc8b8e7c24159f1c3122dc8
[INFO] running `Command { std: "docker" "start" "-a" "0d7f65182574f742b28913bb1f1331c5fc29a7100fc8b8e7c24159f1c3122dc8", kill_on_drop: false }`
[INFO] [stderr]    Compiling wasm-bindgen-shared v0.2.89
[INFO] [stderr]    Compiling bumpalo v3.14.0
[INFO] [stderr]    Compiling wasm-bindgen v0.2.89
[INFO] [stderr]    Compiling cfg-if v1.0.0
[INFO] [stderr]    Compiling syn v2.0.48
[INFO] [stderr]    Compiling wasm-bindgen-backend v0.2.89
[INFO] [stderr]    Compiling tracing-attributes v0.1.27
[INFO] [stderr]    Compiling thiserror-impl v1.0.56
[INFO] [stderr]    Compiling wasm-bindgen-macro-support v0.2.89
[INFO] [stderr]    Compiling wasm-bindgen-macro v0.2.89
[INFO] [stderr]    Compiling thiserror v1.0.56
[INFO] [stderr]    Compiling tracing v0.1.40
[INFO] [stderr]    Compiling dioxus-core v0.4.3
[INFO] [stderr]    Compiling dioxus-hooks v0.4.0 (/opt/rustwide/workdir)
[INFO] [stderr]    Compiling js-sys v0.3.66
[INFO] [stderr]    Compiling web-sys v0.3.66
[INFO] [stderr]     Finished test [unoptimized + debuginfo] target(s) in 10.01s
[INFO] running `Command { std: "docker" "inspect" "0d7f65182574f742b28913bb1f1331c5fc29a7100fc8b8e7c24159f1c3122dc8", kill_on_drop: false }`
[INFO] running `Command { std: "docker" "rm" "-f" "0d7f65182574f742b28913bb1f1331c5fc29a7100fc8b8e7c24159f1c3122dc8", kill_on_drop: false }`
[INFO] [stdout] 0d7f65182574f742b28913bb1f1331c5fc29a7100fc8b8e7c24159f1c3122dc8
[INFO] running `Command { std: "docker" "create" "-v" "/var/lib/crater-agent-workspace/builds/worker-2-tc1/target:/opt/rustwide/target:rw,Z" "-v" "/var/lib/crater-agent-workspace/builds/worker-2-tc1/source:/opt/rustwide/workdir:ro,Z" "-v" "/var/lib/crater-agent-workspace/cargo-home:/opt/rustwide/cargo-home:ro,Z" "-v" "/var/lib/crater-agent-workspace/rustup-home:/opt/rustwide/rustup-home:ro,Z" "-e" "SOURCE_DIR=/opt/rustwide/workdir" "-e" "CARGO_TARGET_DIR=/opt/rustwide/target" "-e" "CARGO_INCREMENTAL=0" "-e" "RUST_BACKTRACE=full" "-e" "RUSTFLAGS=--cap-lints=warn" "-e" "RUSTDOCFLAGS=--cap-lints=warn" "-e" "CARGO_HOME=/opt/rustwide/cargo-home" "-e" "RUSTUP_HOME=/opt/rustwide/rustup-home" "-w" "/opt/rustwide/workdir" "-m" "1610612736" "--user" "0:0" "--network" "none" "ghcr.io/rust-lang/crates-build-env/linux@sha256:2788e3201cd34a07e3172128adcd8b3090168a8e3bcc40d7c032b9dda1df7d1c" "/opt/rustwide/cargo-home/bin/cargo" "+1.75.0" "test" "--frozen", kill_on_drop: false }`
[INFO] [stdout] 4721bfbe6dd50edb9208ba4f3f2e4aff2b1be476fe304d947fda1659a784dd6b
[INFO] running `Command { std: "docker" "start" "-a" "4721bfbe6dd50edb9208ba4f3f2e4aff2b1be476fe304d947fda1659a784dd6b", kill_on_drop: false }`
[INFO] [stderr]     Finished test [unoptimized + debuginfo] target(s) in 0.06s
[INFO] [stderr]      Running unittests src/lib.rs (/opt/rustwide/target/debug/deps/dioxus_hooks-dad686509bfe4fc9)
[INFO] [stdout] 
[INFO] [stdout] running 3 tests
[INFO] [stdout] test useeffect::tests::test_use_future ... ok
[INFO] [stdout] test usestate::api_makes_sense ... ok
[INFO] [stdout] test usefuture::tests::test_use_future ... ok
[INFO] [stdout] 
[INFO] [stdout] test result: ok. 3 passed; 0 failed; 0 ignored; 0 measured; 0 filtered out; finished in 0.00s
[INFO] [stdout] 
[INFO] [stderr]    Doc-tests dioxus-hooks
[INFO] [stdout] 
[INFO] [stdout] running 26 tests
[INFO] [stdout] test src/usecoroutine.rs - usecoroutine::use_coroutine (line 43) ... ignored
[INFO] [stdout] test src/useref.rs - useref::UseRef<T>::with (line 197) - compile ... FAILED
[INFO] [stdout] test src/usememo.rs - usememo::use_memo (line 12) - compile ... FAILED
[INFO] [stdout] test src/use_on_unmount.rs - use_on_unmount::use_on_unmount (line 4) ... FAILED
[INFO] [stdout] test src/use_shared_state.rs - use_shared_state::use_shared_state_provider (line 308) ... FAILED
[INFO] [stdout] test src/lib.rs - to_owned (line 9) ... FAILED
[INFO] [stdout] test src/computed.rs - computed::use_tracked_state (line 15) ... FAILED
[INFO] [stdout] test src/useeffect.rs - useeffect::use_effect (line 16) - compile ... FAILED
[INFO] [stdout] test src/use_shared_state.rs - use_shared_state::use_shared_state (line 101) ... FAILED
[INFO] [stdout] test src/useref.rs - useref::use_ref (line 38) - compile ... FAILED
[INFO] [stdout] test src/useref.rs - useref::use_ref (line 46) - compile ... FAILED
[INFO] [stdout] test src/usestate.rs - usestate::UseState<T>::current (line 93) ... ignored
[INFO] [stdout] test src/usestate.rs - usestate::UseState<T>::get (line 184) ... ignored
[INFO] [stdout] test src/usestate.rs - usestate::UseState<T>::make_mut (line 271) ... ignored
[INFO] [stdout] test src/usestate.rs - usestate::UseState<T>::modify (line 143) ... ignored
[INFO] [stdout] test src/usestate.rs - usestate::UseState<T>::needs_update (line 208) ... ignored
[INFO] [stdout] test src/usestate.rs - usestate::UseState<T>::setter (line 120) ... ignored
[INFO] [stdout] test src/usestate.rs - usestate::UseState<T>::with_mut (line 239) ... ignored
[INFO] [stdout] test src/usestate.rs - usestate::use_state (line 20) ... ignored
[INFO] [stdout] test src/useref.rs - useref::use_ref (line 19) - compile ... FAILED
[INFO] [stdout] test src/useref.rs - useref::UseRef<T>::with_mut (line 217) - compile ... FAILED
[INFO] [stdout] test src/useref.rs - useref::use_ref (line 29) - compile ... FAILED
[INFO] [stdout] test src/useref.rs - useref::use_ref (line 57) - compile ... FAILED
[INFO] [stdout] test src/useref.rs - useref::use_ref (line 69) - compile ... FAILED
[INFO] [stdout] test src/useref.rs - useref::use_ref (line 100) - compile ... FAILED
[INFO] [stdout] test src/useref.rs - useref::use_ref (line 85) - compile ... FAILED
[INFO] [stdout] 
[INFO] [stdout] failures:
[INFO] [stdout] 
[INFO] [stdout] ---- src/useref.rs - useref::UseRef<T>::with (line 197) stdout ----
[INFO] [stdout] error[E0425]: cannot find function `use_ref` in this scope
[INFO] [stdout]  --> src/useref.rs:198:11
[INFO] [stdout]   |
[INFO] [stdout] 3 | let val = use_ref(|| HashMap::<u32, String>::new());
[INFO] [stdout]   |           ^^^^^^^ not found in this scope
[INFO] [stdout]   |
[INFO] [stdout] help: consider importing this function
[INFO] [stdout]   |
[INFO] [stdout] 2 + use dioxus_hooks::use_ref;
[INFO] [stdout]   |
[INFO] [stdout] 
[INFO] [stdout] error[E0433]: failed to resolve: use of undeclared type `HashMap`
[INFO] [stdout]  --> src/useref.rs:198:22
[INFO] [stdout]   |
[INFO] [stdout] 3 | let val = use_ref(|| HashMap::<u32, String>::new());
[INFO] [stdout]   |                      ^^^^^^^ use of undeclared type `HashMap`
[INFO] [stdout]   |
[INFO] [stdout] help: consider importing this struct
[INFO] [stdout]   |
[INFO] [stdout] 2 + use std::collections::HashMap;
[INFO] [stdout]   |
[INFO] [stdout] 
[INFO] [stdout] error: aborting due to 2 previous errors
[INFO] [stdout] 
[INFO] [stdout] Some errors have detailed explanations: E0425, E0433.
[INFO] [stdout] For more information about an error, try `rustc --explain E0425`.
[INFO] [stdout] Couldn't compile the test.
[INFO] [stdout] ---- src/usememo.rs - usememo::use_memo (line 12) stdout ----
[INFO] [stdout] error: cannot find macro `render` in this scope
[INFO] [stdout]   --> src/usememo.rs:25:5
[INFO] [stdout]    |
[INFO] [stdout] 15 |     render!(Calculator { number: 0 })
[INFO] [stdout]    |     ^^^^^^
[INFO] [stdout] 
[INFO] [stdout] error: cannot find attribute `inline_props` in this scope
[INFO] [stdout]  --> src/usememo.rs:14:3
[INFO] [stdout]   |
[INFO] [stdout] 4 | #[inline_props]
[INFO] [stdout]   |   ^^^^^^^^^^^^
[INFO] [stdout] 
[INFO] [stdout] error: cannot find macro `render` in this scope
[INFO] [stdout]   --> src/usememo.rs:20:5
[INFO] [stdout]    |
[INFO] [stdout] 10 |     render!(
[INFO] [stdout]    |     ^^^^^^
[INFO] [stdout] 
[INFO] [stdout] error[E0412]: cannot find type `Scope` in this scope
[INFO] [stdout]  --> src/usememo.rs:15:19
[INFO] [stdout]   |
[INFO] [stdout] 5 | fn Calculator(cx: Scope, number: usize) -> Element {
[INFO] [stdout]   |                   ^^^^^ not found in this scope
[INFO] [stdout]   |
[INFO] [stdout] help: consider importing one of these items
[INFO] [stdout]   |
[INFO] [stdout] 3 + use dioxus_core::Scope;
[INFO] [stdout]   |
[INFO] [stdout] 3 + use std::thread::Scope;
[INFO] [stdout]   |
[INFO] [stdout] 
[INFO] [stdout] error[E0412]: cannot find type `Element` in this scope
[INFO] [stdout]  --> src/usememo.rs:15:44
[INFO] [stdout]   |
[INFO] [stdout] 5 | fn Calculator(cx: Scope, number: usize) -> Element {
[INFO] [stdout]   |                                            ^^^^^^^ not found in this scope
[INFO] [stdout]   |
[INFO] [stdout] help: consider importing one of these items
[INFO] [stdout]   |
[INFO] [stdout] 3 + use dioxus_core::Element;
[INFO] [stdout]   |
[INFO] [stdout] 3 + use web_sys::Element;
[INFO] [stdout]   |
[INFO] [stdout] 
[INFO] [stdout] error[E0425]: cannot find function `use_memo` in this scope
[INFO] [stdout]  --> src/usememo.rs:16:25
[INFO] [stdout]   |
[INFO] [stdout] 6 |     let bigger_number = use_memo(cx, (number,), |(number,)| {
[INFO] [stdout]   |                         ^^^^^^^^ not found in this scope
[INFO] [stdout]   |
[INFO] [stdout] help: consider importing this function
[INFO] [stdout]   |
[INFO] [stdout] 3 + use dioxus_hooks::use_memo;
[INFO] [stdout]   |
[INFO] [stdout] 
[INFO] [stdout] error[E0412]: cannot find type `Scope` in this scope
[INFO] [stdout]   --> src/usememo.rs:24:12
[INFO] [stdout]    |
[INFO] [stdout] 14 | fn app(cx: Scope) -> Element {
[INFO] [stdout]    |            ^^^^^ not found in this scope
[INFO] [stdout]    |
[INFO] [stdout] help: consider importing one of these items
[INFO] [stdout]    |
[INFO] [stdout] 3  + use dioxus_core::Scope;
[INFO] [stdout]    |
[INFO] [stdout] 3  + use std::thread::Scope;
[INFO] [stdout]    |
[INFO] [stdout] 
[INFO] [stdout] error[E0412]: cannot find type `Element` in this scope
[INFO] [stdout]   --> src/usememo.rs:24:22
[INFO] [stdout]    |
[INFO] [stdout] 14 | fn app(cx: Scope) -> Element {
[INFO] [stdout]    |                      ^^^^^^^ not found in this scope
[INFO] [stdout]    |
[INFO] [stdout] help: consider importing one of these items
[INFO] [stdout]    |
[INFO] [stdout] 3  + use dioxus_core::Element;
[INFO] [stdout]    |
[INFO] [stdout] 3  + use web_sys::Element;
[INFO] [stdout]    |
[INFO] [stdout] 
[INFO] [stdout] error: aborting due to 8 previous errors
[INFO] [stdout] 
[INFO] [stdout] Some errors have detailed explanations: E0412, E0425.
[INFO] [stdout] For more information about an error, try `rustc --explain E0412`.
[INFO] [stdout] Couldn't compile the test.
[INFO] [stdout] ---- src/use_on_unmount.rs - use_on_unmount::use_on_unmount (line 4) stdout ----
[INFO] [stdout] error[E0433]: failed to resolve: use of undeclared crate or module `dioxus`
[INFO] [stdout]  --> src/use_on_unmount.rs:5:5
[INFO] [stdout]   |
[INFO] [stdout] 3 | use dioxus::prelude::*;
[INFO] [stdout]   |     ^^^^^^ use of undeclared crate or module `dioxus`
[INFO] [stdout] 
[INFO] [stdout] error: cannot find macro `render` in this scope
[INFO] [stdout]   --> src/use_on_unmount.rs:47:5
[INFO] [stdout]    |
[INFO] [stdout] 45 |     render!{
[INFO] [stdout]    |     ^^^^^^
[INFO] [stdout] 
[INFO] [stdout] error: cannot find macro `to_owned` in this scope
[INFO] [stdout]   --> src/use_on_unmount.rs:40:9
[INFO] [stdout]    |
[INFO] [stdout] 38 |         to_owned![original_scroll_position];
[INFO] [stdout]    |         ^^^^^^^^
[INFO] [stdout]    |
[INFO] [stdout] help: consider importing this macro
[INFO] [stdout]    |
[INFO] [stdout] 2  + use dioxus_hooks::to_owned;
[INFO] [stdout]    |
[INFO] [stdout] 
[INFO] [stdout] error: cannot find macro `to_owned` in this scope
[INFO] [stdout]   --> src/use_on_unmount.rs:30:9
[INFO] [stdout]    |
[INFO] [stdout] 28 |         to_owned![original_scroll_position];
[INFO] [stdout]    |         ^^^^^^^^
[INFO] [stdout]    |
[INFO] [stdout] help: consider importing this macro
[INFO] [stdout]    |
[INFO] [stdout] 2  + use dioxus_hooks::to_owned;
[INFO] [stdout]    |
[INFO] [stdout] 
[INFO] [stdout] error: cannot find macro `render` in this scope
[INFO] [stdout]  --> src/use_on_unmount.rs:8:5
[INFO] [stdout]   |
[INFO] [stdout] 6 |     render! {
[INFO] [stdout]   |     ^^^^^^
[INFO] [stdout] 
[INFO] [stdout] error[E0412]: cannot find type `Scope` in this scope
[INFO] [stdout]  --> src/use_on_unmount.rs:6:12
[INFO] [stdout]   |
[INFO] [stdout] 4 | fn app(cx: Scope) -> Element {
[INFO] [stdout]   |            ^^^^^ not found in this scope
[INFO] [stdout]   |
[INFO] [stdout] help: consider importing one of these items
[INFO] [stdout]   |
[INFO] [stdout] 2 + use dioxus_core::Scope;
[INFO] [stdout]   |
[INFO] [stdout] 2 + use std::thread::Scope;
[INFO] [stdout]   |
[INFO] [stdout] 
[INFO] [stdout] error[E0412]: cannot find type `Element` in this scope
[INFO] [stdout]  --> src/use_on_unmount.rs:6:22
[INFO] [stdout]   |
[INFO] [stdout] 4 | fn app(cx: Scope) -> Element {
[INFO] [stdout]   |                      ^^^^^^^ not found in this scope
[INFO] [stdout]   |
[INFO] [stdout] help: consider importing one of these items
[INFO] [stdout]   |
[INFO] [stdout] 2 + use dioxus_core::Element;
[INFO] [stdout]   |
[INFO] [stdout] 2 + use web_sys::Element;
[INFO] [stdout]   |
[INFO] [stdout] 
[INFO] [stdout] error[E0425]: cannot find function `use_state` in this scope
[INFO] [stdout]  --> src/use_on_unmount.rs:7:17
[INFO] [stdout]   |
[INFO] [stdout] 5 |     let state = use_state(cx, || true);
[INFO] [stdout]   |                 ^^^^^^^^^ not found in this scope
[INFO] [stdout]   |
[INFO] [stdout] help: consider importing this function
[INFO] [stdout]   |
[INFO] [stdout] 2 + use dioxus_hooks::use_state;
[INFO] [stdout]   |
[INFO] [stdout] 
[INFO] [stdout] error[E0412]: cannot find type `Scope` in this scope
[INFO] [stdout]   --> src/use_on_unmount.rs:27:24
[INFO] [stdout]    |
[INFO] [stdout] 25 | fn child_component(cx: Scope) -> Element {
[INFO] [stdout]    |                        ^^^^^ not found in this scope
[INFO] [stdout]    |
[INFO] [stdout] help: consider importing one of these items
[INFO] [stdout]    |
[INFO] [stdout] 2  + use dioxus_core::Scope;
[INFO] [stdout]    |
[INFO] [stdout] 2  + use std::thread::Scope;
[INFO] [stdout]    |
[INFO] [stdout] 
[INFO] [stdout] error[E0412]: cannot find type `Element` in this scope
[INFO] [stdout]   --> src/use_on_unmount.rs:27:34
[INFO] [stdout]    |
[INFO] [stdout] 25 | fn child_component(cx: Scope) -> Element {
[INFO] [stdout]    |                                  ^^^^^^^ not found in this scope
[INFO] [stdout]    |
[INFO] [stdout] help: consider importing one of these items
[INFO] [stdout]    |
[INFO] [stdout] 2  + use dioxus_core::Element;
[INFO] [stdout]    |
[INFO] [stdout] 2  + use web_sys::Element;
[INFO] [stdout]    |
[INFO] [stdout] 
[INFO] [stdout] error[E0425]: cannot find function `use_state` in this scope
[INFO] [stdout]   --> src/use_on_unmount.rs:28:36
[INFO] [stdout]    |
[INFO] [stdout] 26 |     let original_scroll_position = use_state(cx, || 0.0);
[INFO] [stdout]    |                                    ^^^^^^^^^ not found in this scope
[INFO] [stdout]    |
[INFO] [stdout] help: consider importing this function
[INFO] [stdout]    |
[INFO] [stdout] 2  + use dioxus_hooks::use_state;
[INFO] [stdout]    |
[INFO] [stdout] 
[INFO] [stdout] error[E0425]: cannot find function `use_effect` in this scope
[INFO] [stdout]   --> src/use_on_unmount.rs:29:5
[INFO] [stdout]    |
[INFO] [stdout] 27 |     use_effect(cx, (), move |_| {
[INFO] [stdout]    |     ^^^^^^^^^^ not found in this scope
[INFO] [stdout]    |
[INFO] [stdout] help: consider importing this function
[INFO] [stdout]    |
[INFO] [stdout] 2  + use dioxus_hooks::use_effect;
[INFO] [stdout]    |
[INFO] [stdout] 
[INFO] [stdout] error[E0425]: cannot find function `use_on_unmount` in this scope
[INFO] [stdout]   --> src/use_on_unmount.rs:39:5
[INFO] [stdout]    |
[INFO] [stdout] 37 |     use_on_unmount(cx, {
[INFO] [stdout]    |     ^^^^^^^^^^^^^^ not found in this scope
[INFO] [stdout]    |
[INFO] [stdout] help: consider importing this function
[INFO] [stdout]    |
[INFO] [stdout] 2  + use dioxus_hooks::use_on_unmount;
[INFO] [stdout]    |
[INFO] [stdout] 
[INFO] [stdout] error: aborting due to 13 previous errors
[INFO] [stdout] 
[INFO] [stdout] Some errors have detailed explanations: E0412, E0425, E0433.
[INFO] [stdout] For more information about an error, try `rustc --explain E0412`.
[INFO] [stdout] Couldn't compile the test.
[INFO] [stdout] ---- src/use_shared_state.rs - use_shared_state::use_shared_state_provider (line 308) stdout ----
[INFO] [stdout] error[E0433]: failed to resolve: use of undeclared crate or module `dioxus`
[INFO] [stdout]  --> src/use_shared_state.rs:309:5
[INFO] [stdout]   |
[INFO] [stdout] 3 | use dioxus::prelude::*;
[INFO] [stdout]   |     ^^^^^^ use of undeclared crate or module `dioxus`
[INFO] [stdout] 
[INFO] [stdout] error: cannot find macro `render` in this scope
[INFO] [stdout]  --> src/use_shared_state.rs:312:5
[INFO] [stdout]   |
[INFO] [stdout] 6 |     render! {
[INFO] [stdout]   |     ^^^^^^
[INFO] [stdout] 
[INFO] [stdout] error: cannot find macro `render` in this scope
[INFO] [stdout]   --> src/use_shared_state.rs:328:5
[INFO] [stdout]    |
[INFO] [stdout] 22 |     render! {
[INFO] [stdout]    |     ^^^^^^
[INFO] [stdout] 
[INFO] [stdout] error[E0412]: cannot find type `Scope` in this scope
[INFO] [stdout]  --> src/use_shared_state.rs:311:12
[INFO] [stdout]   |
[INFO] [stdout] 5 | fn app(cx: Scope) -> Element {
[INFO] [stdout]   |            ^^^^^ not found in this scope
[INFO] [stdout]   |
[INFO] [stdout] help: consider importing one of these items
[INFO] [stdout]   |
[INFO] [stdout] 2 + use dioxus_core::Scope;
[INFO] [stdout]   |
[INFO] [stdout] 2 + use std::thread::Scope;
[INFO] [stdout]   |
[INFO] [stdout] 
[INFO] [stdout] error[E0412]: cannot find type `Element` in this scope
[INFO] [stdout]  --> src/use_shared_state.rs:311:22
[INFO] [stdout]   |
[INFO] [stdout] 5 | fn app(cx: Scope) -> Element {
[INFO] [stdout]   |                      ^^^^^^^ not found in this scope
[INFO] [stdout]   |
[INFO] [stdout] help: consider importing one of these items
[INFO] [stdout]   |
[INFO] [stdout] 2 + use dioxus_core::Element;
[INFO] [stdout]   |
[INFO] [stdout] 2 + use web_sys::Element;
[INFO] [stdout]   |
[INFO] [stdout] 
[INFO] [stdout] error[E0412]: cannot find type `Scope` in this scope
[INFO] [stdout]   --> src/use_shared_state.rs:324:19
[INFO] [stdout]    |
[INFO] [stdout] 18 | fn Parent<'a>(cx: Scope<'a>) -> Element<'a> {
[INFO] [stdout]    |                   ^^^^^ not found in this scope
[INFO] [stdout]    |
[INFO] [stdout] help: consider importing one of these items
[INFO] [stdout]    |
[INFO] [stdout] 2  + use dioxus_core::Scope;
[INFO] [stdout]    |
[INFO] [stdout] 2  + use std::thread::Scope;
[INFO] [stdout]    |
[INFO] [stdout] 
[INFO] [stdout] error[E0412]: cannot find type `Element` in this scope
[INFO] [stdout]   --> src/use_shared_state.rs:324:33
[INFO] [stdout]    |
[INFO] [stdout] 18 | fn Parent<'a>(cx: Scope<'a>) -> Element<'a> {
[INFO] [stdout]    |                                 ^^^^^^^ not found in this scope
[INFO] [stdout]    |
[INFO] [stdout] help: consider importing one of these items
[INFO] [stdout]    |
[INFO] [stdout] 2  + use dioxus_core::Element;
[INFO] [stdout]    |
[INFO] [stdout] 2  + use web_sys::Element;
[INFO] [stdout]    |
[INFO] [stdout] 
[INFO] [stdout] error[E0425]: cannot find function `use_shared_state_provider` in this scope
[INFO] [stdout]   --> src/use_shared_state.rs:325:5
[INFO] [stdout]    |
[INFO] [stdout] 19 |     use_shared_state_provider(cx, || Theme::Dark);
[INFO] [stdout]    |     ^^^^^^^^^^^^^^^^^^^^^^^^^ not found in this scope
[INFO] [stdout]    |
[INFO] [stdout] help: consider importing this function
[INFO] [stdout]    |
[INFO] [stdout] 2  + use dioxus_hooks::use_shared_state_provider;
[INFO] [stdout]    |
[INFO] [stdout] 
[INFO] [stdout] error[E0425]: cannot find function `use_shared_state` in this scope
[INFO] [stdout]   --> src/use_shared_state.rs:326:17
[INFO] [stdout]    |
[INFO] [stdout] 20 |     let theme = use_shared_state::<Theme>(cx).unwrap();
[INFO] [stdout]    |                 ^^^^^^^^^^^^^^^^ not found in this scope
[INFO] [stdout]    |
[INFO] [stdout] help: consider importing this function
[INFO] [stdout]    |
[INFO] [stdout] 2  + use dioxus_hooks::use_shared_state;
[INFO] [stdout]    |
[INFO] [stdout] 
[INFO] [stdout] error: aborting due to 9 previous errors
[INFO] [stdout] 
[INFO] [stdout] Some errors have detailed explanations: E0412, E0425, E0433.
[INFO] [stdout] For more information about an error, try `rustc --explain E0412`.
[INFO] [stdout] Couldn't compile the test.
[INFO] [stdout] ---- src/lib.rs - to_owned (line 9) stdout ----
[INFO] [stdout] error[E0433]: failed to resolve: use of undeclared crate or module `dioxus`
[INFO] [stdout]  --> src/lib.rs:10:5
[INFO] [stdout]   |
[INFO] [stdout] 3 | use dioxus::prelude::*;
[INFO] [stdout]   |     ^^^^^^ use of undeclared crate or module `dioxus`
[INFO] [stdout] 
[INFO] [stdout] error: cannot find macro `to_owned` in this scope
[INFO] [stdout]   --> src/lib.rs:21:5
[INFO] [stdout]    |
[INFO] [stdout] 14 |     to_owned![data, cx.props.prop];
[INFO] [stdout]    |     ^^^^^^^^
[INFO] [stdout]    |
[INFO] [stdout] help: consider importing this macro
[INFO] [stdout]    |
[INFO] [stdout] 2  + use dioxus_hooks::to_owned;
[INFO] [stdout]    |
[INFO] [stdout] 
[INFO] [stdout] error: cannot find derive macro `Props` in this scope
[INFO] [stdout]  --> src/lib.rs:12:10
[INFO] [stdout]   |
[INFO] [stdout] 5 | #[derive(Props, PartialEq)]
[INFO] [stdout]   |          ^^^^^
[INFO] [stdout]   |
[INFO] [stdout]   = note: `Props` is in scope, but it is a struct, not a derive macro
[INFO] [stdout] 
[INFO] [stdout] error[E0412]: cannot find type `Scope` in this scope
[INFO] [stdout]  --> src/lib.rs:16:18
[INFO] [stdout]   |
[INFO] [stdout] 9 | fn Component(cx: Scope<Props>) -> Element {
[INFO] [stdout]   |                  ^^^^^ not found in this scope
[INFO] [stdout]   |
[INFO] [stdout] help: consider importing one of these items
[INFO] [stdout]   |
[INFO] [stdout] 2 + use dioxus_core::Scope;
[INFO] [stdout]   |
[INFO] [stdout] 2 + use std::thread::Scope;
[INFO] [stdout]   |
[INFO] [stdout] 
[INFO] [stdout] error[E0412]: cannot find type `Element` in this scope
[INFO] [stdout]  --> src/lib.rs:16:35
[INFO] [stdout]   |
[INFO] [stdout] 9 | fn Component(cx: Scope<Props>) -> Element {
[INFO] [stdout]   |                                   ^^^^^^^ not found in this scope
[INFO] [stdout]   |
[INFO] [stdout] help: consider importing one of these items
[INFO] [stdout]   |
[INFO] [stdout] 2 + use dioxus_core::Element;
[INFO] [stdout]   |
[INFO] [stdout] 2 + use web_sys::Element;
[INFO] [stdout]   |
[INFO] [stdout] 
[INFO] [stdout] error[E0425]: cannot find function `use_ref` in this scope
[INFO] [stdout]   --> src/lib.rs:18:14
[INFO] [stdout]    |
[INFO] [stdout] 11 | let (data) = use_ref(cx, || {});
[INFO] [stdout]    |              ^^^^^^^ not found in this scope
[INFO] [stdout]    |
[INFO] [stdout] help: consider importing this function
[INFO] [stdout]    |
[INFO] [stdout] 2  + use dioxus_hooks::use_ref;
[INFO] [stdout]    |
[INFO] [stdout] 
[INFO] [stdout] error: aborting due to 6 previous errors
[INFO] [stdout] 
[INFO] [stdout] Some errors have detailed explanations: E0412, E0425, E0433.
[INFO] [stdout] For more information about an error, try `rustc --explain E0412`.
[INFO] [stdout] Couldn't compile the test.
[INFO] [stdout] ---- src/computed.rs - computed::use_tracked_state (line 15) stdout ----
[INFO] [stdout] error[E0433]: failed to resolve: use of undeclared crate or module `dioxus`
[INFO] [stdout]  --> src/computed.rs:16:5
[INFO] [stdout]   |
[INFO] [stdout] 3 | use dioxus::prelude::*;
[INFO] [stdout]   |     ^^^^^^ use of undeclared crate or module `dioxus`
[INFO] [stdout] 
[INFO] [stdout] error: cannot find attribute `inline_props` in this scope
[INFO] [stdout]   --> src/computed.rs:28:3
[INFO] [stdout]    |
[INFO] [stdout] 15 | #[inline_props]
[INFO] [stdout]    |   ^^^^^^^^^^^^
[INFO] [stdout] 
[INFO] [stdout] error: cannot find macro `render` in this scope
[INFO] [stdout]   --> src/computed.rs:32:4
[INFO] [stdout]    |
[INFO] [stdout] 19 |    render! {
[INFO] [stdout]    |    ^^^^^^
[INFO] [stdout] 
[INFO] [stdout] error: cannot find macro `render` in this scope
[INFO] [stdout]  --> src/computed.rs:21:4
[INFO] [stdout]   |
[INFO] [stdout] 8 |    render! {
[INFO] [stdout]   |    ^^^^^^
[INFO] [stdout] 
[INFO] [stdout] error[E0412]: cannot find type `Scope` in this scope
[INFO] [stdout]  --> src/computed.rs:18:15
[INFO] [stdout]   |
[INFO] [stdout] 5 | fn Parent(cx: Scope) -> Element {
[INFO] [stdout]   |               ^^^^^ not found in this scope
[INFO] [stdout]   |
[INFO] [stdout] help: consider importing one of these items
[INFO] [stdout]   |
[INFO] [stdout] 2 + use dioxus_core::Scope;
[INFO] [stdout]   |
[INFO] [stdout] 2 + use std::thread::Scope;
[INFO] [stdout]   |
[INFO] [stdout] 
[INFO] [stdout] error[E0412]: cannot find type `Element` in this scope
[INFO] [stdout]  --> src/computed.rs:18:25
[INFO] [stdout]   |
[INFO] [stdout] 5 | fn Parent(cx: Scope) -> Element {
[INFO] [stdout]   |                         ^^^^^^^ not found in this scope
[INFO] [stdout]   |
[INFO] [stdout] help: consider importing one of these items
[INFO] [stdout]   |
[INFO] [stdout] 2 + use dioxus_core::Element;
[INFO] [stdout]   |
[INFO] [stdout] 2 + use web_sys::Element;
[INFO] [stdout]   |
[INFO] [stdout] 
[INFO] [stdout] error[E0425]: cannot find function `use_tracked_state` in this scope
[INFO] [stdout]  --> src/computed.rs:19:16
[INFO] [stdout]   |
[INFO] [stdout] 6 |    let count = use_tracked_state(cx, || 0);
[INFO] [stdout]   |                ^^^^^^^^^^^^^^^^^ not found in this scope
[INFO] [stdout]   |
[INFO] [stdout] help: consider importing this function
[INFO] [stdout]   |
[INFO] [stdout] 2 + use dioxus_hooks::use_tracked_state;
[INFO] [stdout]   |
[INFO] [stdout] 
[INFO] [stdout] error[E0412]: cannot find type `Scope` in this scope
[INFO] [stdout]   --> src/computed.rs:29:14
[INFO] [stdout]    |
[INFO] [stdout] 16 | fn Child(cx: Scope, count: Tracked<usize>) -> Element {
[INFO] [stdout]    |              ^^^^^ not found in this scope
[INFO] [stdout]    |
[INFO] [stdout] help: consider importing one of these items
[INFO] [stdout]    |
[INFO] [stdout] 2  + use dioxus_core::Scope;
[INFO] [stdout]    |
[INFO] [stdout] 2  + use std::thread::Scope;
[INFO] [stdout]    |
[INFO] [stdout] 
[INFO] [stdout] error[E0412]: cannot find type `Tracked` in this scope
[INFO] [stdout]   --> src/computed.rs:29:28
[INFO] [stdout]    |
[INFO] [stdout] 16 | fn Child(cx: Scope, count: Tracked<usize>) -> Element {
[INFO] [stdout]    |                            ^^^^^^^ not found in this scope
[INFO] [stdout]    |
[INFO] [stdout] help: consider importing this struct
[INFO] [stdout]    |
[INFO] [stdout] 2  + use dioxus_hooks::Tracked;
[INFO] [stdout]    |
[INFO] [stdout] 
[INFO] [stdout] error[E0412]: cannot find type `Element` in this scope
[INFO] [stdout]   --> src/computed.rs:29:47
[INFO] [stdout]    |
[INFO] [stdout] 16 | fn Child(cx: Scope, count: Tracked<usize>) -> Element {
[INFO] [stdout]    |                                               ^^^^^^^ not found in this scope
[INFO] [stdout]    |
[INFO] [stdout] help: consider importing one of these items
[INFO] [stdout]    |
[INFO] [stdout] 2  + use dioxus_core::Element;
[INFO] [stdout]    |
[INFO] [stdout] 2  + use web_sys::Element;
[INFO] [stdout]    |
[INFO] [stdout] 
[INFO] [stdout] error[E0425]: cannot find function `use_selector` in this scope
[INFO] [stdout]   --> src/computed.rs:30:25
[INFO] [stdout]    |
[INFO] [stdout] 17 |    let less_than_five = use_selector(cx, count, |count| *count < 5);
[INFO] [stdout]    |                         ^^^^^^^^^^^^ not found in this scope
[INFO] [stdout]    |
[INFO] [stdout] help: consider importing this function
[INFO] [stdout]    |
[INFO] [stdout] 2  + use dioxus_hooks::use_selector;
[INFO] [stdout]    |
[INFO] [stdout] 
[INFO] [stdout] error: aborting due to 11 previous errors
[INFO] [stdout] 
[INFO] [stdout] Some errors have detailed explanations: E0412, E0425, E0433.
[INFO] [stdout] For more information about an error, try `rustc --explain E0412`.
[INFO] [stdout] Couldn't compile the test.
[INFO] [stdout] ---- src/useeffect.rs - useeffect::use_effect (line 16) stdout ----
[INFO] [stdout] error: cannot find macro `render` in this scope
[INFO] [stdout]   --> src/useeffect.rs:38:5
[INFO] [stdout]    |
[INFO] [stdout] 24 |     render!(Profile { id: 0 })
[INFO] [stdout]    |     ^^^^^^
[INFO] [stdout] 
[INFO] [stdout] error: cannot find attribute `inline_props` in this scope
[INFO] [stdout]  --> src/useeffect.rs:17:3
[INFO] [stdout]   |
[INFO] [stdout] 3 | #[inline_props]
[INFO] [stdout]   |   ^^^^^^^^^^^^
[INFO] [stdout] 
[INFO] [stdout] error: cannot find macro `to_owned` in this scope
[INFO] [stdout]  --> src/useeffect.rs:23:9
[INFO] [stdout]   |
[INFO] [stdout] 9 |         to_owned![name];
[INFO] [stdout]   |         ^^^^^^^^
[INFO] [stdout]   |
[INFO] [stdout] help: consider importing this macro
[INFO] [stdout]   |
[INFO] [stdout] 2 + use dioxus_hooks::to_owned;
[INFO] [stdout]   |
[INFO] [stdout] 
[INFO] [stdout] error: cannot find macro `render` in this scope
[INFO] [stdout]   --> src/useeffect.rs:32:5
[INFO] [stdout]    |
[INFO] [stdout] 18 |     render!(
[INFO] [stdout]    |     ^^^^^^
[INFO] [stdout] 
[INFO] [stdout] error[E0412]: cannot find type `Scope` in this scope
[INFO] [stdout]  --> src/useeffect.rs:18:16
[INFO] [stdout]   |
[INFO] [stdout] 4 | fn Profile(cx: Scope, id: usize) -> Element {
[INFO] [stdout]   |                ^^^^^ not found in this scope
[INFO] [stdout]   |
[INFO] [stdout] help: consider importing one of these items
[INFO] [stdout]   |
[INFO] [stdout] 2 + use dioxus_core::Scope;
[INFO] [stdout]   |
[INFO] [stdout] 2 + use std::thread::Scope;
[INFO] [stdout]   |
[INFO] [stdout] 
[INFO] [stdout] error[E0412]: cannot find type `Element` in this scope
[INFO] [stdout]  --> src/useeffect.rs:18:37
[INFO] [stdout]   |
[INFO] [stdout] 4 | fn Profile(cx: Scope, id: usize) -> Element {
[INFO] [stdout]   |                                     ^^^^^^^ not found in this scope
[INFO] [stdout]   |
[INFO] [stdout] help: consider importing one of these items
[INFO] [stdout]   |
[INFO] [stdout] 2 + use dioxus_core::Element;
[INFO] [stdout]   |
[INFO] [stdout] 2 + use web_sys::Element;
[INFO] [stdout]   |
[INFO] [stdout] 
[INFO] [stdout] error[E0425]: cannot find function `use_state` in this scope
[INFO] [stdout]  --> src/useeffect.rs:19:16
[INFO] [stdout]   |
[INFO] [stdout] 5 |     let name = use_state(cx, || None);
[INFO] [stdout]   |                ^^^^^^^^^ not found in this scope
[INFO] [stdout]   |
[INFO] [stdout] help: consider importing this function
[INFO] [stdout]   |
[INFO] [stdout] 2 + use dioxus_hooks::use_state;
[INFO] [stdout]   |
[INFO] [stdout] 
[INFO] [stdout] error[E0425]: cannot find function `use_effect` in this scope
[INFO] [stdout]  --> src/useeffect.rs:22:5
[INFO] [stdout]   |
[INFO] [stdout] 8 |     use_effect(cx, (id,), |(id,)| {
[INFO] [stdout]   |     ^^^^^^^^^^ not found in this scope
[INFO] [stdout]   |
[INFO] [stdout] help: consider importing this function
[INFO] [stdout]   |
[INFO] [stdout] 2 + use dioxus_hooks::use_effect;
[INFO] [stdout]   |
[INFO] [stdout] 
[INFO] [stdout] error[E0412]: cannot find type `Scope` in this scope
[INFO] [stdout]   --> src/useeffect.rs:37:12
[INFO] [stdout]    |
[INFO] [stdout] 23 | fn app(cx: Scope) -> Element {
[INFO] [stdout]    |            ^^^^^ not found in this scope
[INFO] [stdout]    |
[INFO] [stdout] help: consider importing one of these items
[INFO] [stdout]    |
[INFO] [stdout] 2  + use dioxus_core::Scope;
[INFO] [stdout]    |
[INFO] [stdout] 2  + use std::thread::Scope;
[INFO] [stdout]    |
[INFO] [stdout] 
[INFO] [stdout] error[E0412]: cannot find type `Element` in this scope
[INFO] [stdout]   --> src/useeffect.rs:37:22
[INFO] [stdout]    |
[INFO] [stdout] 23 | fn app(cx: Scope) -> Element {
[INFO] [stdout]    |                      ^^^^^^^ not found in this scope
[INFO] [stdout]    |
[INFO] [stdout] help: consider importing one of these items
[INFO] [stdout]    |
[INFO] [stdout] 2  + use dioxus_core::Element;
[INFO] [stdout]    |
[INFO] [stdout] 2  + use web_sys::Element;
[INFO] [stdout]    |
[INFO] [stdout] 
[INFO] [stdout] error[E0425]: cannot find function `fetch_user` in this scope
[INFO] [stdout]   --> src/useeffect.rs:25:24
[INFO] [stdout]    |
[INFO] [stdout] 11 |             let user = fetch_user(id).await;
[INFO] [stdout]    |                        ^^^^^^^^^^ not found in this scope
[INFO] [stdout] 
[INFO] [stdout] error: aborting due to 11 previous errors
[INFO] [stdout] 
[INFO] [stdout] Some errors have detailed explanations: E0412, E0425.
[INFO] [stdout] For more information about an error, try `rustc --explain E0412`.
[INFO] [stdout] Couldn't compile the test.
[INFO] [stdout] ---- src/use_shared_state.rs - use_shared_state::use_shared_state (line 101) stdout ----
[INFO] [stdout] error[E0433]: failed to resolve: use of undeclared crate or module `dioxus`
[INFO] [stdout]  --> src/use_shared_state.rs:102:5
[INFO] [stdout]   |
[INFO] [stdout] 3 | use dioxus::prelude::*;
[INFO] [stdout]   |     ^^^^^^ use of undeclared crate or module `dioxus`
[INFO] [stdout] 
[INFO] [stdout] error: cannot find macro `render` in this scope
[INFO] [stdout]  --> src/use_shared_state.rs:105:5
[INFO] [stdout]   |
[INFO] [stdout] 6 |     render! {
[INFO] [stdout]   |     ^^^^^^
[INFO] [stdout] 
[INFO] [stdout] error: cannot find macro `render` in this scope
[INFO] [stdout]   --> src/use_shared_state.rs:121:5
[INFO] [stdout]    |
[INFO] [stdout] 22 |     render! {
[INFO] [stdout]    |     ^^^^^^
[INFO] [stdout] 
[INFO] [stdout] error: cannot find macro `render` in this scope
[INFO] [stdout]   --> src/use_shared_state.rs:141:5
[INFO] [stdout]    |
[INFO] [stdout] 42 |     render! {
[INFO] [stdout]    |     ^^^^^^
[INFO] [stdout] 
[INFO] [stdout] error[E0412]: cannot find type `Scope` in this scope
[INFO] [stdout]  --> src/use_shared_state.rs:104:12
[INFO] [stdout]   |
[INFO] [stdout] 5 | fn app(cx: Scope) -> Element {
[INFO] [stdout]   |            ^^^^^ not found in this scope
[INFO] [stdout]   |
[INFO] [stdout] help: consider importing one of these items
[INFO] [stdout]   |
[INFO] [stdout] 2 + use dioxus_core::Scope;
[INFO] [stdout]   |
[INFO] [stdout] 2 + use std::thread::Scope;
[INFO] [stdout]   |
[INFO] [stdout] 
[INFO] [stdout] error[E0412]: cannot find type `Element` in this scope
[INFO] [stdout]  --> src/use_shared_state.rs:104:22
[INFO] [stdout]   |
[INFO] [stdout] 5 | fn app(cx: Scope) -> Element {
[INFO] [stdout]   |                      ^^^^^^^ not found in this scope
[INFO] [stdout]   |
[INFO] [stdout] help: consider importing one of these items
[INFO] [stdout]   |
[INFO] [stdout] 2 + use dioxus_core::Element;
[INFO] [stdout]   |
[INFO] [stdout] 2 + use web_sys::Element;
[INFO] [stdout]   |
[INFO] [stdout] 
[INFO] [stdout] error[E0412]: cannot find type `Scope` in this scope
[INFO] [stdout]   --> src/use_shared_state.rs:117:19
[INFO] [stdout]    |
[INFO] [stdout] 18 | fn Parent<'a>(cx: Scope<'a>) -> Element<'a> {
[INFO] [stdout]    |                   ^^^^^ not found in this scope
[INFO] [stdout]    |
[INFO] [stdout] help: consider importing one of these items
[INFO] [stdout]    |
[INFO] [stdout] 2  + use dioxus_core::Scope;
[INFO] [stdout]    |
[INFO] [stdout] 2  + use std::thread::Scope;
[INFO] [stdout]    |
[INFO] [stdout] 
[INFO] [stdout] error[E0412]: cannot find type `Element` in this scope
[INFO] [stdout]   --> src/use_shared_state.rs:117:33
[INFO] [stdout]    |
[INFO] [stdout] 18 | fn Parent<'a>(cx: Scope<'a>) -> Element<'a> {
[INFO] [stdout]    |                                 ^^^^^^^ not found in this scope
[INFO] [stdout]    |
[INFO] [stdout] help: consider importing one of these items
[INFO] [stdout]    |
[INFO] [stdout] 2  + use dioxus_core::Element;
[INFO] [stdout]    |
[INFO] [stdout] 2  + use web_sys::Element;
[INFO] [stdout]    |
[INFO] [stdout] 
[INFO] [stdout] error[E0425]: cannot find function `use_shared_state_provider` in this scope
[INFO] [stdout]   --> src/use_shared_state.rs:118:5
[INFO] [stdout]    |
[INFO] [stdout] 19 |     use_shared_state_provider(cx, || Theme::Dark);
[INFO] [stdout]    |     ^^^^^^^^^^^^^^^^^^^^^^^^^ not found in this scope
[INFO] [stdout]    |
[INFO] [stdout] help: consider importing this function
[INFO] [stdout]    |
[INFO] [stdout] 2  + use dioxus_hooks::use_shared_state_provider;
[INFO] [stdout]    |
[INFO] [stdout] 
[INFO] [stdout] error[E0425]: cannot find function `use_shared_state` in this scope
[INFO] [stdout]   --> src/use_shared_state.rs:119:17
[INFO] [stdout]    |
[INFO] [stdout] 20 |     let theme = use_shared_state::<Theme>(cx).unwrap();
[INFO] [stdout]    |                 ^^^^^^^^^^^^^^^^ not found in this scope
[INFO] [stdout]    |
[INFO] [stdout] help: consider importing this function
[INFO] [stdout]    |
[INFO] [stdout] 2  + use dioxus_hooks::use_shared_state;
[INFO] [stdout]    |
[INFO] [stdout] 
[INFO] [stdout] error[E0412]: cannot find type `Scope` in this scope
[INFO] [stdout]   --> src/use_shared_state.rs:137:18
[INFO] [stdout]    |
[INFO] [stdout] 38 | fn Child<'a>(cx: Scope<'a>) -> Element<'a> {
[INFO] [stdout]    |                  ^^^^^ not found in this scope
[INFO] [stdout]    |
[INFO] [stdout] help: consider importing one of these items
[INFO] [stdout]    |
[INFO] [stdout] 2  + use dioxus_core::Scope;
[INFO] [stdout]    |
[INFO] [stdout] 2  + use std::thread::Scope;
[INFO] [stdout]    |
[INFO] [stdout] 
[INFO] [stdout] error[E0412]: cannot find type `Element` in this scope
[INFO] [stdout]   --> src/use_shared_state.rs:137:32
[INFO] [stdout]    |
[INFO] [stdout] 38 | fn Child<'a>(cx: Scope<'a>) -> Element<'a> {
[INFO] [stdout]    |                                ^^^^^^^ not found in this scope
[INFO] [stdout]    |
[INFO] [stdout] help: consider importing one of these items
[INFO] [stdout]    |
[INFO] [stdout] 2  + use dioxus_core::Element;
[INFO] [stdout]    |
[INFO] [stdout] 2  + use web_sys::Element;
[INFO] [stdout]    |
[INFO] [stdout] 
[INFO] [stdout] error[E0425]: cannot find function `use_shared_state` in this scope
[INFO] [stdout]   --> src/use_shared_state.rs:138:17
[INFO] [stdout]    |
[INFO] [stdout] 39 |     let theme = use_shared_state::<Theme>(cx).unwrap();
[INFO] [stdout]    |                 ^^^^^^^^^^^^^^^^ not found in this scope
[INFO] [stdout]    |
[INFO] [stdout] help: consider importing this function
[INFO] [stdout]    |
[INFO] [stdout] 2  + use dioxus_hooks::use_shared_state;
[INFO] [stdout]    |
[INFO] [stdout] 
[INFO] [stdout] error: aborting due to 13 previous errors
[INFO] [stdout] 
[INFO] [stdout] Some errors have detailed explanations: E0412, E0425, E0433.
[INFO] [stdout] For more information about an error, try `rustc --explain E0412`.
[INFO] [stdout] Couldn't compile the test.
[INFO] [stdout] ---- src/useref.rs - useref::use_ref (line 38) stdout ----
[INFO] [stdout] error[E0412]: cannot find type `Ref` in this scope
[INFO] [stdout]  --> src/useref.rs:39:10
[INFO] [stdout]   |
[INFO] [stdout] 3 | let map: Ref<_> = val.read();
[INFO] [stdout]   |          ^^^ not found in this scope
[INFO] [stdout]   |
[INFO] [stdout] help: consider importing one of these items
[INFO] [stdout]   |
[INFO] [stdout] 2 + use core::cell::Ref;
[INFO] [stdout]   |
[INFO] [stdout] 2 + use dioxus_debug_cell::Ref;
[INFO] [stdout]   |
[INFO] [stdout] 2 + use dioxus_hooks::Ref;
[INFO] [stdout]   |
[INFO] [stdout] 2 + use std::cell::Ref;
[INFO] [stdout]   |
[INFO] [stdout] 
[INFO] [stdout] error[E0425]: cannot find value `val` in this scope
[INFO] [stdout]  --> src/useref.rs:39:19
[INFO] [stdout]   |
[INFO] [stdout] 3 | let map: Ref<_> = val.read();
[INFO] [stdout]   |                   ^^^ not found in this scope
[INFO] [stdout] 
[INFO] [stdout] error: aborting due to 2 previous errors
[INFO] [stdout] 
[INFO] [stdout] Some errors have detailed explanations: E0412, E0425.
[INFO] [stdout] For more information about an error, try `rustc --explain E0412`.
[INFO] [stdout] Couldn't compile the test.
[INFO] [stdout] ---- src/useref.rs - useref::use_ref (line 46) stdout ----
[INFO] [stdout] error[E0425]: cannot find value `val` in this scope
[INFO] [stdout]  --> src/useref.rs:47:12
[INFO] [stdout]   |
[INFO] [stdout] 3 | let read = val.read();
[INFO] [stdout]   |            ^^^ not found in this scope
[INFO] [stdout] 
[INFO] [stdout] error: aborting due to previous error
[INFO] [stdout] 
[INFO] [stdout] For more information about this error, try `rustc --explain E0425`.
[INFO] [stdout] Couldn't compile the test.
[INFO] [stdout] ---- src/useref.rs - useref::use_ref (line 19) stdout ----
[INFO] [stdout] error[E0425]: cannot find function `use_ref` in this scope
[INFO] [stdout]  --> src/useref.rs:20:11
[INFO] [stdout]   |
[INFO] [stdout] 3 | let val = use_ref(|| HashMap::<u32, String>::new());
[INFO] [stdout]   |           ^^^^^^^ not found in this scope
[INFO] [stdout]   |
[INFO] [stdout] help: consider importing this function
[INFO] [stdout]   |
[INFO] [stdout] 2 + use dioxus_hooks::use_ref;
[INFO] [stdout]   |
[INFO] [stdout] 
[INFO] [stdout] error[E0433]: failed to resolve: use of undeclared type `HashMap`
[INFO] [stdout]  --> src/useref.rs:20:22
[INFO] [stdout]   |
[INFO] [stdout] 3 | let val = use_ref(|| HashMap::<u32, String>::new());
[INFO] [stdout]   |                      ^^^^^^^ use of undeclared type `HashMap`
[INFO] [stdout]   |
[INFO] [stdout] help: consider importing this struct
[INFO] [stdout]   |
[INFO] [stdout] 2 + use std::collections::HashMap;
[INFO] [stdout]   |
[INFO] [stdout] 
[INFO] [stdout] error: aborting due to 2 previous errors
[INFO] [stdout] 
[INFO] [stdout] Some errors have detailed explanations: E0425, E0433.
[INFO] [stdout] For more information about an error, try `rustc --explain E0425`.
[INFO] [stdout] Couldn't compile the test.
[INFO] [stdout] ---- src/useref.rs - useref::UseRef<T>::with_mut (line 217) stdout ----
[INFO] [stdout] error[E0425]: cannot find function `use_ref` in this scope
[INFO] [stdout]  --> src/useref.rs:218:11
[INFO] [stdout]   |
[INFO] [stdout] 3 | let val = use_ref(|| HashMap::<u32, String>::new());
[INFO] [stdout]   |           ^^^^^^^ not found in this scope
[INFO] [stdout]   |
[INFO] [stdout] help: consider importing this function
[INFO] [stdout]   |
[INFO] [stdout] 2 + use dioxus_hooks::use_ref;
[INFO] [stdout]   |
[INFO] [stdout] 
[INFO] [stdout] error[E0433]: failed to resolve: use of undeclared type `HashMap`
[INFO] [stdout]  --> src/useref.rs:218:22
[INFO] [stdout]   |
[INFO] [stdout] 3 | let val = use_ref(|| HashMap::<u32, String>::new());
[INFO] [stdout]   |                      ^^^^^^^ use of undeclared type `HashMap`
[INFO] [stdout]   |
[INFO] [stdout] help: consider importing this struct
[INFO] [stdout]   |
[INFO] [stdout] 2 + use std::collections::HashMap;
[INFO] [stdout]   |
[INFO] [stdout] 
[INFO] [stdout] error: aborting due to 2 previous errors
[INFO] [stdout] 
[INFO] [stdout] Some errors have detailed explanations: E0425, E0433.
[INFO] [stdout] For more information about an error, try `rustc --explain E0425`.
[INFO] [stdout] Couldn't compile the test.
[INFO] [stdout] ---- src/useref.rs - useref::use_ref (line 29) stdout ----
[INFO] [stdout] error[E0425]: cannot find value `val` in this scope
[INFO] [stdout]  --> src/useref.rs:31:1
[INFO] [stdout]   |
[INFO] [stdout] 4 | val.write_silent().insert(2, "goodbye".to_string());
[INFO] [stdout]   | ^^^ not found in this scope
[INFO] [stdout] 
[INFO] [stdout] error: aborting due to previous error
[INFO] [stdout] 
[INFO] [stdout] For more information about this error, try `rustc --explain E0425`.
[INFO] [stdout] Couldn't compile the test.
[INFO] [stdout] ---- src/useref.rs - useref::use_ref (line 57) stdout ----
[INFO] [stdout] error: cannot find macro `rsx` in this scope
[INFO] [stdout]  --> src/useref.rs:58:1
[INFO] [stdout]   |
[INFO] [stdout] 3 | rsx!{
[INFO] [stdout]   | ^^^
[INFO] [stdout] 
[INFO] [stdout] error: aborting due to previous error
[INFO] [stdout] 
[INFO] [stdout] Couldn't compile the test.
[INFO] [stdout] ---- src/useref.rs - useref::use_ref (line 69) stdout ----
[INFO] [stdout] error: cannot find macro `rsx` in this scope
[INFO] [stdout]  --> src/useref.rs:71:15
[INFO] [stdout]   |
[INFO] [stdout] 4 |     cx.render(rsx!{ key: "{k}", "{v}" })
[INFO] [stdout]   |               ^^^
[INFO] [stdout] 
[INFO] [stdout] error[E0425]: cannot find value `val` in this scope
[INFO] [stdout]  --> src/useref.rs:70:13
[INFO] [stdout]   |
[INFO] [stdout] 3 | let items = val.read().iter().map(|(k, v)| {
[INFO] [stdout]   |             ^^^ not found in this scope
[INFO] [stdout] 
[INFO] [stdout] error[E0425]: cannot find value `cx` in this scope
[INFO] [stdout]  --> src/useref.rs:71:5
[INFO] [stdout]   |
[INFO] [stdout] 4 |     cx.render(rsx!{ key: "{k}", "{v}" })
[INFO] [stdout]   |     ^^ not found in this scope
[INFO] [stdout] 
[INFO] [stdout] error[E0412]: cannot find type `Element` in this scope
[INFO] [stdout]  --> src/useref.rs:76:16
[INFO] [stdout]   |
[INFO] [stdout] 9 | let items: Vec<Element> = items.collect();
[INFO] [stdout]   |                ^^^^^^^ not found in this scope
[INFO] [stdout]   |
[INFO] [stdout] help: consider importing one of these items
[INFO] [stdout]   |
[INFO] [stdout] 2 + use dioxus_core::Element;
[INFO] [stdout]   |
[INFO] [stdout] 2 + use web_sys::Element;
[INFO] [stdout]   |
[INFO] [stdout] 
[INFO] [stdout] error: aborting due to 4 previous errors
[INFO] [stdout] 
[INFO] [stdout] Some errors have detailed explanations: E0412, E0425.
[INFO] [stdout] For more information about an error, try `rustc --explain E0412`.
[INFO] [stdout] Couldn't compile the test.
[INFO] [stdout] ---- src/useref.rs - useref::use_ref (line 100) stdout ----
[INFO] [stdout] error: cannot find macro `to_owned` in this scope
[INFO] [stdout]  --> src/useref.rs:106:5
[INFO] [stdout]   |
[INFO] [stdout] 8 |     to_owned![val1, val2, val3];
[INFO] [stdout]   |     ^^^^^^^^
[INFO] [stdout]   |
[INFO] [stdout] help: consider importing this macro
[INFO] [stdout]   |
[INFO] [stdout] 2 + use dioxus_hooks::to_owned;
[INFO] [stdout]   |
[INFO] [stdout] 
[INFO] [stdout] error[E0425]: cannot find function `use_ref` in this scope
[INFO] [stdout]  --> src/useref.rs:101:12
[INFO] [stdout]   |
[INFO] [stdout] 3 | let val1 = use_ref(|| HashMap::<u32, String>::new());
[INFO] [stdout]   |            ^^^^^^^ not found in this scope
[INFO] [stdout]   |
[INFO] [stdout] help: consider importing this function
[INFO] [stdout]   |
[INFO] [stdout] 2 + use dioxus_hooks::use_ref;
[INFO] [stdout]   |
[INFO] [stdout] 
[INFO] [stdout] error[E0433]: failed to resolve: use of undeclared type `HashMap`
[INFO] [stdout]  --> src/useref.rs:101:23
[INFO] [stdout]   |
[INFO] [stdout] 3 | let val1 = use_ref(|| HashMap::<u32, String>::new());
[INFO] [stdout]   |                       ^^^^^^^ use of undeclared type `HashMap`
[INFO] [stdout]   |
[INFO] [stdout] help: consider importing this struct
[INFO] [stdout]   |
[INFO] [stdout] 2 + use std::collections::HashMap;
[INFO] [stdout]   |
[INFO] [stdout] 
[INFO] [stdout] error[E0425]: cannot find function `use_ref` in this scope
[INFO] [stdout]  --> src/useref.rs:102:12
[INFO] [stdout]   |
[INFO] [stdout] 4 | let val2 = use_ref(|| HashMap::<u32, String>::new());
[INFO] [stdout]   |            ^^^^^^^ not found in this scope
[INFO] [stdout]   |
[INFO] [stdout] help: consider importing this function
[INFO] [stdout]   |
[INFO] [stdout] 2 + use dioxus_hooks::use_ref;
[INFO] [stdout]   |
[INFO] [stdout] 
[INFO] [stdout] error[E0433]: failed to resolve: use of undeclared type `HashMap`
[INFO] [stdout]  --> src/useref.rs:102:23
[INFO] [stdout]   |
[INFO] [stdout] 4 | let val2 = use_ref(|| HashMap::<u32, String>::new());
[INFO] [stdout]   |                       ^^^^^^^ use of undeclared type `HashMap`
[INFO] [stdout]   |
[INFO] [stdout] help: consider importing this struct
[INFO] [stdout]   |
[INFO] [stdout] 2 + use std::collections::HashMap;
[INFO] [stdout]   |
[INFO] [stdout] 
[INFO] [stdout] error[E0425]: cannot find function `use_ref` in this scope
[INFO] [stdout]  --> src/useref.rs:103:12
[INFO] [stdout]   |
[INFO] [stdout] 5 | let val3 = use_ref(|| HashMap::<u32, String>::new());
[INFO] [stdout]   |            ^^^^^^^ not found in this scope
[INFO] [stdout]   |
[INFO] [stdout] help: consider importing this function
[INFO] [stdout]   |
[INFO] [stdout] 2 + use dioxus_hooks::use_ref;
[INFO] [stdout]   |
[INFO] [stdout] 
[INFO] [stdout] error[E0433]: failed to resolve: use of undeclared type `HashMap`
[INFO] [stdout]  --> src/useref.rs:103:23
[INFO] [stdout]   |
[INFO] [stdout] 5 | let val3 = use_ref(|| HashMap::<u32, String>::new());
[INFO] [stdout]   |                       ^^^^^^^ use of undeclared type `HashMap`
[INFO] [stdout]   |
[INFO] [stdout] help: consider importing this struct
[INFO] [stdout]   |
[INFO] [stdout] 2 + use std::collections::HashMap;
[INFO] [stdout]   |
[INFO] [stdout] 
[INFO] [stdout] error[E0425]: cannot find value `cx` in this scope
[INFO] [stdout]  --> src/useref.rs:105:1
[INFO] [stdout]   |
[INFO] [stdout] 7 | cx.spawn({
[INFO] [stdout]   | ^^ not found in this scope
[INFO] [stdout] 
[INFO] [stdout] error[E0425]: cannot find value `val` in this scope
[INFO] [stdout]   --> src/useref.rs:109:9
[INFO] [stdout]    |
[INFO] [stdout] 11 |         val.write().insert(1, "hello".to_string());
[INFO] [stdout]    |         ^^^ help: a local variable with a similar name exists: `val1`
[INFO] [stdout] 
[INFO] [stdout] error[E0425]: cannot find function `some_work` in this scope
[INFO] [stdout]   --> src/useref.rs:108:9
[INFO] [stdout]    |
[INFO] [stdout] 10 |         some_work().await;
[INFO] [stdout]    |         ^^^^^^^^^ not found in this scope
[INFO] [stdout] 
[INFO] [stdout] error: aborting due to 10 previous errors
[INFO] [stdout] 
[INFO] [stdout] Some errors have detailed explanations: E0425, E0433.
[INFO] [stdout] For more information about an error, try `rustc --explain E0425`.
[INFO] [stdout] Couldn't compile the test.
[INFO] [stdout] ---- src/useref.rs - useref::use_ref (line 85) stdout ----
[INFO] [stdout] error[E0425]: cannot find function `use_ref` in this scope
[INFO] [stdout]  --> src/useref.rs:86:11
[INFO] [stdout]   |
[INFO] [stdout] 3 | let val = use_ref(|| HashMap::<u32, String>::new());
[INFO] [stdout]   |           ^^^^^^^ not found in this scope
[INFO] [stdout]   |
[INFO] [stdout] help: consider importing this function
[INFO] [stdout]   |
[INFO] [stdout] 2 + use dioxus_hooks::use_ref;
[INFO] [stdout]   |
[INFO] [stdout] 
[INFO] [stdout] error[E0433]: failed to resolve: use of undeclared type `HashMap`
[INFO] [stdout]  --> src/useref.rs:86:22
[INFO] [stdout]   |
[INFO] [stdout] 3 | let val = use_ref(|| HashMap::<u32, String>::new());
[INFO] [stdout]   |                      ^^^^^^^ use of undeclared type `HashMap`
[INFO] [stdout]   |
[INFO] [stdout] help: consider importing this struct
[INFO] [stdout]   |
[INFO] [stdout] 2 + use std::collections::HashMap;
[INFO] [stdout]   |
[INFO] [stdout] 
[INFO] [stdout] error[E0425]: cannot find value `cx` in this scope
[INFO] [stdout]  --> src/useref.rs:88:1
[INFO] [stdout]   |
[INFO] [stdout] 5 | cx.spawn({
[INFO] [stdout]   | ^^ not found in this scope
[INFO] [stdout] 
[INFO] [stdout] error[E0425]: cannot find function `some_work` in this scope
[INFO] [stdout]  --> src/useref.rs:91:9
[INFO] [stdout]   |
[INFO] [stdout] 8 |         some_work().await;
[INFO] [stdout]   |         ^^^^^^^^^ not found in this scope
[INFO] [stdout] 
[INFO] [stdout] error: aborting due to 4 previous errors
[INFO] [stdout] 
[INFO] [stdout] Some errors have detailed explanations: E0425, E0433.
[INFO] [stdout] For more information about an error, try `rustc --explain E0425`.
[INFO] [stdout] Couldn't compile the test.
[INFO] [stdout] 
[INFO] [stdout] failures:
[INFO] [stdout]     src/computed.rs - computed::use_tracked_state (line 15)
[INFO] [stdout]     src/lib.rs - to_owned (line 9)
[INFO] [stdout]     src/use_on_unmount.rs - use_on_unmount::use_on_unmount (line 4)
[INFO] [stdout]     src/use_shared_state.rs - use_shared_state::use_shared_state (line 101)
[INFO] [stdout]     src/use_shared_state.rs - use_shared_state::use_shared_state_provider (line 308)
[INFO] [stdout]     src/useeffect.rs - useeffect::use_effect (line 16)
[INFO] [stdout]     src/usememo.rs - usememo::use_memo (line 12)
[INFO] [stdout]     src/useref.rs - useref::UseRef<T>::with (line 197)
[INFO] [stdout]     src/useref.rs - useref::UseRef<T>::with_mut (line 217)
[INFO] [stdout]     src/useref.rs - useref::use_ref (line 100)
[INFO] [stdout]     src/useref.rs - useref::use_ref (line 19)
[INFO] [stdout]     src/useref.rs - useref::use_ref (line 29)
[INFO] [stdout]     src/useref.rs - useref::use_ref (line 38)
[INFO] [stdout]     src/useref.rs - useref::use_ref (line 46)
[INFO] [stdout]     src/useref.rs - useref::use_ref (line 57)
[INFO] [stdout]     src/useref.rs - useref::use_ref (line 69)
[INFO] [stdout]     src/useref.rs - useref::use_ref (line 85)
[INFO] [stdout] 
[INFO] [stdout] test result: FAILED. 0 passed; 17 failed; 9 ignored; 0 measured; 0 filtered out; finished in 0.22s
[INFO] [stdout] 
[INFO] [stderr] error: doctest failed, to rerun pass `--doc`
[INFO] running `Command { std: "docker" "inspect" "4721bfbe6dd50edb9208ba4f3f2e4aff2b1be476fe304d947fda1659a784dd6b", kill_on_drop: false }`
[INFO] running `Command { std: "docker" "rm" "-f" "4721bfbe6dd50edb9208ba4f3f2e4aff2b1be476fe304d947fda1659a784dd6b", kill_on_drop: false }`
[INFO] [stdout] 4721bfbe6dd50edb9208ba4f3f2e4aff2b1be476fe304d947fda1659a784dd6b
[INFO] testing dioxus-hooks-0.4.0 against beta-2023-12-22 for beta-1.76-1
[INFO] extracting crate dioxus-hooks 0.4.0 into /workspace/builds/worker-2-tc2/source
[INFO] validating manifest of crates.io crate dioxus-hooks 0.4.0 on toolchain beta-2023-12-22
[INFO] running `Command { std: CARGO_HOME="/workspace/cargo-home" RUSTUP_HOME="/workspace/rustup-home" "/workspace/cargo-home/bin/cargo" "+beta-2023-12-22" "metadata" "--manifest-path" "Cargo.toml" "--no-deps", kill_on_drop: false }`
[INFO] started tweaking crates.io crate dioxus-hooks 0.4.0
[INFO] finished tweaking crates.io crate dioxus-hooks 0.4.0
[INFO] tweaked toml for crates.io crate dioxus-hooks 0.4.0 written to /workspace/builds/worker-2-tc2/source/Cargo.toml
[INFO] running `Command { std: CARGO_HOME="/workspace/cargo-home" RUSTUP_HOME="/workspace/rustup-home" "/workspace/cargo-home/bin/cargo" "+beta-2023-12-22" "generate-lockfile" "--manifest-path" "Cargo.toml", kill_on_drop: false }`
[INFO] [stderr]     Updating crates.io index
[INFO] running `Command { std: CARGO_HOME="/workspace/cargo-home" RUSTUP_HOME="/workspace/rustup-home" "/workspace/cargo-home/bin/cargo" "+beta-2023-12-22" "fetch" "--manifest-path" "Cargo.toml", kill_on_drop: false }`
[INFO] running `Command { std: "docker" "create" "-v" "/var/lib/crater-agent-workspace/builds/worker-2-tc2/target:/opt/rustwide/target:rw,Z" "-v" "/var/lib/crater-agent-workspace/builds/worker-2-tc2/source:/opt/rustwide/workdir:ro,Z" "-v" "/var/lib/crater-agent-workspace/cargo-home:/opt/rustwide/cargo-home:ro,Z" "-v" "/var/lib/crater-agent-workspace/rustup-home:/opt/rustwide/rustup-home:ro,Z" "-e" "SOURCE_DIR=/opt/rustwide/workdir" "-e" "CARGO_TARGET_DIR=/opt/rustwide/target" "-e" "CARGO_HOME=/opt/rustwide/cargo-home" "-e" "RUSTUP_HOME=/opt/rustwide/rustup-home" "-w" "/opt/rustwide/workdir" "-m" "1610612736" "--user" "0:0" "--network" "none" "ghcr.io/rust-lang/crates-build-env/linux@sha256:2788e3201cd34a07e3172128adcd8b3090168a8e3bcc40d7c032b9dda1df7d1c" "/opt/rustwide/cargo-home/bin/cargo" "+beta-2023-12-22" "metadata" "--no-deps" "--format-version=1", kill_on_drop: false }`
[INFO] [stdout] b04f4b25e4ad098c65b0441241a0bd37172edcf8b4a4a8bb6bc3158fabebb53e
[INFO] running `Command { std: "docker" "start" "-a" "b04f4b25e4ad098c65b0441241a0bd37172edcf8b4a4a8bb6bc3158fabebb53e", kill_on_drop: false }`
[INFO] running `Command { std: "docker" "inspect" "b04f4b25e4ad098c65b0441241a0bd37172edcf8b4a4a8bb6bc3158fabebb53e", kill_on_drop: false }`
[INFO] running `Command { std: "docker" "rm" "-f" "b04f4b25e4ad098c65b0441241a0bd37172edcf8b4a4a8bb6bc3158fabebb53e", kill_on_drop: false }`
[INFO] [stdout] b04f4b25e4ad098c65b0441241a0bd37172edcf8b4a4a8bb6bc3158fabebb53e
[INFO] running `Command { std: "docker" "create" "-v" "/var/lib/crater-agent-workspace/builds/worker-2-tc2/target:/opt/rustwide/target:rw,Z" "-v" "/var/lib/crater-agent-workspace/builds/worker-2-tc2/source:/opt/rustwide/workdir:ro,Z" "-v" "/var/lib/crater-agent-workspace/cargo-home:/opt/rustwide/cargo-home:ro,Z" "-v" "/var/lib/crater-agent-workspace/rustup-home:/opt/rustwide/rustup-home:ro,Z" "-e" "SOURCE_DIR=/opt/rustwide/workdir" "-e" "CARGO_TARGET_DIR=/opt/rustwide/target" "-e" "CARGO_INCREMENTAL=0" "-e" "RUST_BACKTRACE=full" "-e" "RUSTFLAGS=--cap-lints=warn" "-e" "RUSTDOCFLAGS=--cap-lints=warn" "-e" "CARGO_HOME=/opt/rustwide/cargo-home" "-e" "RUSTUP_HOME=/opt/rustwide/rustup-home" "-w" "/opt/rustwide/workdir" "-m" "1610612736" "--user" "0:0" "--network" "none" "ghcr.io/rust-lang/crates-build-env/linux@sha256:2788e3201cd34a07e3172128adcd8b3090168a8e3bcc40d7c032b9dda1df7d1c" "/opt/rustwide/cargo-home/bin/cargo" "+beta-2023-12-22" "build" "--frozen" "--message-format=json", kill_on_drop: false }`
[INFO] [stdout] adaa233e043ca60129a41bae482f11811afe1739828b2b1e90d4fb65e2355656
[INFO] running `Command { std: "docker" "start" "-a" "adaa233e043ca60129a41bae482f11811afe1739828b2b1e90d4fb65e2355656", kill_on_drop: false }`
[INFO] [stderr]    Compiling autocfg v1.1.0
[INFO] [stderr]    Compiling once_cell v1.19.0
[INFO] [stderr]    Compiling futures-core v0.3.30
[INFO] [stderr]    Compiling pin-project-lite v0.2.13
[INFO] [stderr]    Compiling futures-task v0.3.30
[INFO] [stderr]    Compiling pin-utils v0.1.0
[INFO] [stderr]    Compiling syn v2.0.48
[INFO] [stderr]    Compiling smallbox v0.8.2
[INFO] [stderr]    Compiling rustc-hash v1.1.0
[INFO] [stderr]    Compiling longest-increasing-subsequence v0.1.0
[INFO] [stderr]    Compiling bumpalo v3.14.0
[INFO] [stderr]    Compiling futures-channel v0.3.30
[INFO] [stderr]    Compiling futures-util v0.3.30
[INFO] [stderr]    Compiling log v0.4.20
[INFO] [stderr]    Compiling dioxus-debug-cell v0.1.1
[INFO] [stderr]    Compiling tracing-core v0.1.32
[INFO] [stderr]    Compiling slab v0.4.9
[INFO] [stderr]    Compiling tracing-attributes v0.1.27
[INFO] [stderr]    Compiling thiserror-impl v1.0.56
[INFO] [stderr]    Compiling thiserror v1.0.56
[INFO] [stderr]    Compiling tracing v0.1.40
[INFO] [stderr]    Compiling dioxus-core v0.4.3
[INFO] [stderr]    Compiling dioxus-hooks v0.4.0 (/opt/rustwide/workdir)
[INFO] [stderr]     Finished dev [unoptimized + debuginfo] target(s) in 4.39s
[INFO] running `Command { std: "docker" "inspect" "adaa233e043ca60129a41bae482f11811afe1739828b2b1e90d4fb65e2355656", kill_on_drop: false }`
[INFO] running `Command { std: "docker" "rm" "-f" "adaa233e043ca60129a41bae482f11811afe1739828b2b1e90d4fb65e2355656", kill_on_drop: false }`
[INFO] [stdout] adaa233e043ca60129a41bae482f11811afe1739828b2b1e90d4fb65e2355656
[INFO] running `Command { std: "docker" "create" "-v" "/var/lib/crater-agent-workspace/builds/worker-2-tc2/target:/opt/rustwide/target:rw,Z" "-v" "/var/lib/crater-agent-workspace/builds/worker-2-tc2/source:/opt/rustwide/workdir:ro,Z" "-v" "/var/lib/crater-agent-workspace/cargo-home:/opt/rustwide/cargo-home:ro,Z" "-v" "/var/lib/crater-agent-workspace/rustup-home:/opt/rustwide/rustup-home:ro,Z" "-e" "SOURCE_DIR=/opt/rustwide/workdir" "-e" "CARGO_TARGET_DIR=/opt/rustwide/target" "-e" "CARGO_INCREMENTAL=0" "-e" "RUST_BACKTRACE=full" "-e" "RUSTFLAGS=--cap-lints=warn" "-e" "RUSTDOCFLAGS=--cap-lints=warn" "-e" "CARGO_HOME=/opt/rustwide/cargo-home" "-e" "RUSTUP_HOME=/opt/rustwide/rustup-home" "-w" "/opt/rustwide/workdir" "-m" "1610612736" "--user" "0:0" "--network" "none" "ghcr.io/rust-lang/crates-build-env/linux@sha256:2788e3201cd34a07e3172128adcd8b3090168a8e3bcc40d7c032b9dda1df7d1c" "/opt/rustwide/cargo-home/bin/cargo" "+beta-2023-12-22" "test" "--frozen" "--no-run" "--message-format=json", kill_on_drop: false }`
[INFO] [stdout] a89bc492038eec12417e0af2b8b22e751a71292b52861049d640affe8f931295
[INFO] running `Command { std: "docker" "start" "-a" "a89bc492038eec12417e0af2b8b22e751a71292b52861049d640affe8f931295", kill_on_drop: false }`
[INFO] [stderr]    Compiling wasm-bindgen-shared v0.2.89
[INFO] [stderr]    Compiling bumpalo v3.14.0
[INFO] [stderr]    Compiling wasm-bindgen v0.2.89
[INFO] [stderr]    Compiling syn v2.0.48
[INFO] [stderr]    Compiling cfg-if v1.0.0
[INFO] [stderr]    Compiling wasm-bindgen-backend v0.2.89
[INFO] [stderr]    Compiling tracing-attributes v0.1.27
[INFO] [stderr]    Compiling thiserror-impl v1.0.56
[INFO] [stderr]    Compiling wasm-bindgen-macro-support v0.2.89
[INFO] [stderr]    Compiling wasm-bindgen-macro v0.2.89
[INFO] [stderr]    Compiling thiserror v1.0.56
[INFO] [stderr]    Compiling tracing v0.1.40
[INFO] [stderr]    Compiling dioxus-core v0.4.3
[INFO] [stderr]    Compiling dioxus-hooks v0.4.0 (/opt/rustwide/workdir)
[INFO] [stderr]    Compiling js-sys v0.3.66
[INFO] [stderr]    Compiling web-sys v0.3.66
[INFO] [stderr]     Finished test [unoptimized + debuginfo] target(s) in 15.75s
[INFO] running `Command { std: "docker" "inspect" "a89bc492038eec12417e0af2b8b22e751a71292b52861049d640affe8f931295", kill_on_drop: false }`
[INFO] running `Command { std: "docker" "rm" "-f" "a89bc492038eec12417e0af2b8b22e751a71292b52861049d640affe8f931295", kill_on_drop: false }`
[INFO] [stdout] a89bc492038eec12417e0af2b8b22e751a71292b52861049d640affe8f931295
[INFO] running `Command { std: "docker" "create" "-v" "/var/lib/crater-agent-workspace/builds/worker-2-tc2/target:/opt/rustwide/target:rw,Z" "-v" "/var/lib/crater-agent-workspace/builds/worker-2-tc2/source:/opt/rustwide/workdir:ro,Z" "-v" "/var/lib/crater-agent-workspace/cargo-home:/opt/rustwide/cargo-home:ro,Z" "-v" "/var/lib/crater-agent-workspace/rustup-home:/opt/rustwide/rustup-home:ro,Z" "-e" "SOURCE_DIR=/opt/rustwide/workdir" "-e" "CARGO_TARGET_DIR=/opt/rustwide/target" "-e" "CARGO_INCREMENTAL=0" "-e" "RUST_BACKTRACE=full" "-e" "RUSTFLAGS=--cap-lints=warn" "-e" "RUSTDOCFLAGS=--cap-lints=warn" "-e" "CARGO_HOME=/opt/rustwide/cargo-home" "-e" "RUSTUP_HOME=/opt/rustwide/rustup-home" "-w" "/opt/rustwide/workdir" "-m" "1610612736" "--user" "0:0" "--network" "none" "ghcr.io/rust-lang/crates-build-env/linux@sha256:2788e3201cd34a07e3172128adcd8b3090168a8e3bcc40d7c032b9dda1df7d1c" "/opt/rustwide/cargo-home/bin/cargo" "+beta-2023-12-22" "test" "--frozen", kill_on_drop: false }`
[INFO] [stdout] f6497beb783a50dc78399229265addf1d52063703ae1425e75888318db1dece3
[INFO] running `Command { std: "docker" "start" "-a" "f6497beb783a50dc78399229265addf1d52063703ae1425e75888318db1dece3", kill_on_drop: false }`
[INFO] [stderr]     Finished test [unoptimized + debuginfo] target(s) in 0.22s
[INFO] [stderr]      Running unittests src/lib.rs (/opt/rustwide/target/debug/deps/dioxus_hooks-8b66d88453560c92)
[INFO] [stdout] 
[INFO] [stdout] running 3 tests
[INFO] [stdout] test usestate::api_makes_sense ... ok
[INFO] [stdout] test useeffect::tests::test_use_future ... ok
[INFO] [stdout] test usefuture::tests::test_use_future ... ok
[INFO] [stdout] 
[INFO] [stdout] test result: ok. 3 passed; 0 failed; 0 ignored; 0 measured; 0 filtered out; finished in 0.00s
[INFO] [stdout] 
[INFO] [stderr]    Doc-tests dioxus-hooks
[INFO] [stdout] 
[INFO] [stdout] running 26 tests
[INFO] [stdout] test src/usecoroutine.rs - usecoroutine::use_coroutine (line 43) ... ignored
[INFO] [stdout] test src/lib.rs - to_owned (line 9) ... FAILED
[INFO] [stdout] test src/useref.rs - useref::UseRef<T>::with (line 197) - compile ... FAILED
[INFO] [stdout] test src/computed.rs - computed::use_tracked_state (line 15) ... FAILED
[INFO] [stdout] test src/use_on_unmount.rs - use_on_unmount::use_on_unmount (line 4) ... FAILED
[INFO] [stdout] test src/use_shared_state.rs - use_shared_state::use_shared_state (line 101) ... FAILED
[INFO] [stdout] test src/use_shared_state.rs - use_shared_state::use_shared_state_provider (line 308) ... FAILED
[INFO] [stdout] test src/usememo.rs - usememo::use_memo (line 12) - compile ... FAILED
[INFO] [stdout] test src/useref.rs - useref::use_ref (line 100) - compile ... FAILED
[INFO] [stdout] test src/useref.rs - useref::UseRef<T>::with_mut (line 217) - compile ... FAILED
[INFO] [stdout] test src/useref.rs - useref::use_ref (line 38) - compile ... FAILED
[INFO] [stdout] test src/usestate.rs - usestate::UseState<T>::current (line 93) ... ignored
[INFO] [stdout] test src/usestate.rs - usestate::UseState<T>::get (line 184) ... ignored
[INFO] [stdout] test src/usestate.rs - usestate::UseState<T>::make_mut (line 271) ... ignored
[INFO] [stdout] test src/usestate.rs - usestate::UseState<T>::modify (line 143) ... ignored
[INFO] [stdout] test src/usestate.rs - usestate::UseState<T>::needs_update (line 208) ... ignored
[INFO] [stdout] test src/usestate.rs - usestate::UseState<T>::setter (line 120) ... ignored
[INFO] [stdout] test src/usestate.rs - usestate::UseState<T>::with_mut (line 239) ... ignored
[INFO] [stdout] test src/usestate.rs - usestate::use_state (line 20) ... ignored
[INFO] [stdout] test src/useref.rs - useref::use_ref (line 19) - compile ... FAILED
[INFO] [stdout] test src/useref.rs - useref::use_ref (line 57) - compile ... FAILED
[INFO] [stdout] test src/useref.rs - useref::use_ref (line 69) - compile ... FAILED
[INFO] [stdout] test src/useeffect.rs - useeffect::use_effect (line 16) - compile ... FAILED
[INFO] [stdout] test src/useref.rs - useref::use_ref (line 85) - compile ... FAILED
[INFO] [stdout] test src/useref.rs - useref::use_ref (line 46) - compile ... FAILED
[INFO] [stdout] test src/useref.rs - useref::use_ref (line 29) - compile ... FAILED
[INFO] [stdout] 
[INFO] [stdout] failures:
[INFO] [stdout] 
[INFO] [stdout] ---- src/lib.rs - to_owned (line 9) stdout ----
[INFO] [stdout] error[E0433]: failed to resolve: use of undeclared crate or module `dioxus`
[INFO] [stdout]  --> src/lib.rs:10:5
[INFO] [stdout]   |
[INFO] [stdout] 3 | use dioxus::prelude::*;
[INFO] [stdout]   |     ^^^^^^ use of undeclared crate or module `dioxus`
[INFO] [stdout] 
[INFO] [stdout] error: cannot find macro `to_owned` in this scope
[INFO] [stdout]   --> src/lib.rs:21:5
[INFO] [stdout]    |
[INFO] [stdout] 14 |     to_owned![data, cx.props.prop];
[INFO] [stdout]    |     ^^^^^^^^
[INFO] [stdout]    |
[INFO] [stdout] help: consider importing this macro
[INFO] [stdout]    |
[INFO] [stdout] 2  + use dioxus_hooks::to_owned;
[INFO] [stdout]    |
[INFO] [stdout] 
[INFO] [stdout] error: cannot find derive macro `Props` in this scope
[INFO] [stdout]  --> src/lib.rs:12:10
[INFO] [stdout]   |
[INFO] [stdout] 5 | #[derive(Props, PartialEq)]
[INFO] [stdout]   |          ^^^^^
[INFO] [stdout]   |
[INFO] [stdout]   = note: `Props` is in scope, but it is a struct, not a derive macro
[INFO] [stdout] 
[INFO] [stdout] error[E0412]: cannot find type `Scope` in this scope
[INFO] [stdout]  --> src/lib.rs:16:18
[INFO] [stdout]   |
[INFO] [stdout] 9 | fn Component(cx: Scope<Props>) -> Element {
[INFO] [stdout]   |                  ^^^^^ not found in this scope
[INFO] [stdout]   |
[INFO] [stdout] help: consider importing one of these items
[INFO] [stdout]   |
[INFO] [stdout] 2 + use dioxus_core::Scope;
[INFO] [stdout]   |
[INFO] [stdout] 2 + use std::thread::Scope;
[INFO] [stdout]   |
[INFO] [stdout] 
[INFO] [stdout] error[E0412]: cannot find type `Element` in this scope
[INFO] [stdout]  --> src/lib.rs:16:35
[INFO] [stdout]   |
[INFO] [stdout] 9 | fn Component(cx: Scope<Props>) -> Element {
[INFO] [stdout]   |                                   ^^^^^^^ not found in this scope
[INFO] [stdout]   |
[INFO] [stdout] help: consider importing one of these items
[INFO] [stdout]   |
[INFO] [stdout] 2 + use dioxus_core::Element;
[INFO] [stdout]   |
[INFO] [stdout] 2 + use web_sys::Element;
[INFO] [stdout]   |
[INFO] [stdout] 
[INFO] [stdout] error[E0425]: cannot find function `use_ref` in this scope
[INFO] [stdout]   --> src/lib.rs:18:14
[INFO] [stdout]    |
[INFO] [stdout] 11 | let (data) = use_ref(cx, || {});
[INFO] [stdout]    |              ^^^^^^^ not found in this scope
[INFO] [stdout]    |
[INFO] [stdout] help: consider importing this function
[INFO] [stdout]    |
[INFO] [stdout] 2  + use dioxus_hooks::use_ref;
[INFO] [stdout]    |
[INFO] [stdout] 
[INFO] [stdout] error: aborting due to 6 previous errors
[INFO] [stdout] 
[INFO] [stdout] Some errors have detailed explanations: E0412, E0425, E0433.
[INFO] [stdout] For more information about an error, try `rustc --explain E0412`.
[INFO] [stdout] Couldn't compile the test.
[INFO] [stdout] ---- src/useref.rs - useref::UseRef<T>::with (line 197) stdout ----
[INFO] [stdout] error[E0425]: cannot find function `use_ref` in this scope
[INFO] [stdout]  --> src/useref.rs:198:11
[INFO] [stdout]   |
[INFO] [stdout] 3 | let val = use_ref(|| HashMap::<u32, String>::new());
[INFO] [stdout]   |           ^^^^^^^ not found in this scope
[INFO] [stdout]   |
[INFO] [stdout] help: consider importing this function
[INFO] [stdout]   |
[INFO] [stdout] 2 + use dioxus_hooks::use_ref;
[INFO] [stdout]   |
[INFO] [stdout] 
[INFO] [stdout] error[E0433]: failed to resolve: use of undeclared type `HashMap`
[INFO] [stdout]  --> src/useref.rs:198:22
[INFO] [stdout]   |
[INFO] [stdout] 3 | let val = use_ref(|| HashMap::<u32, String>::new());
[INFO] [stdout]   |                      ^^^^^^^ use of undeclared type `HashMap`
[INFO] [stdout]   |
[INFO] [stdout] help: consider importing this struct
[INFO] [stdout]   |
[INFO] [stdout] 2 + use std::collections::HashMap;
[INFO] [stdout]   |
[INFO] [stdout] 
[INFO] [stdout] error: aborting due to 2 previous errors
[INFO] [stdout] 
[INFO] [stdout] Some errors have detailed explanations: E0425, E0433.
[INFO] [stdout] For more information about an error, try `rustc --explain E0425`.
[INFO] [stdout] Couldn't compile the test.
[INFO] [stdout] ---- src/computed.rs - computed::use_tracked_state (line 15) stdout ----
[INFO] [stdout] error[E0433]: failed to resolve: use of undeclared crate or module `dioxus`
[INFO] [stdout]  --> src/computed.rs:16:5
[INFO] [stdout]   |
[INFO] [stdout] 3 | use dioxus::prelude::*;
[INFO] [stdout]   |     ^^^^^^ use of undeclared crate or module `dioxus`
[INFO] [stdout] 
[INFO] [stdout] error: cannot find attribute `inline_props` in this scope
[INFO] [stdout]   --> src/computed.rs:28:3
[INFO] [stdout]    |
[INFO] [stdout] 15 | #[inline_props]
[INFO] [stdout]    |   ^^^^^^^^^^^^
[INFO] [stdout] 
[INFO] [stdout] error: cannot find macro `render` in this scope
[INFO] [stdout]   --> src/computed.rs:32:4
[INFO] [stdout]    |
[INFO] [stdout] 19 |    render! {
[INFO] [stdout]    |    ^^^^^^
[INFO] [stdout] 
[INFO] [stdout] error: cannot find macro `render` in this scope
[INFO] [stdout]  --> src/computed.rs:21:4
[INFO] [stdout]   |
[INFO] [stdout] 8 |    render! {
[INFO] [stdout]   |    ^^^^^^
[INFO] [stdout] 
[INFO] [stdout] error[E0412]: cannot find type `Scope` in this scope
[INFO] [stdout]  --> src/computed.rs:18:15
[INFO] [stdout]   |
[INFO] [stdout] 5 | fn Parent(cx: Scope) -> Element {
[INFO] [stdout]   |               ^^^^^ not found in this scope
[INFO] [stdout]   |
[INFO] [stdout] help: consider importing one of these items
[INFO] [stdout]   |
[INFO] [stdout] 2 + use dioxus_core::Scope;
[INFO] [stdout]   |
[INFO] [stdout] 2 + use std::thread::Scope;
[INFO] [stdout]   |
[INFO] [stdout] 
[INFO] [stdout] error[E0412]: cannot find type `Element` in this scope
[INFO] [stdout]  --> src/computed.rs:18:25
[INFO] [stdout]   |
[INFO] [stdout] 5 | fn Parent(cx: Scope) -> Element {
[INFO] [stdout]   |                         ^^^^^^^ not found in this scope
[INFO] [stdout]   |
[INFO] [stdout] help: consider importing one of these items
[INFO] [stdout]   |
[INFO] [stdout] 2 + use dioxus_core::Element;
[INFO] [stdout]   |
[INFO] [stdout] 2 + use web_sys::Element;
[INFO] [stdout]   |
[INFO] [stdout] 
[INFO] [stdout] error[E0425]: cannot find function `use_tracked_state` in this scope
[INFO] [stdout]  --> src/computed.rs:19:16
[INFO] [stdout]   |
[INFO] [stdout] 6 |    let count = use_tracked_state(cx, || 0);
[INFO] [stdout]   |                ^^^^^^^^^^^^^^^^^ not found in this scope
[INFO] [stdout]   |
[INFO] [stdout] help: consider importing this function
[INFO] [stdout]   |
[INFO] [stdout] 2 + use dioxus_hooks::use_tracked_state;
[INFO] [stdout]   |
[INFO] [stdout] 
[INFO] [stdout] error[E0412]: cannot find type `Scope` in this scope
[INFO] [stdout]   --> src/computed.rs:29:14
[INFO] [stdout]    |
[INFO] [stdout] 16 | fn Child(cx: Scope, count: Tracked<usize>) -> Element {
[INFO] [stdout]    |              ^^^^^ not found in this scope
[INFO] [stdout]    |
[INFO] [stdout] help: consider importing one of these items
[INFO] [stdout]    |
[INFO] [stdout] 2  + use dioxus_core::Scope;
[INFO] [stdout]    |
[INFO] [stdout] 2  + use std::thread::Scope;
[INFO] [stdout]    |
[INFO] [stdout] 
[INFO] [stdout] error[E0412]: cannot find type `Tracked` in this scope
[INFO] [stdout]   --> src/computed.rs:29:28
[INFO] [stdout]    |
[INFO] [stdout] 16 | fn Child(cx: Scope, count: Tracked<usize>) -> Element {
[INFO] [stdout]    |                            ^^^^^^^ not found in this scope
[INFO] [stdout]    |
[INFO] [stdout] help: consider importing this struct
[INFO] [stdout]    |
[INFO] [stdout] 2  + use dioxus_hooks::Tracked;
[INFO] [stdout]    |
[INFO] [stdout] 
[INFO] [stdout] error[E0412]: cannot find type `Element` in this scope
[INFO] [stdout]   --> src/computed.rs:29:47
[INFO] [stdout]    |
[INFO] [stdout] 16 | fn Child(cx: Scope, count: Tracked<usize>) -> Element {
[INFO] [stdout]    |                                               ^^^^^^^ not found in this scope
[INFO] [stdout]    |
[INFO] [stdout] help: consider importing one of these items
[INFO] [stdout]    |
[INFO] [stdout] 2  + use dioxus_core::Element;
[INFO] [stdout]    |
[INFO] [stdout] 2  + use web_sys::Element;
[INFO] [stdout]    |
[INFO] [stdout] 
[INFO] [stdout] error[E0425]: cannot find function `use_selector` in this scope
[INFO] [stdout]   --> src/computed.rs:30:25
[INFO] [stdout]    |
[INFO] [stdout] 17 |    let less_than_five = use_selector(cx, count, |count| *count < 5);
[INFO] [stdout]    |                         ^^^^^^^^^^^^ not found in this scope
[INFO] [stdout]    |
[INFO] [stdout] help: consider importing this function
[INFO] [stdout]    |
[INFO] [stdout] 2  + use dioxus_hooks::use_selector;
[INFO] [stdout]    |
[INFO] [stdout] 
[INFO] [stdout] error: aborting due to 11 previous errors
[INFO] [stdout] 
[INFO] [stdout] Some errors have detailed explanations: E0412, E0425, E0433.
[INFO] [stdout] For more information about an error, try `rustc --explain E0412`.
[INFO] [stdout] Couldn't compile the test.
[INFO] [stdout] ---- src/use_on_unmount.rs - use_on_unmount::use_on_unmount (line 4) stdout ----
[INFO] [stdout] error[E0433]: failed to resolve: use of undeclared crate or module `dioxus`
[INFO] [stdout]  --> src/use_on_unmount.rs:5:5
[INFO] [stdout]   |
[INFO] [stdout] 3 | use dioxus::prelude::*;
[INFO] [stdout]   |     ^^^^^^ use of undeclared crate or module `dioxus`
[INFO] [stdout] 
[INFO] [stdout] error: cannot find macro `render` in this scope
[INFO] [stdout]   --> src/use_on_unmount.rs:47:5
[INFO] [stdout]    |
[INFO] [stdout] 45 |     render!{
[INFO] [stdout]    |     ^^^^^^
[INFO] [stdout] 
[INFO] [stdout] error: cannot find macro `to_owned` in this scope
[INFO] [stdout]   --> src/use_on_unmount.rs:40:9
[INFO] [stdout]    |
[INFO] [stdout] 38 |         to_owned![original_scroll_position];
[INFO] [stdout]    |         ^^^^^^^^
[INFO] [stdout]    |
[INFO] [stdout] help: consider importing this macro
[INFO] [stdout]    |
[INFO] [stdout] 2  + use dioxus_hooks::to_owned;
[INFO] [stdout]    |
[INFO] [stdout] 
[INFO] [stdout] error: cannot find macro `to_owned` in this scope
[INFO] [stdout]   --> src/use_on_unmount.rs:30:9
[INFO] [stdout]    |
[INFO] [stdout] 28 |         to_owned![original_scroll_position];
[INFO] [stdout]    |         ^^^^^^^^
[INFO] [stdout]    |
[INFO] [stdout] help: consider importing this macro
[INFO] [stdout]    |
[INFO] [stdout] 2  + use dioxus_hooks::to_owned;
[INFO] [stdout]    |
[INFO] [stdout] 
[INFO] [stdout] error: cannot find macro `render` in this scope
[INFO] [stdout]  --> src/use_on_unmount.rs:8:5
[INFO] [stdout]   |
[INFO] [stdout] 6 |     render! {
[INFO] [stdout]   |     ^^^^^^
[INFO] [stdout] 
[INFO] [stdout] error[E0412]: cannot find type `Scope` in this scope
[INFO] [stdout]  --> src/use_on_unmount.rs:6:12
[INFO] [stdout]   |
[INFO] [stdout] 4 | fn app(cx: Scope) -> Element {
[INFO] [stdout]   |            ^^^^^ not found in this scope
[INFO] [stdout]   |
[INFO] [stdout] help: consider importing one of these items
[INFO] [stdout]   |
[INFO] [stdout] 2 + use dioxus_core::Scope;
[INFO] [stdout]   |
[INFO] [stdout] 2 + use std::thread::Scope;
[INFO] [stdout]   |
[INFO] [stdout] 
[INFO] [stdout] error[E0412]: cannot find type `Element` in this scope
[INFO] [stdout]  --> src/use_on_unmount.rs:6:22
[INFO] [stdout]   |
[INFO] [stdout] 4 | fn app(cx: Scope) -> Element {
[INFO] [stdout]   |                      ^^^^^^^ not found in this scope
[INFO] [stdout]   |
[INFO] [stdout] help: consider importing one of these items
[INFO] [stdout]   |
[INFO] [stdout] 2 + use dioxus_core::Element;
[INFO] [stdout]   |
[INFO] [stdout] 2 + use web_sys::Element;
[INFO] [stdout]   |
[INFO] [stdout] 
[INFO] [stdout] error[E0425]: cannot find function `use_state` in this scope
[INFO] [stdout]  --> src/use_on_unmount.rs:7:17
[INFO] [stdout]   |
[INFO] [stdout] 5 |     let state = use_state(cx, || true);
[INFO] [stdout]   |                 ^^^^^^^^^ not found in this scope
[INFO] [stdout]   |
[INFO] [stdout] help: consider importing this function
[INFO] [stdout]   |
[INFO] [stdout] 2 + use dioxus_hooks::use_state;
[INFO] [stdout]   |
[INFO] [stdout] 
[INFO] [stdout] error[E0412]: cannot find type `Scope` in this scope
[INFO] [stdout]   --> src/use_on_unmount.rs:27:24
[INFO] [stdout]    |
[INFO] [stdout] 25 | fn child_component(cx: Scope) -> Element {
[INFO] [stdout]    |                        ^^^^^ not found in this scope
[INFO] [stdout]    |
[INFO] [stdout] help: consider importing one of these items
[INFO] [stdout]    |
[INFO] [stdout] 2  + use dioxus_core::Scope;
[INFO] [stdout]    |
[INFO] [stdout] 2  + use std::thread::Scope;
[INFO] [stdout]    |
[INFO] [stdout] 
[INFO] [stdout] error[E0412]: cannot find type `Element` in this scope
[INFO] [stdout]   --> src/use_on_unmount.rs:27:34
[INFO] [stdout]    |
[INFO] [stdout] 25 | fn child_component(cx: Scope) -> Element {
[INFO] [stdout]    |                                  ^^^^^^^ not found in this scope
[INFO] [stdout]    |
[INFO] [stdout] help: consider importing one of these items
[INFO] [stdout]    |
[INFO] [stdout] 2  + use dioxus_core::Element;
[INFO] [stdout]    |
[INFO] [stdout] 2  + use web_sys::Element;
[INFO] [stdout]    |
[INFO] [stdout] 
[INFO] [stdout] error[E0425]: cannot find function `use_state` in this scope
[INFO] [stdout]   --> src/use_on_unmount.rs:28:36
[INFO] [stdout]    |
[INFO] [stdout] 26 |     let original_scroll_position = use_state(cx, || 0.0);
[INFO] [stdout]    |                                    ^^^^^^^^^ not found in this scope
[INFO] [stdout]    |
[INFO] [stdout] help: consider importing this function
[INFO] [stdout]    |
[INFO] [stdout] 2  + use dioxus_hooks::use_state;
[INFO] [stdout]    |
[INFO] [stdout] 
[INFO] [stdout] error[E0425]: cannot find function `use_effect` in this scope
[INFO] [stdout]   --> src/use_on_unmount.rs:29:5
[INFO] [stdout]    |
[INFO] [stdout] 27 |     use_effect(cx, (), move |_| {
[INFO] [stdout]    |     ^^^^^^^^^^ not found in this scope
[INFO] [stdout]    |
[INFO] [stdout] help: consider importing this function
[INFO] [stdout]    |
[INFO] [stdout] 2  + use dioxus_hooks::use_effect;
[INFO] [stdout]    |
[INFO] [stdout] 
[INFO] [stdout] error[E0425]: cannot find function `use_on_unmount` in this scope
[INFO] [stdout]   --> src/use_on_unmount.rs:39:5
[INFO] [stdout]    |
[INFO] [stdout] 37 |     use_on_unmount(cx, {
[INFO] [stdout]    |     ^^^^^^^^^^^^^^ not found in this scope
[INFO] [stdout]    |
[INFO] [stdout] help: consider importing this function
[INFO] [stdout]    |
[INFO] [stdout] 2  + use dioxus_hooks::use_on_unmount;
[INFO] [stdout]    |
[INFO] [stdout] 
[INFO] [stdout] error: aborting due to 13 previous errors
[INFO] [stdout] 
[INFO] [stdout] Some errors have detailed explanations: E0412, E0425, E0433.
[INFO] [stdout] For more information about an error, try `rustc --explain E0412`.
[INFO] [stdout] Couldn't compile the test.
[INFO] [stdout] ---- src/use_shared_state.rs - use_shared_state::use_shared_state (line 101) stdout ----
[INFO] [stdout] error[E0433]: failed to resolve: use of undeclared crate or module `dioxus`
[INFO] [stdout]  --> src/use_shared_state.rs:102:5
[INFO] [stdout]   |
[INFO] [stdout] 3 | use dioxus::prelude::*;
[INFO] [stdout]   |     ^^^^^^ use of undeclared crate or module `dioxus`
[INFO] [stdout] 
[INFO] [stdout] error: cannot find macro `render` in this scope
[INFO] [stdout]  --> src/use_shared_state.rs:105:5
[INFO] [stdout]   |
[INFO] [stdout] 6 |     render! {
[INFO] [stdout]   |     ^^^^^^
[INFO] [stdout] 
[INFO] [stdout] error: cannot find macro `render` in this scope
[INFO] [stdout]   --> src/use_shared_state.rs:121:5
[INFO] [stdout]    |
[INFO] [stdout] 22 |     render! {
[INFO] [stdout]    |     ^^^^^^
[INFO] [stdout] 
[INFO] [stdout] error: cannot find macro `render` in this scope
[INFO] [stdout]   --> src/use_shared_state.rs:141:5
[INFO] [stdout]    |
[INFO] [stdout] 42 |     render! {
[INFO] [stdout]    |     ^^^^^^
[INFO] [stdout] 
[INFO] [stdout] error[E0412]: cannot find type `Scope` in this scope
[INFO] [stdout]  --> src/use_shared_state.rs:104:12
[INFO] [stdout]   |
[INFO] [stdout] 5 | fn app(cx: Scope) -> Element {
[INFO] [stdout]   |            ^^^^^ not found in this scope
[INFO] [stdout]   |
[INFO] [stdout] help: consider importing one of these items
[INFO] [stdout]   |
[INFO] [stdout] 2 + use dioxus_core::Scope;
[INFO] [stdout]   |
[INFO] [stdout] 2 + use std::thread::Scope;
[INFO] [stdout]   |
[INFO] [stdout] 
[INFO] [stdout] error[E0412]: cannot find type `Element` in this scope
[INFO] [stdout]  --> src/use_shared_state.rs:104:22
[INFO] [stdout]   |
[INFO] [stdout] 5 | fn app(cx: Scope) -> Element {
[INFO] [stdout]   |                      ^^^^^^^ not found in this scope
[INFO] [stdout]   |
[INFO] [stdout] help: consider importing one of these items
[INFO] [stdout]   |
[INFO] [stdout] 2 + use dioxus_core::Element;
[INFO] [stdout]   |
[INFO] [stdout] 2 + use web_sys::Element;
[INFO] [stdout]   |
[INFO] [stdout] 
[INFO] [stdout] error[E0412]: cannot find type `Scope` in this scope
[INFO] [stdout]   --> src/use_shared_state.rs:117:19
[INFO] [stdout]    |
[INFO] [stdout] 18 | fn Parent<'a>(cx: Scope<'a>) -> Element<'a> {
[INFO] [stdout]    |                   ^^^^^ not found in this scope
[INFO] [stdout]    |
[INFO] [stdout] help: consider importing one of these items
[INFO] [stdout]    |
[INFO] [stdout] 2  + use dioxus_core::Scope;
[INFO] [stdout]    |
[INFO] [stdout] 2  + use std::thread::Scope;
[INFO] [stdout]    |
[INFO] [stdout] 
[INFO] [stdout] error[E0412]: cannot find type `Element` in this scope
[INFO] [stdout]   --> src/use_shared_state.rs:117:33
[INFO] [stdout]    |
[INFO] [stdout] 18 | fn Parent<'a>(cx: Scope<'a>) -> Element<'a> {
[INFO] [stdout]    |                                 ^^^^^^^ not found in this scope
[INFO] [stdout]    |
[INFO] [stdout] help: consider importing one of these items
[INFO] [stdout]    |
[INFO] [stdout] 2  + use dioxus_core::Element;
[INFO] [stdout]    |
[INFO] [stdout] 2  + use web_sys::Element;
[INFO] [stdout]    |
[INFO] [stdout] 
[INFO] [stdout] error[E0425]: cannot find function `use_shared_state_provider` in this scope
[INFO] [stdout]   --> src/use_shared_state.rs:118:5
[INFO] [stdout]    |
[INFO] [stdout] 19 |     use_shared_state_provider(cx, || Theme::Dark);
[INFO] [stdout]    |     ^^^^^^^^^^^^^^^^^^^^^^^^^ not found in this scope
[INFO] [stdout]    |
[INFO] [stdout] help: consider importing this function
[INFO] [stdout]    |
[INFO] [stdout] 2  + use dioxus_hooks::use_shared_state_provider;
[INFO] [stdout]    |
[INFO] [stdout] 
[INFO] [stdout] error[E0425]: cannot find function `use_shared_state` in this scope
[INFO] [stdout]   --> src/use_shared_state.rs:119:17
[INFO] [stdout]    |
[INFO] [stdout] 20 |     let theme = use_shared_state::<Theme>(cx).unwrap();
[INFO] [stdout]    |                 ^^^^^^^^^^^^^^^^ not found in this scope
[INFO] [stdout]    |
[INFO] [stdout] help: consider importing this function
[INFO] [stdout]    |
[INFO] [stdout] 2  + use dioxus_hooks::use_shared_state;
[INFO] [stdout]    |
[INFO] [stdout] 
[INFO] [stdout] error[E0412]: cannot find type `Scope` in this scope
[INFO] [stdout]   --> src/use_shared_state.rs:137:18
[INFO] [stdout]    |
[INFO] [stdout] 38 | fn Child<'a>(cx: Scope<'a>) -> Element<'a> {
[INFO] [stdout]    |                  ^^^^^ not found in this scope
[INFO] [stdout]    |
[INFO] [stdout] help: consider importing one of these items
[INFO] [stdout]    |
[INFO] [stdout] 2  + use dioxus_core::Scope;
[INFO] [stdout]    |
[INFO] [stdout] 2  + use std::thread::Scope;
[INFO] [stdout]    |
[INFO] [stdout] 
[INFO] [stdout] error[E0412]: cannot find type `Element` in this scope
[INFO] [stdout]   --> src/use_shared_state.rs:137:32
[INFO] [stdout]    |
[INFO] [stdout] 38 | fn Child<'a>(cx: Scope<'a>) -> Element<'a> {
[INFO] [stdout]    |                                ^^^^^^^ not found in this scope
[INFO] [stdout]    |
[INFO] [stdout] help: consider importing one of these items
[INFO] [stdout]    |
[INFO] [stdout] 2  + use dioxus_core::Element;
[INFO] [stdout]    |
[INFO] [stdout] 2  + use web_sys::Element;
[INFO] [stdout]    |
[INFO] [stdout] 
[INFO] [stdout] error[E0425]: cannot find function `use_shared_state` in this scope
[INFO] [stdout]   --> src/use_shared_state.rs:138:17
[INFO] [stdout]    |
[INFO] [stdout] 39 |     let theme = use_shared_state::<Theme>(cx).unwrap();
[INFO] [stdout]    |                 ^^^^^^^^^^^^^^^^ not found in this scope
[INFO] [stdout]    |
[INFO] [stdout] help: consider importing this function
[INFO] [stdout]    |
[INFO] [stdout] 2  + use dioxus_hooks::use_shared_state;
[INFO] [stdout]    |
[INFO] [stdout] 
[INFO] [stdout] error: aborting due to 13 previous errors
[INFO] [stdout] 
[INFO] [stdout] Some errors have detailed explanations: E0412, E0425, E0433.
[INFO] [stdout] For more information about an error, try `rustc --explain E0412`.
[INFO] [stdout] Couldn't compile the test.
[INFO] [stdout] ---- src/use_shared_state.rs - use_shared_state::use_shared_state_provider (line 308) stdout ----
[INFO] [stdout] error[E0433]: failed to resolve: use of undeclared crate or module `dioxus`
[INFO] [stdout]  --> src/use_shared_state.rs:309:5
[INFO] [stdout]   |
[INFO] [stdout] 3 | use dioxus::prelude::*;
[INFO] [stdout]   |     ^^^^^^ use of undeclared crate or module `dioxus`
[INFO] [stdout] 
[INFO] [stdout] error: cannot find macro `render` in this scope
[INFO] [stdout]  --> src/use_shared_state.rs:312:5
[INFO] [stdout]   |
[INFO] [stdout] 6 |     render! {
[INFO] [stdout]   |     ^^^^^^
[INFO] [stdout] 
[INFO] [stdout] error: cannot find macro `render` in this scope
[INFO] [stdout]   --> src/use_shared_state.rs:328:5
[INFO] [stdout]    |
[INFO] [stdout] 22 |     render! {
[INFO] [stdout]    |     ^^^^^^
[INFO] [stdout] 
[INFO] [stdout] error[E0412]: cannot find type `Scope` in this scope
[INFO] [stdout]  --> src/use_shared_state.rs:311:12
[INFO] [stdout]   |
[INFO] [stdout] 5 | fn app(cx: Scope) -> Element {
[INFO] [stdout]   |            ^^^^^ not found in this scope
[INFO] [stdout]   |
[INFO] [stdout] help: consider importing one of these items
[INFO] [stdout]   |
[INFO] [stdout] 2 + use dioxus_core::Scope;
[INFO] [stdout]   |
[INFO] [stdout] 2 + use std::thread::Scope;
[INFO] [stdout]   |
[INFO] [stdout] 
[INFO] [stdout] error[E0412]: cannot find type `Element` in this scope
[INFO] [stdout]  --> src/use_shared_state.rs:311:22
[INFO] [stdout]   |
[INFO] [stdout] 5 | fn app(cx: Scope) -> Element {
[INFO] [stdout]   |                      ^^^^^^^ not found in this scope
[INFO] [stdout]   |
[INFO] [stdout] help: consider importing one of these items
[INFO] [stdout]   |
[INFO] [stdout] 2 + use dioxus_core::Element;
[INFO] [stdout]   |
[INFO] [stdout] 2 + use web_sys::Element;
[INFO] [stdout]   |
[INFO] [stdout] 
[INFO] [stdout] error[E0412]: cannot find type `Scope` in this scope
[INFO] [stdout]   --> src/use_shared_state.rs:324:19
[INFO] [stdout]    |
[INFO] [stdout] 18 | fn Parent<'a>(cx: Scope<'a>) -> Element<'a> {
[INFO] [stdout]    |                   ^^^^^ not found in this scope
[INFO] [stdout]    |
[INFO] [stdout] help: consider importing one of these items
[INFO] [stdout]    |
[INFO] [stdout] 2  + use dioxus_core::Scope;
[INFO] [stdout]    |
[INFO] [stdout] 2  + use std::thread::Scope;
[INFO] [stdout]    |
[INFO] [stdout] 
[INFO] [stdout] error[E0412]: cannot find type `Element` in this scope
[INFO] [stdout]   --> src/use_shared_state.rs:324:33
[INFO] [stdout]    |
[INFO] [stdout] 18 | fn Parent<'a>(cx: Scope<'a>) -> Element<'a> {
[INFO] [stdout]    |                                 ^^^^^^^ not found in this scope
[INFO] [stdout]    |
[INFO] [stdout] help: consider importing one of these items
[INFO] [stdout]    |
[INFO] [stdout] 2  + use dioxus_core::Element;
[INFO] [stdout]    |
[INFO] [stdout] 2  + use web_sys::Element;
[INFO] [stdout]    |
[INFO] [stdout] 
[INFO] [stdout] error[E0425]: cannot find function `use_shared_state_provider` in this scope
[INFO] [stdout]   --> src/use_shared_state.rs:325:5
[INFO] [stdout]    |
[INFO] [stdout] 19 |     use_shared_state_provider(cx, || Theme::Dark);
[INFO] [stdout]    |     ^^^^^^^^^^^^^^^^^^^^^^^^^ not found in this scope
[INFO] [stdout]    |
[INFO] [stdout] help: consider importing this function
[INFO] [stdout]    |
[INFO] [stdout] 2  + use dioxus_hooks::use_shared_state_provider;
[INFO] [stdout]    |
[INFO] [stdout] 
[INFO] [stdout] error[E0425]: cannot find function `use_shared_state` in this scope
[INFO] [stdout]   --> src/use_shared_state.rs:326:17
[INFO] [stdout]    |
[INFO] [stdout] 20 |     let theme = use_shared_state::<Theme>(cx).unwrap();
[INFO] [stdout]    |                 ^^^^^^^^^^^^^^^^ not found in this scope
[INFO] [stdout]    |
[INFO] [stdout] help: consider importing this function
[INFO] [stdout]    |
[INFO] [stdout] 2  + use dioxus_hooks::use_shared_state;
[INFO] [stdout]    |
[INFO] [stdout] 
[INFO] [stdout] error: aborting due to 9 previous errors
[INFO] [stdout] 
[INFO] [stdout] Some errors have detailed explanations: E0412, E0425, E0433.
[INFO] [stdout] For more information about an error, try `rustc --explain E0412`.
[INFO] [stdout] Couldn't compile the test.
[INFO] [stdout] ---- src/usememo.rs - usememo::use_memo (line 12) stdout ----
[INFO] [stdout] error: cannot find macro `render` in this scope
[INFO] [stdout]   --> src/usememo.rs:25:5
[INFO] [stdout]    |
[INFO] [stdout] 15 |     render!(Calculator { number: 0 })
[INFO] [stdout]    |     ^^^^^^
[INFO] [stdout] 
[INFO] [stdout] error: cannot find attribute `inline_props` in this scope
[INFO] [stdout]  --> src/usememo.rs:14:3
[INFO] [stdout]   |
[INFO] [stdout] 4 | #[inline_props]
[INFO] [stdout]   |   ^^^^^^^^^^^^
[INFO] [stdout] 
[INFO] [stdout] error: cannot find macro `render` in this scope
[INFO] [stdout]   --> src/usememo.rs:20:5
[INFO] [stdout]    |
[INFO] [stdout] 10 |     render!(
[INFO] [stdout]    |     ^^^^^^
[INFO] [stdout] 
[INFO] [stdout] error[E0412]: cannot find type `Scope` in this scope
[INFO] [stdout]  --> src/usememo.rs:15:19
[INFO] [stdout]   |
[INFO] [stdout] 5 | fn Calculator(cx: Scope, number: usize) -> Element {
[INFO] [stdout]   |                   ^^^^^ not found in this scope
[INFO] [stdout]   |
[INFO] [stdout] help: consider importing one of these items
[INFO] [stdout]   |
[INFO] [stdout] 3 + use dioxus_core::Scope;
[INFO] [stdout]   |
[INFO] [stdout] 3 + use std::thread::Scope;
[INFO] [stdout]   |
[INFO] [stdout] 
[INFO] [stdout] error[E0412]: cannot find type `Element` in this scope
[INFO] [stdout]  --> src/usememo.rs:15:44
[INFO] [stdout]   |
[INFO] [stdout] 5 | fn Calculator(cx: Scope, number: usize) -> Element {
[INFO] [stdout]   |                                            ^^^^^^^ not found in this scope
[INFO] [stdout]   |
[INFO] [stdout] help: consider importing one of these items
[INFO] [stdout]   |
[INFO] [stdout] 3 + use dioxus_core::Element;
[INFO] [stdout]   |
[INFO] [stdout] 3 + use web_sys::Element;
[INFO] [stdout]   |
[INFO] [stdout] 
[INFO] [stdout] error[E0425]: cannot find function `use_memo` in this scope
[INFO] [stdout]  --> src/usememo.rs:16:25
[INFO] [stdout]   |
[INFO] [stdout] 6 |     let bigger_number = use_memo(cx, (number,), |(number,)| {
[INFO] [stdout]   |                         ^^^^^^^^ not found in this scope
[INFO] [stdout]   |
[INFO] [stdout] help: consider importing this function
[INFO] [stdout]   |
[INFO] [stdout] 3 + use dioxus_hooks::use_memo;
[INFO] [stdout]   |
[INFO] [stdout] 
[INFO] [stdout] error[E0412]: cannot find type `Scope` in this scope
[INFO] [stdout]   --> src/usememo.rs:24:12
[INFO] [stdout]    |
[INFO] [stdout] 14 | fn app(cx: Scope) -> Element {
[INFO] [stdout]    |            ^^^^^ not found in this scope
[INFO] [stdout]    |
[INFO] [stdout] help: consider importing one of these items
[INFO] [stdout]    |
[INFO] [stdout] 3  + use dioxus_core::Scope;
[INFO] [stdout]    |
[INFO] [stdout] 3  + use std::thread::Scope;
[INFO] [stdout]    |
[INFO] [stdout] 
[INFO] [stdout] error[E0412]: cannot find type `Element` in this scope
[INFO] [stdout]   --> src/usememo.rs:24:22
[INFO] [stdout]    |
[INFO] [stdout] 14 | fn app(cx: Scope) -> Element {
[INFO] [stdout]    |                      ^^^^^^^ not found in this scope
[INFO] [stdout]    |
[INFO] [stdout] help: consider importing one of these items
[INFO] [stdout]    |
[INFO] [stdout] 3  + use dioxus_core::Element;
[INFO] [stdout]    |
[INFO] [stdout] 3  + use web_sys::Element;
[INFO] [stdout]    |
[INFO] [stdout] 
[INFO] [stdout] error: aborting due to 8 previous errors
[INFO] [stdout] 
[INFO] [stdout] Some errors have detailed explanations: E0412, E0425.
[INFO] [stdout] For more information about an error, try `rustc --explain E0412`.
[INFO] [stdout] Couldn't compile the test.
[INFO] [stdout] ---- src/useref.rs - useref::use_ref (line 100) stdout ----
[INFO] [stdout] error: cannot find macro `to_owned` in this scope
[INFO] [stdout]  --> src/useref.rs:106:5
[INFO] [stdout]   |
[INFO] [stdout] 8 |     to_owned![val1, val2, val3];
[INFO] [stdout]   |     ^^^^^^^^
[INFO] [stdout]   |
[INFO] [stdout] help: consider importing this macro
[INFO] [stdout]   |
[INFO] [stdout] 2 + use dioxus_hooks::to_owned;
[INFO] [stdout]   |
[INFO] [stdout] 
[INFO] [stdout] error[E0425]: cannot find function `use_ref` in this scope
[INFO] [stdout]  --> src/useref.rs:101:12
[INFO] [stdout]   |
[INFO] [stdout] 3 | let val1 = use_ref(|| HashMap::<u32, String>::new());
[INFO] [stdout]   |            ^^^^^^^ not found in this scope
[INFO] [stdout]   |
[INFO] [stdout] help: consider importing this function
[INFO] [stdout]   |
[INFO] [stdout] 2 + use dioxus_hooks::use_ref;
[INFO] [stdout]   |
[INFO] [stdout] 
[INFO] [stdout] error[E0433]: failed to resolve: use of undeclared type `HashMap`
[INFO] [stdout]  --> src/useref.rs:101:23
[INFO] [stdout]   |
[INFO] [stdout] 3 | let val1 = use_ref(|| HashMap::<u32, String>::new());
[INFO] [stdout]   |                       ^^^^^^^ use of undeclared type `HashMap`
[INFO] [stdout]   |
[INFO] [stdout] help: consider importing this struct
[INFO] [stdout]   |
[INFO] [stdout] 2 + use std::collections::HashMap;
[INFO] [stdout]   |
[INFO] [stdout] 
[INFO] [stdout] error[E0425]: cannot find function `use_ref` in this scope
[INFO] [stdout]  --> src/useref.rs:102:12
[INFO] [stdout]   |
[INFO] [stdout] 4 | let val2 = use_ref(|| HashMap::<u32, String>::new());
[INFO] [stdout]   |            ^^^^^^^ not found in this scope
[INFO] [stdout]   |
[INFO] [stdout] help: consider importing this function
[INFO] [stdout]   |
[INFO] [stdout] 2 + use dioxus_hooks::use_ref;
[INFO] [stdout]   |
[INFO] [stdout] 
[INFO] [stdout] error[E0433]: failed to resolve: use of undeclared type `HashMap`
[INFO] [stdout]  --> src/useref.rs:102:23
[INFO] [stdout]   |
[INFO] [stdout] 4 | let val2 = use_ref(|| HashMap::<u32, String>::new());
[INFO] [stdout]   |                       ^^^^^^^ use of undeclared type `HashMap`
[INFO] [stdout]   |
[INFO] [stdout] help: consider importing this struct
[INFO] [stdout]   |
[INFO] [stdout] 2 + use std::collections::HashMap;
[INFO] [stdout]   |
[INFO] [stdout] 
[INFO] [stdout] error[E0425]: cannot find function `use_ref` in this scope
[INFO] [stdout]  --> src/useref.rs:103:12
[INFO] [stdout]   |
[INFO] [stdout] 5 | let val3 = use_ref(|| HashMap::<u32, String>::new());
[INFO] [stdout]   |            ^^^^^^^ not found in this scope
[INFO] [stdout]   |
[INFO] [stdout] help: consider importing this function
[INFO] [stdout]   |
[INFO] [stdout] 2 + use dioxus_hooks::use_ref;
[INFO] [stdout]   |
[INFO] [stdout] 
[INFO] [stdout] error[E0433]: failed to resolve: use of undeclared type `HashMap`
[INFO] [stdout]  --> src/useref.rs:103:23
[INFO] [stdout]   |
[INFO] [stdout] 5 | let val3 = use_ref(|| HashMap::<u32, String>::new());
[INFO] [stdout]   |                       ^^^^^^^ use of undeclared type `HashMap`
[INFO] [stdout]   |
[INFO] [stdout] help: consider importing this struct
[INFO] [stdout]   |
[INFO] [stdout] 2 + use std::collections::HashMap;
[INFO] [stdout]   |
[INFO] [stdout] 
[INFO] [stdout] error[E0425]: cannot find value `cx` in this scope
[INFO] [stdout]  --> src/useref.rs:105:1
[INFO] [stdout]   |
[INFO] [stdout] 7 | cx.spawn({
[INFO] [stdout]   | ^^ not found in this scope
[INFO] [stdout] 
[INFO] [stdout] error[E0425]: cannot find value `val` in this scope
[INFO] [stdout]   --> src/useref.rs:109:9
[INFO] [stdout]    |
[INFO] [stdout] 11 |         val.write().insert(1, "hello".to_string());
[INFO] [stdout]    |         ^^^ help: a local variable with a similar name exists: `val1`
[INFO] [stdout] 
[INFO] [stdout] error[E0425]: cannot find function `some_work` in this scope
[INFO] [stdout]   --> src/useref.rs:108:9
[INFO] [stdout]    |
[INFO] [stdout] 10 |         some_work().await;
[INFO] [stdout]    |         ^^^^^^^^^ not found in this scope
[INFO] [stdout] 
[INFO] [stdout] error: aborting due to 10 previous errors
[INFO] [stdout] 
[INFO] [stdout] Some errors have detailed explanations: E0425, E0433.
[INFO] [stdout] For more information about an error, try `rustc --explain E0425`.
[INFO] [stdout] Couldn't compile the test.
[INFO] [stdout] ---- src/useref.rs - useref::UseRef<T>::with_mut (line 217) stdout ----
[INFO] [stdout] error[E0425]: cannot find function `use_ref` in this scope
[INFO] [stdout]  --> src/useref.rs:218:11
[INFO] [stdout]   |
[INFO] [stdout] 3 | let val = use_ref(|| HashMap::<u32, String>::new());
[INFO] [stdout]   |           ^^^^^^^ not found in this scope
[INFO] [stdout]   |
[INFO] [stdout] help: consider importing this function
[INFO] [stdout]   |
[INFO] [stdout] 2 + use dioxus_hooks::use_ref;
[INFO] [stdout]   |
[INFO] [stdout] 
[INFO] [stdout] error[E0433]: failed to resolve: use of undeclared type `HashMap`
[INFO] [stdout]  --> src/useref.rs:218:22
[INFO] [stdout]   |
[INFO] [stdout] 3 | let val = use_ref(|| HashMap::<u32, String>::new());
[INFO] [stdout]   |                      ^^^^^^^ use of undeclared type `HashMap`
[INFO] [stdout]   |
[INFO] [stdout] help: consider importing this struct
[INFO] [stdout]   |
[INFO] [stdout] 2 + use std::collections::HashMap;
[INFO] [stdout]   |
[INFO] [stdout] 
[INFO] [stdout] error: aborting due to 2 previous errors
[INFO] [stdout] 
[INFO] [stdout] Some errors have detailed explanations: E0425, E0433.
[INFO] [stdout] For more information about an error, try `rustc --explain E0425`.
[INFO] [stdout] Couldn't compile the test.
[INFO] [stdout] ---- src/useref.rs - useref::use_ref (line 38) stdout ----
[INFO] [stdout] error[E0412]: cannot find type `Ref` in this scope
[INFO] [stdout]  --> src/useref.rs:39:10
[INFO] [stdout]   |
[INFO] [stdout] 3 | let map: Ref<_> = val.read();
[INFO] [stdout]   |          ^^^ not found in this scope
[INFO] [stdout]   |
[INFO] [stdout] help: consider importing one of these items
[INFO] [stdout]   |
[INFO] [stdout] 2 + use core::cell::Ref;
[INFO] [stdout]   |
[INFO] [stdout] 2 + use dioxus_debug_cell::Ref;
[INFO] [stdout]   |
[INFO] [stdout] 2 + use dioxus_hooks::Ref;
[INFO] [stdout]   |
[INFO] [stdout] 2 + use std::cell::Ref;
[INFO] [stdout]   |
[INFO] [stdout] 
[INFO] [stdout] error[E0425]: cannot find value `val` in this scope
[INFO] [stdout]  --> src/useref.rs:39:19
[INFO] [stdout]   |
[INFO] [stdout] 3 | let map: Ref<_> = val.read();
[INFO] [stdout]   |                   ^^^ not found in this scope
[INFO] [stdout] 
[INFO] [stdout] error: aborting due to 2 previous errors
[INFO] [stdout] 
[INFO] [stdout] Some errors have detailed explanations: E0412, E0425.
[INFO] [stdout] For more information about an error, try `rustc --explain E0412`.
[INFO] [stdout] Couldn't compile the test.
[INFO] [stdout] ---- src/useref.rs - useref::use_ref (line 19) stdout ----
[INFO] [stdout] error[E0425]: cannot find function `use_ref` in this scope
[INFO] [stdout]  --> src/useref.rs:20:11
[INFO] [stdout]   |
[INFO] [stdout] 3 | let val = use_ref(|| HashMap::<u32, String>::new());
[INFO] [stdout]   |           ^^^^^^^ not found in this scope
[INFO] [stdout]   |
[INFO] [stdout] help: consider importing this function
[INFO] [stdout]   |
[INFO] [stdout] 2 + use dioxus_hooks::use_ref;
[INFO] [stdout]   |
[INFO] [stdout] 
[INFO] [stdout] error[E0433]: failed to resolve: use of undeclared type `HashMap`
[INFO] [stdout]  --> src/useref.rs:20:22
[INFO] [stdout]   |
[INFO] [stdout] 3 | let val = use_ref(|| HashMap::<u32, String>::new());
[INFO] [stdout]   |                      ^^^^^^^ use of undeclared type `HashMap`
[INFO] [stdout]   |
[INFO] [stdout] help: consider importing this struct
[INFO] [stdout]   |
[INFO] [stdout] 2 + use std::collections::HashMap;
[INFO] [stdout]   |
[INFO] [stdout] 
[INFO] [stdout] error: aborting due to 2 previous errors
[INFO] [stdout] 
[INFO] [stdout] Some errors have detailed explanations: E0425, E0433.
[INFO] [stdout] For more information about an error, try `rustc --explain E0425`.
[INFO] [stdout] Couldn't compile the test.
[INFO] [stdout] ---- src/useref.rs - useref::use_ref (line 57) stdout ----
[INFO] [stdout] error: cannot find macro `rsx` in this scope
[INFO] [stdout]  --> src/useref.rs:58:1
[INFO] [stdout]   |
[INFO] [stdout] 3 | rsx!{
[INFO] [stdout]   | ^^^
[INFO] [stdout] 
[INFO] [stdout] error: aborting due to 1 previous error
[INFO] [stdout] 
[INFO] [stdout] Couldn't compile the test.
[INFO] [stdout] ---- src/useref.rs - useref::use_ref (line 69) stdout ----
[INFO] [stdout] error: cannot find macro `rsx` in this scope
[INFO] [stdout]  --> src/useref.rs:71:15
[INFO] [stdout]   |
[INFO] [stdout] 4 |     cx.render(rsx!{ key: "{k}", "{v}" })
[INFO] [stdout]   |               ^^^
[INFO] [stdout] 
[INFO] [stdout] error[E0425]: cannot find value `val` in this scope
[INFO] [stdout]  --> src/useref.rs:70:13
[INFO] [stdout]   |
[INFO] [stdout] 3 | let items = val.read().iter().map(|(k, v)| {
[INFO] [stdout]   |             ^^^ not found in this scope
[INFO] [stdout] 
[INFO] [stdout] error[E0425]: cannot find value `cx` in this scope
[INFO] [stdout]  --> src/useref.rs:71:5
[INFO] [stdout]   |
[INFO] [stdout] 4 |     cx.render(rsx!{ key: "{k}", "{v}" })
[INFO] [stdout]   |     ^^ not found in this scope
[INFO] [stdout] 
[INFO] [stdout] error[E0412]: cannot find type `Element` in this scope
[INFO] [stdout]  --> src/useref.rs:76:16
[INFO] [stdout]   |
[INFO] [stdout] 9 | let items: Vec<Element> = items.collect();
[INFO] [stdout]   |                ^^^^^^^ not found in this scope
[INFO] [stdout]   |
[INFO] [stdout] help: consider importing one of these items
[INFO] [stdout]   |
[INFO] [stdout] 2 + use dioxus_core::Element;
[INFO] [stdout]   |
[INFO] [stdout] 2 + use web_sys::Element;
[INFO] [stdout]   |
[INFO] [stdout] 
[INFO] [stdout] error: aborting due to 4 previous errors
[INFO] [stdout] 
[INFO] [stdout] Some errors have detailed explanations: E0412, E0425.
[INFO] [stdout] For more information about an error, try `rustc --explain E0412`.
[INFO] [stdout] Couldn't compile the test.
[INFO] [stdout] ---- src/useeffect.rs - useeffect::use_effect (line 16) stdout ----
[INFO] [stdout] error: cannot find macro `render` in this scope
[INFO] [stdout]   --> src/useeffect.rs:38:5
[INFO] [stdout]    |
[INFO] [stdout] 24 |     render!(Profile { id: 0 })
[INFO] [stdout]    |     ^^^^^^
[INFO] [stdout] 
[INFO] [stdout] error: cannot find attribute `inline_props` in this scope
[INFO] [stdout]  --> src/useeffect.rs:17:3
[INFO] [stdout]   |
[INFO] [stdout] 3 | #[inline_props]
[INFO] [stdout]   |   ^^^^^^^^^^^^
[INFO] [stdout] 
[INFO] [stdout] error: cannot find macro `to_owned` in this scope
[INFO] [stdout]  --> src/useeffect.rs:23:9
[INFO] [stdout]   |
[INFO] [stdout] 9 |         to_owned![name];
[INFO] [stdout]   |         ^^^^^^^^
[INFO] [stdout]   |
[INFO] [stdout] help: consider importing this macro
[INFO] [stdout]   |
[INFO] [stdout] 2 + use dioxus_hooks::to_owned;
[INFO] [stdout]   |
[INFO] [stdout] 
[INFO] [stdout] error: cannot find macro `render` in this scope
[INFO] [stdout]   --> src/useeffect.rs:32:5
[INFO] [stdout]    |
[INFO] [stdout] 18 |     render!(
[INFO] [stdout]    |     ^^^^^^
[INFO] [stdout] 
[INFO] [stdout] error[E0412]: cannot find type `Scope` in this scope
[INFO] [stdout]  --> src/useeffect.rs:18:16
[INFO] [stdout]   |
[INFO] [stdout] 4 | fn Profile(cx: Scope, id: usize) -> Element {
[INFO] [stdout]   |                ^^^^^ not found in this scope
[INFO] [stdout]   |
[INFO] [stdout] help: consider importing one of these items
[INFO] [stdout]   |
[INFO] [stdout] 2 + use dioxus_core::Scope;
[INFO] [stdout]   |
[INFO] [stdout] 2 + use std::thread::Scope;
[INFO] [stdout]   |
[INFO] [stdout] 
[INFO] [stdout] error[E0412]: cannot find type `Element` in this scope
[INFO] [stdout]  --> src/useeffect.rs:18:37
[INFO] [stdout]   |
[INFO] [stdout] 4 | fn Profile(cx: Scope, id: usize) -> Element {
[INFO] [stdout]   |                                     ^^^^^^^ not found in this scope
[INFO] [stdout]   |
[INFO] [stdout] help: consider importing one of these items
[INFO] [stdout]   |
[INFO] [stdout] 2 + use dioxus_core::Element;
[INFO] [stdout]   |
[INFO] [stdout] 2 + use web_sys::Element;
[INFO] [stdout]   |
[INFO] [stdout] 
[INFO] [stdout] error[E0425]: cannot find function `use_state` in this scope
[INFO] [stdout]  --> src/useeffect.rs:19:16
[INFO] [stdout]   |
[INFO] [stdout] 5 |     let name = use_state(cx, || None);
[INFO] [stdout]   |                ^^^^^^^^^ not found in this scope
[INFO] [stdout]   |
[INFO] [stdout] help: consider importing this function
[INFO] [stdout]   |
[INFO] [stdout] 2 + use dioxus_hooks::use_state;
[INFO] [stdout]   |
[INFO] [stdout] 
[INFO] [stdout] error[E0425]: cannot find function `use_effect` in this scope
[INFO] [stdout]  --> src/useeffect.rs:22:5
[INFO] [stdout]   |
[INFO] [stdout] 8 |     use_effect(cx, (id,), |(id,)| {
[INFO] [stdout]   |     ^^^^^^^^^^ not found in this scope
[INFO] [stdout]   |
[INFO] [stdout] help: consider importing this function
[INFO] [stdout]   |
[INFO] [stdout] 2 + use dioxus_hooks::use_effect;
[INFO] [stdout]   |
[INFO] [stdout] 
[INFO] [stdout] error[E0412]: cannot find type `Scope` in this scope
[INFO] [stdout]   --> src/useeffect.rs:37:12
[INFO] [stdout]    |
[INFO] [stdout] 23 | fn app(cx: Scope) -> Element {
[INFO] [stdout]    |            ^^^^^ not found in this scope
[INFO] [stdout]    |
[INFO] [stdout] help: consider importing one of these items
[INFO] [stdout]    |
[INFO] [stdout] 2  + use dioxus_core::Scope;
[INFO] [stdout]    |
[INFO] [stdout] 2  + use std::thread::Scope;
[INFO] [stdout]    |
[INFO] [stdout] 
[INFO] [stdout] error[E0412]: cannot find type `Element` in this scope
[INFO] [stdout]   --> src/useeffect.rs:37:22
[INFO] [stdout]    |
[INFO] [stdout] 23 | fn app(cx: Scope) -> Element {
[INFO] [stdout]    |                      ^^^^^^^ not found in this scope
[INFO] [stdout]    |
[INFO] [stdout] help: consider importing one of these items
[INFO] [stdout]    |
[INFO] [stdout] 2  + use dioxus_core::Element;
[INFO] [stdout]    |
[INFO] [stdout] 2  + use web_sys::Element;
[INFO] [stdout]    |
[INFO] [stdout] 
[INFO] [stdout] error[E0425]: cannot find function `fetch_user` in this scope
[INFO] [stdout]   --> src/useeffect.rs:25:24
[INFO] [stdout]    |
[INFO] [stdout] 11 |             let user = fetch_user(id).await;
[INFO] [stdout]    |                        ^^^^^^^^^^ not found in this scope
[INFO] [stdout] 
[INFO] [stdout] error: aborting due to 11 previous errors
[INFO] [stdout] 
[INFO] [stdout] Some errors have detailed explanations: E0412, E0425.
[INFO] [stdout] For more information about an error, try `rustc --explain E0412`.
[INFO] [stdout] Couldn't compile the test.
[INFO] [stdout] ---- src/useref.rs - useref::use_ref (line 85) stdout ----
[INFO] [stdout] error[E0425]: cannot find function `use_ref` in this scope
[INFO] [stdout]  --> src/useref.rs:86:11
[INFO] [stdout]   |
[INFO] [stdout] 3 | let val = use_ref(|| HashMap::<u32, String>::new());
[INFO] [stdout]   |           ^^^^^^^ not found in this scope
[INFO] [stdout]   |
[INFO] [stdout] help: consider importing this function
[INFO] [stdout]   |
[INFO] [stdout] 2 + use dioxus_hooks::use_ref;
[INFO] [stdout]   |
[INFO] [stdout] 
[INFO] [stdout] error[E0433]: failed to resolve: use of undeclared type `HashMap`
[INFO] [stdout]  --> src/useref.rs:86:22
[INFO] [stdout]   |
[INFO] [stdout] 3 | let val = use_ref(|| HashMap::<u32, String>::new());
[INFO] [stdout]   |                      ^^^^^^^ use of undeclared type `HashMap`
[INFO] [stdout]   |
[INFO] [stdout] help: consider importing this struct
[INFO] [stdout]   |
[INFO] [stdout] 2 + use std::collections::HashMap;
[INFO] [stdout]   |
[INFO] [stdout] 
[INFO] [stdout] error[E0425]: cannot find value `cx` in this scope
[INFO] [stdout]  --> src/useref.rs:88:1
[INFO] [stdout]   |
[INFO] [stdout] 5 | cx.spawn({
[INFO] [stdout]   | ^^ not found in this scope
[INFO] [stdout] 
[INFO] [stdout] error[E0425]: cannot find function `some_work` in this scope
[INFO] [stdout]  --> src/useref.rs:91:9
[INFO] [stdout]   |
[INFO] [stdout] 8 |         some_work().await;
[INFO] [stdout]   |         ^^^^^^^^^ not found in this scope
[INFO] [stdout] 
[INFO] [stdout] error: aborting due to 4 previous errors
[INFO] [stdout] 
[INFO] [stdout] Some errors have detailed explanations: E0425, E0433.
[INFO] [stdout] For more information about an error, try `rustc --explain E0425`.
[INFO] [stdout] Couldn't compile the test.
[INFO] [stdout] ---- src/useref.rs - useref::use_ref (line 46) stdout ----
[INFO] [stdout] error[E0425]: cannot find value `val` in this scope
[INFO] [stdout]  --> src/useref.rs:47:12
[INFO] [stdout]   |
[INFO] [stdout] 3 | let read = val.read();
[INFO] [stdout]   |            ^^^ not found in this scope
[INFO] [stdout] 
[INFO] [stdout] error: aborting due to 1 previous error
[INFO] [stdout] 
[INFO] [stdout] For more information about this error, try `rustc --explain E0425`.
[INFO] [stdout] Couldn't compile the test.
[INFO] [stdout] ---- src/useref.rs - useref::use_ref (line 29) stdout ----
[INFO] [stdout] error[E0425]: cannot find value `val` in this scope
[INFO] [stdout]  --> src/useref.rs:31:1
[INFO] [stdout]   |
[INFO] [stdout] 4 | val.write_silent().insert(2, "goodbye".to_string());
[INFO] [stdout]   | ^^^ not found in this scope
[INFO] [stdout] 
[INFO] [stdout] error: aborting due to 1 previous error
[INFO] [stdout] 
[INFO] [stdout] For more information about this error, try `rustc --explain E0425`.
[INFO] [stdout] Couldn't compile the test.
[INFO] [stdout] 
[INFO] [stdout] failures:
[INFO] [stdout]     src/computed.rs - computed::use_tracked_state (line 15)
[INFO] [stdout]     src/lib.rs - to_owned (line 9)
[INFO] [stdout]     src/use_on_unmount.rs - use_on_unmount::use_on_unmount (line 4)
[INFO] [stdout]     src/use_shared_state.rs - use_shared_state::use_shared_state (line 101)
[INFO] [stdout]     src/use_shared_state.rs - use_shared_state::use_shared_state_provider (line 308)
[INFO] [stdout]     src/useeffect.rs - useeffect::use_effect (line 16)
[INFO] [stdout]     src/usememo.rs - usememo::use_memo (line 12)
[INFO] [stdout]     src/useref.rs - useref::UseRef<T>::with (line 197)
[INFO] [stdout]     src/useref.rs - useref::UseRef<T>::with_mut (line 217)
[INFO] [stdout]     src/useref.rs - useref::use_ref (line 100)
[INFO] [stdout]     src/useref.rs - useref::use_ref (line 19)
[INFO] [stdout]     src/useref.rs - useref::use_ref (line 29)
[INFO] [stdout]     src/useref.rs - useref::use_ref (line 38)
[INFO] [stdout]     src/useref.rs - useref::use_ref (line 46)
[INFO] [stdout]     src/useref.rs - useref::use_ref (line 57)
[INFO] [stdout]     src/useref.rs - useref::use_ref (line 69)
[INFO] [stdout]     src/useref.rs - useref::use_ref (line 85)
[INFO] [stdout] 
[INFO] [stdout] test result: FAILED. 0 passed; 17 failed; 9 ignored; 0 measured; 0 filtered out; finished in 0.36s
[INFO] [stdout] 
[INFO] [stderr] error: doctest failed, to rerun pass `--doc`
[INFO] running `Command { std: "docker" "inspect" "f6497beb783a50dc78399229265addf1d52063703ae1425e75888318db1dece3", kill_on_drop: false }`
[INFO] running `Command { std: "docker" "rm" "-f" "f6497beb783a50dc78399229265addf1d52063703ae1425e75888318db1dece3", kill_on_drop: false }`
[INFO] [stdout] f6497beb783a50dc78399229265addf1d52063703ae1425e75888318db1dece3
