[INFO] fetching crate dif 0.1.1...
[INFO] testing dif-0.1.1 against 1.75.0 for beta-1.76-1
[INFO] extracting crate dif 0.1.1 into /workspace/builds/worker-4-tc1/source
[INFO] validating manifest of crates.io crate dif 0.1.1 on toolchain 1.75.0
[INFO] running `Command { std: CARGO_HOME="/workspace/cargo-home" RUSTUP_HOME="/workspace/rustup-home" "/workspace/cargo-home/bin/cargo" "+1.75.0" "metadata" "--manifest-path" "Cargo.toml" "--no-deps", kill_on_drop: false }`
[INFO] started tweaking crates.io crate dif 0.1.1
[INFO] finished tweaking crates.io crate dif 0.1.1
[INFO] tweaked toml for crates.io crate dif 0.1.1 written to /workspace/builds/worker-4-tc1/source/Cargo.toml
[INFO] running `Command { std: CARGO_HOME="/workspace/cargo-home" RUSTUP_HOME="/workspace/rustup-home" "/workspace/cargo-home/bin/cargo" "+1.75.0" "generate-lockfile" "--manifest-path" "Cargo.toml", kill_on_drop: false }`
[INFO] running `Command { std: CARGO_HOME="/workspace/cargo-home" RUSTUP_HOME="/workspace/rustup-home" "/workspace/cargo-home/bin/cargo" "+1.75.0" "fetch" "--manifest-path" "Cargo.toml", kill_on_drop: false }`
[INFO] running `Command { std: "docker" "create" "-v" "/var/lib/crater-agent-workspace/builds/worker-4-tc1/target:/opt/rustwide/target:rw,Z" "-v" "/var/lib/crater-agent-workspace/builds/worker-4-tc1/source:/opt/rustwide/workdir:ro,Z" "-v" "/var/lib/crater-agent-workspace/cargo-home:/opt/rustwide/cargo-home:ro,Z" "-v" "/var/lib/crater-agent-workspace/rustup-home:/opt/rustwide/rustup-home:ro,Z" "-e" "SOURCE_DIR=/opt/rustwide/workdir" "-e" "CARGO_TARGET_DIR=/opt/rustwide/target" "-e" "CARGO_HOME=/opt/rustwide/cargo-home" "-e" "RUSTUP_HOME=/opt/rustwide/rustup-home" "-w" "/opt/rustwide/workdir" "-m" "1610612736" "--user" "0:0" "--network" "none" "ghcr.io/rust-lang/crates-build-env/linux@sha256:2788e3201cd34a07e3172128adcd8b3090168a8e3bcc40d7c032b9dda1df7d1c" "/opt/rustwide/cargo-home/bin/cargo" "+1.75.0" "metadata" "--no-deps" "--format-version=1", kill_on_drop: false }`
[INFO] [stdout] b9883f4e2c5b659ecd09fddf8cb871a081446802951714e06cf79d974b3ac777
[INFO] running `Command { std: "docker" "start" "-a" "b9883f4e2c5b659ecd09fddf8cb871a081446802951714e06cf79d974b3ac777", kill_on_drop: false }`
[INFO] running `Command { std: "docker" "inspect" "b9883f4e2c5b659ecd09fddf8cb871a081446802951714e06cf79d974b3ac777", kill_on_drop: false }`
[INFO] running `Command { std: "docker" "rm" "-f" "b9883f4e2c5b659ecd09fddf8cb871a081446802951714e06cf79d974b3ac777", kill_on_drop: false }`
[INFO] [stdout] b9883f4e2c5b659ecd09fddf8cb871a081446802951714e06cf79d974b3ac777
[INFO] running `Command { std: "docker" "create" "-v" "/var/lib/crater-agent-workspace/builds/worker-4-tc1/target:/opt/rustwide/target:rw,Z" "-v" "/var/lib/crater-agent-workspace/builds/worker-4-tc1/source:/opt/rustwide/workdir:ro,Z" "-v" "/var/lib/crater-agent-workspace/cargo-home:/opt/rustwide/cargo-home:ro,Z" "-v" "/var/lib/crater-agent-workspace/rustup-home:/opt/rustwide/rustup-home:ro,Z" "-e" "SOURCE_DIR=/opt/rustwide/workdir" "-e" "CARGO_TARGET_DIR=/opt/rustwide/target" "-e" "CARGO_INCREMENTAL=0" "-e" "RUST_BACKTRACE=full" "-e" "RUSTFLAGS=--cap-lints=warn" "-e" "RUSTDOCFLAGS=--cap-lints=warn" "-e" "CARGO_HOME=/opt/rustwide/cargo-home" "-e" "RUSTUP_HOME=/opt/rustwide/rustup-home" "-w" "/opt/rustwide/workdir" "-m" "1610612736" "--user" "0:0" "--network" "none" "ghcr.io/rust-lang/crates-build-env/linux@sha256:2788e3201cd34a07e3172128adcd8b3090168a8e3bcc40d7c032b9dda1df7d1c" "/opt/rustwide/cargo-home/bin/cargo" "+1.75.0" "build" "--frozen" "--message-format=json", kill_on_drop: false }`
[INFO] [stdout] ca402bafb9b7dcc6b7be50456bd1a933b0b5a831f346598d4dda40ce60ae3b20
[INFO] running `Command { std: "docker" "start" "-a" "ca402bafb9b7dcc6b7be50456bd1a933b0b5a831f346598d4dda40ce60ae3b20", kill_on_drop: false }`
[INFO] [stderr]    Compiling dif v0.1.1 (/opt/rustwide/workdir)
[INFO] [stdout] warning: unused macro definition: `return_value`
[INFO] [stdout]  --> src/get.rs:3:14
[INFO] [stdout]   |
[INFO] [stdout] 3 | macro_rules! return_value {
[INFO] [stdout]   |              ^^^^^^^^^^^^
[INFO] [stdout]   |
[INFO] [stdout]   = note: `#[warn(unused_macros)]` on by default
[INFO] [stdout] 
[INFO] [stdout] 
[INFO] [stdout] warning: 1 warning emitted
[INFO] [stdout] 
[INFO] [stdout] 
[INFO] [stderr]     Finished dev [unoptimized + debuginfo] target(s) in 0.14s
[INFO] running `Command { std: "docker" "inspect" "ca402bafb9b7dcc6b7be50456bd1a933b0b5a831f346598d4dda40ce60ae3b20", kill_on_drop: false }`
[INFO] running `Command { std: "docker" "rm" "-f" "ca402bafb9b7dcc6b7be50456bd1a933b0b5a831f346598d4dda40ce60ae3b20", kill_on_drop: false }`
[INFO] [stdout] ca402bafb9b7dcc6b7be50456bd1a933b0b5a831f346598d4dda40ce60ae3b20
[INFO] running `Command { std: "docker" "create" "-v" "/var/lib/crater-agent-workspace/builds/worker-4-tc1/target:/opt/rustwide/target:rw,Z" "-v" "/var/lib/crater-agent-workspace/builds/worker-4-tc1/source:/opt/rustwide/workdir:ro,Z" "-v" "/var/lib/crater-agent-workspace/cargo-home:/opt/rustwide/cargo-home:ro,Z" "-v" "/var/lib/crater-agent-workspace/rustup-home:/opt/rustwide/rustup-home:ro,Z" "-e" "SOURCE_DIR=/opt/rustwide/workdir" "-e" "CARGO_TARGET_DIR=/opt/rustwide/target" "-e" "CARGO_INCREMENTAL=0" "-e" "RUST_BACKTRACE=full" "-e" "RUSTFLAGS=--cap-lints=warn" "-e" "RUSTDOCFLAGS=--cap-lints=warn" "-e" "CARGO_HOME=/opt/rustwide/cargo-home" "-e" "RUSTUP_HOME=/opt/rustwide/rustup-home" "-w" "/opt/rustwide/workdir" "-m" "1610612736" "--user" "0:0" "--network" "none" "ghcr.io/rust-lang/crates-build-env/linux@sha256:2788e3201cd34a07e3172128adcd8b3090168a8e3bcc40d7c032b9dda1df7d1c" "/opt/rustwide/cargo-home/bin/cargo" "+1.75.0" "test" "--frozen" "--no-run" "--message-format=json", kill_on_drop: false }`
[INFO] [stdout] 15b3443ff704895278759ae9d2a890f326b4b61913ceade8546e53011058de16
[INFO] running `Command { std: "docker" "start" "-a" "15b3443ff704895278759ae9d2a890f326b4b61913ceade8546e53011058de16", kill_on_drop: false }`
[INFO] [stderr]    Compiling dif v0.1.1 (/opt/rustwide/workdir)
[INFO] [stdout] warning: unused macro definition: `return_value`
[INFO] [stdout]  --> src/get.rs:3:14
[INFO] [stdout]   |
[INFO] [stdout] 3 | macro_rules! return_value {
[INFO] [stdout]   |              ^^^^^^^^^^^^
[INFO] [stdout]   |
[INFO] [stdout]   = note: `#[warn(unused_macros)]` on by default
[INFO] [stdout] 
[INFO] [stdout] 
[INFO] [stdout] warning: 1 warning emitted
[INFO] [stdout] 
[INFO] [stdout] 
[INFO] [stdout] warning: unused macro definition: `return_value`
[INFO] [stdout]  --> src/get.rs:3:14
[INFO] [stdout]   |
[INFO] [stdout] 3 | macro_rules! return_value {
[INFO] [stdout]   |              ^^^^^^^^^^^^
[INFO] [stdout]   |
[INFO] [stdout]   = note: `#[warn(unused_macros)]` on by default
[INFO] [stdout] 
[INFO] [stdout] 
[INFO] [stdout] warning: 1 warning emitted
[INFO] [stdout] 
[INFO] [stdout] 
[INFO] [stderr]     Finished test [unoptimized + debuginfo] target(s) in 0.36s
[INFO] running `Command { std: "docker" "inspect" "15b3443ff704895278759ae9d2a890f326b4b61913ceade8546e53011058de16", kill_on_drop: false }`
[INFO] running `Command { std: "docker" "rm" "-f" "15b3443ff704895278759ae9d2a890f326b4b61913ceade8546e53011058de16", kill_on_drop: false }`
[INFO] [stdout] 15b3443ff704895278759ae9d2a890f326b4b61913ceade8546e53011058de16
[INFO] running `Command { std: "docker" "create" "-v" "/var/lib/crater-agent-workspace/builds/worker-4-tc1/target:/opt/rustwide/target:rw,Z" "-v" "/var/lib/crater-agent-workspace/builds/worker-4-tc1/source:/opt/rustwide/workdir:ro,Z" "-v" "/var/lib/crater-agent-workspace/cargo-home:/opt/rustwide/cargo-home:ro,Z" "-v" "/var/lib/crater-agent-workspace/rustup-home:/opt/rustwide/rustup-home:ro,Z" "-e" "SOURCE_DIR=/opt/rustwide/workdir" "-e" "CARGO_TARGET_DIR=/opt/rustwide/target" "-e" "CARGO_INCREMENTAL=0" "-e" "RUST_BACKTRACE=full" "-e" "RUSTFLAGS=--cap-lints=warn" "-e" "RUSTDOCFLAGS=--cap-lints=warn" "-e" "CARGO_HOME=/opt/rustwide/cargo-home" "-e" "RUSTUP_HOME=/opt/rustwide/rustup-home" "-w" "/opt/rustwide/workdir" "-m" "1610612736" "--user" "0:0" "--network" "none" "ghcr.io/rust-lang/crates-build-env/linux@sha256:2788e3201cd34a07e3172128adcd8b3090168a8e3bcc40d7c032b9dda1df7d1c" "/opt/rustwide/cargo-home/bin/cargo" "+1.75.0" "test" "--frozen", kill_on_drop: false }`
[INFO] [stdout] c693e3485b7179caf700a9f9eb3ad2bfd44c0bc6c1c4c1ffa1066a5b76873542
[INFO] running `Command { std: "docker" "start" "-a" "c693e3485b7179caf700a9f9eb3ad2bfd44c0bc6c1c4c1ffa1066a5b76873542", kill_on_drop: false }`
[INFO] [stderr] warning: unused macro definition: `return_value`
[INFO] [stderr]  --> src/get.rs:3:14
[INFO] [stderr]   |
[INFO] [stderr] 3 | macro_rules! return_value {
[INFO] [stderr]   |              ^^^^^^^^^^^^
[INFO] [stderr]   |
[INFO] [stderr]   = note: `#[warn(unused_macros)]` on by default
[INFO] [stderr] 
[INFO] [stderr] warning: `dif` (lib) generated 1 warning
[INFO] [stderr] warning: `dif` (lib test) generated 1 warning (1 duplicate)
[INFO] [stderr]     Finished test [unoptimized + debuginfo] target(s) in 0.01s
[INFO] [stderr]      Running unittests src/lib.rs (/opt/rustwide/target/debug/deps/dif-531f7770bf3e612a)
[INFO] [stdout] 
[INFO] [stdout] running 0 tests
[INFO] [stdout] 
[INFO] [stdout] test result: ok. 0 passed; 0 failed; 0 ignored; 0 measured; 0 filtered out; finished in 0.00s
[INFO] [stdout] 
[INFO] [stderr]    Doc-tests dif
[INFO] [stdout] 
[INFO] [stdout] running 2 tests
[INFO] [stdout] test src/fields.rs - fields::DifFieldNames::PeripheralAddress (line 63) ... FAILED
[INFO] [stdout] test src/lib.rs - (line 17) ... FAILED
[INFO] [stdout] 
[INFO] [stdout] failures:
[INFO] [stdout] 
[INFO] [stdout] ---- src/fields.rs - fields::DifFieldNames::PeripheralAddress (line 63) stdout ----
[INFO] [stdout] error[E0425]: cannot find value `DIF` in this scope
[INFO] [stdout]  --> src/fields.rs:64:19
[INFO] [stdout]   |
[INFO] [stdout] 3 | let peripherals = DIF.get(DifFieldNames::PeripheralAddress).parse::<u32>().unwrap();
[INFO] [stdout]   |                   ^^^ not found in this scope
[INFO] [stdout] 
[INFO] [stdout] error[E0433]: failed to resolve: use of undeclared type `DifFieldNames`
[INFO] [stdout]  --> src/fields.rs:64:27
[INFO] [stdout]   |
[INFO] [stdout] 3 | let peripherals = DIF.get(DifFieldNames::PeripheralAddress).parse::<u32>().unwrap();
[INFO] [stdout]   |                           ^^^^^^^^^^^^^ use of undeclared type `DifFieldNames`
[INFO] [stdout] 
[INFO] [stdout] error: aborting due to 2 previous errors
[INFO] [stdout] 
[INFO] [stdout] Some errors have detailed explanations: E0425, E0433.
[INFO] [stdout] For more information about an error, try `rustc --explain E0425`.
[INFO] [stdout] Couldn't compile the test.
[INFO] [stdout] ---- src/lib.rs - (line 17) stdout ----
[INFO] [stdout] error[E0308]: mismatched types
[INFO] [stdout]  --> src/lib.rs:19:1
[INFO] [stdout]   |
[INFO] [stdout] 4 |   fn main() { #[allow(non_snake_case)] fn _doctest_main_src_lib_rs_17_0() {
[INFO] [stdout]   |                                                                          - help: try adding a return type: `-> [(&str, &str); 1]`
[INFO] [stdout] 5 | / [
[INFO] [stdout] 6 | |   ("DifFileName", "example.dif"),
[INFO] [stdout] 7 | | ]
[INFO] [stdout]   | |_^ expected `()`, found `[(&str, &str); 1]`
[INFO] [stdout]   |
[INFO] [stdout]   = note: expected unit type `()`
[INFO] [stdout]                  found array `[(&str, &str); 1]`
[INFO] [stdout] 
[INFO] [stdout] error: aborting due to previous error
[INFO] [stdout] 
[INFO] [stdout] For more information about this error, try `rustc --explain E0308`.
[INFO] [stdout] Couldn't compile the test.
[INFO] [stdout] 
[INFO] [stdout] failures:
[INFO] [stdout]     src/fields.rs - fields::DifFieldNames::PeripheralAddress (line 63)
[INFO] [stdout]     src/lib.rs - (line 17)
[INFO] [stdout] 
[INFO] [stdout] test result: FAILED. 0 passed; 2 failed; 0 ignored; 0 measured; 0 filtered out; finished in 0.11s
[INFO] [stdout] 
[INFO] [stderr] error: doctest failed, to rerun pass `--doc`
[INFO] running `Command { std: "docker" "inspect" "c693e3485b7179caf700a9f9eb3ad2bfd44c0bc6c1c4c1ffa1066a5b76873542", kill_on_drop: false }`
[INFO] running `Command { std: "docker" "rm" "-f" "c693e3485b7179caf700a9f9eb3ad2bfd44c0bc6c1c4c1ffa1066a5b76873542", kill_on_drop: false }`
[INFO] [stdout] c693e3485b7179caf700a9f9eb3ad2bfd44c0bc6c1c4c1ffa1066a5b76873542
[INFO] testing dif-0.1.1 against beta-2023-12-22 for beta-1.76-1
[INFO] extracting crate dif 0.1.1 into /workspace/builds/worker-4-tc2/source
[INFO] validating manifest of crates.io crate dif 0.1.1 on toolchain beta-2023-12-22
[INFO] running `Command { std: CARGO_HOME="/workspace/cargo-home" RUSTUP_HOME="/workspace/rustup-home" "/workspace/cargo-home/bin/cargo" "+beta-2023-12-22" "metadata" "--manifest-path" "Cargo.toml" "--no-deps", kill_on_drop: false }`
[INFO] started tweaking crates.io crate dif 0.1.1
[INFO] finished tweaking crates.io crate dif 0.1.1
[INFO] tweaked toml for crates.io crate dif 0.1.1 written to /workspace/builds/worker-4-tc2/source/Cargo.toml
[INFO] running `Command { std: CARGO_HOME="/workspace/cargo-home" RUSTUP_HOME="/workspace/rustup-home" "/workspace/cargo-home/bin/cargo" "+beta-2023-12-22" "generate-lockfile" "--manifest-path" "Cargo.toml", kill_on_drop: false }`
[INFO] running `Command { std: CARGO_HOME="/workspace/cargo-home" RUSTUP_HOME="/workspace/rustup-home" "/workspace/cargo-home/bin/cargo" "+beta-2023-12-22" "fetch" "--manifest-path" "Cargo.toml", kill_on_drop: false }`
[INFO] running `Command { std: "docker" "create" "-v" "/var/lib/crater-agent-workspace/builds/worker-4-tc2/target:/opt/rustwide/target:rw,Z" "-v" "/var/lib/crater-agent-workspace/builds/worker-4-tc2/source:/opt/rustwide/workdir:ro,Z" "-v" "/var/lib/crater-agent-workspace/cargo-home:/opt/rustwide/cargo-home:ro,Z" "-v" "/var/lib/crater-agent-workspace/rustup-home:/opt/rustwide/rustup-home:ro,Z" "-e" "SOURCE_DIR=/opt/rustwide/workdir" "-e" "CARGO_TARGET_DIR=/opt/rustwide/target" "-e" "CARGO_HOME=/opt/rustwide/cargo-home" "-e" "RUSTUP_HOME=/opt/rustwide/rustup-home" "-w" "/opt/rustwide/workdir" "-m" "1610612736" "--user" "0:0" "--network" "none" "ghcr.io/rust-lang/crates-build-env/linux@sha256:2788e3201cd34a07e3172128adcd8b3090168a8e3bcc40d7c032b9dda1df7d1c" "/opt/rustwide/cargo-home/bin/cargo" "+beta-2023-12-22" "metadata" "--no-deps" "--format-version=1", kill_on_drop: false }`
[INFO] [stdout] 63490a6475167beab447db1ed308c8c0a5c8db4fdb05bbb8ee185f5cc4cacd70
[INFO] running `Command { std: "docker" "start" "-a" "63490a6475167beab447db1ed308c8c0a5c8db4fdb05bbb8ee185f5cc4cacd70", kill_on_drop: false }`
[INFO] running `Command { std: "docker" "inspect" "63490a6475167beab447db1ed308c8c0a5c8db4fdb05bbb8ee185f5cc4cacd70", kill_on_drop: false }`
[INFO] running `Command { std: "docker" "rm" "-f" "63490a6475167beab447db1ed308c8c0a5c8db4fdb05bbb8ee185f5cc4cacd70", kill_on_drop: false }`
[INFO] [stdout] 63490a6475167beab447db1ed308c8c0a5c8db4fdb05bbb8ee185f5cc4cacd70
[INFO] running `Command { std: "docker" "create" "-v" "/var/lib/crater-agent-workspace/builds/worker-4-tc2/target:/opt/rustwide/target:rw,Z" "-v" "/var/lib/crater-agent-workspace/builds/worker-4-tc2/source:/opt/rustwide/workdir:ro,Z" "-v" "/var/lib/crater-agent-workspace/cargo-home:/opt/rustwide/cargo-home:ro,Z" "-v" "/var/lib/crater-agent-workspace/rustup-home:/opt/rustwide/rustup-home:ro,Z" "-e" "SOURCE_DIR=/opt/rustwide/workdir" "-e" "CARGO_TARGET_DIR=/opt/rustwide/target" "-e" "CARGO_INCREMENTAL=0" "-e" "RUST_BACKTRACE=full" "-e" "RUSTFLAGS=--cap-lints=warn" "-e" "RUSTDOCFLAGS=--cap-lints=warn" "-e" "CARGO_HOME=/opt/rustwide/cargo-home" "-e" "RUSTUP_HOME=/opt/rustwide/rustup-home" "-w" "/opt/rustwide/workdir" "-m" "1610612736" "--user" "0:0" "--network" "none" "ghcr.io/rust-lang/crates-build-env/linux@sha256:2788e3201cd34a07e3172128adcd8b3090168a8e3bcc40d7c032b9dda1df7d1c" "/opt/rustwide/cargo-home/bin/cargo" "+beta-2023-12-22" "build" "--frozen" "--message-format=json", kill_on_drop: false }`
[INFO] [stdout] 185f8122551a60930fc0a7ffb2ba37c548f5d014dc229d733d7b894b44c5cc00
[INFO] running `Command { std: "docker" "start" "-a" "185f8122551a60930fc0a7ffb2ba37c548f5d014dc229d733d7b894b44c5cc00", kill_on_drop: false }`
[INFO] [stderr]    Compiling dif v0.1.1 (/opt/rustwide/workdir)
[INFO] [stdout] warning: unused macro definition: `return_value`
[INFO] [stdout]  --> src/get.rs:3:14
[INFO] [stdout]   |
[INFO] [stdout] 3 | macro_rules! return_value {
[INFO] [stdout]   |              ^^^^^^^^^^^^
[INFO] [stdout]   |
[INFO] [stdout]   = note: `#[warn(unused_macros)]` on by default
[INFO] [stdout] 
[INFO] [stdout] 
[INFO] [stdout] warning: 1 warning emitted
[INFO] [stdout] 
[INFO] [stdout] 
[INFO] [stderr]     Finished dev [unoptimized + debuginfo] target(s) in 0.17s
[INFO] running `Command { std: "docker" "inspect" "185f8122551a60930fc0a7ffb2ba37c548f5d014dc229d733d7b894b44c5cc00", kill_on_drop: false }`
[INFO] running `Command { std: "docker" "rm" "-f" "185f8122551a60930fc0a7ffb2ba37c548f5d014dc229d733d7b894b44c5cc00", kill_on_drop: false }`
[INFO] [stdout] 185f8122551a60930fc0a7ffb2ba37c548f5d014dc229d733d7b894b44c5cc00
[INFO] running `Command { std: "docker" "create" "-v" "/var/lib/crater-agent-workspace/builds/worker-4-tc2/target:/opt/rustwide/target:rw,Z" "-v" "/var/lib/crater-agent-workspace/builds/worker-4-tc2/source:/opt/rustwide/workdir:ro,Z" "-v" "/var/lib/crater-agent-workspace/cargo-home:/opt/rustwide/cargo-home:ro,Z" "-v" "/var/lib/crater-agent-workspace/rustup-home:/opt/rustwide/rustup-home:ro,Z" "-e" "SOURCE_DIR=/opt/rustwide/workdir" "-e" "CARGO_TARGET_DIR=/opt/rustwide/target" "-e" "CARGO_INCREMENTAL=0" "-e" "RUST_BACKTRACE=full" "-e" "RUSTFLAGS=--cap-lints=warn" "-e" "RUSTDOCFLAGS=--cap-lints=warn" "-e" "CARGO_HOME=/opt/rustwide/cargo-home" "-e" "RUSTUP_HOME=/opt/rustwide/rustup-home" "-w" "/opt/rustwide/workdir" "-m" "1610612736" "--user" "0:0" "--network" "none" "ghcr.io/rust-lang/crates-build-env/linux@sha256:2788e3201cd34a07e3172128adcd8b3090168a8e3bcc40d7c032b9dda1df7d1c" "/opt/rustwide/cargo-home/bin/cargo" "+beta-2023-12-22" "test" "--frozen" "--no-run" "--message-format=json", kill_on_drop: false }`
[INFO] [stdout] d5aab2549b97e84868146ac4af971da36d53a002dee1c6462b4e6276cf86c0b0
[INFO] running `Command { std: "docker" "start" "-a" "d5aab2549b97e84868146ac4af971da36d53a002dee1c6462b4e6276cf86c0b0", kill_on_drop: false }`
[INFO] [stdout] warning: unused macro definition: `return_value`
[INFO] [stdout]  --> src/get.rs:3:14
[INFO] [stdout]   |
[INFO] [stdout] 3 | macro_rules! return_value {
[INFO] [stdout]   |              ^^^^^^^^^^^^
[INFO] [stdout]   |
[INFO] [stdout]   = note: `#[warn(unused_macros)]` on by default
[INFO] [stdout] 
[INFO] [stdout] 
[INFO] [stderr]    Compiling dif v0.1.1 (/opt/rustwide/workdir)
[INFO] [stdout] warning: 1 warning emitted
[INFO] [stdout] 
[INFO] [stdout] 
[INFO] [stdout] warning: unused macro definition: `return_value`
[INFO] [stdout]  --> src/get.rs:3:14
[INFO] [stdout]   |
[INFO] [stdout] 3 | macro_rules! return_value {
[INFO] [stdout]   |              ^^^^^^^^^^^^
[INFO] [stdout]   |
[INFO] [stdout]   = note: `#[warn(unused_macros)]` on by default
[INFO] [stdout] 
[INFO] [stdout] 
[INFO] [stdout] warning: 1 warning emitted
[INFO] [stdout] 
[INFO] [stdout] 
[INFO] [stderr]     Finished test [unoptimized + debuginfo] target(s) in 0.43s
[INFO] running `Command { std: "docker" "inspect" "d5aab2549b97e84868146ac4af971da36d53a002dee1c6462b4e6276cf86c0b0", kill_on_drop: false }`
[INFO] running `Command { std: "docker" "rm" "-f" "d5aab2549b97e84868146ac4af971da36d53a002dee1c6462b4e6276cf86c0b0", kill_on_drop: false }`
[INFO] [stdout] d5aab2549b97e84868146ac4af971da36d53a002dee1c6462b4e6276cf86c0b0
[INFO] running `Command { std: "docker" "create" "-v" "/var/lib/crater-agent-workspace/builds/worker-4-tc2/target:/opt/rustwide/target:rw,Z" "-v" "/var/lib/crater-agent-workspace/builds/worker-4-tc2/source:/opt/rustwide/workdir:ro,Z" "-v" "/var/lib/crater-agent-workspace/cargo-home:/opt/rustwide/cargo-home:ro,Z" "-v" "/var/lib/crater-agent-workspace/rustup-home:/opt/rustwide/rustup-home:ro,Z" "-e" "SOURCE_DIR=/opt/rustwide/workdir" "-e" "CARGO_TARGET_DIR=/opt/rustwide/target" "-e" "CARGO_INCREMENTAL=0" "-e" "RUST_BACKTRACE=full" "-e" "RUSTFLAGS=--cap-lints=warn" "-e" "RUSTDOCFLAGS=--cap-lints=warn" "-e" "CARGO_HOME=/opt/rustwide/cargo-home" "-e" "RUSTUP_HOME=/opt/rustwide/rustup-home" "-w" "/opt/rustwide/workdir" "-m" "1610612736" "--user" "0:0" "--network" "none" "ghcr.io/rust-lang/crates-build-env/linux@sha256:2788e3201cd34a07e3172128adcd8b3090168a8e3bcc40d7c032b9dda1df7d1c" "/opt/rustwide/cargo-home/bin/cargo" "+beta-2023-12-22" "test" "--frozen", kill_on_drop: false }`
[INFO] [stdout] 0b79e12fe93d26d93bb362ddeea0a0fdabd0dd7cb805f7f6cc113fd032d4a600
[INFO] running `Command { std: "docker" "start" "-a" "0b79e12fe93d26d93bb362ddeea0a0fdabd0dd7cb805f7f6cc113fd032d4a600", kill_on_drop: false }`
[INFO] [stdout] 
[INFO] [stdout] running 0 tests
[INFO] [stdout] 
[INFO] [stdout] test result: ok. 0 passed; 0 failed; 0 ignored; 0 measured; 0 filtered out; finished in 0.00s
[INFO] [stdout] 
[INFO] [stderr] warning: unused macro definition: `return_value`
[INFO] [stderr]  --> src/get.rs:3:14
[INFO] [stderr]   |
[INFO] [stderr] 3 | macro_rules! return_value {
[INFO] [stderr]   |              ^^^^^^^^^^^^
[INFO] [stderr]   |
[INFO] [stderr]   = note: `#[warn(unused_macros)]` on by default
[INFO] [stderr] 
[INFO] [stderr] warning: `dif` (lib) generated 1 warning
[INFO] [stderr] warning: `dif` (lib test) generated 1 warning (1 duplicate)
[INFO] [stderr]     Finished test [unoptimized + debuginfo] target(s) in 0.01s
[INFO] [stderr]      Running unittests src/lib.rs (/opt/rustwide/target/debug/deps/dif-4a3519b98f68d39a)
[INFO] [stderr]    Doc-tests dif
[INFO] [stdout] 
[INFO] [stdout] running 2 tests
[INFO] [stdout] test src/fields.rs - fields::DifFieldNames::PeripheralAddress (line 63) ... FAILED
[INFO] [stdout] test src/lib.rs - (line 17) ... FAILED
[INFO] [stdout] 
[INFO] [stdout] failures:
[INFO] [stdout] 
[INFO] [stdout] ---- src/fields.rs - fields::DifFieldNames::PeripheralAddress (line 63) stdout ----
[INFO] [stdout] error[E0425]: cannot find value `DIF` in this scope
[INFO] [stdout]  --> src/fields.rs:64:19
[INFO] [stdout]   |
[INFO] [stdout] 3 | let peripherals = DIF.get(DifFieldNames::PeripheralAddress).parse::<u32>().unwrap();
[INFO] [stdout]   |                   ^^^ not found in this scope
[INFO] [stdout] 
[INFO] [stdout] error[E0433]: failed to resolve: use of undeclared type `DifFieldNames`
[INFO] [stdout]  --> src/fields.rs:64:27
[INFO] [stdout]   |
[INFO] [stdout] 3 | let peripherals = DIF.get(DifFieldNames::PeripheralAddress).parse::<u32>().unwrap();
[INFO] [stdout]   |                           ^^^^^^^^^^^^^ use of undeclared type `DifFieldNames`
[INFO] [stdout] 
[INFO] [stdout] error: aborting due to 2 previous errors
[INFO] [stdout] 
[INFO] [stdout] Some errors have detailed explanations: E0425, E0433.
[INFO] [stdout] For more information about an error, try `rustc --explain E0425`.
[INFO] [stdout] Couldn't compile the test.
[INFO] [stdout] ---- src/lib.rs - (line 17) stdout ----
[INFO] [stdout] error[E0308]: mismatched types
[INFO] [stdout]  --> src/lib.rs:19:1
[INFO] [stdout]   |
[INFO] [stdout] 4 |   fn main() { #[allow(non_snake_case)] fn _doctest_main_src_lib_rs_17_0() {
[INFO] [stdout]   |                                                                          - help: try adding a return type: `-> [(&str, &str); 1]`
[INFO] [stdout] 5 | / [
[INFO] [stdout] 6 | |   ("DifFileName", "example.dif"),
[INFO] [stdout] 7 | | ]
[INFO] [stdout]   | |_^ expected `()`, found `[(&str, &str); 1]`
[INFO] [stdout]   |
[INFO] [stdout]   = note: expected unit type `()`
[INFO] [stdout]                  found array `[(&str, &str); 1]`
[INFO] [stdout] 
[INFO] [stdout] error: aborting due to 1 previous error
[INFO] [stdout] 
[INFO] [stdout] For more information about this error, try `rustc --explain E0308`.
[INFO] [stdout] Couldn't compile the test.
[INFO] [stdout] 
[INFO] [stdout] failures:
[INFO] [stdout]     src/fields.rs - fields::DifFieldNames::PeripheralAddress (line 63)
[INFO] [stdout]     src/lib.rs - (line 17)
[INFO] [stdout] 
[INFO] [stdout] test result: FAILED. 0 passed; 2 failed; 0 ignored; 0 measured; 0 filtered out; finished in 0.12s
[INFO] [stdout] 
[INFO] [stderr] error: doctest failed, to rerun pass `--doc`
[INFO] running `Command { std: "docker" "inspect" "0b79e12fe93d26d93bb362ddeea0a0fdabd0dd7cb805f7f6cc113fd032d4a600", kill_on_drop: false }`
[INFO] running `Command { std: "docker" "rm" "-f" "0b79e12fe93d26d93bb362ddeea0a0fdabd0dd7cb805f7f6cc113fd032d4a600", kill_on_drop: false }`
[INFO] [stdout] 0b79e12fe93d26d93bb362ddeea0a0fdabd0dd7cb805f7f6cc113fd032d4a600
