[INFO] fetching crate diesel-ease 0.1.0...
[INFO] testing diesel-ease-0.1.0 against 1.75.0 for beta-1.76-1
[INFO] extracting crate diesel-ease 0.1.0 into /workspace/builds/worker-4-tc1/source
[INFO] validating manifest of crates.io crate diesel-ease 0.1.0 on toolchain 1.75.0
[INFO] running `Command { std: CARGO_HOME="/workspace/cargo-home" RUSTUP_HOME="/workspace/rustup-home" "/workspace/cargo-home/bin/cargo" "+1.75.0" "metadata" "--manifest-path" "Cargo.toml" "--no-deps", kill_on_drop: false }`
[INFO] started tweaking crates.io crate diesel-ease 0.1.0
[INFO] finished tweaking crates.io crate diesel-ease 0.1.0
[INFO] tweaked toml for crates.io crate diesel-ease 0.1.0 written to /workspace/builds/worker-4-tc1/source/Cargo.toml
[INFO] running `Command { std: CARGO_HOME="/workspace/cargo-home" RUSTUP_HOME="/workspace/rustup-home" "/workspace/cargo-home/bin/cargo" "+1.75.0" "generate-lockfile" "--manifest-path" "Cargo.toml", kill_on_drop: false }`
[INFO] [stderr]     Updating crates.io index
[INFO] running `Command { std: CARGO_HOME="/workspace/cargo-home" RUSTUP_HOME="/workspace/rustup-home" "/workspace/cargo-home/bin/cargo" "+1.75.0" "fetch" "--manifest-path" "Cargo.toml", kill_on_drop: false }`
[INFO] running `Command { std: "docker" "create" "-v" "/var/lib/crater-agent-workspace/builds/worker-4-tc1/target:/opt/rustwide/target:rw,Z" "-v" "/var/lib/crater-agent-workspace/builds/worker-4-tc1/source:/opt/rustwide/workdir:ro,Z" "-v" "/var/lib/crater-agent-workspace/cargo-home:/opt/rustwide/cargo-home:ro,Z" "-v" "/var/lib/crater-agent-workspace/rustup-home:/opt/rustwide/rustup-home:ro,Z" "-e" "SOURCE_DIR=/opt/rustwide/workdir" "-e" "CARGO_TARGET_DIR=/opt/rustwide/target" "-e" "CARGO_HOME=/opt/rustwide/cargo-home" "-e" "RUSTUP_HOME=/opt/rustwide/rustup-home" "-w" "/opt/rustwide/workdir" "-m" "1610612736" "--user" "0:0" "--network" "none" "ghcr.io/rust-lang/crates-build-env/linux@sha256:2788e3201cd34a07e3172128adcd8b3090168a8e3bcc40d7c032b9dda1df7d1c" "/opt/rustwide/cargo-home/bin/cargo" "+1.75.0" "metadata" "--no-deps" "--format-version=1", kill_on_drop: false }`
[INFO] [stdout] 32be8645e9fa3f3dbfdc41c07977ef45e254ca20fe290c58c10af3d9eb1b1ec4
[INFO] running `Command { std: "docker" "start" "-a" "32be8645e9fa3f3dbfdc41c07977ef45e254ca20fe290c58c10af3d9eb1b1ec4", kill_on_drop: false }`
[INFO] running `Command { std: "docker" "inspect" "32be8645e9fa3f3dbfdc41c07977ef45e254ca20fe290c58c10af3d9eb1b1ec4", kill_on_drop: false }`
[INFO] running `Command { std: "docker" "rm" "-f" "32be8645e9fa3f3dbfdc41c07977ef45e254ca20fe290c58c10af3d9eb1b1ec4", kill_on_drop: false }`
[INFO] [stdout] 32be8645e9fa3f3dbfdc41c07977ef45e254ca20fe290c58c10af3d9eb1b1ec4
[INFO] running `Command { std: "docker" "create" "-v" "/var/lib/crater-agent-workspace/builds/worker-4-tc1/target:/opt/rustwide/target:rw,Z" "-v" "/var/lib/crater-agent-workspace/builds/worker-4-tc1/source:/opt/rustwide/workdir:ro,Z" "-v" "/var/lib/crater-agent-workspace/cargo-home:/opt/rustwide/cargo-home:ro,Z" "-v" "/var/lib/crater-agent-workspace/rustup-home:/opt/rustwide/rustup-home:ro,Z" "-e" "SOURCE_DIR=/opt/rustwide/workdir" "-e" "CARGO_TARGET_DIR=/opt/rustwide/target" "-e" "CARGO_INCREMENTAL=0" "-e" "RUST_BACKTRACE=full" "-e" "RUSTFLAGS=--cap-lints=warn" "-e" "RUSTDOCFLAGS=--cap-lints=warn" "-e" "CARGO_HOME=/opt/rustwide/cargo-home" "-e" "RUSTUP_HOME=/opt/rustwide/rustup-home" "-w" "/opt/rustwide/workdir" "-m" "1610612736" "--user" "0:0" "--network" "none" "ghcr.io/rust-lang/crates-build-env/linux@sha256:2788e3201cd34a07e3172128adcd8b3090168a8e3bcc40d7c032b9dda1df7d1c" "/opt/rustwide/cargo-home/bin/cargo" "+1.75.0" "build" "--frozen" "--message-format=json", kill_on_drop: false }`
[INFO] [stdout] ed1bda4b47ea1db084657f3b356031b29a9d3be17d3b9307d111813d7cba5620
[INFO] running `Command { std: "docker" "start" "-a" "ed1bda4b47ea1db084657f3b356031b29a9d3be17d3b9307d111813d7cba5620", kill_on_drop: false }`
[INFO] [stderr]    Compiling proc-macro2 v1.0.75
[INFO] [stderr]    Compiling quote v1.0.35
[INFO] [stderr]    Compiling syn v1.0.109
[INFO] [stderr]    Compiling diesel-ease v0.1.0 (/opt/rustwide/workdir)
[INFO] [stderr]     Finished dev [unoptimized + debuginfo] target(s) in 6.66s
[INFO] running `Command { std: "docker" "inspect" "ed1bda4b47ea1db084657f3b356031b29a9d3be17d3b9307d111813d7cba5620", kill_on_drop: false }`
[INFO] running `Command { std: "docker" "rm" "-f" "ed1bda4b47ea1db084657f3b356031b29a9d3be17d3b9307d111813d7cba5620", kill_on_drop: false }`
[INFO] [stdout] ed1bda4b47ea1db084657f3b356031b29a9d3be17d3b9307d111813d7cba5620
[INFO] running `Command { std: "docker" "create" "-v" "/var/lib/crater-agent-workspace/builds/worker-4-tc1/target:/opt/rustwide/target:rw,Z" "-v" "/var/lib/crater-agent-workspace/builds/worker-4-tc1/source:/opt/rustwide/workdir:ro,Z" "-v" "/var/lib/crater-agent-workspace/cargo-home:/opt/rustwide/cargo-home:ro,Z" "-v" "/var/lib/crater-agent-workspace/rustup-home:/opt/rustwide/rustup-home:ro,Z" "-e" "SOURCE_DIR=/opt/rustwide/workdir" "-e" "CARGO_TARGET_DIR=/opt/rustwide/target" "-e" "CARGO_INCREMENTAL=0" "-e" "RUST_BACKTRACE=full" "-e" "RUSTFLAGS=--cap-lints=warn" "-e" "RUSTDOCFLAGS=--cap-lints=warn" "-e" "CARGO_HOME=/opt/rustwide/cargo-home" "-e" "RUSTUP_HOME=/opt/rustwide/rustup-home" "-w" "/opt/rustwide/workdir" "-m" "1610612736" "--user" "0:0" "--network" "none" "ghcr.io/rust-lang/crates-build-env/linux@sha256:2788e3201cd34a07e3172128adcd8b3090168a8e3bcc40d7c032b9dda1df7d1c" "/opt/rustwide/cargo-home/bin/cargo" "+1.75.0" "test" "--frozen" "--no-run" "--message-format=json", kill_on_drop: false }`
[INFO] [stdout] d6e5892d062b735df51a80824977cbaf5beee04901d3719cceadd199e18fc959
[INFO] running `Command { std: "docker" "start" "-a" "d6e5892d062b735df51a80824977cbaf5beee04901d3719cceadd199e18fc959", kill_on_drop: false }`
[INFO] [stderr]    Compiling diesel-ease v0.1.0 (/opt/rustwide/workdir)
[INFO] [stderr]     Finished test [unoptimized + debuginfo] target(s) in 1.19s
[INFO] running `Command { std: "docker" "inspect" "d6e5892d062b735df51a80824977cbaf5beee04901d3719cceadd199e18fc959", kill_on_drop: false }`
[INFO] running `Command { std: "docker" "rm" "-f" "d6e5892d062b735df51a80824977cbaf5beee04901d3719cceadd199e18fc959", kill_on_drop: false }`
[INFO] [stdout] d6e5892d062b735df51a80824977cbaf5beee04901d3719cceadd199e18fc959
[INFO] running `Command { std: "docker" "create" "-v" "/var/lib/crater-agent-workspace/builds/worker-4-tc1/target:/opt/rustwide/target:rw,Z" "-v" "/var/lib/crater-agent-workspace/builds/worker-4-tc1/source:/opt/rustwide/workdir:ro,Z" "-v" "/var/lib/crater-agent-workspace/cargo-home:/opt/rustwide/cargo-home:ro,Z" "-v" "/var/lib/crater-agent-workspace/rustup-home:/opt/rustwide/rustup-home:ro,Z" "-e" "SOURCE_DIR=/opt/rustwide/workdir" "-e" "CARGO_TARGET_DIR=/opt/rustwide/target" "-e" "CARGO_INCREMENTAL=0" "-e" "RUST_BACKTRACE=full" "-e" "RUSTFLAGS=--cap-lints=warn" "-e" "RUSTDOCFLAGS=--cap-lints=warn" "-e" "CARGO_HOME=/opt/rustwide/cargo-home" "-e" "RUSTUP_HOME=/opt/rustwide/rustup-home" "-w" "/opt/rustwide/workdir" "-m" "1610612736" "--user" "0:0" "--network" "none" "ghcr.io/rust-lang/crates-build-env/linux@sha256:2788e3201cd34a07e3172128adcd8b3090168a8e3bcc40d7c032b9dda1df7d1c" "/opt/rustwide/cargo-home/bin/cargo" "+1.75.0" "test" "--frozen", kill_on_drop: false }`
[INFO] [stdout] 0af8cbde7488429ddc2600693ec9117b90ae2302dca2f3e2971ef4754cbb38c0
[INFO] running `Command { std: "docker" "start" "-a" "0af8cbde7488429ddc2600693ec9117b90ae2302dca2f3e2971ef4754cbb38c0", kill_on_drop: false }`
[INFO] [stderr]     Finished test [unoptimized + debuginfo] target(s) in 0.01s
[INFO] [stderr]      Running unittests src/lib.rs (/opt/rustwide/target/debug/deps/diesel_ease-250df77bedf4e868)
[INFO] [stdout] 
[INFO] [stdout] running 0 tests
[INFO] [stdout] 
[INFO] [stdout] test result: ok. 0 passed; 0 failed; 0 ignored; 0 measured; 0 filtered out; finished in 0.00s
[INFO] [stdout] 
[INFO] [stderr]    Doc-tests diesel-ease
[INFO] [stdout] 
[INFO] [stdout] running 4 tests
[INFO] [stdout] test src/lib.rs - (line 66) ... FAILED
[INFO] [stdout] test src/lib.rs - (line 39) ... FAILED
[INFO] [stdout] test src/lib.rs - (line 22) ... FAILED
[INFO] [stdout] test src/lib.rs - (line 124) ... ok
[INFO] [stderr] error: doctest failed, to rerun pass `--doc`
[INFO] [stdout] 
[INFO] [stdout] failures:
[INFO] [stdout] 
[INFO] [stdout] ---- src/lib.rs - (line 66) stdout ----
[INFO] [stdout] error[E0422]: cannot find struct, variant or union type `NewUser` in this scope
[INFO] [stdout]   --> src/lib.rs:89:16
[INFO] [stdout]    |
[INFO] [stdout] 25 | let new_user = NewUser {
[INFO] [stdout]    |                ^^^^^^^ not found in this scope
[INFO] [stdout] 
[INFO] [stdout] error[E0412]: cannot find type `User` in this scope
[INFO] [stdout]   --> src/lib.rs:93:20
[INFO] [stdout]    |
[INFO] [stdout] 29 | let inserted_user: User = User::insert(&connection, new_user).unwrap();
[INFO] [stdout]    |                    ^^^^ not found in this scope
[INFO] [stdout] 
[INFO] [stdout] error[E0425]: cannot find function `establish_connection` in this scope
[INFO] [stdout]  --> src/lib.rs:68:18
[INFO] [stdout]   |
[INFO] [stdout] 4 | let connection = establish_connection();
[INFO] [stdout]   |                  ^^^^^^^^^^^^^^^^^^^^ not found in this scope
[INFO] [stdout] 
[INFO] [stdout] error[E0433]: failed to resolve: use of undeclared type `User`
[INFO] [stdout]  --> src/lib.rs:71:20
[INFO] [stdout]   |
[INFO] [stdout] 7 | let name: String = User::get_names_by_id(&connection, 18).unwrap()[0].clone();
[INFO] [stdout]   |                    ^^^^ use of undeclared type `User`
[INFO] [stdout] 
[INFO] [stdout] error[E0433]: failed to resolve: use of undeclared type `User`
[INFO] [stdout]   --> src/lib.rs:74:28
[INFO] [stdout]    |
[INFO] [stdout] 10 | let updated_name: String = User::update_names_by_id(&connection, 18, format!("{}-2", name))
[INFO] [stdout]    |                            ^^^^ use of undeclared type `User`
[INFO] [stdout] 
[INFO] [stdout] error[E0433]: failed to resolve: use of undeclared type `User`
[INFO] [stdout]   --> src/lib.rs:81:1
[INFO] [stdout]    |
[INFO] [stdout] 17 | User::delete_by_id(&connection, 18).unwrap();
[INFO] [stdout]    | ^^^^ use of undeclared type `User`
[INFO] [stdout] 
[INFO] [stdout] error[E0433]: failed to resolve: use of undeclared type `User`
[INFO] [stdout]   --> src/lib.rs:84:25
[INFO] [stdout]    |
[INFO] [stdout] 20 | let name: Vec<String> = User::get_names_by_id(&connection, 18).unwrap();
[INFO] [stdout]    |                         ^^^^ use of undeclared type `User`
[INFO] [stdout] 
[INFO] [stdout] error[E0433]: failed to resolve: use of undeclared type `User`
[INFO] [stdout]   --> src/lib.rs:93:27
[INFO] [stdout]    |
[INFO] [stdout] 29 | let inserted_user: User = User::insert(&connection, new_user).unwrap();
[INFO] [stdout]    |                           ^^^^ use of undeclared type `User`
[INFO] [stdout] 
[INFO] [stdout] error: aborting due to 8 previous errors
[INFO] [stdout] 
[INFO] [stdout] Some errors have detailed explanations: E0412, E0422, E0425, E0433.
[INFO] [stdout] For more information about an error, try `rustc --explain E0412`.
[INFO] [stdout] Couldn't compile the test.
[INFO] [stdout] ---- src/lib.rs - (line 39) stdout ----
[INFO] [stdout] error: cannot find macro `table` in this scope
[INFO] [stdout]  --> src/lib.rs:40:1
[INFO] [stdout]   |
[INFO] [stdout] 3 | table! {
[INFO] [stdout]   | ^^^^^
[INFO] [stdout] 
[INFO] [stdout] error: aborting due to previous error
[INFO] [stdout] 
[INFO] [stdout] Couldn't compile the test.
[INFO] [stdout] ---- src/lib.rs - (line 22) stdout ----
[INFO] [stdout] error: cannot find derive macro `Queryable` in this scope
[INFO] [stdout]   --> src/lib.rs:31:10
[INFO] [stdout]    |
[INFO] [stdout] 12 | #[derive(Queryable, Clone, Debug, PartialEq)]
[INFO] [stdout]    |          ^^^^^^^^^
[INFO] [stdout] 
[INFO] [stdout] error: cannot find attribute `diesel_ease` in this scope
[INFO] [stdout]   --> src/lib.rs:30:3
[INFO] [stdout]    |
[INFO] [stdout] 11 | #[diesel_ease(PgConnection)] // here we used the macro
[INFO] [stdout]    |   ^^^^^^^^^^^
[INFO] [stdout]    |
[INFO] [stdout] note: `diesel_ease` is imported here, but it is a crate, not an attribute
[INFO] [stdout]   --> src/lib.rs:22:1
[INFO] [stdout]    |
[INFO] [stdout] 3  | extern crate r#diesel_ease;
[INFO] [stdout]    | ^^^^^^^^^^^^^^^^^^^^^^^^^^^
[INFO] [stdout] help: consider importing this attribute macro
[INFO] [stdout]    |
[INFO] [stdout] 2  + use diesel_ease::diesel_ease;
[INFO] [stdout]    |
[INFO] [stdout] 
[INFO] [stdout] error: cannot find derive macro `Insertable` in this scope
[INFO] [stdout]  --> src/lib.rs:24:10
[INFO] [stdout]   |
[INFO] [stdout] 5 | #[derive(Insertable)]
[INFO] [stdout]   |          ^^^^^^^^^^
[INFO] [stdout] 
[INFO] [stdout] error: cannot find attribute `table_name` in this scope
[INFO] [stdout]  --> src/lib.rs:25:3
[INFO] [stdout]   |
[INFO] [stdout] 6 | #[table_name = "users"]
[INFO] [stdout]   |   ^^^^^^^^^^
[INFO] [stdout] 
[INFO] [stdout] error: aborting due to 4 previous errors
[INFO] [stdout] 
[INFO] [stdout] Couldn't compile the test.
[INFO] [stdout] 
[INFO] [stdout] failures:
[INFO] [stdout]     src/lib.rs - (line 22)
[INFO] [stdout]     src/lib.rs - (line 39)
[INFO] [stdout]     src/lib.rs - (line 66)
[INFO] [stdout] 
[INFO] [stdout] test result: FAILED. 1 passed; 3 failed; 0 ignored; 0 measured; 0 filtered out; finished in 0.30s
[INFO] [stdout] 
[INFO] running `Command { std: "docker" "inspect" "0af8cbde7488429ddc2600693ec9117b90ae2302dca2f3e2971ef4754cbb38c0", kill_on_drop: false }`
[INFO] running `Command { std: "docker" "rm" "-f" "0af8cbde7488429ddc2600693ec9117b90ae2302dca2f3e2971ef4754cbb38c0", kill_on_drop: false }`
[INFO] [stdout] 0af8cbde7488429ddc2600693ec9117b90ae2302dca2f3e2971ef4754cbb38c0
[INFO] testing diesel-ease-0.1.0 against beta-2023-12-22 for beta-1.76-1
[INFO] extracting crate diesel-ease 0.1.0 into /workspace/builds/worker-4-tc2/source
[INFO] validating manifest of crates.io crate diesel-ease 0.1.0 on toolchain beta-2023-12-22
[INFO] running `Command { std: CARGO_HOME="/workspace/cargo-home" RUSTUP_HOME="/workspace/rustup-home" "/workspace/cargo-home/bin/cargo" "+beta-2023-12-22" "metadata" "--manifest-path" "Cargo.toml" "--no-deps", kill_on_drop: false }`
[INFO] started tweaking crates.io crate diesel-ease 0.1.0
[INFO] finished tweaking crates.io crate diesel-ease 0.1.0
[INFO] tweaked toml for crates.io crate diesel-ease 0.1.0 written to /workspace/builds/worker-4-tc2/source/Cargo.toml
[INFO] running `Command { std: CARGO_HOME="/workspace/cargo-home" RUSTUP_HOME="/workspace/rustup-home" "/workspace/cargo-home/bin/cargo" "+beta-2023-12-22" "generate-lockfile" "--manifest-path" "Cargo.toml", kill_on_drop: false }`
[INFO] [stderr]     Updating crates.io index
[INFO] running `Command { std: CARGO_HOME="/workspace/cargo-home" RUSTUP_HOME="/workspace/rustup-home" "/workspace/cargo-home/bin/cargo" "+beta-2023-12-22" "fetch" "--manifest-path" "Cargo.toml", kill_on_drop: false }`
[INFO] running `Command { std: "docker" "create" "-v" "/var/lib/crater-agent-workspace/builds/worker-4-tc2/target:/opt/rustwide/target:rw,Z" "-v" "/var/lib/crater-agent-workspace/builds/worker-4-tc2/source:/opt/rustwide/workdir:ro,Z" "-v" "/var/lib/crater-agent-workspace/cargo-home:/opt/rustwide/cargo-home:ro,Z" "-v" "/var/lib/crater-agent-workspace/rustup-home:/opt/rustwide/rustup-home:ro,Z" "-e" "SOURCE_DIR=/opt/rustwide/workdir" "-e" "CARGO_TARGET_DIR=/opt/rustwide/target" "-e" "CARGO_HOME=/opt/rustwide/cargo-home" "-e" "RUSTUP_HOME=/opt/rustwide/rustup-home" "-w" "/opt/rustwide/workdir" "-m" "1610612736" "--user" "0:0" "--network" "none" "ghcr.io/rust-lang/crates-build-env/linux@sha256:2788e3201cd34a07e3172128adcd8b3090168a8e3bcc40d7c032b9dda1df7d1c" "/opt/rustwide/cargo-home/bin/cargo" "+beta-2023-12-22" "metadata" "--no-deps" "--format-version=1", kill_on_drop: false }`
[INFO] [stdout] b68075401c205769f60e742201a20384182f53941ac98b16bc7ccbbe7f54e60d
[INFO] running `Command { std: "docker" "start" "-a" "b68075401c205769f60e742201a20384182f53941ac98b16bc7ccbbe7f54e60d", kill_on_drop: false }`
[INFO] running `Command { std: "docker" "inspect" "b68075401c205769f60e742201a20384182f53941ac98b16bc7ccbbe7f54e60d", kill_on_drop: false }`
[INFO] running `Command { std: "docker" "rm" "-f" "b68075401c205769f60e742201a20384182f53941ac98b16bc7ccbbe7f54e60d", kill_on_drop: false }`
[INFO] [stdout] b68075401c205769f60e742201a20384182f53941ac98b16bc7ccbbe7f54e60d
[INFO] running `Command { std: "docker" "create" "-v" "/var/lib/crater-agent-workspace/builds/worker-4-tc2/target:/opt/rustwide/target:rw,Z" "-v" "/var/lib/crater-agent-workspace/builds/worker-4-tc2/source:/opt/rustwide/workdir:ro,Z" "-v" "/var/lib/crater-agent-workspace/cargo-home:/opt/rustwide/cargo-home:ro,Z" "-v" "/var/lib/crater-agent-workspace/rustup-home:/opt/rustwide/rustup-home:ro,Z" "-e" "SOURCE_DIR=/opt/rustwide/workdir" "-e" "CARGO_TARGET_DIR=/opt/rustwide/target" "-e" "CARGO_INCREMENTAL=0" "-e" "RUST_BACKTRACE=full" "-e" "RUSTFLAGS=--cap-lints=warn" "-e" "RUSTDOCFLAGS=--cap-lints=warn" "-e" "CARGO_HOME=/opt/rustwide/cargo-home" "-e" "RUSTUP_HOME=/opt/rustwide/rustup-home" "-w" "/opt/rustwide/workdir" "-m" "1610612736" "--user" "0:0" "--network" "none" "ghcr.io/rust-lang/crates-build-env/linux@sha256:2788e3201cd34a07e3172128adcd8b3090168a8e3bcc40d7c032b9dda1df7d1c" "/opt/rustwide/cargo-home/bin/cargo" "+beta-2023-12-22" "build" "--frozen" "--message-format=json", kill_on_drop: false }`
[INFO] [stdout] 4dec71a8ff595740a987060402c84aea944ce4c59fcf9db552dfdc8a9cfc900b
[INFO] running `Command { std: "docker" "start" "-a" "4dec71a8ff595740a987060402c84aea944ce4c59fcf9db552dfdc8a9cfc900b", kill_on_drop: false }`
[INFO] [stderr]    Compiling proc-macro2 v1.0.75
[INFO] [stderr]    Compiling quote v1.0.35
[INFO] [stderr]    Compiling syn v1.0.109
[INFO] [stderr]    Compiling diesel-ease v0.1.0 (/opt/rustwide/workdir)
[INFO] [stderr]     Finished dev [unoptimized + debuginfo] target(s) in 7.68s
[INFO] running `Command { std: "docker" "inspect" "4dec71a8ff595740a987060402c84aea944ce4c59fcf9db552dfdc8a9cfc900b", kill_on_drop: false }`
[INFO] running `Command { std: "docker" "rm" "-f" "4dec71a8ff595740a987060402c84aea944ce4c59fcf9db552dfdc8a9cfc900b", kill_on_drop: false }`
[INFO] [stdout] 4dec71a8ff595740a987060402c84aea944ce4c59fcf9db552dfdc8a9cfc900b
[INFO] running `Command { std: "docker" "create" "-v" "/var/lib/crater-agent-workspace/builds/worker-4-tc2/target:/opt/rustwide/target:rw,Z" "-v" "/var/lib/crater-agent-workspace/builds/worker-4-tc2/source:/opt/rustwide/workdir:ro,Z" "-v" "/var/lib/crater-agent-workspace/cargo-home:/opt/rustwide/cargo-home:ro,Z" "-v" "/var/lib/crater-agent-workspace/rustup-home:/opt/rustwide/rustup-home:ro,Z" "-e" "SOURCE_DIR=/opt/rustwide/workdir" "-e" "CARGO_TARGET_DIR=/opt/rustwide/target" "-e" "CARGO_INCREMENTAL=0" "-e" "RUST_BACKTRACE=full" "-e" "RUSTFLAGS=--cap-lints=warn" "-e" "RUSTDOCFLAGS=--cap-lints=warn" "-e" "CARGO_HOME=/opt/rustwide/cargo-home" "-e" "RUSTUP_HOME=/opt/rustwide/rustup-home" "-w" "/opt/rustwide/workdir" "-m" "1610612736" "--user" "0:0" "--network" "none" "ghcr.io/rust-lang/crates-build-env/linux@sha256:2788e3201cd34a07e3172128adcd8b3090168a8e3bcc40d7c032b9dda1df7d1c" "/opt/rustwide/cargo-home/bin/cargo" "+beta-2023-12-22" "test" "--frozen" "--no-run" "--message-format=json", kill_on_drop: false }`
[INFO] [stdout] 027937812d241f791ed05b27b166ff23728b7b3d81a2ee54ab7eae19dc8e99a5
[INFO] running `Command { std: "docker" "start" "-a" "027937812d241f791ed05b27b166ff23728b7b3d81a2ee54ab7eae19dc8e99a5", kill_on_drop: false }`
[INFO] [stderr]    Compiling diesel-ease v0.1.0 (/opt/rustwide/workdir)
[INFO] [stderr]     Finished test [unoptimized + debuginfo] target(s) in 1.35s
[INFO] running `Command { std: "docker" "inspect" "027937812d241f791ed05b27b166ff23728b7b3d81a2ee54ab7eae19dc8e99a5", kill_on_drop: false }`
[INFO] running `Command { std: "docker" "rm" "-f" "027937812d241f791ed05b27b166ff23728b7b3d81a2ee54ab7eae19dc8e99a5", kill_on_drop: false }`
[INFO] [stdout] 027937812d241f791ed05b27b166ff23728b7b3d81a2ee54ab7eae19dc8e99a5
[INFO] running `Command { std: "docker" "create" "-v" "/var/lib/crater-agent-workspace/builds/worker-4-tc2/target:/opt/rustwide/target:rw,Z" "-v" "/var/lib/crater-agent-workspace/builds/worker-4-tc2/source:/opt/rustwide/workdir:ro,Z" "-v" "/var/lib/crater-agent-workspace/cargo-home:/opt/rustwide/cargo-home:ro,Z" "-v" "/var/lib/crater-agent-workspace/rustup-home:/opt/rustwide/rustup-home:ro,Z" "-e" "SOURCE_DIR=/opt/rustwide/workdir" "-e" "CARGO_TARGET_DIR=/opt/rustwide/target" "-e" "CARGO_INCREMENTAL=0" "-e" "RUST_BACKTRACE=full" "-e" "RUSTFLAGS=--cap-lints=warn" "-e" "RUSTDOCFLAGS=--cap-lints=warn" "-e" "CARGO_HOME=/opt/rustwide/cargo-home" "-e" "RUSTUP_HOME=/opt/rustwide/rustup-home" "-w" "/opt/rustwide/workdir" "-m" "1610612736" "--user" "0:0" "--network" "none" "ghcr.io/rust-lang/crates-build-env/linux@sha256:2788e3201cd34a07e3172128adcd8b3090168a8e3bcc40d7c032b9dda1df7d1c" "/opt/rustwide/cargo-home/bin/cargo" "+beta-2023-12-22" "test" "--frozen", kill_on_drop: false }`
[INFO] [stdout] 12d5376cdad772a2f217515899a69fecb45d5963d2b9f3934eb998e12e96cb39
[INFO] running `Command { std: "docker" "start" "-a" "12d5376cdad772a2f217515899a69fecb45d5963d2b9f3934eb998e12e96cb39", kill_on_drop: false }`
[INFO] [stderr]     Finished test [unoptimized + debuginfo] target(s) in 0.01s
[INFO] [stderr]      Running unittests src/lib.rs (/opt/rustwide/target/debug/deps/diesel_ease-fb7ea4cf3040d4dc)
[INFO] [stdout] 
[INFO] [stdout] running 0 tests
[INFO] [stdout] 
[INFO] [stdout] test result: ok. 0 passed; 0 failed; 0 ignored; 0 measured; 0 filtered out; finished in 0.00s
[INFO] [stdout] 
[INFO] [stderr]    Doc-tests diesel-ease
[INFO] [stdout] 
[INFO] [stdout] running 4 tests
[INFO] [stdout] test src/lib.rs - (line 66) ... FAILED
[INFO] [stdout] test src/lib.rs - (line 22) ... FAILED
[INFO] [stdout] test src/lib.rs - (line 39) ... FAILED
[INFO] [stdout] test src/lib.rs - (line 124) ... ok
[INFO] [stderr] error: doctest failed, to rerun pass `--doc`
[INFO] [stdout] 
[INFO] [stdout] failures:
[INFO] [stdout] 
[INFO] [stdout] ---- src/lib.rs - (line 66) stdout ----
[INFO] [stdout] error[E0422]: cannot find struct, variant or union type `NewUser` in this scope
[INFO] [stdout]   --> src/lib.rs:89:16
[INFO] [stdout]    |
[INFO] [stdout] 25 | let new_user = NewUser {
[INFO] [stdout]    |                ^^^^^^^ not found in this scope
[INFO] [stdout] 
[INFO] [stdout] error[E0412]: cannot find type `User` in this scope
[INFO] [stdout]   --> src/lib.rs:93:20
[INFO] [stdout]    |
[INFO] [stdout] 29 | let inserted_user: User = User::insert(&connection, new_user).unwrap();
[INFO] [stdout]    |                    ^^^^ not found in this scope
[INFO] [stdout] 
[INFO] [stdout] error[E0425]: cannot find function `establish_connection` in this scope
[INFO] [stdout]  --> src/lib.rs:68:18
[INFO] [stdout]   |
[INFO] [stdout] 4 | let connection = establish_connection();
[INFO] [stdout]   |                  ^^^^^^^^^^^^^^^^^^^^ not found in this scope
[INFO] [stdout] 
[INFO] [stdout] error[E0433]: failed to resolve: use of undeclared type `User`
[INFO] [stdout]  --> src/lib.rs:71:20
[INFO] [stdout]   |
[INFO] [stdout] 7 | let name: String = User::get_names_by_id(&connection, 18).unwrap()[0].clone();
[INFO] [stdout]   |                    ^^^^ use of undeclared type `User`
[INFO] [stdout] 
[INFO] [stdout] error[E0433]: failed to resolve: use of undeclared type `User`
[INFO] [stdout]   --> src/lib.rs:74:28
[INFO] [stdout]    |
[INFO] [stdout] 10 | let updated_name: String = User::update_names_by_id(&connection, 18, format!("{}-2", name))
[INFO] [stdout]    |                            ^^^^ use of undeclared type `User`
[INFO] [stdout] 
[INFO] [stdout] error[E0433]: failed to resolve: use of undeclared type `User`
[INFO] [stdout]   --> src/lib.rs:81:1
[INFO] [stdout]    |
[INFO] [stdout] 17 | User::delete_by_id(&connection, 18).unwrap();
[INFO] [stdout]    | ^^^^ use of undeclared type `User`
[INFO] [stdout] 
[INFO] [stdout] error[E0433]: failed to resolve: use of undeclared type `User`
[INFO] [stdout]   --> src/lib.rs:84:25
[INFO] [stdout]    |
[INFO] [stdout] 20 | let name: Vec<String> = User::get_names_by_id(&connection, 18).unwrap();
[INFO] [stdout]    |                         ^^^^ use of undeclared type `User`
[INFO] [stdout] 
[INFO] [stdout] error[E0433]: failed to resolve: use of undeclared type `User`
[INFO] [stdout]   --> src/lib.rs:93:27
[INFO] [stdout]    |
[INFO] [stdout] 29 | let inserted_user: User = User::insert(&connection, new_user).unwrap();
[INFO] [stdout]    |                           ^^^^ use of undeclared type `User`
[INFO] [stdout] 
[INFO] [stdout] error: aborting due to 8 previous errors
[INFO] [stdout] 
[INFO] [stdout] Some errors have detailed explanations: E0412, E0422, E0425, E0433.
[INFO] [stdout] For more information about an error, try `rustc --explain E0412`.
[INFO] [stdout] Couldn't compile the test.
[INFO] [stdout] ---- src/lib.rs - (line 22) stdout ----
[INFO] [stdout] error: cannot find derive macro `Queryable` in this scope
[INFO] [stdout]   --> src/lib.rs:31:10
[INFO] [stdout]    |
[INFO] [stdout] 12 | #[derive(Queryable, Clone, Debug, PartialEq)]
[INFO] [stdout]    |          ^^^^^^^^^
[INFO] [stdout] 
[INFO] [stdout] error: cannot find attribute `diesel_ease` in this scope
[INFO] [stdout]   --> src/lib.rs:30:3
[INFO] [stdout]    |
[INFO] [stdout] 11 | #[diesel_ease(PgConnection)] // here we used the macro
[INFO] [stdout]    |   ^^^^^^^^^^^
[INFO] [stdout]    |
[INFO] [stdout] note: `diesel_ease` is imported here, but it is a crate, not an attribute
[INFO] [stdout]   --> src/lib.rs:22:1
[INFO] [stdout]    |
[INFO] [stdout] 3  | extern crate r#diesel_ease;
[INFO] [stdout]    | ^^^^^^^^^^^^^^^^^^^^^^^^^^^
[INFO] [stdout] help: consider importing this attribute macro
[INFO] [stdout]    |
[INFO] [stdout] 2  + use diesel_ease::diesel_ease;
[INFO] [stdout]    |
[INFO] [stdout] 
[INFO] [stdout] error: cannot find derive macro `Insertable` in this scope
[INFO] [stdout]  --> src/lib.rs:24:10
[INFO] [stdout]   |
[INFO] [stdout] 5 | #[derive(Insertable)]
[INFO] [stdout]   |          ^^^^^^^^^^
[INFO] [stdout] 
[INFO] [stdout] error: cannot find attribute `table_name` in this scope
[INFO] [stdout]  --> src/lib.rs:25:3
[INFO] [stdout]   |
[INFO] [stdout] 6 | #[table_name = "users"]
[INFO] [stdout]   |   ^^^^^^^^^^
[INFO] [stdout] 
[INFO] [stdout] error: aborting due to 4 previous errors
[INFO] [stdout] 
[INFO] [stdout] Couldn't compile the test.
[INFO] [stdout] ---- src/lib.rs - (line 39) stdout ----
[INFO] [stdout] error: cannot find macro `table` in this scope
[INFO] [stdout]  --> src/lib.rs:40:1
[INFO] [stdout]   |
[INFO] [stdout] 3 | table! {
[INFO] [stdout]   | ^^^^^
[INFO] [stdout] 
[INFO] [stdout] error: aborting due to 1 previous error
[INFO] [stdout] 
[INFO] [stdout] Couldn't compile the test.
[INFO] [stdout] 
[INFO] [stdout] failures:
[INFO] [stdout]     src/lib.rs - (line 22)
[INFO] [stdout]     src/lib.rs - (line 39)
[INFO] [stdout]     src/lib.rs - (line 66)
[INFO] [stdout] 
[INFO] [stdout] test result: FAILED. 1 passed; 3 failed; 0 ignored; 0 measured; 0 filtered out; finished in 0.25s
[INFO] [stdout] 
[INFO] running `Command { std: "docker" "inspect" "12d5376cdad772a2f217515899a69fecb45d5963d2b9f3934eb998e12e96cb39", kill_on_drop: false }`
[INFO] running `Command { std: "docker" "rm" "-f" "12d5376cdad772a2f217515899a69fecb45d5963d2b9f3934eb998e12e96cb39", kill_on_drop: false }`
[INFO] [stdout] 12d5376cdad772a2f217515899a69fecb45d5963d2b9f3934eb998e12e96cb39
