[INFO] fetching crate diesel-dynamic-schema 0.2.1...
[INFO] testing diesel-dynamic-schema-0.2.1 against 1.75.0 for beta-1.76-1
[INFO] extracting crate diesel-dynamic-schema 0.2.1 into /workspace/builds/worker-7-tc1/source
[INFO] validating manifest of crates.io crate diesel-dynamic-schema 0.2.1 on toolchain 1.75.0
[INFO] running `Command { std: CARGO_HOME="/workspace/cargo-home" RUSTUP_HOME="/workspace/rustup-home" "/workspace/cargo-home/bin/cargo" "+1.75.0" "metadata" "--manifest-path" "Cargo.toml" "--no-deps", kill_on_drop: false }`
[INFO] started tweaking crates.io crate diesel-dynamic-schema 0.2.1
[INFO] removed 3 missing examples
[INFO] removed 1 missing tests
[INFO] finished tweaking crates.io crate diesel-dynamic-schema 0.2.1
[INFO] tweaked toml for crates.io crate diesel-dynamic-schema 0.2.1 written to /workspace/builds/worker-7-tc1/source/Cargo.toml
[INFO] crate crates.io crate diesel-dynamic-schema 0.2.1 already has a lockfile, it will not be regenerated
[INFO] running `Command { std: CARGO_HOME="/workspace/cargo-home" RUSTUP_HOME="/workspace/rustup-home" "/workspace/cargo-home/bin/cargo" "+1.75.0" "fetch" "--manifest-path" "Cargo.toml", kill_on_drop: false }`
[INFO] [stderr]     Updating crates.io index
[INFO] [stderr]  Downloading crates ...
[INFO] [stderr]   Downloaded diesel_table_macro_syntax v0.1.0
[INFO] [stderr]   Downloaded quote v1.0.25
[INFO] [stderr]   Downloaded diesel_derives v2.1.0
[INFO] [stderr]   Downloaded proc-macro2 v1.0.52
[INFO] [stderr]   Downloaded syn v2.0.8
[INFO] [stderr]   Downloaded diesel v2.1.0
[INFO] running `Command { std: "docker" "create" "-v" "/var/lib/crater-agent-workspace/builds/worker-7-tc1/target:/opt/rustwide/target:rw,Z" "-v" "/var/lib/crater-agent-workspace/builds/worker-7-tc1/source:/opt/rustwide/workdir:ro,Z" "-v" "/var/lib/crater-agent-workspace/cargo-home:/opt/rustwide/cargo-home:ro,Z" "-v" "/var/lib/crater-agent-workspace/rustup-home:/opt/rustwide/rustup-home:ro,Z" "-e" "SOURCE_DIR=/opt/rustwide/workdir" "-e" "CARGO_TARGET_DIR=/opt/rustwide/target" "-e" "CARGO_HOME=/opt/rustwide/cargo-home" "-e" "RUSTUP_HOME=/opt/rustwide/rustup-home" "-w" "/opt/rustwide/workdir" "-m" "1610612736" "--user" "0:0" "--network" "none" "ghcr.io/rust-lang/crates-build-env/linux@sha256:2788e3201cd34a07e3172128adcd8b3090168a8e3bcc40d7c032b9dda1df7d1c" "/opt/rustwide/cargo-home/bin/cargo" "+1.75.0" "metadata" "--no-deps" "--format-version=1", kill_on_drop: false }`
[INFO] [stdout] 36b687a8b8b7450d76a4c4c5bc278691b9ad60f304a25ce42deba647cf725564
[INFO] running `Command { std: "docker" "start" "-a" "36b687a8b8b7450d76a4c4c5bc278691b9ad60f304a25ce42deba647cf725564", kill_on_drop: false }`
[INFO] running `Command { std: "docker" "inspect" "36b687a8b8b7450d76a4c4c5bc278691b9ad60f304a25ce42deba647cf725564", kill_on_drop: false }`
[INFO] running `Command { std: "docker" "rm" "-f" "36b687a8b8b7450d76a4c4c5bc278691b9ad60f304a25ce42deba647cf725564", kill_on_drop: false }`
[INFO] [stdout] 36b687a8b8b7450d76a4c4c5bc278691b9ad60f304a25ce42deba647cf725564
[INFO] running `Command { std: "docker" "create" "-v" "/var/lib/crater-agent-workspace/builds/worker-7-tc1/target:/opt/rustwide/target:rw,Z" "-v" "/var/lib/crater-agent-workspace/builds/worker-7-tc1/source:/opt/rustwide/workdir:ro,Z" "-v" "/var/lib/crater-agent-workspace/cargo-home:/opt/rustwide/cargo-home:ro,Z" "-v" "/var/lib/crater-agent-workspace/rustup-home:/opt/rustwide/rustup-home:ro,Z" "-e" "SOURCE_DIR=/opt/rustwide/workdir" "-e" "CARGO_TARGET_DIR=/opt/rustwide/target" "-e" "CARGO_INCREMENTAL=0" "-e" "RUST_BACKTRACE=full" "-e" "RUSTFLAGS=--cap-lints=warn" "-e" "RUSTDOCFLAGS=--cap-lints=warn" "-e" "CARGO_HOME=/opt/rustwide/cargo-home" "-e" "RUSTUP_HOME=/opt/rustwide/rustup-home" "-w" "/opt/rustwide/workdir" "-m" "1610612736" "--user" "0:0" "--network" "none" "ghcr.io/rust-lang/crates-build-env/linux@sha256:2788e3201cd34a07e3172128adcd8b3090168a8e3bcc40d7c032b9dda1df7d1c" "/opt/rustwide/cargo-home/bin/cargo" "+1.75.0" "build" "--frozen" "--message-format=json", kill_on_drop: false }`
[INFO] [stdout] 5bade533588a68bbb079dec3f9fc46c4f8a7ea6ff281b17465b459d838adf11a
[INFO] running `Command { std: "docker" "start" "-a" "5bade533588a68bbb079dec3f9fc46c4f8a7ea6ff281b17465b459d838adf11a", kill_on_drop: false }`
[INFO] [stderr]    Compiling proc-macro2 v1.0.52
[INFO] [stderr]    Compiling quote v1.0.25
[INFO] [stderr]    Compiling unicode-ident v1.0.3
[INFO] [stderr]    Compiling syn v2.0.8
[INFO] [stderr]    Compiling diesel_table_macro_syntax v0.1.0
[INFO] [stderr]    Compiling diesel_derives v2.1.0
[INFO] [stderr]    Compiling diesel v2.1.0
[INFO] [stderr]    Compiling diesel-dynamic-schema v0.2.1 (/opt/rustwide/workdir)
[INFO] [stderr]     Finished dev [unoptimized + debuginfo] target(s) in 14.46s
[INFO] running `Command { std: "docker" "inspect" "5bade533588a68bbb079dec3f9fc46c4f8a7ea6ff281b17465b459d838adf11a", kill_on_drop: false }`
[INFO] running `Command { std: "docker" "rm" "-f" "5bade533588a68bbb079dec3f9fc46c4f8a7ea6ff281b17465b459d838adf11a", kill_on_drop: false }`
[INFO] [stdout] 5bade533588a68bbb079dec3f9fc46c4f8a7ea6ff281b17465b459d838adf11a
[INFO] running `Command { std: "docker" "create" "-v" "/var/lib/crater-agent-workspace/builds/worker-7-tc1/target:/opt/rustwide/target:rw,Z" "-v" "/var/lib/crater-agent-workspace/builds/worker-7-tc1/source:/opt/rustwide/workdir:ro,Z" "-v" "/var/lib/crater-agent-workspace/cargo-home:/opt/rustwide/cargo-home:ro,Z" "-v" "/var/lib/crater-agent-workspace/rustup-home:/opt/rustwide/rustup-home:ro,Z" "-e" "SOURCE_DIR=/opt/rustwide/workdir" "-e" "CARGO_TARGET_DIR=/opt/rustwide/target" "-e" "CARGO_INCREMENTAL=0" "-e" "RUST_BACKTRACE=full" "-e" "RUSTFLAGS=--cap-lints=warn" "-e" "RUSTDOCFLAGS=--cap-lints=warn" "-e" "CARGO_HOME=/opt/rustwide/cargo-home" "-e" "RUSTUP_HOME=/opt/rustwide/rustup-home" "-w" "/opt/rustwide/workdir" "-m" "1610612736" "--user" "0:0" "--network" "none" "ghcr.io/rust-lang/crates-build-env/linux@sha256:2788e3201cd34a07e3172128adcd8b3090168a8e3bcc40d7c032b9dda1df7d1c" "/opt/rustwide/cargo-home/bin/cargo" "+1.75.0" "test" "--frozen" "--no-run" "--message-format=json", kill_on_drop: false }`
[INFO] [stdout] 1735d42c4d9e125a758104b002720805ed4670df5d3d1fe7905be34b66bd562c
[INFO] running `Command { std: "docker" "start" "-a" "1735d42c4d9e125a758104b002720805ed4670df5d3d1fe7905be34b66bd562c", kill_on_drop: false }`
[INFO] [stderr]    Compiling dotenvy v0.15.6
[INFO] [stderr]    Compiling diesel-dynamic-schema v0.2.1 (/opt/rustwide/workdir)
[INFO] [stderr]     Finished test [unoptimized + debuginfo] target(s) in 0.67s
[INFO] running `Command { std: "docker" "inspect" "1735d42c4d9e125a758104b002720805ed4670df5d3d1fe7905be34b66bd562c", kill_on_drop: false }`
[INFO] running `Command { std: "docker" "rm" "-f" "1735d42c4d9e125a758104b002720805ed4670df5d3d1fe7905be34b66bd562c", kill_on_drop: false }`
[INFO] [stdout] 1735d42c4d9e125a758104b002720805ed4670df5d3d1fe7905be34b66bd562c
[INFO] running `Command { std: "docker" "create" "-v" "/var/lib/crater-agent-workspace/builds/worker-7-tc1/target:/opt/rustwide/target:rw,Z" "-v" "/var/lib/crater-agent-workspace/builds/worker-7-tc1/source:/opt/rustwide/workdir:ro,Z" "-v" "/var/lib/crater-agent-workspace/cargo-home:/opt/rustwide/cargo-home:ro,Z" "-v" "/var/lib/crater-agent-workspace/rustup-home:/opt/rustwide/rustup-home:ro,Z" "-e" "SOURCE_DIR=/opt/rustwide/workdir" "-e" "CARGO_TARGET_DIR=/opt/rustwide/target" "-e" "CARGO_INCREMENTAL=0" "-e" "RUST_BACKTRACE=full" "-e" "RUSTFLAGS=--cap-lints=warn" "-e" "RUSTDOCFLAGS=--cap-lints=warn" "-e" "CARGO_HOME=/opt/rustwide/cargo-home" "-e" "RUSTUP_HOME=/opt/rustwide/rustup-home" "-w" "/opt/rustwide/workdir" "-m" "1610612736" "--user" "0:0" "--network" "none" "ghcr.io/rust-lang/crates-build-env/linux@sha256:2788e3201cd34a07e3172128adcd8b3090168a8e3bcc40d7c032b9dda1df7d1c" "/opt/rustwide/cargo-home/bin/cargo" "+1.75.0" "test" "--frozen", kill_on_drop: false }`
[INFO] [stdout] 74a0a0844449d169e7735f0122f7d7829bb30154f4177e0cf7d799ac1db8e391
[INFO] running `Command { std: "docker" "start" "-a" "74a0a0844449d169e7735f0122f7d7829bb30154f4177e0cf7d799ac1db8e391", kill_on_drop: false }`
[INFO] [stderr]     Finished test [unoptimized + debuginfo] target(s) in 0.02s
[INFO] [stderr]      Running unittests src/lib.rs (/opt/rustwide/target/debug/deps/diesel_dynamic_schema-f5fe39e1fe907e16)
[INFO] [stdout] 
[INFO] [stdout] running 0 tests
[INFO] [stdout] 
[INFO] [stdout] test result: ok. 0 passed; 0 failed; 0 ignored; 0 measured; 0 filtered out; finished in 0.00s
[INFO] [stdout] 
[INFO] [stderr]    Doc-tests diesel-dynamic-schema
[INFO] [stdout] 
[INFO] [stdout] running 5 tests
[INFO] [stdout] test src/dynamic_value.rs - dynamic_value (line 5) ... FAILED
[INFO] [stdout] test src/lib.rs - (line 29) ... FAILED
[INFO] [stdout] test src/dynamic_value.rs - dynamic_value (line 119) ... ok
[INFO] [stdout] test src/lib.rs - table (line 104) ... ok
[INFO] [stdout] test src/lib.rs - schema (line 117) ... ok
[INFO] [stdout] 
[INFO] [stdout] failures:
[INFO] [stdout] 
[INFO] [stdout] ---- src/dynamic_value.rs - dynamic_value (line 5) stdout ----
[INFO] [stdout] error: couldn't read src/../tests/connection_setup.rs: No such file or directory (os error 2)
[INFO] [stdout]  --> src/dynamic_value.rs:8:5
[INFO] [stdout]   |
[INFO] [stdout] 6 |     include!("../tests/connection_setup.rs");
[INFO] [stdout]   |     ^^^^^^^^^^^^^^^^^^^^^^^^^^^^^^^^^^^^^^^^
[INFO] [stdout]   |
[INFO] [stdout]   = note: this error originates in the macro `include` (in Nightly builds, run with -Z macro-backtrace for more info)
[INFO] [stdout] 
[INFO] [stdout] error: aborting due to previous error
[INFO] [stdout] 
[INFO] [stdout] Couldn't compile the test.
[INFO] [stdout] ---- src/lib.rs - (line 29) stdout ----
[INFO] [stdout] error: couldn't read src/../tests/connection_setup.rs: No such file or directory (os error 2)
[INFO] [stdout]  --> src/lib.rs:32:5
[INFO] [stdout]   |
[INFO] [stdout] 6 |     include!("../tests/connection_setup.rs");
[INFO] [stdout]   |     ^^^^^^^^^^^^^^^^^^^^^^^^^^^^^^^^^^^^^^^^
[INFO] [stdout]   |
[INFO] [stdout]   = note: this error originates in the macro `include` (in Nightly builds, run with -Z macro-backtrace for more info)
[INFO] [stdout] 
[INFO] [stdout] error: aborting due to previous error
[INFO] [stdout] 
[INFO] [stdout] Couldn't compile the test.
[INFO] [stdout] 
[INFO] [stdout] failures:
[INFO] [stdout]     src/dynamic_value.rs - dynamic_value (line 5)
[INFO] [stdout]     src/lib.rs - (line 29)
[INFO] [stdout] 
[INFO] [stdout] test result: FAILED. 3 passed; 2 failed; 0 ignored; 0 measured; 0 filtered out; finished in 0.27s
[INFO] [stdout] 
[INFO] [stderr] error: doctest failed, to rerun pass `--doc`
[INFO] running `Command { std: "docker" "inspect" "74a0a0844449d169e7735f0122f7d7829bb30154f4177e0cf7d799ac1db8e391", kill_on_drop: false }`
[INFO] running `Command { std: "docker" "rm" "-f" "74a0a0844449d169e7735f0122f7d7829bb30154f4177e0cf7d799ac1db8e391", kill_on_drop: false }`
[INFO] [stdout] 74a0a0844449d169e7735f0122f7d7829bb30154f4177e0cf7d799ac1db8e391
