[INFO] fetching crate dierckx-sys 0.1.0...
[INFO] testing dierckx-sys-0.1.0 against 1.75.0 for beta-1.76-1
[INFO] extracting crate dierckx-sys 0.1.0 into /workspace/builds/worker-7-tc1/source
[INFO] validating manifest of crates.io crate dierckx-sys 0.1.0 on toolchain 1.75.0
[INFO] running `Command { std: CARGO_HOME="/workspace/cargo-home" RUSTUP_HOME="/workspace/rustup-home" "/workspace/cargo-home/bin/cargo" "+1.75.0" "metadata" "--manifest-path" "Cargo.toml" "--no-deps", kill_on_drop: false }`
[INFO] started tweaking crates.io crate dierckx-sys 0.1.0
[INFO] finished tweaking crates.io crate dierckx-sys 0.1.0
[INFO] tweaked toml for crates.io crate dierckx-sys 0.1.0 written to /workspace/builds/worker-7-tc1/source/Cargo.toml
[INFO] running `Command { std: CARGO_HOME="/workspace/cargo-home" RUSTUP_HOME="/workspace/rustup-home" "/workspace/cargo-home/bin/cargo" "+1.75.0" "generate-lockfile" "--manifest-path" "Cargo.toml", kill_on_drop: false }`
[INFO] [stderr]     Updating crates.io index
[INFO] running `Command { std: CARGO_HOME="/workspace/cargo-home" RUSTUP_HOME="/workspace/rustup-home" "/workspace/cargo-home/bin/cargo" "+1.75.0" "fetch" "--manifest-path" "Cargo.toml", kill_on_drop: false }`
[INFO] running `Command { std: "docker" "create" "-v" "/var/lib/crater-agent-workspace/builds/worker-7-tc1/target:/opt/rustwide/target:rw,Z" "-v" "/var/lib/crater-agent-workspace/builds/worker-7-tc1/source:/opt/rustwide/workdir:ro,Z" "-v" "/var/lib/crater-agent-workspace/cargo-home:/opt/rustwide/cargo-home:ro,Z" "-v" "/var/lib/crater-agent-workspace/rustup-home:/opt/rustwide/rustup-home:ro,Z" "-e" "SOURCE_DIR=/opt/rustwide/workdir" "-e" "CARGO_TARGET_DIR=/opt/rustwide/target" "-e" "CARGO_HOME=/opt/rustwide/cargo-home" "-e" "RUSTUP_HOME=/opt/rustwide/rustup-home" "-w" "/opt/rustwide/workdir" "-m" "1610612736" "--user" "0:0" "--network" "none" "ghcr.io/rust-lang/crates-build-env/linux@sha256:2788e3201cd34a07e3172128adcd8b3090168a8e3bcc40d7c032b9dda1df7d1c" "/opt/rustwide/cargo-home/bin/cargo" "+1.75.0" "metadata" "--no-deps" "--format-version=1", kill_on_drop: false }`
[INFO] [stdout] 9bcc1067bdd783b1aa22e6c5fae49a9ef5c79afd53b3ec8968c791bd03a17c05
[INFO] running `Command { std: "docker" "start" "-a" "9bcc1067bdd783b1aa22e6c5fae49a9ef5c79afd53b3ec8968c791bd03a17c05", kill_on_drop: false }`
[INFO] running `Command { std: "docker" "inspect" "9bcc1067bdd783b1aa22e6c5fae49a9ef5c79afd53b3ec8968c791bd03a17c05", kill_on_drop: false }`
[INFO] running `Command { std: "docker" "rm" "-f" "9bcc1067bdd783b1aa22e6c5fae49a9ef5c79afd53b3ec8968c791bd03a17c05", kill_on_drop: false }`
[INFO] [stdout] 9bcc1067bdd783b1aa22e6c5fae49a9ef5c79afd53b3ec8968c791bd03a17c05
[INFO] running `Command { std: "docker" "create" "-v" "/var/lib/crater-agent-workspace/builds/worker-7-tc1/target:/opt/rustwide/target:rw,Z" "-v" "/var/lib/crater-agent-workspace/builds/worker-7-tc1/source:/opt/rustwide/workdir:ro,Z" "-v" "/var/lib/crater-agent-workspace/cargo-home:/opt/rustwide/cargo-home:ro,Z" "-v" "/var/lib/crater-agent-workspace/rustup-home:/opt/rustwide/rustup-home:ro,Z" "-e" "SOURCE_DIR=/opt/rustwide/workdir" "-e" "CARGO_TARGET_DIR=/opt/rustwide/target" "-e" "CARGO_INCREMENTAL=0" "-e" "RUST_BACKTRACE=full" "-e" "RUSTFLAGS=--cap-lints=warn" "-e" "RUSTDOCFLAGS=--cap-lints=warn" "-e" "CARGO_HOME=/opt/rustwide/cargo-home" "-e" "RUSTUP_HOME=/opt/rustwide/rustup-home" "-w" "/opt/rustwide/workdir" "-m" "1610612736" "--user" "0:0" "--network" "none" "ghcr.io/rust-lang/crates-build-env/linux@sha256:2788e3201cd34a07e3172128adcd8b3090168a8e3bcc40d7c032b9dda1df7d1c" "/opt/rustwide/cargo-home/bin/cargo" "+1.75.0" "build" "--frozen" "--message-format=json", kill_on_drop: false }`
[INFO] [stdout] d176debb1783e986ca2e76c5ab48c9ced76e3d068a1552eb349c33e37842d97f
[INFO] running `Command { std: "docker" "start" "-a" "d176debb1783e986ca2e76c5ab48c9ced76e3d068a1552eb349c33e37842d97f", kill_on_drop: false }`
[INFO] [stderr]    Compiling libc v0.2.151
[INFO] [stderr]    Compiling cc v1.0.83
[INFO] [stderr]    Compiling dierckx-sys v0.1.0 (/opt/rustwide/workdir)
[INFO] [stderr]     Finished dev [unoptimized + debuginfo] target(s) in 9.37s
[INFO] running `Command { std: "docker" "inspect" "d176debb1783e986ca2e76c5ab48c9ced76e3d068a1552eb349c33e37842d97f", kill_on_drop: false }`
[INFO] running `Command { std: "docker" "rm" "-f" "d176debb1783e986ca2e76c5ab48c9ced76e3d068a1552eb349c33e37842d97f", kill_on_drop: false }`
[INFO] [stdout] d176debb1783e986ca2e76c5ab48c9ced76e3d068a1552eb349c33e37842d97f
[INFO] running `Command { std: "docker" "create" "-v" "/var/lib/crater-agent-workspace/builds/worker-7-tc1/target:/opt/rustwide/target:rw,Z" "-v" "/var/lib/crater-agent-workspace/builds/worker-7-tc1/source:/opt/rustwide/workdir:ro,Z" "-v" "/var/lib/crater-agent-workspace/cargo-home:/opt/rustwide/cargo-home:ro,Z" "-v" "/var/lib/crater-agent-workspace/rustup-home:/opt/rustwide/rustup-home:ro,Z" "-e" "SOURCE_DIR=/opt/rustwide/workdir" "-e" "CARGO_TARGET_DIR=/opt/rustwide/target" "-e" "CARGO_INCREMENTAL=0" "-e" "RUST_BACKTRACE=full" "-e" "RUSTFLAGS=--cap-lints=warn" "-e" "RUSTDOCFLAGS=--cap-lints=warn" "-e" "CARGO_HOME=/opt/rustwide/cargo-home" "-e" "RUSTUP_HOME=/opt/rustwide/rustup-home" "-w" "/opt/rustwide/workdir" "-m" "1610612736" "--user" "0:0" "--network" "none" "ghcr.io/rust-lang/crates-build-env/linux@sha256:2788e3201cd34a07e3172128adcd8b3090168a8e3bcc40d7c032b9dda1df7d1c" "/opt/rustwide/cargo-home/bin/cargo" "+1.75.0" "test" "--frozen" "--no-run" "--message-format=json", kill_on_drop: false }`
[INFO] [stdout] ac1a6385d1c80bd2e2bc050ea2b7e461d4298c2c82e277ee52179db4ac78d50a
[INFO] running `Command { std: "docker" "start" "-a" "ac1a6385d1c80bd2e2bc050ea2b7e461d4298c2c82e277ee52179db4ac78d50a", kill_on_drop: false }`
[INFO] [stderr]    Compiling dierckx-sys v0.1.0 (/opt/rustwide/workdir)
[INFO] [stderr]     Finished test [unoptimized + debuginfo] target(s) in 0.19s
[INFO] running `Command { std: "docker" "inspect" "ac1a6385d1c80bd2e2bc050ea2b7e461d4298c2c82e277ee52179db4ac78d50a", kill_on_drop: false }`
[INFO] running `Command { std: "docker" "rm" "-f" "ac1a6385d1c80bd2e2bc050ea2b7e461d4298c2c82e277ee52179db4ac78d50a", kill_on_drop: false }`
[INFO] [stdout] ac1a6385d1c80bd2e2bc050ea2b7e461d4298c2c82e277ee52179db4ac78d50a
[INFO] running `Command { std: "docker" "create" "-v" "/var/lib/crater-agent-workspace/builds/worker-7-tc1/target:/opt/rustwide/target:rw,Z" "-v" "/var/lib/crater-agent-workspace/builds/worker-7-tc1/source:/opt/rustwide/workdir:ro,Z" "-v" "/var/lib/crater-agent-workspace/cargo-home:/opt/rustwide/cargo-home:ro,Z" "-v" "/var/lib/crater-agent-workspace/rustup-home:/opt/rustwide/rustup-home:ro,Z" "-e" "SOURCE_DIR=/opt/rustwide/workdir" "-e" "CARGO_TARGET_DIR=/opt/rustwide/target" "-e" "CARGO_INCREMENTAL=0" "-e" "RUST_BACKTRACE=full" "-e" "RUSTFLAGS=--cap-lints=warn" "-e" "RUSTDOCFLAGS=--cap-lints=warn" "-e" "CARGO_HOME=/opt/rustwide/cargo-home" "-e" "RUSTUP_HOME=/opt/rustwide/rustup-home" "-w" "/opt/rustwide/workdir" "-m" "1610612736" "--user" "0:0" "--network" "none" "ghcr.io/rust-lang/crates-build-env/linux@sha256:2788e3201cd34a07e3172128adcd8b3090168a8e3bcc40d7c032b9dda1df7d1c" "/opt/rustwide/cargo-home/bin/cargo" "+1.75.0" "test" "--frozen", kill_on_drop: false }`
[INFO] [stdout] 62939c92a5922b93d2c5fe769079fa3a68c2fade61d5cb0cfb0fcd6415308a3b
[INFO] running `Command { std: "docker" "start" "-a" "62939c92a5922b93d2c5fe769079fa3a68c2fade61d5cb0cfb0fcd6415308a3b", kill_on_drop: false }`
[INFO] [stderr]     Finished test [unoptimized + debuginfo] target(s) in 0.00s
[INFO] [stderr]      Running unittests src/lib.rs (/opt/rustwide/target/debug/deps/dierckx_sys-d54d5e533461d964)
[INFO] [stdout] 
[INFO] [stdout] running 0 tests
[INFO] [stdout] 
[INFO] [stdout] test result: ok. 0 passed; 0 failed; 0 ignored; 0 measured; 0 filtered out; finished in 0.00s
[INFO] [stdout] 
[INFO] [stderr]    Doc-tests dierckx-sys
[INFO] [stdout] 
[INFO] [stdout] running 1 test
[INFO] [stdout] test src/lib.rs - (line 35) ... FAILED
[INFO] [stdout] 
[INFO] [stdout] failures:
[INFO] [stdout] 
[INFO] [stdout] ---- src/lib.rs - (line 35) stdout ----
[INFO] [stdout] error: expected `;`, found `dierckx`
[INFO] [stdout]  --> src/lib.rs:36:15
[INFO] [stdout]   |
[INFO] [stdout] 3 | [dependencies]
[INFO] [stdout]   |               ^ help: add `;` here
[INFO] [stdout] 4 | dierckx-sys = "0.1.0"
[INFO] [stdout]   | ------- unexpected token
[INFO] [stdout] 
[INFO] [stdout] error[E0425]: cannot find value `dierckx` in this scope
[INFO] [stdout]  --> src/lib.rs:37:1
[INFO] [stdout]   |
[INFO] [stdout] 4 | dierckx-sys = "0.1.0"
[INFO] [stdout]   | ^^^^^^^ not found in this scope
[INFO] [stdout] 
[INFO] [stdout] error[E0425]: cannot find value `sys` in this scope
[INFO] [stdout]  --> src/lib.rs:37:9
[INFO] [stdout]   |
[INFO] [stdout] 4 | dierckx-sys = "0.1.0"
[INFO] [stdout]   |         ^^^ not found in this scope
[INFO] [stdout] 
[INFO] [stdout] error[E0070]: invalid left-hand side of assignment
[INFO] [stdout]  --> src/lib.rs:37:13
[INFO] [stdout]   |
[INFO] [stdout] 4 | dierckx-sys = "0.1.0"
[INFO] [stdout]   | ----------- ^
[INFO] [stdout]   | |
[INFO] [stdout]   | cannot assign to this expression
[INFO] [stdout] 
[INFO] [stdout] error: aborting due to 4 previous errors
[INFO] [stdout] 
[INFO] [stdout] Some errors have detailed explanations: E0070, E0425.
[INFO] [stdout] For more information about an error, try `rustc --explain E0070`.
[INFO] [stdout] Couldn't compile the test.
[INFO] [stdout] 
[INFO] [stdout] failures:
[INFO] [stdout]     src/lib.rs - (line 35)
[INFO] [stdout] 
[INFO] [stdout] test result: FAILED. 0 passed; 1 failed; 0 ignored; 0 measured; 0 filtered out; finished in 0.16s
[INFO] [stdout] 
[INFO] [stderr] error: doctest failed, to rerun pass `--doc`
[INFO] running `Command { std: "docker" "inspect" "62939c92a5922b93d2c5fe769079fa3a68c2fade61d5cb0cfb0fcd6415308a3b", kill_on_drop: false }`
[INFO] running `Command { std: "docker" "rm" "-f" "62939c92a5922b93d2c5fe769079fa3a68c2fade61d5cb0cfb0fcd6415308a3b", kill_on_drop: false }`
[INFO] [stdout] 62939c92a5922b93d2c5fe769079fa3a68c2fade61d5cb0cfb0fcd6415308a3b
