[INFO] fetching crate dialogue-core 0.1.0...
[INFO] testing dialogue-core-0.1.0 against 1.75.0 for beta-1.76-1
[INFO] extracting crate dialogue-core 0.1.0 into /workspace/builds/worker-1-tc1/source
[INFO] validating manifest of crates.io crate dialogue-core 0.1.0 on toolchain 1.75.0
[INFO] running `Command { std: CARGO_HOME="/workspace/cargo-home" RUSTUP_HOME="/workspace/rustup-home" "/workspace/cargo-home/bin/cargo" "+1.75.0" "metadata" "--manifest-path" "Cargo.toml" "--no-deps", kill_on_drop: false }`
[INFO] started tweaking crates.io crate dialogue-core 0.1.0
[INFO] removed 0 missing tests
[INFO] finished tweaking crates.io crate dialogue-core 0.1.0
[INFO] tweaked toml for crates.io crate dialogue-core 0.1.0 written to /workspace/builds/worker-1-tc1/source/Cargo.toml
[INFO] running `Command { std: CARGO_HOME="/workspace/cargo-home" RUSTUP_HOME="/workspace/rustup-home" "/workspace/cargo-home/bin/cargo" "+1.75.0" "generate-lockfile" "--manifest-path" "Cargo.toml", kill_on_drop: false }`
[INFO] [stderr]     Updating crates.io index
[INFO] running `Command { std: CARGO_HOME="/workspace/cargo-home" RUSTUP_HOME="/workspace/rustup-home" "/workspace/cargo-home/bin/cargo" "+1.75.0" "fetch" "--manifest-path" "Cargo.toml", kill_on_drop: false }`
[INFO] [stderr]  Downloading crates ...
[INFO] [stderr]   Downloaded trybuild v1.0.87
[INFO] [stderr]   Downloaded dissimilar v1.0.7
[INFO] running `Command { std: "docker" "create" "-v" "/var/lib/crater-agent-workspace/builds/worker-1-tc1/target:/opt/rustwide/target:rw,Z" "-v" "/var/lib/crater-agent-workspace/builds/worker-1-tc1/source:/opt/rustwide/workdir:ro,Z" "-v" "/var/lib/crater-agent-workspace/cargo-home:/opt/rustwide/cargo-home:ro,Z" "-v" "/var/lib/crater-agent-workspace/rustup-home:/opt/rustwide/rustup-home:ro,Z" "-e" "SOURCE_DIR=/opt/rustwide/workdir" "-e" "CARGO_TARGET_DIR=/opt/rustwide/target" "-e" "CARGO_HOME=/opt/rustwide/cargo-home" "-e" "RUSTUP_HOME=/opt/rustwide/rustup-home" "-w" "/opt/rustwide/workdir" "-m" "1610612736" "--user" "0:0" "--network" "none" "ghcr.io/rust-lang/crates-build-env/linux@sha256:2788e3201cd34a07e3172128adcd8b3090168a8e3bcc40d7c032b9dda1df7d1c" "/opt/rustwide/cargo-home/bin/cargo" "+1.75.0" "metadata" "--no-deps" "--format-version=1", kill_on_drop: false }`
[INFO] [stdout] 03350a1e876c1fc871d046ac60138fbc0a43c60f1130710ef6c47044524a0d71
[INFO] running `Command { std: "docker" "start" "-a" "03350a1e876c1fc871d046ac60138fbc0a43c60f1130710ef6c47044524a0d71", kill_on_drop: false }`
[INFO] running `Command { std: "docker" "inspect" "03350a1e876c1fc871d046ac60138fbc0a43c60f1130710ef6c47044524a0d71", kill_on_drop: false }`
[INFO] running `Command { std: "docker" "rm" "-f" "03350a1e876c1fc871d046ac60138fbc0a43c60f1130710ef6c47044524a0d71", kill_on_drop: false }`
[INFO] [stdout] 03350a1e876c1fc871d046ac60138fbc0a43c60f1130710ef6c47044524a0d71
[INFO] running `Command { std: "docker" "create" "-v" "/var/lib/crater-agent-workspace/builds/worker-1-tc1/target:/opt/rustwide/target:rw,Z" "-v" "/var/lib/crater-agent-workspace/builds/worker-1-tc1/source:/opt/rustwide/workdir:ro,Z" "-v" "/var/lib/crater-agent-workspace/cargo-home:/opt/rustwide/cargo-home:ro,Z" "-v" "/var/lib/crater-agent-workspace/rustup-home:/opt/rustwide/rustup-home:ro,Z" "-e" "SOURCE_DIR=/opt/rustwide/workdir" "-e" "CARGO_TARGET_DIR=/opt/rustwide/target" "-e" "CARGO_INCREMENTAL=0" "-e" "RUST_BACKTRACE=full" "-e" "RUSTFLAGS=--cap-lints=warn" "-e" "RUSTDOCFLAGS=--cap-lints=warn" "-e" "CARGO_HOME=/opt/rustwide/cargo-home" "-e" "RUSTUP_HOME=/opt/rustwide/rustup-home" "-w" "/opt/rustwide/workdir" "-m" "1610612736" "--user" "0:0" "--network" "none" "ghcr.io/rust-lang/crates-build-env/linux@sha256:2788e3201cd34a07e3172128adcd8b3090168a8e3bcc40d7c032b9dda1df7d1c" "/opt/rustwide/cargo-home/bin/cargo" "+1.75.0" "build" "--frozen" "--message-format=json", kill_on_drop: false }`
[INFO] [stdout] 0f87d6bf160d3458550b9c4f7f7c1dc6c507c1bee19a2b949b4d7d23a9774f1d
[INFO] running `Command { std: "docker" "start" "-a" "0f87d6bf160d3458550b9c4f7f7c1dc6c507c1bee19a2b949b4d7d23a9774f1d", kill_on_drop: false }`
[INFO] [stderr]    Compiling syn v2.0.48
[INFO] [stderr]    Compiling dialogue-core v0.1.0 (/opt/rustwide/workdir)
[INFO] [stderr]     Finished dev [unoptimized + debuginfo] target(s) in 4.37s
[INFO] running `Command { std: "docker" "inspect" "0f87d6bf160d3458550b9c4f7f7c1dc6c507c1bee19a2b949b4d7d23a9774f1d", kill_on_drop: false }`
[INFO] running `Command { std: "docker" "rm" "-f" "0f87d6bf160d3458550b9c4f7f7c1dc6c507c1bee19a2b949b4d7d23a9774f1d", kill_on_drop: false }`
[INFO] [stdout] 0f87d6bf160d3458550b9c4f7f7c1dc6c507c1bee19a2b949b4d7d23a9774f1d
[INFO] running `Command { std: "docker" "create" "-v" "/var/lib/crater-agent-workspace/builds/worker-1-tc1/target:/opt/rustwide/target:rw,Z" "-v" "/var/lib/crater-agent-workspace/builds/worker-1-tc1/source:/opt/rustwide/workdir:ro,Z" "-v" "/var/lib/crater-agent-workspace/cargo-home:/opt/rustwide/cargo-home:ro,Z" "-v" "/var/lib/crater-agent-workspace/rustup-home:/opt/rustwide/rustup-home:ro,Z" "-e" "SOURCE_DIR=/opt/rustwide/workdir" "-e" "CARGO_TARGET_DIR=/opt/rustwide/target" "-e" "CARGO_INCREMENTAL=0" "-e" "RUST_BACKTRACE=full" "-e" "RUSTFLAGS=--cap-lints=warn" "-e" "RUSTDOCFLAGS=--cap-lints=warn" "-e" "CARGO_HOME=/opt/rustwide/cargo-home" "-e" "RUSTUP_HOME=/opt/rustwide/rustup-home" "-w" "/opt/rustwide/workdir" "-m" "1610612736" "--user" "0:0" "--network" "none" "ghcr.io/rust-lang/crates-build-env/linux@sha256:2788e3201cd34a07e3172128adcd8b3090168a8e3bcc40d7c032b9dda1df7d1c" "/opt/rustwide/cargo-home/bin/cargo" "+1.75.0" "test" "--frozen" "--no-run" "--message-format=json", kill_on_drop: false }`
[INFO] [stdout] aeeec1c5f1a423a3141be722038123d2176592ca258ca01c0db1e96474706376
[INFO] running `Command { std: "docker" "start" "-a" "aeeec1c5f1a423a3141be722038123d2176592ca258ca01c0db1e96474706376", kill_on_drop: false }`
[INFO] [stderr]    Compiling serde v1.0.194
[INFO] [stderr]    Compiling trybuild v1.0.87
[INFO] [stderr]    Compiling dissimilar v1.0.7
[INFO] [stderr]    Compiling termcolor v1.4.0
[INFO] [stderr]    Compiling syn v2.0.48
[INFO] [stderr]    Compiling serde_json v1.0.111
[INFO] [stderr]    Compiling basic-toml v0.1.8
[INFO] [stderr]    Compiling serde_derive v1.0.194
[INFO] [stderr]    Compiling dialogue-core v0.1.0 (/opt/rustwide/workdir)
[INFO] [stderr]     Finished test [unoptimized + debuginfo] target(s) in 8.80s
[INFO] running `Command { std: "docker" "inspect" "aeeec1c5f1a423a3141be722038123d2176592ca258ca01c0db1e96474706376", kill_on_drop: false }`
[INFO] running `Command { std: "docker" "rm" "-f" "aeeec1c5f1a423a3141be722038123d2176592ca258ca01c0db1e96474706376", kill_on_drop: false }`
[INFO] [stdout] aeeec1c5f1a423a3141be722038123d2176592ca258ca01c0db1e96474706376
[INFO] running `Command { std: "docker" "create" "-v" "/var/lib/crater-agent-workspace/builds/worker-1-tc1/target:/opt/rustwide/target:rw,Z" "-v" "/var/lib/crater-agent-workspace/builds/worker-1-tc1/source:/opt/rustwide/workdir:ro,Z" "-v" "/var/lib/crater-agent-workspace/cargo-home:/opt/rustwide/cargo-home:ro,Z" "-v" "/var/lib/crater-agent-workspace/rustup-home:/opt/rustwide/rustup-home:ro,Z" "-e" "SOURCE_DIR=/opt/rustwide/workdir" "-e" "CARGO_TARGET_DIR=/opt/rustwide/target" "-e" "CARGO_INCREMENTAL=0" "-e" "RUST_BACKTRACE=full" "-e" "RUSTFLAGS=--cap-lints=warn" "-e" "RUSTDOCFLAGS=--cap-lints=warn" "-e" "CARGO_HOME=/opt/rustwide/cargo-home" "-e" "RUSTUP_HOME=/opt/rustwide/rustup-home" "-w" "/opt/rustwide/workdir" "-m" "1610612736" "--user" "0:0" "--network" "none" "ghcr.io/rust-lang/crates-build-env/linux@sha256:2788e3201cd34a07e3172128adcd8b3090168a8e3bcc40d7c032b9dda1df7d1c" "/opt/rustwide/cargo-home/bin/cargo" "+1.75.0" "test" "--frozen", kill_on_drop: false }`
[INFO] [stdout] 851ff68dd98c8d9c966d6ffd7e41def94cda58b6bea7681031284ce4f0840c07
[INFO] running `Command { std: "docker" "start" "-a" "851ff68dd98c8d9c966d6ffd7e41def94cda58b6bea7681031284ce4f0840c07", kill_on_drop: false }`
[INFO] [stderr]     Finished test [unoptimized + debuginfo] target(s) in 0.01s
[INFO] [stderr]      Running unittests src/lib.rs (/opt/rustwide/target/debug/deps/dialogue_core-70802048b41a1536)
[INFO] [stdout] 
[INFO] [stdout] running 0 tests
[INFO] [stdout] 
[INFO] [stdout] test result: ok. 0 passed; 0 failed; 0 ignored; 0 measured; 0 filtered out; finished in 0.00s
[INFO] [stdout] 
[INFO] [stderr]      Running tests/progress.rs (/opt/rustwide/target/debug/deps/tests-295a26e49bd2fd23)
[INFO] [stdout] 
[INFO] [stdout] running 1 test
[INFO] [stderr]    Compiling proc-macro2 v1.0.75
[INFO] [stderr]    Compiling unicode-ident v1.0.12
[INFO] [stderr]    Compiling quote v1.0.35
[INFO] [stderr]    Compiling syn v2.0.48
[INFO] [stderr]    Compiling dialogue-core v0.1.0 (/opt/rustwide/workdir)
[INFO] [stderr]    Compiling dialogue-core-tests v0.0.0 (/opt/rustwide/target/tests/trybuild/dialogue-core)
[INFO] [stderr]     Finished dev [unoptimized + debuginfo] target(s) in 6.58s
[INFO] [stderr] 
[INFO] [stderr] 
[INFO] [stderr] test tests/01-parse.rs [should pass] ... error
[INFO] [stderr] ┈┈┈┈┈┈┈┈┈┈┈┈┈┈┈┈┈┈┈┈┈┈┈┈┈┈┈┈┈┈┈┈┈┈┈┈┈┈┈┈┈┈┈┈┈┈┈┈┈┈┈┈┈┈┈┈┈┈┈┈
[INFO] [stderr] error[E0432]: unresolved import `dialogue_macro`
[INFO] [stderr]  --> tests/01-parse.rs:1:5
[INFO] [stderr]   |
[INFO] [stderr] 1 | use dialogue_macro::Dialogue;
[INFO] [stderr]   |     ^^^^^^^^^^^^^^ use of undeclared crate or module `dialogue_macro`
[INFO] [stderr]   |
[INFO] [stderr] help: there is a crate or module with a similar name
[INFO] [stderr]   |
[INFO] [stderr] 1 | use dialogue_core::Dialogue;
[INFO] [stderr]   |     ~~~~~~~~~~~~~
[INFO] [stderr] 
[INFO] [stderr] error: cannot determine resolution for the derive macro `Dialogue`
[INFO] [stderr]  --> tests/01-parse.rs:3:10
[INFO] [stderr]   |
[INFO] [stderr] 3 | #[derive(Dialogue)]
[INFO] [stderr]   |          ^^^^^^^^
[INFO] [stderr]   |
[INFO] [stderr]   = note: import resolution is stuck, try simplifying macro imports
[INFO] [stderr] 
[INFO] [stderr] error: cannot find attribute `dialogue` in this scope
[INFO] [stderr]  --> tests/01-parse.rs:6:7
[INFO] [stderr]   |
[INFO] [stderr] 6 |     #[dialogue(options=["a","b","c"])]
[INFO] [stderr]   |       ^^^^^^^^
[INFO] [stderr] ┈┈┈┈┈┈┈┈┈┈┈┈┈┈┈┈┈┈┈┈┈┈┈┈┈┈┈┈┈┈┈┈┈┈┈┈┈┈┈┈┈┈┈┈┈┈┈┈┈┈┈┈┈┈┈┈┈┈┈┈
[INFO] [stderr] 
[INFO] [stderr] test tests/02-named_field.rs [should fail to compile] ... mismatch
[INFO] [stderr] 
[INFO] [stderr] EXPECTED:
[INFO] [stderr] ┈┈┈┈┈┈┈┈┈┈┈┈┈┈┈┈┈┈┈┈┈┈┈┈┈┈┈┈┈┈┈┈┈┈┈┈┈┈┈┈┈┈┈┈┈┈┈┈┈┈┈┈┈┈┈┈┈┈┈┈
[INFO] [stderr] error: only support named struct
[INFO] [stderr]  --> tests/02-named_field.rs:3:10
[INFO] [stderr]   |
[INFO] [stderr] 3 | #[derive(Dialogue)]
[INFO] [stderr]   |          ^^^^^^^^
[INFO] [stderr]   |
[INFO] [stderr]   = note: this error originates in the derive macro `Dialogue` (in Nightly builds, run with -Z macro-backtrace for more info)
[INFO] [stderr] ┈┈┈┈┈┈┈┈┈┈┈┈┈┈┈┈┈┈┈┈┈┈┈┈┈┈┈┈┈┈┈┈┈┈┈┈┈┈┈┈┈┈┈┈┈┈┈┈┈┈┈┈┈┈┈┈┈┈┈┈
[INFO] [stderr] 
[INFO] [stderr] ACTUAL OUTPUT:
[INFO] [stderr] ┈┈┈┈┈┈┈┈┈┈┈┈┈┈┈┈┈┈┈┈┈┈┈┈┈┈┈┈┈┈┈┈┈┈┈┈┈┈┈┈┈┈┈┈┈┈┈┈┈┈┈┈┈┈┈┈┈┈┈┈
[INFO] [stderr] error[E0432]: unresolved import `dialogue_macro`
[INFO] [stderr]  --> tests/02-named_field.rs:1:5
[INFO] [stderr]   |
[INFO] [stderr] 1 | use dialogue_macro::Dialogue;
[INFO] [stderr]   |     ^^^^^^^^^^^^^^ use of undeclared crate or module `dialogue_macro`
[INFO] [stderr]   |
[INFO] [stderr] help: there is a crate or module with a similar name
[INFO] [stderr]   |
[INFO] [stderr] 1 | use dialogue_core::Dialogue;
[INFO] [stderr]   |     ~~~~~~~~~~~~~
[INFO] [stderr] 
[INFO] [stderr] error: cannot determine resolution for the derive macro `Dialogue`
[INFO] [stderr]  --> tests/02-named_field.rs:3:10
[INFO] [stderr]   |
[INFO] [stderr] 3 | #[derive(Dialogue)]
[INFO] [stderr]   |          ^^^^^^^^
[INFO] [stderr]   |
[INFO] [stderr]   = note: import resolution is stuck, try simplifying macro imports
[INFO] [stderr] ┈┈┈┈┈┈┈┈┈┈┈┈┈┈┈┈┈┈┈┈┈┈┈┈┈┈┈┈┈┈┈┈┈┈┈┈┈┈┈┈┈┈┈┈┈┈┈┈┈┈┈┈┈┈┈┈┈┈┈┈
[INFO] [stderr] note: If the actual output is the correct output you can bless it by rerunning
[INFO] [stderr]       your test with the environment variable TRYBUILD=overwrite
[INFO] [stderr] 
[INFO] [stderr] test tests/03-parse_field_attribute.rs [should pass] ... error
[INFO] [stderr] ┈┈┈┈┈┈┈┈┈┈┈┈┈┈┈┈┈┈┈┈┈┈┈┈┈┈┈┈┈┈┈┈┈┈┈┈┈┈┈┈┈┈┈┈┈┈┈┈┈┈┈┈┈┈┈┈┈┈┈┈
[INFO] [stderr] error[E0432]: unresolved import `dialogue_macro`
[INFO] [stderr]  --> tests/03-parse_field_attribute.rs:1:5
[INFO] [stderr]   |
[INFO] [stderr] 1 | use dialogue_macro::Dialogue;
[INFO] [stderr]   |     ^^^^^^^^^^^^^^ use of undeclared crate or module `dialogue_macro`
[INFO] [stderr]   |
[INFO] [stderr] help: there is a crate or module with a similar name
[INFO] [stderr]   |
[INFO] [stderr] 1 | use dialogue_core::Dialogue;
[INFO] [stderr]   |     ~~~~~~~~~~~~~
[INFO] [stderr] 
[INFO] [stderr] error: cannot determine resolution for the derive macro `Dialogue`
[INFO] [stderr]  --> tests/03-parse_field_attribute.rs:3:10
[INFO] [stderr]   |
[INFO] [stderr] 3 | #[derive(Dialogue)]
[INFO] [stderr]   |          ^^^^^^^^
[INFO] [stderr]   |
[INFO] [stderr]   = note: import resolution is stuck, try simplifying macro imports
[INFO] [stderr] 
[INFO] [stderr] error: cannot find attribute `dialogue` in this scope
[INFO] [stderr]  --> tests/03-parse_field_attribute.rs:5:7
[INFO] [stderr]   |
[INFO] [stderr] 5 |     #[dialogue(default = "wasm-project", prompt = "请输入项目名称" ,options=["wasm-project","wasm-project2"])]
[INFO] [stderr]   |       ^^^^^^^^
[INFO] [stderr] ┈┈┈┈┈┈┈┈┈┈┈┈┈┈┈┈┈┈┈┈┈┈┈┈┈┈┈┈┈┈┈┈┈┈┈┈┈┈┈┈┈┈┈┈┈┈┈┈┈┈┈┈┈┈┈┈┈┈┈┈
[INFO] [stderr] 
[INFO] [stderr] test tests/04-field_attribute_error.rs [should fail to compile] ... mismatch
[INFO] [stderr] 
[INFO] [stderr] EXPECTED:
[INFO] [stderr] ┈┈┈┈┈┈┈┈┈┈┈┈┈┈┈┈┈┈┈┈┈┈┈┈┈┈┈┈┈┈┈┈┈┈┈┈┈┈┈┈┈┈┈┈┈┈┈┈┈┈┈┈┈┈┈┈┈┈┈┈
[INFO] [stderr] error: only support default, prompt, options
[INFO] [stderr]  --> tests/04-field_attribute_error.rs:5:16
[INFO] [stderr]   |
[INFO] [stderr] 5 |     #[dialogue(default1 = "wasm-project", prompt = "请输入项目名称" ,options=["wasm-project","wasm-project2",123], multi_select = true)]    ...
[INFO] [stderr]   |                ^^^^^^^^
[INFO] [stderr] ┈┈┈┈┈┈┈┈┈┈┈┈┈┈┈┈┈┈┈┈┈┈┈┈┈┈┈┈┈┈┈┈┈┈┈┈┈┈┈┈┈┈┈┈┈┈┈┈┈┈┈┈┈┈┈┈┈┈┈┈
[INFO] [stderr] 
[INFO] [stderr] ACTUAL OUTPUT:
[INFO] [stderr] ┈┈┈┈┈┈┈┈┈┈┈┈┈┈┈┈┈┈┈┈┈┈┈┈┈┈┈┈┈┈┈┈┈┈┈┈┈┈┈┈┈┈┈┈┈┈┈┈┈┈┈┈┈┈┈┈┈┈┈┈
[INFO] [stderr] error[E0432]: unresolved import `dialogue_macro`
[INFO] [stderr]  --> tests/04-field_attribute_error.rs:1:5
[INFO] [stderr]   |
[INFO] [stderr] 1 | use dialogue_macro::Dialogue;
[INFO] [stderr]   |     ^^^^^^^^^^^^^^ use of undeclared crate or module `dialogue_macro`
[INFO] [stderr]   |
[INFO] [stderr] help: there is a crate or module with a similar name
[INFO] [stderr]   |
[INFO] [stderr] 1 | use dialogue_core::Dialogue;
[INFO] [stderr]   |     ~~~~~~~~~~~~~
[INFO] [stderr] 
[INFO] [stderr] error: cannot determine resolution for the derive macro `Dialogue`
[INFO] [stderr]  --> tests/04-field_attribute_error.rs:3:10
[INFO] [stderr]   |
[INFO] [stderr] 3 | #[derive(Dialogue)]
[INFO] [stderr]   |          ^^^^^^^^
[INFO] [stderr]   |
[INFO] [stderr]   = note: import resolution is stuck, try simplifying macro imports
[INFO] [stderr] 
[INFO] [stderr] error: cannot find attribute `dialogue` in this scope
[INFO] [stderr]  --> tests/04-field_attribute_error.rs:5:7
[INFO] [stderr]   |
[INFO] [stderr] 5 |     #[dialogue(default1 = "wasm-project", prompt = "请输入项目名称" ,options=["wasm-project","wasm-project2",123], multi_select = true)]    ...
[INFO] [stderr]   |       ^^^^^^^^
[INFO] [stderr] ┈┈┈┈┈┈┈┈┈┈┈┈┈┈┈┈┈┈┈┈┈┈┈┈┈┈┈┈┈┈┈┈┈┈┈┈┈┈┈┈┈┈┈┈┈┈┈┈┈┈┈┈┈┈┈┈┈┈┈┈
[INFO] [stderr] note: If the actual output is the correct output you can bless it by rerunning
[INFO] [stderr]       your test with the environment variable TRYBUILD=overwrite
[INFO] [stderr] 
[INFO] [stderr] test tests/05-field_attribute_error.rs [should fail to compile] ... mismatch
[INFO] [stderr] 
[INFO] [stderr] EXPECTED:
[INFO] [stderr] ┈┈┈┈┈┈┈┈┈┈┈┈┈┈┈┈┈┈┈┈┈┈┈┈┈┈┈┈┈┈┈┈┈┈┈┈┈┈┈┈┈┈┈┈┈┈┈┈┈┈┈┈┈┈┈┈┈┈┈┈
[INFO] [stderr] error: expected `,`
[INFO] [stderr]  --> tests/05-field_attribute_error.rs:5:79
[INFO] [stderr]   |
[INFO] [stderr] 5 |     #[dialogue(default = ["wasm-project","wasm-project2"], prompt = "请输入项目名称" options=["wasm-project","wasm-project2",123], multi_sel    ...
[INFO] [stderr]   |                                                                                      ^^^^^^^
[INFO] [stderr] ┈┈┈┈┈┈┈┈┈┈┈┈┈┈┈┈┈┈┈┈┈┈┈┈┈┈┈┈┈┈┈┈┈┈┈┈┈┈┈┈┈┈┈┈┈┈┈┈┈┈┈┈┈┈┈┈┈┈┈┈
[INFO] [stderr] 
[INFO] [stderr] ACTUAL OUTPUT:
[INFO] [stderr] ┈┈┈┈┈┈┈┈┈┈┈┈┈┈┈┈┈┈┈┈┈┈┈┈┈┈┈┈┈┈┈┈┈┈┈┈┈┈┈┈┈┈┈┈┈┈┈┈┈┈┈┈┈┈┈┈┈┈┈┈
[INFO] [stderr] error[E0432]: unresolved import `dialogue_macro`
[INFO] [stderr]  --> tests/05-field_attribute_error.rs:1:5
[INFO] [stderr]   |
[INFO] [stderr] 1 | use dialogue_macro::Dialogue;
[INFO] [stderr]   |     ^^^^^^^^^^^^^^ use of undeclared crate or module `dialogue_macro`
[INFO] [stderr]   |
[INFO] [stderr] help: there is a crate or module with a similar name
[INFO] [stderr]   |
[INFO] [stderr] 1 | use dialogue_core::Dialogue;
[INFO] [stderr]   |     ~~~~~~~~~~~~~
[INFO] [stderr] 
[INFO] [stderr] error: cannot determine resolution for the derive macro `Dialogue`
[INFO] [stderr]  --> tests/05-field_attribute_error.rs:3:10
[INFO] [stderr]   |
[INFO] [stderr] 3 | #[derive(Dialogue)]
[INFO] [stderr]   |          ^^^^^^^^
[INFO] [stderr]   |
[INFO] [stderr]   = note: import resolution is stuck, try simplifying macro imports
[INFO] [stderr] 
[INFO] [stderr] error: cannot find attribute `dialogue` in this scope
[INFO] [stderr]  --> tests/05-field_attribute_error.rs:5:7
[INFO] [stderr]   |
[INFO] [stderr] 5 |     #[dialogue(default = ["wasm-project","wasm-project2"], prompt = "请输入项目名称" options=["wasm-project","wasm-project2",123], multi_sel    ...
[INFO] [stderr]   |       ^^^^^^^^
[INFO] [stderr] ┈┈┈┈┈┈┈┈┈┈┈┈┈┈┈┈┈┈┈┈┈┈┈┈┈┈┈┈┈┈┈┈┈┈┈┈┈┈┈┈┈┈┈┈┈┈┈┈┈┈┈┈┈┈┈┈┈┈┈┈
[INFO] [stderr] note: If the actual output is the correct output you can bless it by rerunning
[INFO] [stderr]       your test with the environment variable TRYBUILD=overwrite
[INFO] [stderr] 
[INFO] [stderr] test tests/06-field_attribute_error.rs [should fail to compile] ... mismatch
[INFO] [stderr] 
[INFO] [stderr] EXPECTED:
[INFO] [stderr] ┈┈┈┈┈┈┈┈┈┈┈┈┈┈┈┈┈┈┈┈┈┈┈┈┈┈┈┈┈┈┈┈┈┈┈┈┈┈┈┈┈┈┈┈┈┈┈┈┈┈┈┈┈┈┈┈┈┈┈┈
[INFO] [stderr] error: expected literal or square brackets
[INFO] [stderr]  --> tests/06-field_attribute_error.rs:5:26
[INFO] [stderr]   |
[INFO] [stderr] 5 |     #[dialogue(default = ("wasm-project","wasm-project2"), prompt = "请输入项目名称" options=["wasm-project","wasm-project2",123], multi_sel    ...
[INFO] [stderr]   |                          ^
[INFO] [stderr] ┈┈┈┈┈┈┈┈┈┈┈┈┈┈┈┈┈┈┈┈┈┈┈┈┈┈┈┈┈┈┈┈┈┈┈┈┈┈┈┈┈┈┈┈┈┈┈┈┈┈┈┈┈┈┈┈┈┈┈┈
[INFO] [stderr] 
[INFO] [stderr] ACTUAL OUTPUT:
[INFO] [stderr] ┈┈┈┈┈┈┈┈┈┈┈┈┈┈┈┈┈┈┈┈┈┈┈┈┈┈┈┈┈┈┈┈┈┈┈┈┈┈┈┈┈┈┈┈┈┈┈┈┈┈┈┈┈┈┈┈┈┈┈┈
[INFO] [stderr] error[E0432]: unresolved import `dialogue_macro`
[INFO] [stderr]  --> tests/06-field_attribute_error.rs:1:5
[INFO] [stderr]   |
[INFO] [stderr] 1 | use dialogue_macro::Dialogue;
[INFO] [stderr]   |     ^^^^^^^^^^^^^^ use of undeclared crate or module `dialogue_macro`
[INFO] [stderr]   |
[INFO] [stderr] help: there is a crate or module with a similar name
[INFO] [stderr]   |
[INFO] [stderr] 1 | use dialogue_core::Dialogue;
[INFO] [stderr]   |     ~~~~~~~~~~~~~
[INFO] [stderr] 
[INFO] [stderr] error: cannot determine resolution for the derive macro `Dialogue`
[INFO] [stderr]  --> tests/06-field_attribute_error.rs:3:10
[INFO] [stderr]   |
[INFO] [stderr] 3 | #[derive(Dialogue)]
[INFO] [stderr]   |          ^^^^^^^^
[INFO] [stderr]   |
[INFO] [stderr]   = note: import resolution is stuck, try simplifying macro imports
[INFO] [stderr] 
[INFO] [stderr] error: cannot find attribute `dialogue` in this scope
[INFO] [stderr]  --> tests/06-field_attribute_error.rs:5:7
[INFO] [stderr]   |
[INFO] [stderr] 5 |     #[dialogue(default = ("wasm-project","wasm-project2"), prompt = "请输入项目名称" options=["wasm-project","wasm-project2",123], multi_sel    ...
[INFO] [stderr]   |       ^^^^^^^^
[INFO] [stderr] ┈┈┈┈┈┈┈┈┈┈┈┈┈┈┈┈┈┈┈┈┈┈┈┈┈┈┈┈┈┈┈┈┈┈┈┈┈┈┈┈┈┈┈┈┈┈┈┈┈┈┈┈┈┈┈┈┈┈┈┈
[INFO] [stderr] note: If the actual output is the correct output you can bless it by rerunning
[INFO] [stderr]       your test with the environment variable TRYBUILD=overwrite
[INFO] [stderr] 
[INFO] [stderr] test tests/07-finish_parse.rs [should pass] ... error
[INFO] [stderr] ┈┈┈┈┈┈┈┈┈┈┈┈┈┈┈┈┈┈┈┈┈┈┈┈┈┈┈┈┈┈┈┈┈┈┈┈┈┈┈┈┈┈┈┈┈┈┈┈┈┈┈┈┈┈┈┈┈┈┈┈
[INFO] [stderr] error[E0432]: unresolved import `dialogue_macro`
[INFO] [stderr]  --> tests/07-finish_parse.rs:1:5
[INFO] [stderr]   |
[INFO] [stderr] 1 | use dialogue_macro::Dialogue;
[INFO] [stderr]   |     ^^^^^^^^^^^^^^ use of undeclared crate or module `dialogue_macro`
[INFO] [stderr]   |
[INFO] [stderr] help: there is a crate or module with a similar name
[INFO] [stderr]   |
[INFO] [stderr] 1 | use dialogue_core::Dialogue;
[INFO] [stderr]   |     ~~~~~~~~~~~~~
[INFO] [stderr] 
[INFO] [stderr] error: cannot determine resolution for the derive macro `Dialogue`
[INFO] [stderr]  --> tests/07-finish_parse.rs:4:10
[INFO] [stderr]   |
[INFO] [stderr] 4 | #[derive(Dialogue)]
[INFO] [stderr]   |          ^^^^^^^^
[INFO] [stderr]   |
[INFO] [stderr]   = note: import resolution is stuck, try simplifying macro imports
[INFO] [stderr] 
[INFO] [stderr] error: cannot find attribute `dialogue` in this scope
[INFO] [stderr]  --> tests/07-finish_parse.rs:6:7
[INFO] [stderr]   |
[INFO] [stderr] 6 |     #[dialogue(default = true, prompt = "是否是管理员")]
[INFO] [stderr]   |       ^^^^^^^^
[INFO] [stderr] 
[INFO] [stderr] error: cannot find attribute `dialogue` in this scope
[INFO] [stderr]  --> tests/07-finish_parse.rs:8:7
[INFO] [stderr]   |
[INFO] [stderr] 8 |     #[dialogue(prompt = "请输入地址", default = "四川省达州市")]
[INFO] [stderr]   |       ^^^^^^^^
[INFO] [stderr] 
[INFO] [stderr] error: cannot find attribute `dialogue` in this scope
[INFO] [stderr]   --> tests/07-finish_parse.rs:10:7
[INFO] [stderr]    |
[INFO] [stderr] 10 |     #[dialogue(options=["张三", "李四", "王五"],default="李四")]
[INFO] [stderr]    |       ^^^^^^^^
[INFO] [stderr] 
[INFO] [stderr] error: cannot find attribute `dialogue` in this scope
[INFO] [stderr]   --> tests/07-finish_parse.rs:12:7
[INFO] [stderr]    |
[INFO] [stderr] 12 |     #[dialogue(options=["张三", "李四", "王五"],default=["李四","王五"])]
[INFO] [stderr]    |       ^^^^^^^^
[INFO] [stderr] 
[INFO] [stderr] error: cannot find attribute `dialogue` in this scope
[INFO] [stderr]   --> tests/07-finish_parse.rs:14:7
[INFO] [stderr]    |
[INFO] [stderr] 14 |     #[dialogue(
[INFO] [stderr]    |       ^^^^^^^^
[INFO] [stderr] ┈┈┈┈┈┈┈┈┈┈┈┈┈┈┈┈┈┈┈┈┈┈┈┈┈┈┈┈┈┈┈┈┈┈┈┈┈┈┈┈┈┈┈┈┈┈┈┈┈┈┈┈┈┈┈┈┈┈┈┈
[INFO] [stderr] 
[INFO] [stderr] 
[INFO] [stderr] 
[INFO] [stdout] test tests ... FAILED
[INFO] [stdout] 
[INFO] [stdout] failures:
[INFO] [stdout] 
[INFO] [stdout] ---- tests stdout ----
[INFO] [stdout] thread 'tests' panicked at /opt/rustwide/cargo-home/registry/src/index.crates.io-6f17d22bba15001f/trybuild-1.0.87/src/run.rs:101:13:
[INFO] [stdout] 7 of 7 tests failed
[INFO] [stdout] stack backtrace:
[INFO] [stdout]    0:     0x55858ab83f7c - std::backtrace_rs::backtrace::libunwind::trace::ha637c64ce894333a
[INFO] [stdout]                                at /rustc/82e1608dfa6e0b5569232559e3d385fea5a93112/library/std/src/../../backtrace/src/backtrace/libunwind.rs:104:5
[INFO] [stdout]    1:     0x55858ab83f7c - std::backtrace_rs::backtrace::trace_unsynchronized::h47f62dea28e0c88d
[INFO] [stdout]                                at /rustc/82e1608dfa6e0b5569232559e3d385fea5a93112/library/std/src/../../backtrace/src/backtrace/mod.rs:66:5
[INFO] [stdout]    2:     0x55858ab83f7c - std::sys_common::backtrace::_print_fmt::h9eef0abe20ede486
[INFO] [stdout]                                at /rustc/82e1608dfa6e0b5569232559e3d385fea5a93112/library/std/src/sys_common/backtrace.rs:67:5
[INFO] [stdout]    3:     0x55858ab83f7c - <std::sys_common::backtrace::_print::DisplayBacktrace as core::fmt::Display>::fmt::hed7f999df88cc644
[INFO] [stdout]                                at /rustc/82e1608dfa6e0b5569232559e3d385fea5a93112/library/std/src/sys_common/backtrace.rs:44:22
[INFO] [stdout]    4:     0x55858abb03b0 - core::fmt::rt::Argument::fmt::h1539a9308b8d058d
[INFO] [stdout]                                at /rustc/82e1608dfa6e0b5569232559e3d385fea5a93112/library/core/src/fmt/rt.rs:142:9
[INFO] [stdout]    5:     0x55858abb03b0 - core::fmt::write::h3a39390d8560d9c9
[INFO] [stdout]                                at /rustc/82e1608dfa6e0b5569232559e3d385fea5a93112/library/core/src/fmt/mod.rs:1120:17
[INFO] [stdout]    6:     0x55858ab80e2f - std::io::Write::write_fmt::h040b369f3a0f9cbc
[INFO] [stdout]                                at /rustc/82e1608dfa6e0b5569232559e3d385fea5a93112/library/std/src/io/mod.rs:1762:15
[INFO] [stdout]    7:     0x55858ab83d64 - std::sys_common::backtrace::_print::h894006fb5c6f3d45
[INFO] [stdout]                                at /rustc/82e1608dfa6e0b5569232559e3d385fea5a93112/library/std/src/sys_common/backtrace.rs:47:5
[INFO] [stdout]    8:     0x55858ab83d64 - std::sys_common::backtrace::print::h23a2d212c6fff936
[INFO] [stdout]                                at /rustc/82e1608dfa6e0b5569232559e3d385fea5a93112/library/std/src/sys_common/backtrace.rs:34:9
[INFO] [stdout]    9:     0x55858ab85a27 - std::panicking::default_hook::{{closure}}::h8a1d2ee00185001a
[INFO] [stdout]   10:     0x55858ab85713 - std::panicking::default_hook::h6038f2eba384e475
[INFO] [stdout]                                at /rustc/82e1608dfa6e0b5569232559e3d385fea5a93112/library/std/src/panicking.rs:289:9
[INFO] [stdout]   11:     0x55858ab54217 - <alloc::boxed::Box<F,A> as core::ops::function::Fn<Args>>::call::h0ad024c9bdc6d768
[INFO] [stdout]                                at /rustc/82e1608dfa6e0b5569232559e3d385fea5a93112/library/alloc/src/boxed.rs:2021:9
[INFO] [stdout]   12:     0x55858ab54217 - test::test_main::{{closure}}::h7500b54257359db6
[INFO] [stdout]                                at /rustc/82e1608dfa6e0b5569232559e3d385fea5a93112/library/test/src/lib.rs:138:21
[INFO] [stdout]   13:     0x55858ab86038 - <alloc::boxed::Box<F,A> as core::ops::function::Fn<Args>>::call::h1f8f335eaa9cfaee
[INFO] [stdout]                                at /rustc/82e1608dfa6e0b5569232559e3d385fea5a93112/library/alloc/src/boxed.rs:2021:9
[INFO] [stdout]   14:     0x55858ab86038 - std::panicking::rust_panic_with_hook::h2b5517d590cab22e
[INFO] [stdout]                                at /rustc/82e1608dfa6e0b5569232559e3d385fea5a93112/library/std/src/panicking.rs:783:13
[INFO] [stdout]   15:     0x55858ab85d8e - std::panicking::begin_panic_handler::{{closure}}::h233112c06e0ef43e
[INFO] [stdout]                                at /rustc/82e1608dfa6e0b5569232559e3d385fea5a93112/library/std/src/panicking.rs:657:13
[INFO] [stdout]   16:     0x55858ab84446 - std::sys_common::backtrace::__rust_end_short_backtrace::h6e893f24d7ebbff8
[INFO] [stdout]                                at /rustc/82e1608dfa6e0b5569232559e3d385fea5a93112/library/std/src/sys_common/backtrace.rs:170:18
[INFO] [stdout]   17:     0x55858ab85af2 - rust_begin_unwind
[INFO] [stdout]                                at /rustc/82e1608dfa6e0b5569232559e3d385fea5a93112/library/std/src/panicking.rs:645:5
[INFO] [stdout]   18:     0x55858a917fc5 - core::panicking::panic_fmt::hbf0e066aabfa482c
[INFO] [stdout]                                at /rustc/82e1608dfa6e0b5569232559e3d385fea5a93112/library/core/src/panicking.rs:72:14
[INFO] [stdout]   19:     0x55858a935683 - trybuild::run::<impl trybuild::Runner>::run::h031e1aa491973bea
[INFO] [stdout]                                at /opt/rustwide/cargo-home/registry/src/index.crates.io-6f17d22bba15001f/trybuild-1.0.87/src/run.rs:101:13
[INFO] [stdout]   20:     0x55858a93ae38 - <trybuild::TestCases as core::ops::drop::Drop>::drop::h0f08784e6eda73b3
[INFO] [stdout]                                at /opt/rustwide/cargo-home/registry/src/index.crates.io-6f17d22bba15001f/trybuild-1.0.87/src/lib.rs:317:13
[INFO] [stdout]   21:     0x55858a918bc7 - core::ptr::drop_in_place<trybuild::TestCases>::hb95720478ba39d92
[INFO] [stdout]                                at /rustc/82e1608dfa6e0b5569232559e3d385fea5a93112/library/core/src/ptr/mod.rs:498:1
[INFO] [stdout]   22:     0x55858a919d26 - tests::tests::hd0c897251b5abebd
[INFO] [stdout]                                at /opt/rustwide/workdir/tests/progress.rs:11:1
[INFO] [stdout]   23:     0x55858a919c27 - tests::tests::{{closure}}::h8428fe07ee1a4ee6
[INFO] [stdout]                                at /opt/rustwide/workdir/tests/progress.rs:2:11
[INFO] [stdout]   24:     0x55858a918b66 - core::ops::function::FnOnce::call_once::h3322bbce260390e5
[INFO] [stdout]                                at /rustc/82e1608dfa6e0b5569232559e3d385fea5a93112/library/core/src/ops/function.rs:250:5
[INFO] [stdout]   25:     0x55858ab5986f - core::ops::function::FnOnce::call_once::h2b5d431d5046312d
[INFO] [stdout]                                at /rustc/82e1608dfa6e0b5569232559e3d385fea5a93112/library/core/src/ops/function.rs:250:5
[INFO] [stdout]   26:     0x55858ab5986f - test::__rust_begin_short_backtrace::h7714669af176e207
[INFO] [stdout]                                at /rustc/82e1608dfa6e0b5569232559e3d385fea5a93112/library/test/src/lib.rs:628:18
[INFO] [stdout]   27:     0x55858ab58885 - test::run_test_in_process::{{closure}}::h85218797dcbcec12
[INFO] [stdout]                                at /rustc/82e1608dfa6e0b5569232559e3d385fea5a93112/library/test/src/lib.rs:651:60
[INFO] [stdout]   28:     0x55858ab58885 - <core::panic::unwind_safe::AssertUnwindSafe<F> as core::ops::function::FnOnce<()>>::call_once::h76c106ea31c14d7b
[INFO] [stdout]                                at /rustc/82e1608dfa6e0b5569232559e3d385fea5a93112/library/core/src/panic/unwind_safe.rs:272:9
[INFO] [stdout]   29:     0x55858ab58885 - std::panicking::try::do_call::h3bd5d0f6620ee946
[INFO] [stdout]                                at /rustc/82e1608dfa6e0b5569232559e3d385fea5a93112/library/std/src/panicking.rs:552:40
[INFO] [stdout]   30:     0x55858ab58885 - std::panicking::try::h232e535e4744fe31
[INFO] [stdout]                                at /rustc/82e1608dfa6e0b5569232559e3d385fea5a93112/library/std/src/panicking.rs:516:19
[INFO] [stdout]   31:     0x55858ab58885 - std::panic::catch_unwind::h3ce3bd6ca8dbac68
[INFO] [stdout]                                at /rustc/82e1608dfa6e0b5569232559e3d385fea5a93112/library/std/src/panic.rs:142:14
[INFO] [stdout]   32:     0x55858ab58885 - test::run_test_in_process::hc97b257c9621286a
[INFO] [stdout]                                at /rustc/82e1608dfa6e0b5569232559e3d385fea5a93112/library/test/src/lib.rs:651:27
[INFO] [stdout]   33:     0x55858ab58885 - test::run_test::{{closure}}::h2aa798823a438d38
[INFO] [stdout]                                at /rustc/82e1608dfa6e0b5569232559e3d385fea5a93112/library/test/src/lib.rs:574:43
[INFO] [stdout]   34:     0x55858ab20b46 - test::run_test::{{closure}}::h87d231c78fb59832
[INFO] [stdout]                                at /rustc/82e1608dfa6e0b5569232559e3d385fea5a93112/library/test/src/lib.rs:602:41
[INFO] [stdout]   35:     0x55858ab20b46 - std::sys_common::backtrace::__rust_begin_short_backtrace::he6df152596625789
[INFO] [stdout]                                at /rustc/82e1608dfa6e0b5569232559e3d385fea5a93112/library/std/src/sys_common/backtrace.rs:154:18
[INFO] [stdout]   36:     0x55858ab25bf7 - std::thread::Builder::spawn_unchecked_::{{closure}}::{{closure}}::ha94be15d1e0acf36
[INFO] [stdout]                                at /rustc/82e1608dfa6e0b5569232559e3d385fea5a93112/library/std/src/thread/mod.rs:529:17
[INFO] [stdout]   37:     0x55858ab25bf7 - <core::panic::unwind_safe::AssertUnwindSafe<F> as core::ops::function::FnOnce<()>>::call_once::h9dc6bd6372f16606
[INFO] [stdout]                                at /rustc/82e1608dfa6e0b5569232559e3d385fea5a93112/library/core/src/panic/unwind_safe.rs:272:9
[INFO] [stdout]   38:     0x55858ab25bf7 - std::panicking::try::do_call::h9057517f80303cd4
[INFO] [stdout]                                at /rustc/82e1608dfa6e0b5569232559e3d385fea5a93112/library/std/src/panicking.rs:552:40
[INFO] [stdout]   39:     0x55858ab25bf7 - std::panicking::try::he3a30b11ee45340c
[INFO] [stdout]                                at /rustc/82e1608dfa6e0b5569232559e3d385fea5a93112/library/std/src/panicking.rs:516:19
[INFO] [stdout]   40:     0x55858ab25bf7 - std::panic::catch_unwind::h410458cfd3528b8b
[INFO] [stdout]                                at /rustc/82e1608dfa6e0b5569232559e3d385fea5a93112/library/std/src/panic.rs:142:14
[INFO] [stdout]   41:     0x55858ab25bf7 - std::thread::Builder::spawn_unchecked_::{{closure}}::h72ac3bdb567b737b
[INFO] [stdout]                                at /rustc/82e1608dfa6e0b5569232559e3d385fea5a93112/library/std/src/thread/mod.rs:528:30
[INFO] [stdout]   42:     0x55858ab25bf7 - core::ops::function::FnOnce::call_once{{vtable.shim}}::h38f34da3654a8344
[INFO] [stdout]                                at /rustc/82e1608dfa6e0b5569232559e3d385fea5a93112/library/core/src/ops/function.rs:250:5
[INFO] [stdout]   43:     0x55858ab8bc15 - <alloc::boxed::Box<F,A> as core::ops::function::FnOnce<Args>>::call_once::hc7eafaff61e32df9
[INFO] [stdout]                                at /rustc/82e1608dfa6e0b5569232559e3d385fea5a93112/library/alloc/src/boxed.rs:2007:9
[INFO] [stdout]   44:     0x55858ab8bc15 - <alloc::boxed::Box<F,A> as core::ops::function::FnOnce<Args>>::call_once::h6ba4a5de48dd2304
[INFO] [stdout]                                at /rustc/82e1608dfa6e0b5569232559e3d385fea5a93112/library/alloc/src/boxed.rs:2007:9
[INFO] [stdout]   45:     0x55858ab8bc15 - std::sys::unix::thread::Thread::new::thread_start::he469335aef763e45
[INFO] [stdout]                                at /rustc/82e1608dfa6e0b5569232559e3d385fea5a93112/library/std/src/sys/unix/thread.rs:108:17
[INFO] [stdout]   46:     0x7fdee527aac3 - <unknown>
[INFO] [stdout]   47:     0x7fdee530bbf4 - __clone
[INFO] [stdout]   48:                0x0 - <unknown>
[INFO] [stdout] 
[INFO] [stdout] 
[INFO] [stdout] failures:
[INFO] [stdout]     tests
[INFO] [stdout] 
[INFO] [stdout] test result: FAILED. 0 passed; 1 failed; 0 ignored; 0 measured; 0 filtered out; finished in 7.21s
[INFO] [stdout] 
[INFO] [stderr] error: test failed, to rerun pass `--test tests`
[INFO] running `Command { std: "docker" "inspect" "851ff68dd98c8d9c966d6ffd7e41def94cda58b6bea7681031284ce4f0840c07", kill_on_drop: false }`
[INFO] running `Command { std: "docker" "rm" "-f" "851ff68dd98c8d9c966d6ffd7e41def94cda58b6bea7681031284ce4f0840c07", kill_on_drop: false }`
[INFO] [stdout] 851ff68dd98c8d9c966d6ffd7e41def94cda58b6bea7681031284ce4f0840c07
[INFO] testing dialogue-core-0.1.0 against beta-2023-12-22 for beta-1.76-1
[INFO] extracting crate dialogue-core 0.1.0 into /workspace/builds/worker-1-tc2/source
[INFO] validating manifest of crates.io crate dialogue-core 0.1.0 on toolchain beta-2023-12-22
[INFO] running `Command { std: CARGO_HOME="/workspace/cargo-home" RUSTUP_HOME="/workspace/rustup-home" "/workspace/cargo-home/bin/cargo" "+beta-2023-12-22" "metadata" "--manifest-path" "Cargo.toml" "--no-deps", kill_on_drop: false }`
[INFO] started tweaking crates.io crate dialogue-core 0.1.0
[INFO] removed 0 missing tests
[INFO] finished tweaking crates.io crate dialogue-core 0.1.0
[INFO] tweaked toml for crates.io crate dialogue-core 0.1.0 written to /workspace/builds/worker-1-tc2/source/Cargo.toml
[INFO] running `Command { std: CARGO_HOME="/workspace/cargo-home" RUSTUP_HOME="/workspace/rustup-home" "/workspace/cargo-home/bin/cargo" "+beta-2023-12-22" "generate-lockfile" "--manifest-path" "Cargo.toml", kill_on_drop: false }`
[INFO] [stderr]     Updating crates.io index
[INFO] running `Command { std: CARGO_HOME="/workspace/cargo-home" RUSTUP_HOME="/workspace/rustup-home" "/workspace/cargo-home/bin/cargo" "+beta-2023-12-22" "fetch" "--manifest-path" "Cargo.toml", kill_on_drop: false }`
[INFO] running `Command { std: "docker" "create" "-v" "/var/lib/crater-agent-workspace/builds/worker-1-tc2/target:/opt/rustwide/target:rw,Z" "-v" "/var/lib/crater-agent-workspace/builds/worker-1-tc2/source:/opt/rustwide/workdir:ro,Z" "-v" "/var/lib/crater-agent-workspace/cargo-home:/opt/rustwide/cargo-home:ro,Z" "-v" "/var/lib/crater-agent-workspace/rustup-home:/opt/rustwide/rustup-home:ro,Z" "-e" "SOURCE_DIR=/opt/rustwide/workdir" "-e" "CARGO_TARGET_DIR=/opt/rustwide/target" "-e" "CARGO_HOME=/opt/rustwide/cargo-home" "-e" "RUSTUP_HOME=/opt/rustwide/rustup-home" "-w" "/opt/rustwide/workdir" "-m" "1610612736" "--user" "0:0" "--network" "none" "ghcr.io/rust-lang/crates-build-env/linux@sha256:2788e3201cd34a07e3172128adcd8b3090168a8e3bcc40d7c032b9dda1df7d1c" "/opt/rustwide/cargo-home/bin/cargo" "+beta-2023-12-22" "metadata" "--no-deps" "--format-version=1", kill_on_drop: false }`
[INFO] [stdout] 6989a92fdd67a16bd4f54e3e4145b6f56d32def8dcd1eff9c88fa895710998b0
[INFO] running `Command { std: "docker" "start" "-a" "6989a92fdd67a16bd4f54e3e4145b6f56d32def8dcd1eff9c88fa895710998b0", kill_on_drop: false }`
[INFO] running `Command { std: "docker" "inspect" "6989a92fdd67a16bd4f54e3e4145b6f56d32def8dcd1eff9c88fa895710998b0", kill_on_drop: false }`
[INFO] running `Command { std: "docker" "rm" "-f" "6989a92fdd67a16bd4f54e3e4145b6f56d32def8dcd1eff9c88fa895710998b0", kill_on_drop: false }`
[INFO] [stdout] 6989a92fdd67a16bd4f54e3e4145b6f56d32def8dcd1eff9c88fa895710998b0
[INFO] running `Command { std: "docker" "create" "-v" "/var/lib/crater-agent-workspace/builds/worker-1-tc2/target:/opt/rustwide/target:rw,Z" "-v" "/var/lib/crater-agent-workspace/builds/worker-1-tc2/source:/opt/rustwide/workdir:ro,Z" "-v" "/var/lib/crater-agent-workspace/cargo-home:/opt/rustwide/cargo-home:ro,Z" "-v" "/var/lib/crater-agent-workspace/rustup-home:/opt/rustwide/rustup-home:ro,Z" "-e" "SOURCE_DIR=/opt/rustwide/workdir" "-e" "CARGO_TARGET_DIR=/opt/rustwide/target" "-e" "CARGO_INCREMENTAL=0" "-e" "RUST_BACKTRACE=full" "-e" "RUSTFLAGS=--cap-lints=warn" "-e" "RUSTDOCFLAGS=--cap-lints=warn" "-e" "CARGO_HOME=/opt/rustwide/cargo-home" "-e" "RUSTUP_HOME=/opt/rustwide/rustup-home" "-w" "/opt/rustwide/workdir" "-m" "1610612736" "--user" "0:0" "--network" "none" "ghcr.io/rust-lang/crates-build-env/linux@sha256:2788e3201cd34a07e3172128adcd8b3090168a8e3bcc40d7c032b9dda1df7d1c" "/opt/rustwide/cargo-home/bin/cargo" "+beta-2023-12-22" "build" "--frozen" "--message-format=json", kill_on_drop: false }`
[INFO] [stdout] 390d33cd99ed5e458be5027e9f84455d9b6557828d89f7810e028065848ef407
[INFO] running `Command { std: "docker" "start" "-a" "390d33cd99ed5e458be5027e9f84455d9b6557828d89f7810e028065848ef407", kill_on_drop: false }`
[INFO] [stderr]    Compiling syn v2.0.48
[INFO] [stderr]    Compiling dialogue-core v0.1.0 (/opt/rustwide/workdir)
[INFO] [stderr]     Finished dev [unoptimized + debuginfo] target(s) in 3.51s
[INFO] running `Command { std: "docker" "inspect" "390d33cd99ed5e458be5027e9f84455d9b6557828d89f7810e028065848ef407", kill_on_drop: false }`
[INFO] running `Command { std: "docker" "rm" "-f" "390d33cd99ed5e458be5027e9f84455d9b6557828d89f7810e028065848ef407", kill_on_drop: false }`
[INFO] [stdout] 390d33cd99ed5e458be5027e9f84455d9b6557828d89f7810e028065848ef407
[INFO] running `Command { std: "docker" "create" "-v" "/var/lib/crater-agent-workspace/builds/worker-1-tc2/target:/opt/rustwide/target:rw,Z" "-v" "/var/lib/crater-agent-workspace/builds/worker-1-tc2/source:/opt/rustwide/workdir:ro,Z" "-v" "/var/lib/crater-agent-workspace/cargo-home:/opt/rustwide/cargo-home:ro,Z" "-v" "/var/lib/crater-agent-workspace/rustup-home:/opt/rustwide/rustup-home:ro,Z" "-e" "SOURCE_DIR=/opt/rustwide/workdir" "-e" "CARGO_TARGET_DIR=/opt/rustwide/target" "-e" "CARGO_INCREMENTAL=0" "-e" "RUST_BACKTRACE=full" "-e" "RUSTFLAGS=--cap-lints=warn" "-e" "RUSTDOCFLAGS=--cap-lints=warn" "-e" "CARGO_HOME=/opt/rustwide/cargo-home" "-e" "RUSTUP_HOME=/opt/rustwide/rustup-home" "-w" "/opt/rustwide/workdir" "-m" "1610612736" "--user" "0:0" "--network" "none" "ghcr.io/rust-lang/crates-build-env/linux@sha256:2788e3201cd34a07e3172128adcd8b3090168a8e3bcc40d7c032b9dda1df7d1c" "/opt/rustwide/cargo-home/bin/cargo" "+beta-2023-12-22" "test" "--frozen" "--no-run" "--message-format=json", kill_on_drop: false }`
[INFO] [stdout] 0fee84eade1fe1ad2e47e336a9a881cae15681bec174b8b61705e0054a379a01
[INFO] running `Command { std: "docker" "start" "-a" "0fee84eade1fe1ad2e47e336a9a881cae15681bec174b8b61705e0054a379a01", kill_on_drop: false }`
[INFO] [stderr]    Compiling serde v1.0.194
[INFO] [stderr]    Compiling trybuild v1.0.87
[INFO] [stderr]    Compiling termcolor v1.4.0
[INFO] [stderr]    Compiling dissimilar v1.0.7
[INFO] [stderr]    Compiling syn v2.0.48
[INFO] [stderr]    Compiling basic-toml v0.1.8
[INFO] [stderr]    Compiling serde_json v1.0.111
[INFO] [stderr]    Compiling serde_derive v1.0.194
[INFO] [stderr]    Compiling dialogue-core v0.1.0 (/opt/rustwide/workdir)
[INFO] [stderr]     Finished test [unoptimized + debuginfo] target(s) in 6.84s
[INFO] running `Command { std: "docker" "inspect" "0fee84eade1fe1ad2e47e336a9a881cae15681bec174b8b61705e0054a379a01", kill_on_drop: false }`
[INFO] running `Command { std: "docker" "rm" "-f" "0fee84eade1fe1ad2e47e336a9a881cae15681bec174b8b61705e0054a379a01", kill_on_drop: false }`
[INFO] [stdout] 0fee84eade1fe1ad2e47e336a9a881cae15681bec174b8b61705e0054a379a01
[INFO] running `Command { std: "docker" "create" "-v" "/var/lib/crater-agent-workspace/builds/worker-1-tc2/target:/opt/rustwide/target:rw,Z" "-v" "/var/lib/crater-agent-workspace/builds/worker-1-tc2/source:/opt/rustwide/workdir:ro,Z" "-v" "/var/lib/crater-agent-workspace/cargo-home:/opt/rustwide/cargo-home:ro,Z" "-v" "/var/lib/crater-agent-workspace/rustup-home:/opt/rustwide/rustup-home:ro,Z" "-e" "SOURCE_DIR=/opt/rustwide/workdir" "-e" "CARGO_TARGET_DIR=/opt/rustwide/target" "-e" "CARGO_INCREMENTAL=0" "-e" "RUST_BACKTRACE=full" "-e" "RUSTFLAGS=--cap-lints=warn" "-e" "RUSTDOCFLAGS=--cap-lints=warn" "-e" "CARGO_HOME=/opt/rustwide/cargo-home" "-e" "RUSTUP_HOME=/opt/rustwide/rustup-home" "-w" "/opt/rustwide/workdir" "-m" "1610612736" "--user" "0:0" "--network" "none" "ghcr.io/rust-lang/crates-build-env/linux@sha256:2788e3201cd34a07e3172128adcd8b3090168a8e3bcc40d7c032b9dda1df7d1c" "/opt/rustwide/cargo-home/bin/cargo" "+beta-2023-12-22" "test" "--frozen", kill_on_drop: false }`
[INFO] [stdout] f30f0f0e57f4f1ee235297e687fef284fc82b931a8a94ff80ecc00e0c9b49bce
[INFO] running `Command { std: "docker" "start" "-a" "f30f0f0e57f4f1ee235297e687fef284fc82b931a8a94ff80ecc00e0c9b49bce", kill_on_drop: false }`
[INFO] [stderr]     Finished test [unoptimized + debuginfo] target(s) in 0.01s
[INFO] [stderr]      Running unittests src/lib.rs (/opt/rustwide/target/debug/deps/dialogue_core-fdcfc0780de0db52)
[INFO] [stdout] 
[INFO] [stdout] running 0 tests
[INFO] [stdout] 
[INFO] [stdout] test result: ok. 0 passed; 0 failed; 0 ignored; 0 measured; 0 filtered out; finished in 0.00s
[INFO] [stdout] 
[INFO] [stderr]      Running tests/progress.rs (/opt/rustwide/target/debug/deps/tests-8506773fa18760c1)
[INFO] [stdout] 
[INFO] [stdout] running 1 test
[INFO] [stderr]    Compiling proc-macro2 v1.0.75
[INFO] [stderr]    Compiling unicode-ident v1.0.12
[INFO] [stderr]    Compiling quote v1.0.35
[INFO] [stderr]    Compiling syn v2.0.48
[INFO] [stderr]    Compiling dialogue-core v0.1.0 (/opt/rustwide/workdir)
[INFO] [stderr]    Compiling dialogue-core-tests v0.0.0 (/opt/rustwide/target/tests/trybuild/dialogue-core)
[INFO] [stderr]     Finished dev [unoptimized + debuginfo] target(s) in 4.46s
[INFO] [stderr] 
[INFO] [stderr] 
[INFO] [stderr] test tests/01-parse.rs [should pass] ... error
[INFO] [stderr] ┈┈┈┈┈┈┈┈┈┈┈┈┈┈┈┈┈┈┈┈┈┈┈┈┈┈┈┈┈┈┈┈┈┈┈┈┈┈┈┈┈┈┈┈┈┈┈┈┈┈┈┈┈┈┈┈┈┈┈┈
[INFO] [stderr] error[E0432]: unresolved import `dialogue_macro`
[INFO] [stderr]  --> tests/01-parse.rs:1:5
[INFO] [stderr]   |
[INFO] [stderr] 1 | use dialogue_macro::Dialogue;
[INFO] [stderr]   |     ^^^^^^^^^^^^^^ use of undeclared crate or module `dialogue_macro`
[INFO] [stderr]   |
[INFO] [stderr] help: there is a crate or module with a similar name
[INFO] [stderr]   |
[INFO] [stderr] 1 | use dialogue_core::Dialogue;
[INFO] [stderr]   |     ~~~~~~~~~~~~~
[INFO] [stderr] 
[INFO] [stderr] error: cannot determine resolution for the derive macro `Dialogue`
[INFO] [stderr]  --> tests/01-parse.rs:3:10
[INFO] [stderr]   |
[INFO] [stderr] 3 | #[derive(Dialogue)]
[INFO] [stderr]   |          ^^^^^^^^
[INFO] [stderr]   |
[INFO] [stderr]   = note: import resolution is stuck, try simplifying macro imports
[INFO] [stderr] 
[INFO] [stderr] error: cannot find attribute `dialogue` in this scope
[INFO] [stderr]  --> tests/01-parse.rs:6:7
[INFO] [stderr]   |
[INFO] [stderr] 6 |     #[dialogue(options=["a","b","c"])]
[INFO] [stderr]   |       ^^^^^^^^
[INFO] [stderr] ┈┈┈┈┈┈┈┈┈┈┈┈┈┈┈┈┈┈┈┈┈┈┈┈┈┈┈┈┈┈┈┈┈┈┈┈┈┈┈┈┈┈┈┈┈┈┈┈┈┈┈┈┈┈┈┈┈┈┈┈
[INFO] [stderr] 
[INFO] [stderr] test tests/02-named_field.rs [should fail to compile] ... mismatch
[INFO] [stderr] 
[INFO] [stderr] EXPECTED:
[INFO] [stderr] ┈┈┈┈┈┈┈┈┈┈┈┈┈┈┈┈┈┈┈┈┈┈┈┈┈┈┈┈┈┈┈┈┈┈┈┈┈┈┈┈┈┈┈┈┈┈┈┈┈┈┈┈┈┈┈┈┈┈┈┈
[INFO] [stderr] error: only support named struct
[INFO] [stderr]  --> tests/02-named_field.rs:3:10
[INFO] [stderr]   |
[INFO] [stderr] 3 | #[derive(Dialogue)]
[INFO] [stderr]   |          ^^^^^^^^
[INFO] [stderr]   |
[INFO] [stderr]   = note: this error originates in the derive macro `Dialogue` (in Nightly builds, run with -Z macro-backtrace for more info)
[INFO] [stderr] ┈┈┈┈┈┈┈┈┈┈┈┈┈┈┈┈┈┈┈┈┈┈┈┈┈┈┈┈┈┈┈┈┈┈┈┈┈┈┈┈┈┈┈┈┈┈┈┈┈┈┈┈┈┈┈┈┈┈┈┈
[INFO] [stderr] 
[INFO] [stderr] ACTUAL OUTPUT:
[INFO] [stderr] ┈┈┈┈┈┈┈┈┈┈┈┈┈┈┈┈┈┈┈┈┈┈┈┈┈┈┈┈┈┈┈┈┈┈┈┈┈┈┈┈┈┈┈┈┈┈┈┈┈┈┈┈┈┈┈┈┈┈┈┈
[INFO] [stderr] error[E0432]: unresolved import `dialogue_macro`
[INFO] [stderr]  --> tests/02-named_field.rs:1:5
[INFO] [stderr]   |
[INFO] [stderr] 1 | use dialogue_macro::Dialogue;
[INFO] [stderr]   |     ^^^^^^^^^^^^^^ use of undeclared crate or module `dialogue_macro`
[INFO] [stderr]   |
[INFO] [stderr] help: there is a crate or module with a similar name
[INFO] [stderr]   |
[INFO] [stderr] 1 | use dialogue_core::Dialogue;
[INFO] [stderr]   |     ~~~~~~~~~~~~~
[INFO] [stderr] 
[INFO] [stderr] error: cannot determine resolution for the derive macro `Dialogue`
[INFO] [stderr]  --> tests/02-named_field.rs:3:10
[INFO] [stderr]   |
[INFO] [stderr] 3 | #[derive(Dialogue)]
[INFO] [stderr]   |          ^^^^^^^^
[INFO] [stderr]   |
[INFO] [stderr]   = note: import resolution is stuck, try simplifying macro imports
[INFO] [stderr] ┈┈┈┈┈┈┈┈┈┈┈┈┈┈┈┈┈┈┈┈┈┈┈┈┈┈┈┈┈┈┈┈┈┈┈┈┈┈┈┈┈┈┈┈┈┈┈┈┈┈┈┈┈┈┈┈┈┈┈┈
[INFO] [stderr] note: If the actual output is the correct output you can bless it by rerunning
[INFO] [stderr]       your test with the environment variable TRYBUILD=overwrite
[INFO] [stderr] 
[INFO] [stderr] test tests/03-parse_field_attribute.rs [should pass] ... error
[INFO] [stderr] ┈┈┈┈┈┈┈┈┈┈┈┈┈┈┈┈┈┈┈┈┈┈┈┈┈┈┈┈┈┈┈┈┈┈┈┈┈┈┈┈┈┈┈┈┈┈┈┈┈┈┈┈┈┈┈┈┈┈┈┈
[INFO] [stderr] error[E0432]: unresolved import `dialogue_macro`
[INFO] [stderr]  --> tests/03-parse_field_attribute.rs:1:5
[INFO] [stderr]   |
[INFO] [stderr] 1 | use dialogue_macro::Dialogue;
[INFO] [stderr]   |     ^^^^^^^^^^^^^^ use of undeclared crate or module `dialogue_macro`
[INFO] [stderr]   |
[INFO] [stderr] help: there is a crate or module with a similar name
[INFO] [stderr]   |
[INFO] [stderr] 1 | use dialogue_core::Dialogue;
[INFO] [stderr]   |     ~~~~~~~~~~~~~
[INFO] [stderr] 
[INFO] [stderr] error: cannot determine resolution for the derive macro `Dialogue`
[INFO] [stderr]  --> tests/03-parse_field_attribute.rs:3:10
[INFO] [stderr]   |
[INFO] [stderr] 3 | #[derive(Dialogue)]
[INFO] [stderr]   |          ^^^^^^^^
[INFO] [stderr]   |
[INFO] [stderr]   = note: import resolution is stuck, try simplifying macro imports
[INFO] [stderr] 
[INFO] [stderr] error: cannot find attribute `dialogue` in this scope
[INFO] [stderr]  --> tests/03-parse_field_attribute.rs:5:7
[INFO] [stderr]   |
[INFO] [stderr] 5 |     #[dialogue(default = "wasm-project", prompt = "请输入项目名称" ,options=["wasm-project","wasm-project2"])]
[INFO] [stderr]   |       ^^^^^^^^
[INFO] [stderr] ┈┈┈┈┈┈┈┈┈┈┈┈┈┈┈┈┈┈┈┈┈┈┈┈┈┈┈┈┈┈┈┈┈┈┈┈┈┈┈┈┈┈┈┈┈┈┈┈┈┈┈┈┈┈┈┈┈┈┈┈
[INFO] [stderr] 
[INFO] [stderr] test tests/04-field_attribute_error.rs [should fail to compile] ... mismatch
[INFO] [stderr] 
[INFO] [stderr] EXPECTED:
[INFO] [stderr] ┈┈┈┈┈┈┈┈┈┈┈┈┈┈┈┈┈┈┈┈┈┈┈┈┈┈┈┈┈┈┈┈┈┈┈┈┈┈┈┈┈┈┈┈┈┈┈┈┈┈┈┈┈┈┈┈┈┈┈┈
[INFO] [stderr] error: only support default, prompt, options
[INFO] [stderr]  --> tests/04-field_attribute_error.rs:5:16
[INFO] [stderr]   |
[INFO] [stderr] 5 |     #[dialogue(default1 = "wasm-project", prompt = "请输入项目名称" ,options=["wasm-project","wasm-project2",123], multi_select = true)]    ...
[INFO] [stderr]   |                ^^^^^^^^
[INFO] [stderr] ┈┈┈┈┈┈┈┈┈┈┈┈┈┈┈┈┈┈┈┈┈┈┈┈┈┈┈┈┈┈┈┈┈┈┈┈┈┈┈┈┈┈┈┈┈┈┈┈┈┈┈┈┈┈┈┈┈┈┈┈
[INFO] [stderr] 
[INFO] [stderr] ACTUAL OUTPUT:
[INFO] [stderr] ┈┈┈┈┈┈┈┈┈┈┈┈┈┈┈┈┈┈┈┈┈┈┈┈┈┈┈┈┈┈┈┈┈┈┈┈┈┈┈┈┈┈┈┈┈┈┈┈┈┈┈┈┈┈┈┈┈┈┈┈
[INFO] [stderr] error[E0432]: unresolved import `dialogue_macro`
[INFO] [stderr]  --> tests/04-field_attribute_error.rs:1:5
[INFO] [stderr]   |
[INFO] [stderr] 1 | use dialogue_macro::Dialogue;
[INFO] [stderr]   |     ^^^^^^^^^^^^^^ use of undeclared crate or module `dialogue_macro`
[INFO] [stderr]   |
[INFO] [stderr] help: there is a crate or module with a similar name
[INFO] [stderr]   |
[INFO] [stderr] 1 | use dialogue_core::Dialogue;
[INFO] [stderr]   |     ~~~~~~~~~~~~~
[INFO] [stderr] 
[INFO] [stderr] error: cannot determine resolution for the derive macro `Dialogue`
[INFO] [stderr]  --> tests/04-field_attribute_error.rs:3:10
[INFO] [stderr]   |
[INFO] [stderr] 3 | #[derive(Dialogue)]
[INFO] [stderr]   |          ^^^^^^^^
[INFO] [stderr]   |
[INFO] [stderr]   = note: import resolution is stuck, try simplifying macro imports
[INFO] [stderr] 
[INFO] [stderr] error: cannot find attribute `dialogue` in this scope
[INFO] [stderr]  --> tests/04-field_attribute_error.rs:5:7
[INFO] [stderr]   |
[INFO] [stderr] 5 |     #[dialogue(default1 = "wasm-project", prompt = "请输入项目名称" ,options=["wasm-project","wasm-project2",123], multi_select = true)]    ...
[INFO] [stderr]   |       ^^^^^^^^
[INFO] [stderr] ┈┈┈┈┈┈┈┈┈┈┈┈┈┈┈┈┈┈┈┈┈┈┈┈┈┈┈┈┈┈┈┈┈┈┈┈┈┈┈┈┈┈┈┈┈┈┈┈┈┈┈┈┈┈┈┈┈┈┈┈
[INFO] [stderr] note: If the actual output is the correct output you can bless it by rerunning
[INFO] [stderr]       your test with the environment variable TRYBUILD=overwrite
[INFO] [stderr] 
[INFO] [stderr] test tests/05-field_attribute_error.rs [should fail to compile] ... mismatch
[INFO] [stderr] 
[INFO] [stderr] EXPECTED:
[INFO] [stderr] ┈┈┈┈┈┈┈┈┈┈┈┈┈┈┈┈┈┈┈┈┈┈┈┈┈┈┈┈┈┈┈┈┈┈┈┈┈┈┈┈┈┈┈┈┈┈┈┈┈┈┈┈┈┈┈┈┈┈┈┈
[INFO] [stderr] error: expected `,`
[INFO] [stderr]  --> tests/05-field_attribute_error.rs:5:79
[INFO] [stderr]   |
[INFO] [stderr] 5 |     #[dialogue(default = ["wasm-project","wasm-project2"], prompt = "请输入项目名称" options=["wasm-project","wasm-project2",123], multi_sel    ...
[INFO] [stderr]   |                                                                                      ^^^^^^^
[INFO] [stderr] ┈┈┈┈┈┈┈┈┈┈┈┈┈┈┈┈┈┈┈┈┈┈┈┈┈┈┈┈┈┈┈┈┈┈┈┈┈┈┈┈┈┈┈┈┈┈┈┈┈┈┈┈┈┈┈┈┈┈┈┈
[INFO] [stderr] 
[INFO] [stderr] ACTUAL OUTPUT:
[INFO] [stderr] ┈┈┈┈┈┈┈┈┈┈┈┈┈┈┈┈┈┈┈┈┈┈┈┈┈┈┈┈┈┈┈┈┈┈┈┈┈┈┈┈┈┈┈┈┈┈┈┈┈┈┈┈┈┈┈┈┈┈┈┈
[INFO] [stderr] error[E0432]: unresolved import `dialogue_macro`
[INFO] [stderr]  --> tests/05-field_attribute_error.rs:1:5
[INFO] [stderr]   |
[INFO] [stderr] 1 | use dialogue_macro::Dialogue;
[INFO] [stderr]   |     ^^^^^^^^^^^^^^ use of undeclared crate or module `dialogue_macro`
[INFO] [stderr]   |
[INFO] [stderr] help: there is a crate or module with a similar name
[INFO] [stderr]   |
[INFO] [stderr] 1 | use dialogue_core::Dialogue;
[INFO] [stderr]   |     ~~~~~~~~~~~~~
[INFO] [stderr] 
[INFO] [stderr] error: cannot determine resolution for the derive macro `Dialogue`
[INFO] [stderr]  --> tests/05-field_attribute_error.rs:3:10
[INFO] [stderr]   |
[INFO] [stderr] 3 | #[derive(Dialogue)]
[INFO] [stderr]   |          ^^^^^^^^
[INFO] [stderr]   |
[INFO] [stderr]   = note: import resolution is stuck, try simplifying macro imports
[INFO] [stderr] 
[INFO] [stderr] error: cannot find attribute `dialogue` in this scope
[INFO] [stderr]  --> tests/05-field_attribute_error.rs:5:7
[INFO] [stderr]   |
[INFO] [stderr] 5 |     #[dialogue(default = ["wasm-project","wasm-project2"], prompt = "请输入项目名称" options=["wasm-project","wasm-project2",123], multi_sel    ...
[INFO] [stderr]   |       ^^^^^^^^
[INFO] [stderr] ┈┈┈┈┈┈┈┈┈┈┈┈┈┈┈┈┈┈┈┈┈┈┈┈┈┈┈┈┈┈┈┈┈┈┈┈┈┈┈┈┈┈┈┈┈┈┈┈┈┈┈┈┈┈┈┈┈┈┈┈
[INFO] [stderr] note: If the actual output is the correct output you can bless it by rerunning
[INFO] [stderr]       your test with the environment variable TRYBUILD=overwrite
[INFO] [stderr] 
[INFO] [stderr] test tests/06-field_attribute_error.rs [should fail to compile] ... mismatch
[INFO] [stderr] 
[INFO] [stderr] EXPECTED:
[INFO] [stderr] ┈┈┈┈┈┈┈┈┈┈┈┈┈┈┈┈┈┈┈┈┈┈┈┈┈┈┈┈┈┈┈┈┈┈┈┈┈┈┈┈┈┈┈┈┈┈┈┈┈┈┈┈┈┈┈┈┈┈┈┈
[INFO] [stderr] error: expected literal or square brackets
[INFO] [stderr]  --> tests/06-field_attribute_error.rs:5:26
[INFO] [stderr]   |
[INFO] [stderr] 5 |     #[dialogue(default = ("wasm-project","wasm-project2"), prompt = "请输入项目名称" options=["wasm-project","wasm-project2",123], multi_sel    ...
[INFO] [stderr]   |                          ^
[INFO] [stderr] ┈┈┈┈┈┈┈┈┈┈┈┈┈┈┈┈┈┈┈┈┈┈┈┈┈┈┈┈┈┈┈┈┈┈┈┈┈┈┈┈┈┈┈┈┈┈┈┈┈┈┈┈┈┈┈┈┈┈┈┈
[INFO] [stderr] 
[INFO] [stderr] ACTUAL OUTPUT:
[INFO] [stderr] ┈┈┈┈┈┈┈┈┈┈┈┈┈┈┈┈┈┈┈┈┈┈┈┈┈┈┈┈┈┈┈┈┈┈┈┈┈┈┈┈┈┈┈┈┈┈┈┈┈┈┈┈┈┈┈┈┈┈┈┈
[INFO] [stderr] error[E0432]: unresolved import `dialogue_macro`
[INFO] [stderr]  --> tests/06-field_attribute_error.rs:1:5
[INFO] [stderr]   |
[INFO] [stderr] 1 | use dialogue_macro::Dialogue;
[INFO] [stderr]   |     ^^^^^^^^^^^^^^ use of undeclared crate or module `dialogue_macro`
[INFO] [stderr]   |
[INFO] [stderr] help: there is a crate or module with a similar name
[INFO] [stderr]   |
[INFO] [stderr] 1 | use dialogue_core::Dialogue;
[INFO] [stderr]   |     ~~~~~~~~~~~~~
[INFO] [stderr] 
[INFO] [stderr] error: cannot determine resolution for the derive macro `Dialogue`
[INFO] [stderr]  --> tests/06-field_attribute_error.rs:3:10
[INFO] [stderr]   |
[INFO] [stderr] 3 | #[derive(Dialogue)]
[INFO] [stderr]   |          ^^^^^^^^
[INFO] [stderr]   |
[INFO] [stderr]   = note: import resolution is stuck, try simplifying macro imports
[INFO] [stderr] 
[INFO] [stderr] error: cannot find attribute `dialogue` in this scope
[INFO] [stderr]  --> tests/06-field_attribute_error.rs:5:7
[INFO] [stderr]   |
[INFO] [stderr] 5 |     #[dialogue(default = ("wasm-project","wasm-project2"), prompt = "请输入项目名称" options=["wasm-project","wasm-project2",123], multi_sel    ...
[INFO] [stderr]   |       ^^^^^^^^
[INFO] [stderr] ┈┈┈┈┈┈┈┈┈┈┈┈┈┈┈┈┈┈┈┈┈┈┈┈┈┈┈┈┈┈┈┈┈┈┈┈┈┈┈┈┈┈┈┈┈┈┈┈┈┈┈┈┈┈┈┈┈┈┈┈
[INFO] [stderr] note: If the actual output is the correct output you can bless it by rerunning
[INFO] [stderr]       your test with the environment variable TRYBUILD=overwrite
[INFO] [stderr] 
[INFO] [stderr] test tests/07-finish_parse.rs [should pass] ... error
[INFO] [stderr] ┈┈┈┈┈┈┈┈┈┈┈┈┈┈┈┈┈┈┈┈┈┈┈┈┈┈┈┈┈┈┈┈┈┈┈┈┈┈┈┈┈┈┈┈┈┈┈┈┈┈┈┈┈┈┈┈┈┈┈┈
[INFO] [stderr] error[E0432]: unresolved import `dialogue_macro`
[INFO] [stderr]  --> tests/07-finish_parse.rs:1:5
[INFO] [stderr]   |
[INFO] [stderr] 1 | use dialogue_macro::Dialogue;
[INFO] [stderr]   |     ^^^^^^^^^^^^^^ use of undeclared crate or module `dialogue_macro`
[INFO] [stderr]   |
[INFO] [stderr] help: there is a crate or module with a similar name
[INFO] [stderr]   |
[INFO] [stderr] 1 | use dialogue_core::Dialogue;
[INFO] [stderr]   |     ~~~~~~~~~~~~~
[INFO] [stderr] 
[INFO] [stderr] error: cannot determine resolution for the derive macro `Dialogue`
[INFO] [stderr]  --> tests/07-finish_parse.rs:4:10
[INFO] [stderr]   |
[INFO] [stderr] 4 | #[derive(Dialogue)]
[INFO] [stderr]   |          ^^^^^^^^
[INFO] [stderr]   |
[INFO] [stderr]   = note: import resolution is stuck, try simplifying macro imports
[INFO] [stderr] 
[INFO] [stderr] error: cannot find attribute `dialogue` in this scope
[INFO] [stderr]  --> tests/07-finish_parse.rs:6:7
[INFO] [stderr]   |
[INFO] [stderr] 6 |     #[dialogue(default = true, prompt = "是否是管理员")]
[INFO] [stderr]   |       ^^^^^^^^
[INFO] [stderr] 
[INFO] [stderr] error: cannot find attribute `dialogue` in this scope
[INFO] [stderr]  --> tests/07-finish_parse.rs:8:7
[INFO] [stderr]   |
[INFO] [stderr] 8 |     #[dialogue(prompt = "请输入地址", default = "四川省达州市")]
[INFO] [stderr]   |       ^^^^^^^^
[INFO] [stderr] 
[INFO] [stderr] error: cannot find attribute `dialogue` in this scope
[INFO] [stderr]   --> tests/07-finish_parse.rs:10:7
[INFO] [stderr]    |
[INFO] [stderr] 10 |     #[dialogue(options=["张三", "李四", "王五"],default="李四")]
[INFO] [stderr]    |       ^^^^^^^^
[INFO] [stderr] 
[INFO] [stderr] error: cannot find attribute `dialogue` in this scope
[INFO] [stderr]   --> tests/07-finish_parse.rs:12:7
[INFO] [stderr]    |
[INFO] [stderr] 12 |     #[dialogue(options=["张三", "李四", "王五"],default=["李四","王五"])]
[INFO] [stderr]    |       ^^^^^^^^
[INFO] [stderr] 
[INFO] [stderr] error: cannot find attribute `dialogue` in this scope
[INFO] [stderr]   --> tests/07-finish_parse.rs:14:7
[INFO] [stderr]    |
[INFO] [stderr] 14 |     #[dialogue(
[INFO] [stderr]    |       ^^^^^^^^
[INFO] [stderr] ┈┈┈┈┈┈┈┈┈┈┈┈┈┈┈┈┈┈┈┈┈┈┈┈┈┈┈┈┈┈┈┈┈┈┈┈┈┈┈┈┈┈┈┈┈┈┈┈┈┈┈┈┈┈┈┈┈┈┈┈
[INFO] [stderr] 
[INFO] [stderr] 
[INFO] [stderr] 
[INFO] [stdout] test tests ... FAILED
[INFO] [stdout] 
[INFO] [stdout] failures:
[INFO] [stdout] 
[INFO] [stdout] ---- tests stdout ----
[INFO] [stdout] thread 'tests' panicked at /opt/rustwide/cargo-home/registry/src/index.crates.io-6f17d22bba15001f/trybuild-1.0.87/src/run.rs:101:13:
[INFO] [stdout] 7 of 7 tests failed
[INFO] [stdout] stack backtrace:
[INFO] [stdout]    0:     0x55ebca1295e6 - std::backtrace_rs::backtrace::libunwind::trace::h261606ad26a499c1
[INFO] [stdout]                                at /rustc/0e09125c6c3c2fd70d7de961bcf0e51575235fad/library/std/src/../../backtrace/src/backtrace/libunwind.rs:104:5
[INFO] [stdout]    1:     0x55ebca1295e6 - std::backtrace_rs::backtrace::trace_unsynchronized::hd183f0625477fb28
[INFO] [stdout]                                at /rustc/0e09125c6c3c2fd70d7de961bcf0e51575235fad/library/std/src/../../backtrace/src/backtrace/mod.rs:66:5
[INFO] [stdout]    2:     0x55ebca1295e6 - std::sys_common::backtrace::_print_fmt::hd7f8fef21b4eda67
[INFO] [stdout]                                at /rustc/0e09125c6c3c2fd70d7de961bcf0e51575235fad/library/std/src/sys_common/backtrace.rs:68:5
[INFO] [stdout]    3:     0x55ebca1295e6 - <std::sys_common::backtrace::_print::DisplayBacktrace as core::fmt::Display>::fmt::h623d9b51f2f453f1
[INFO] [stdout]                                at /rustc/0e09125c6c3c2fd70d7de961bcf0e51575235fad/library/std/src/sys_common/backtrace.rs:44:22
[INFO] [stdout]    4:     0x55ebca154d30 - core::fmt::rt::Argument::fmt::h9f417ac76a86f368
[INFO] [stdout]                                at /rustc/0e09125c6c3c2fd70d7de961bcf0e51575235fad/library/core/src/fmt/rt.rs:142:9
[INFO] [stdout]    5:     0x55ebca154d30 - core::fmt::write::hc9b6faf4ac2aeff7
[INFO] [stdout]                                at /rustc/0e09125c6c3c2fd70d7de961bcf0e51575235fad/library/core/src/fmt/mod.rs:1120:17
[INFO] [stdout]    6:     0x55ebca1265df - std::io::Write::write_fmt::he04625a3a989fec3
[INFO] [stdout]                                at /rustc/0e09125c6c3c2fd70d7de961bcf0e51575235fad/library/std/src/io/mod.rs:1810:15
[INFO] [stdout]    7:     0x55ebca1293c4 - std::sys_common::backtrace::_print::hd5d66399c7df88a2
[INFO] [stdout]                                at /rustc/0e09125c6c3c2fd70d7de961bcf0e51575235fad/library/std/src/sys_common/backtrace.rs:47:5
[INFO] [stdout]    8:     0x55ebca1293c4 - std::sys_common::backtrace::print::he81ed2da642d37e5
[INFO] [stdout]                                at /rustc/0e09125c6c3c2fd70d7de961bcf0e51575235fad/library/std/src/sys_common/backtrace.rs:34:9
[INFO] [stdout]    9:     0x55ebca12b137 - std::panicking::default_hook::{{closure}}::h85773f4fa117163d
[INFO] [stdout]   10:     0x55ebca12ae1d - std::panicking::default_hook::h6a1694a91d09b278
[INFO] [stdout]                                at /rustc/0e09125c6c3c2fd70d7de961bcf0e51575235fad/library/std/src/panicking.rs:289:9
[INFO] [stdout]   11:     0x55ebca0f9027 - <alloc::boxed::Box<F,A> as core::ops::function::Fn<Args>>::call::h616ac37fa3cd6c8f
[INFO] [stdout]                                at /rustc/0e09125c6c3c2fd70d7de961bcf0e51575235fad/library/alloc/src/boxed.rs:2029:9
[INFO] [stdout]   12:     0x55ebca0f9027 - test::test_main::{{closure}}::h00d84697cefdcbb6
[INFO] [stdout]                                at /rustc/0e09125c6c3c2fd70d7de961bcf0e51575235fad/library/test/src/lib.rs:138:21
[INFO] [stdout]   13:     0x55ebca12b756 - <alloc::boxed::Box<F,A> as core::ops::function::Fn<Args>>::call::hcb3fe3b9bb537ba8
[INFO] [stdout]                                at /rustc/0e09125c6c3c2fd70d7de961bcf0e51575235fad/library/alloc/src/boxed.rs:2029:9
[INFO] [stdout]   14:     0x55ebca12b756 - std::panicking::rust_panic_with_hook::h0a7ad96e90f7145b
[INFO] [stdout]                                at /rustc/0e09125c6c3c2fd70d7de961bcf0e51575235fad/library/std/src/panicking.rs:783:13
[INFO] [stdout]   15:     0x55ebca12b4a2 - std::panicking::begin_panic_handler::{{closure}}::h7919090525c6485e
[INFO] [stdout]                                at /rustc/0e09125c6c3c2fd70d7de961bcf0e51575235fad/library/std/src/panicking.rs:657:13
[INFO] [stdout]   16:     0x55ebca129ae6 - std::sys_common::backtrace::__rust_end_short_backtrace::hf3289479464f7dfe
[INFO] [stdout]                                at /rustc/0e09125c6c3c2fd70d7de961bcf0e51575235fad/library/std/src/sys_common/backtrace.rs:171:18
[INFO] [stdout]   17:     0x55ebca12b200 - rust_begin_unwind
[INFO] [stdout]                                at /rustc/0e09125c6c3c2fd70d7de961bcf0e51575235fad/library/std/src/panicking.rs:645:5
[INFO] [stdout]   18:     0x55ebc9ebcfc5 - core::panicking::panic_fmt::hcc9f77c5c132af55
[INFO] [stdout]                                at /rustc/0e09125c6c3c2fd70d7de961bcf0e51575235fad/library/core/src/panicking.rs:72:14
[INFO] [stdout]   19:     0x55ebc9ecbf21 - trybuild::run::<impl trybuild::Runner>::run::h687eeb9805f21abc
[INFO] [stdout]                                at /opt/rustwide/cargo-home/registry/src/index.crates.io-6f17d22bba15001f/trybuild-1.0.87/src/run.rs:101:13
[INFO] [stdout]   20:     0x55ebc9ed16d8 - <trybuild::TestCases as core::ops::drop::Drop>::drop::ha3ebc2c41d47b924
[INFO] [stdout]                                at /opt/rustwide/cargo-home/registry/src/index.crates.io-6f17d22bba15001f/trybuild-1.0.87/src/lib.rs:317:13
[INFO] [stdout]   21:     0x55ebc9ebdbd7 - core::ptr::drop_in_place<trybuild::TestCases>::h512f9ab3c711c29a
[INFO] [stdout]                                at /rustc/0e09125c6c3c2fd70d7de961bcf0e51575235fad/library/core/src/ptr/mod.rs:507:1
[INFO] [stdout]   22:     0x55ebc9ebed46 - tests::tests::heca6757dbd44e2a6
[INFO] [stdout]                                at /opt/rustwide/workdir/tests/progress.rs:11:1
[INFO] [stdout]   23:     0x55ebc9ebec47 - tests::tests::{{closure}}::h9b50f37e7be99431
[INFO] [stdout]                                at /opt/rustwide/workdir/tests/progress.rs:2:11
[INFO] [stdout]   24:     0x55ebc9ebdb76 - core::ops::function::FnOnce::call_once::ha4814a4073f2c520
[INFO] [stdout]                                at /rustc/0e09125c6c3c2fd70d7de961bcf0e51575235fad/library/core/src/ops/function.rs:250:5
[INFO] [stdout]   25:     0x55ebca0fe8ff - core::ops::function::FnOnce::call_once::hd64d26f405258157
[INFO] [stdout]                                at /rustc/0e09125c6c3c2fd70d7de961bcf0e51575235fad/library/core/src/ops/function.rs:250:5
[INFO] [stdout]   26:     0x55ebca0fe8ff - test::__rust_begin_short_backtrace::he21b0b7a6d731bf9
[INFO] [stdout]                                at /rustc/0e09125c6c3c2fd70d7de961bcf0e51575235fad/library/test/src/lib.rs:627:18
[INFO] [stdout]   27:     0x55ebca0fd681 - test::run_test_in_process::{{closure}}::hf5c73986d7bdfde2
[INFO] [stdout]                                at /rustc/0e09125c6c3c2fd70d7de961bcf0e51575235fad/library/test/src/lib.rs:650:60
[INFO] [stdout]   28:     0x55ebca0fd681 - <core::panic::unwind_safe::AssertUnwindSafe<F> as core::ops::function::FnOnce<()>>::call_once::h330011ad032aadc0
[INFO] [stdout]                                at /rustc/0e09125c6c3c2fd70d7de961bcf0e51575235fad/library/core/src/panic/unwind_safe.rs:272:9
[INFO] [stdout]   29:     0x55ebca0fd681 - std::panicking::try::do_call::he61b0a958b795a41
[INFO] [stdout]                                at /rustc/0e09125c6c3c2fd70d7de961bcf0e51575235fad/library/std/src/panicking.rs:552:40
[INFO] [stdout]   30:     0x55ebca0fd681 - std::panicking::try::h7309da130f906eb7
[INFO] [stdout]                                at /rustc/0e09125c6c3c2fd70d7de961bcf0e51575235fad/library/std/src/panicking.rs:516:19
[INFO] [stdout]   31:     0x55ebca0fd681 - std::panic::catch_unwind::hc5c3a06fdaf0a92a
[INFO] [stdout]                                at /rustc/0e09125c6c3c2fd70d7de961bcf0e51575235fad/library/std/src/panic.rs:142:14
[INFO] [stdout]   32:     0x55ebca0fd681 - test::run_test_in_process::h7e7b7c71c3324e0f
[INFO] [stdout]                                at /rustc/0e09125c6c3c2fd70d7de961bcf0e51575235fad/library/test/src/lib.rs:650:27
[INFO] [stdout]   33:     0x55ebca0fd681 - test::run_test::{{closure}}::h1f509f28f5cf20b1
[INFO] [stdout]                                at /rustc/0e09125c6c3c2fd70d7de961bcf0e51575235fad/library/test/src/lib.rs:573:43
[INFO] [stdout]   34:     0x55ebca0c49b6 - test::run_test::{{closure}}::h1754218abf443f6d
[INFO] [stdout]                                at /rustc/0e09125c6c3c2fd70d7de961bcf0e51575235fad/library/test/src/lib.rs:601:41
[INFO] [stdout]   35:     0x55ebca0c49b6 - std::sys_common::backtrace::__rust_begin_short_backtrace::h2ee174b9d5954948
[INFO] [stdout]                                at /rustc/0e09125c6c3c2fd70d7de961bcf0e51575235fad/library/std/src/sys_common/backtrace.rs:155:18
[INFO] [stdout]   36:     0x55ebca0c9a17 - std::thread::Builder::spawn_unchecked_::{{closure}}::{{closure}}::hf60bee9c1a17ef09
[INFO] [stdout]                                at /rustc/0e09125c6c3c2fd70d7de961bcf0e51575235fad/library/std/src/thread/mod.rs:529:17
[INFO] [stdout]   37:     0x55ebca0c9a17 - <core::panic::unwind_safe::AssertUnwindSafe<F> as core::ops::function::FnOnce<()>>::call_once::h33d0dddec5216160
[INFO] [stdout]                                at /rustc/0e09125c6c3c2fd70d7de961bcf0e51575235fad/library/core/src/panic/unwind_safe.rs:272:9
[INFO] [stdout]   38:     0x55ebca0c9a17 - std::panicking::try::do_call::h144b3048b546f835
[INFO] [stdout]                                at /rustc/0e09125c6c3c2fd70d7de961bcf0e51575235fad/library/std/src/panicking.rs:552:40
[INFO] [stdout]   39:     0x55ebca0c9a17 - std::panicking::try::h978244d04646189f
[INFO] [stdout]                                at /rustc/0e09125c6c3c2fd70d7de961bcf0e51575235fad/library/std/src/panicking.rs:516:19
[INFO] [stdout]   40:     0x55ebca0c9a17 - std::panic::catch_unwind::hdf436369d188fe86
[INFO] [stdout]                                at /rustc/0e09125c6c3c2fd70d7de961bcf0e51575235fad/library/std/src/panic.rs:142:14
[INFO] [stdout]   41:     0x55ebca0c9a17 - std::thread::Builder::spawn_unchecked_::{{closure}}::h87329cbdd33c79ec
[INFO] [stdout]                                at /rustc/0e09125c6c3c2fd70d7de961bcf0e51575235fad/library/std/src/thread/mod.rs:528:30
[INFO] [stdout]   42:     0x55ebca0c9a17 - core::ops::function::FnOnce::call_once{{vtable.shim}}::h401abbe67897d450
[INFO] [stdout]                                at /rustc/0e09125c6c3c2fd70d7de961bcf0e51575235fad/library/core/src/ops/function.rs:250:5
[INFO] [stdout]   43:     0x55ebca131385 - <alloc::boxed::Box<F,A> as core::ops::function::FnOnce<Args>>::call_once::h5d7c8f150ab9c84c
[INFO] [stdout]                                at /rustc/0e09125c6c3c2fd70d7de961bcf0e51575235fad/library/alloc/src/boxed.rs:2015:9
[INFO] [stdout]   44:     0x55ebca131385 - <alloc::boxed::Box<F,A> as core::ops::function::FnOnce<Args>>::call_once::h570d5b005c242c15
[INFO] [stdout]                                at /rustc/0e09125c6c3c2fd70d7de961bcf0e51575235fad/library/alloc/src/boxed.rs:2015:9
[INFO] [stdout]   45:     0x55ebca131385 - std::sys::unix::thread::Thread::new::thread_start::h36b0a20c0b2361ad
[INFO] [stdout]                                at /rustc/0e09125c6c3c2fd70d7de961bcf0e51575235fad/library/std/src/sys/unix/thread.rs:108:17
[INFO] [stdout]   46:     0x7fcc78c95ac3 - <unknown>
[INFO] [stdout]   47:     0x7fcc78d26bf4 - __clone
[INFO] [stdout]   48:                0x0 - <unknown>
[INFO] [stdout] 
[INFO] [stdout] 
[INFO] [stdout] failures:
[INFO] [stdout]     tests
[INFO] [stdout] 
[INFO] [stdout] test result: FAILED. 0 passed; 1 failed; 0 ignored; 0 measured; 0 filtered out; finished in 5.08s
[INFO] [stdout] 
[INFO] [stderr] error: test failed, to rerun pass `--test tests`
[INFO] running `Command { std: "docker" "inspect" "f30f0f0e57f4f1ee235297e687fef284fc82b931a8a94ff80ecc00e0c9b49bce", kill_on_drop: false }`
[INFO] running `Command { std: "docker" "rm" "-f" "f30f0f0e57f4f1ee235297e687fef284fc82b931a8a94ff80ecc00e0c9b49bce", kill_on_drop: false }`
[INFO] [stdout] f30f0f0e57f4f1ee235297e687fef284fc82b931a8a94ff80ecc00e0c9b49bce
