[INFO] fetching crate descriptive_toml_derive_macro 0.1.0...
[INFO] testing descriptive_toml_derive_macro-0.1.0 against 1.75.0 for beta-1.76-1
[INFO] extracting crate descriptive_toml_derive_macro 0.1.0 into /workspace/builds/worker-6-tc1/source
[INFO] validating manifest of crates.io crate descriptive_toml_derive_macro 0.1.0 on toolchain 1.75.0
[INFO] running `Command { std: CARGO_HOME="/workspace/cargo-home" RUSTUP_HOME="/workspace/rustup-home" "/workspace/cargo-home/bin/cargo" "+1.75.0" "metadata" "--manifest-path" "Cargo.toml" "--no-deps", kill_on_drop: false }`
[INFO] started tweaking crates.io crate descriptive_toml_derive_macro 0.1.0
[INFO] finished tweaking crates.io crate descriptive_toml_derive_macro 0.1.0
[INFO] tweaked toml for crates.io crate descriptive_toml_derive_macro 0.1.0 written to /workspace/builds/worker-6-tc1/source/Cargo.toml
[INFO] running `Command { std: CARGO_HOME="/workspace/cargo-home" RUSTUP_HOME="/workspace/rustup-home" "/workspace/cargo-home/bin/cargo" "+1.75.0" "generate-lockfile" "--manifest-path" "Cargo.toml", kill_on_drop: false }`
[INFO] [stderr]     Updating crates.io index
[INFO] running `Command { std: CARGO_HOME="/workspace/cargo-home" RUSTUP_HOME="/workspace/rustup-home" "/workspace/cargo-home/bin/cargo" "+1.75.0" "fetch" "--manifest-path" "Cargo.toml", kill_on_drop: false }`
[INFO] running `Command { std: "docker" "create" "-v" "/var/lib/crater-agent-workspace/builds/worker-6-tc1/target:/opt/rustwide/target:rw,Z" "-v" "/var/lib/crater-agent-workspace/builds/worker-6-tc1/source:/opt/rustwide/workdir:ro,Z" "-v" "/var/lib/crater-agent-workspace/cargo-home:/opt/rustwide/cargo-home:ro,Z" "-v" "/var/lib/crater-agent-workspace/rustup-home:/opt/rustwide/rustup-home:ro,Z" "-e" "SOURCE_DIR=/opt/rustwide/workdir" "-e" "CARGO_TARGET_DIR=/opt/rustwide/target" "-e" "CARGO_HOME=/opt/rustwide/cargo-home" "-e" "RUSTUP_HOME=/opt/rustwide/rustup-home" "-w" "/opt/rustwide/workdir" "-m" "1610612736" "--user" "0:0" "--network" "none" "ghcr.io/rust-lang/crates-build-env/linux@sha256:2788e3201cd34a07e3172128adcd8b3090168a8e3bcc40d7c032b9dda1df7d1c" "/opt/rustwide/cargo-home/bin/cargo" "+1.75.0" "metadata" "--no-deps" "--format-version=1", kill_on_drop: false }`
[INFO] [stdout] c7dd26ebec9fa8a948a148ac7a2075895de88373d829934df1af76a54cd68c89
[INFO] running `Command { std: "docker" "start" "-a" "c7dd26ebec9fa8a948a148ac7a2075895de88373d829934df1af76a54cd68c89", kill_on_drop: false }`
[INFO] running `Command { std: "docker" "inspect" "c7dd26ebec9fa8a948a148ac7a2075895de88373d829934df1af76a54cd68c89", kill_on_drop: false }`
[INFO] running `Command { std: "docker" "rm" "-f" "c7dd26ebec9fa8a948a148ac7a2075895de88373d829934df1af76a54cd68c89", kill_on_drop: false }`
[INFO] [stdout] c7dd26ebec9fa8a948a148ac7a2075895de88373d829934df1af76a54cd68c89
[INFO] running `Command { std: "docker" "create" "-v" "/var/lib/crater-agent-workspace/builds/worker-6-tc1/target:/opt/rustwide/target:rw,Z" "-v" "/var/lib/crater-agent-workspace/builds/worker-6-tc1/source:/opt/rustwide/workdir:ro,Z" "-v" "/var/lib/crater-agent-workspace/cargo-home:/opt/rustwide/cargo-home:ro,Z" "-v" "/var/lib/crater-agent-workspace/rustup-home:/opt/rustwide/rustup-home:ro,Z" "-e" "SOURCE_DIR=/opt/rustwide/workdir" "-e" "CARGO_TARGET_DIR=/opt/rustwide/target" "-e" "CARGO_INCREMENTAL=0" "-e" "RUST_BACKTRACE=full" "-e" "RUSTFLAGS=--cap-lints=warn" "-e" "RUSTDOCFLAGS=--cap-lints=warn" "-e" "CARGO_HOME=/opt/rustwide/cargo-home" "-e" "RUSTUP_HOME=/opt/rustwide/rustup-home" "-w" "/opt/rustwide/workdir" "-m" "1610612736" "--user" "0:0" "--network" "none" "ghcr.io/rust-lang/crates-build-env/linux@sha256:2788e3201cd34a07e3172128adcd8b3090168a8e3bcc40d7c032b9dda1df7d1c" "/opt/rustwide/cargo-home/bin/cargo" "+1.75.0" "build" "--frozen" "--message-format=json", kill_on_drop: false }`
[INFO] [stdout] 142b8bdcf52fd16fc472efffe0a703d7fcd068ce670952dd55a44db1e4c487e0
[INFO] running `Command { std: "docker" "start" "-a" "142b8bdcf52fd16fc472efffe0a703d7fcd068ce670952dd55a44db1e4c487e0", kill_on_drop: false }`
[INFO] [stderr]    Compiling proc-macro2 v1.0.75
[INFO] [stderr]    Compiling quote v1.0.35
[INFO] [stderr]    Compiling syn v2.0.48
[INFO] [stderr]    Compiling descriptive_toml_derive_macro v0.1.0 (/opt/rustwide/workdir)
[INFO] [stderr]     Finished dev [unoptimized + debuginfo] target(s) in 2.12s
[INFO] running `Command { std: "docker" "inspect" "142b8bdcf52fd16fc472efffe0a703d7fcd068ce670952dd55a44db1e4c487e0", kill_on_drop: false }`
[INFO] running `Command { std: "docker" "rm" "-f" "142b8bdcf52fd16fc472efffe0a703d7fcd068ce670952dd55a44db1e4c487e0", kill_on_drop: false }`
[INFO] [stdout] 142b8bdcf52fd16fc472efffe0a703d7fcd068ce670952dd55a44db1e4c487e0
[INFO] running `Command { std: "docker" "create" "-v" "/var/lib/crater-agent-workspace/builds/worker-6-tc1/target:/opt/rustwide/target:rw,Z" "-v" "/var/lib/crater-agent-workspace/builds/worker-6-tc1/source:/opt/rustwide/workdir:ro,Z" "-v" "/var/lib/crater-agent-workspace/cargo-home:/opt/rustwide/cargo-home:ro,Z" "-v" "/var/lib/crater-agent-workspace/rustup-home:/opt/rustwide/rustup-home:ro,Z" "-e" "SOURCE_DIR=/opt/rustwide/workdir" "-e" "CARGO_TARGET_DIR=/opt/rustwide/target" "-e" "CARGO_INCREMENTAL=0" "-e" "RUST_BACKTRACE=full" "-e" "RUSTFLAGS=--cap-lints=warn" "-e" "RUSTDOCFLAGS=--cap-lints=warn" "-e" "CARGO_HOME=/opt/rustwide/cargo-home" "-e" "RUSTUP_HOME=/opt/rustwide/rustup-home" "-w" "/opt/rustwide/workdir" "-m" "1610612736" "--user" "0:0" "--network" "none" "ghcr.io/rust-lang/crates-build-env/linux@sha256:2788e3201cd34a07e3172128adcd8b3090168a8e3bcc40d7c032b9dda1df7d1c" "/opt/rustwide/cargo-home/bin/cargo" "+1.75.0" "test" "--frozen" "--no-run" "--message-format=json", kill_on_drop: false }`
[INFO] [stdout] 63753a85b25bffb5c5f8159f866f036928dfd64d2898a5764843e818ec140ac7
[INFO] running `Command { std: "docker" "start" "-a" "63753a85b25bffb5c5f8159f866f036928dfd64d2898a5764843e818ec140ac7", kill_on_drop: false }`
[INFO] [stderr]    Compiling descriptive_toml_derive_macro v0.1.0 (/opt/rustwide/workdir)
[INFO] [stderr]     Finished test [unoptimized + debuginfo] target(s) in 0.33s
[INFO] running `Command { std: "docker" "inspect" "63753a85b25bffb5c5f8159f866f036928dfd64d2898a5764843e818ec140ac7", kill_on_drop: false }`
[INFO] running `Command { std: "docker" "rm" "-f" "63753a85b25bffb5c5f8159f866f036928dfd64d2898a5764843e818ec140ac7", kill_on_drop: false }`
[INFO] [stdout] 63753a85b25bffb5c5f8159f866f036928dfd64d2898a5764843e818ec140ac7
[INFO] running `Command { std: "docker" "create" "-v" "/var/lib/crater-agent-workspace/builds/worker-6-tc1/target:/opt/rustwide/target:rw,Z" "-v" "/var/lib/crater-agent-workspace/builds/worker-6-tc1/source:/opt/rustwide/workdir:ro,Z" "-v" "/var/lib/crater-agent-workspace/cargo-home:/opt/rustwide/cargo-home:ro,Z" "-v" "/var/lib/crater-agent-workspace/rustup-home:/opt/rustwide/rustup-home:ro,Z" "-e" "SOURCE_DIR=/opt/rustwide/workdir" "-e" "CARGO_TARGET_DIR=/opt/rustwide/target" "-e" "CARGO_INCREMENTAL=0" "-e" "RUST_BACKTRACE=full" "-e" "RUSTFLAGS=--cap-lints=warn" "-e" "RUSTDOCFLAGS=--cap-lints=warn" "-e" "CARGO_HOME=/opt/rustwide/cargo-home" "-e" "RUSTUP_HOME=/opt/rustwide/rustup-home" "-w" "/opt/rustwide/workdir" "-m" "1610612736" "--user" "0:0" "--network" "none" "ghcr.io/rust-lang/crates-build-env/linux@sha256:2788e3201cd34a07e3172128adcd8b3090168a8e3bcc40d7c032b9dda1df7d1c" "/opt/rustwide/cargo-home/bin/cargo" "+1.75.0" "test" "--frozen", kill_on_drop: false }`
[INFO] [stdout] a70f16cde764eab3a685d82aeda760752dc5b49d588add48a62ea8ee38f5b0fe
[INFO] running `Command { std: "docker" "start" "-a" "a70f16cde764eab3a685d82aeda760752dc5b49d588add48a62ea8ee38f5b0fe", kill_on_drop: false }`
[INFO] [stderr]     Finished test [unoptimized + debuginfo] target(s) in 0.00s
[INFO] [stderr]      Running unittests src/lib.rs (/opt/rustwide/target/debug/deps/descriptive_toml_derive_macro-5a13f58f336d6766)
[INFO] [stdout] 
[INFO] [stdout] running 0 tests
[INFO] [stdout] 
[INFO] [stdout] test result: ok. 0 passed; 0 failed; 0 ignored; 0 measured; 0 filtered out; finished in 0.00s
[INFO] [stdout] 
[INFO] [stderr]    Doc-tests descriptive_toml_derive_macro
[INFO] [stdout] 
[INFO] [stdout] running 4 tests
[INFO] [stdout] test src/lib.rs - (line 67) ... FAILED
[INFO] [stdout] test src/lib.rs - (line 102) ... FAILED
[INFO] [stdout] test src/lib.rs - (line 38) ... FAILED
[INFO] [stdout] test src/lib.rs - (line 25) ... ok
[INFO] [stdout] 
[INFO] [stdout] failures:
[INFO] [stdout] 
[INFO] [stdout] ---- src/lib.rs - (line 67) stdout ----
[INFO] [stdout] error[E0433]: failed to resolve: use of undeclared type `CustomChecks`
[INFO] [stdout]  --> src/lib.rs:68:12
[INFO] [stdout]   |
[INFO] [stdout] 3 | let toml = CustomChecks::default().to_string_pretty_toml();
[INFO] [stdout]   |            ^^^^^^^^^^^^ use of undeclared type `CustomChecks`
[INFO] [stdout] 
[INFO] [stdout] error: aborting due to previous error
[INFO] [stdout] 
[INFO] [stdout] For more information about this error, try `rustc --explain E0433`.
[INFO] [stdout] Couldn't compile the test.
[INFO] [stdout] ---- src/lib.rs - (line 102) stdout ----
[INFO] [stdout] error[E0433]: failed to resolve: use of undeclared crate or module `toml`
[INFO] [stdout]  --> src/lib.rs:104:21
[INFO] [stdout]   |
[INFO] [stdout] 4 | let custom_checks = toml::from_str(&toml).unwrap();
[INFO] [stdout]   |                     ^^^^ use of undeclared crate or module `toml`
[INFO] [stdout] 
[INFO] [stdout] error: aborting due to previous error
[INFO] [stdout] 
[INFO] [stdout] For more information about this error, try `rustc --explain E0433`.
[INFO] [stdout] Couldn't compile the test.
[INFO] [stdout] ---- src/lib.rs - (line 38) stdout ----
[INFO] [stdout] error[E0432]: unresolved import `descriptive_toml_derive`
[INFO] [stdout]  --> src/lib.rs:39:5
[INFO] [stdout]   |
[INFO] [stdout] 3 | use descriptive_toml_derive::TomlConfig;
[INFO] [stdout]   |     ^^^^^^^^^^^^^^^^^^^^^^^ use of undeclared crate or module `descriptive_toml_derive`
[INFO] [stdout]   |
[INFO] [stdout] help: there is a crate or module with a similar name
[INFO] [stdout]   |
[INFO] [stdout] 3 | use descriptive_toml_derive_macro::TomlConfig;
[INFO] [stdout]   |     ~~~~~~~~~~~~~~~~~~~~~~~~~~~~~
[INFO] [stdout] 
[INFO] [stdout] error[E0432]: unresolved import `serde_derive`
[INFO] [stdout]  --> src/lib.rs:40:5
[INFO] [stdout]   |
[INFO] [stdout] 4 | use serde_derive::{Deserialize, Serialize};
[INFO] [stdout]   |     ^^^^^^^^^^^^ use of undeclared crate or module `serde_derive`
[INFO] [stdout] 
[INFO] [stdout] error: cannot determine resolution for the derive macro `TomlConfig`
[INFO] [stdout]   --> src/lib.rs:47:10
[INFO] [stdout]    |
[INFO] [stdout] 11 | #[derive(TomlConfig, Default, Debug, Clone, PartialEq, Serialize, Deserialize)]
[INFO] [stdout]    |          ^^^^^^^^^^
[INFO] [stdout]    |
[INFO] [stdout]    = note: import resolution is stuck, try simplifying macro imports
[INFO] [stdout] 
[INFO] [stdout] error: cannot determine resolution for the derive macro `Serialize`
[INFO] [stdout]   --> src/lib.rs:47:56
[INFO] [stdout]    |
[INFO] [stdout] 11 | #[derive(TomlConfig, Default, Debug, Clone, PartialEq, Serialize, Deserialize)]
[INFO] [stdout]    |                                                        ^^^^^^^^^
[INFO] [stdout]    |
[INFO] [stdout]    = note: import resolution is stuck, try simplifying macro imports
[INFO] [stdout] 
[INFO] [stdout] error: cannot determine resolution for the derive macro `Deserialize`
[INFO] [stdout]   --> src/lib.rs:47:67
[INFO] [stdout]    |
[INFO] [stdout] 11 | #[derive(TomlConfig, Default, Debug, Clone, PartialEq, Serialize, Deserialize)]
[INFO] [stdout]    |                                                                   ^^^^^^^^^^^
[INFO] [stdout]    |
[INFO] [stdout]    = note: import resolution is stuck, try simplifying macro imports
[INFO] [stdout] 
[INFO] [stdout] error: cannot find attribute `description` in this scope
[INFO] [stdout]   --> src/lib.rs:50:7
[INFO] [stdout]    |
[INFO] [stdout] 14 |     #[description = "Number of CRU Data Packets expected in the data"]
[INFO] [stdout]    |       ^^^^^^^^^^^
[INFO] [stdout] 
[INFO] [stdout] error: cannot find attribute `example` in this scope
[INFO] [stdout]   --> src/lib.rs:52:7
[INFO] [stdout]    |
[INFO] [stdout] 16 |     #[example = "20, 500532"]
[INFO] [stdout]    |       ^^^^^^^
[INFO] [stdout] 
[INFO] [stdout] error: cannot find attribute `description` in this scope
[INFO] [stdout]   --> src/lib.rs:55:7
[INFO] [stdout]    |
[INFO] [stdout] 19 |     #[description = "Number of Physics (PhT) Triggers expected in the data"]
[INFO] [stdout]    |       ^^^^^^^^^^^
[INFO] [stdout] 
[INFO] [stdout] error: cannot find attribute `example` in this scope
[INFO] [stdout]   --> src/lib.rs:56:7
[INFO] [stdout]    |
[INFO] [stdout] 20 |     #[example = "0, 10"]
[INFO] [stdout]    |       ^^^^^^^
[INFO] [stdout] 
[INFO] [stdout] error: cannot find attribute `description` in this scope
[INFO] [stdout]   --> src/lib.rs:59:7
[INFO] [stdout]    |
[INFO] [stdout] 23 |     #[description = "Legal Chip ordering for Outer Barrel (ML/OL). Needs to be a list of two lists of 7 chip IDs"]
[INFO] [stdout]    |       ^^^^^^^^^^^
[INFO] [stdout] 
[INFO] [stdout] error: cannot find attribute `example` in this scope
[INFO] [stdout]   --> src/lib.rs:60:7
[INFO] [stdout]    |
[INFO] [stdout] 24 |     #[example = "[[0, 1, 2, 3, 4, 5, 6], [8, 9, 10, 11, 12, 13, 14]]"]
[INFO] [stdout]    |       ^^^^^^^
[INFO] [stdout] 
[INFO] [stdout] error: aborting due to 11 previous errors
[INFO] [stdout] 
[INFO] [stdout] For more information about this error, try `rustc --explain E0432`.
[INFO] [stdout] Couldn't compile the test.
[INFO] [stdout] 
[INFO] [stdout] failures:
[INFO] [stdout]     src/lib.rs - (line 102)
[INFO] [stdout]     src/lib.rs - (line 38)
[INFO] [stdout]     src/lib.rs - (line 67)
[INFO] [stdout] 
[INFO] [stdout] test result: FAILED. 1 passed; 3 failed; 0 ignored; 0 measured; 0 filtered out; finished in 0.12s
[INFO] [stdout] 
[INFO] [stderr] error: doctest failed, to rerun pass `--doc`
[INFO] running `Command { std: "docker" "inspect" "a70f16cde764eab3a685d82aeda760752dc5b49d588add48a62ea8ee38f5b0fe", kill_on_drop: false }`
[INFO] running `Command { std: "docker" "rm" "-f" "a70f16cde764eab3a685d82aeda760752dc5b49d588add48a62ea8ee38f5b0fe", kill_on_drop: false }`
[INFO] [stdout] a70f16cde764eab3a685d82aeda760752dc5b49d588add48a62ea8ee38f5b0fe
[INFO] testing descriptive_toml_derive_macro-0.1.0 against beta-2023-12-22 for beta-1.76-1
[INFO] extracting crate descriptive_toml_derive_macro 0.1.0 into /workspace/builds/worker-6-tc2/source
[INFO] validating manifest of crates.io crate descriptive_toml_derive_macro 0.1.0 on toolchain beta-2023-12-22
[INFO] running `Command { std: CARGO_HOME="/workspace/cargo-home" RUSTUP_HOME="/workspace/rustup-home" "/workspace/cargo-home/bin/cargo" "+beta-2023-12-22" "metadata" "--manifest-path" "Cargo.toml" "--no-deps", kill_on_drop: false }`
[INFO] started tweaking crates.io crate descriptive_toml_derive_macro 0.1.0
[INFO] finished tweaking crates.io crate descriptive_toml_derive_macro 0.1.0
[INFO] tweaked toml for crates.io crate descriptive_toml_derive_macro 0.1.0 written to /workspace/builds/worker-6-tc2/source/Cargo.toml
[INFO] running `Command { std: CARGO_HOME="/workspace/cargo-home" RUSTUP_HOME="/workspace/rustup-home" "/workspace/cargo-home/bin/cargo" "+beta-2023-12-22" "generate-lockfile" "--manifest-path" "Cargo.toml", kill_on_drop: false }`
[INFO] [stderr]     Updating crates.io index
[INFO] running `Command { std: CARGO_HOME="/workspace/cargo-home" RUSTUP_HOME="/workspace/rustup-home" "/workspace/cargo-home/bin/cargo" "+beta-2023-12-22" "fetch" "--manifest-path" "Cargo.toml", kill_on_drop: false }`
[INFO] running `Command { std: "docker" "create" "-v" "/var/lib/crater-agent-workspace/builds/worker-6-tc2/target:/opt/rustwide/target:rw,Z" "-v" "/var/lib/crater-agent-workspace/builds/worker-6-tc2/source:/opt/rustwide/workdir:ro,Z" "-v" "/var/lib/crater-agent-workspace/cargo-home:/opt/rustwide/cargo-home:ro,Z" "-v" "/var/lib/crater-agent-workspace/rustup-home:/opt/rustwide/rustup-home:ro,Z" "-e" "SOURCE_DIR=/opt/rustwide/workdir" "-e" "CARGO_TARGET_DIR=/opt/rustwide/target" "-e" "CARGO_HOME=/opt/rustwide/cargo-home" "-e" "RUSTUP_HOME=/opt/rustwide/rustup-home" "-w" "/opt/rustwide/workdir" "-m" "1610612736" "--user" "0:0" "--network" "none" "ghcr.io/rust-lang/crates-build-env/linux@sha256:2788e3201cd34a07e3172128adcd8b3090168a8e3bcc40d7c032b9dda1df7d1c" "/opt/rustwide/cargo-home/bin/cargo" "+beta-2023-12-22" "metadata" "--no-deps" "--format-version=1", kill_on_drop: false }`
[INFO] [stdout] 9daa4e93ace528a60d72ba9178df502e8878d9ee36dae21315f67983373c684b
[INFO] running `Command { std: "docker" "start" "-a" "9daa4e93ace528a60d72ba9178df502e8878d9ee36dae21315f67983373c684b", kill_on_drop: false }`
[INFO] running `Command { std: "docker" "inspect" "9daa4e93ace528a60d72ba9178df502e8878d9ee36dae21315f67983373c684b", kill_on_drop: false }`
[INFO] running `Command { std: "docker" "rm" "-f" "9daa4e93ace528a60d72ba9178df502e8878d9ee36dae21315f67983373c684b", kill_on_drop: false }`
[INFO] [stdout] 9daa4e93ace528a60d72ba9178df502e8878d9ee36dae21315f67983373c684b
[INFO] running `Command { std: "docker" "create" "-v" "/var/lib/crater-agent-workspace/builds/worker-6-tc2/target:/opt/rustwide/target:rw,Z" "-v" "/var/lib/crater-agent-workspace/builds/worker-6-tc2/source:/opt/rustwide/workdir:ro,Z" "-v" "/var/lib/crater-agent-workspace/cargo-home:/opt/rustwide/cargo-home:ro,Z" "-v" "/var/lib/crater-agent-workspace/rustup-home:/opt/rustwide/rustup-home:ro,Z" "-e" "SOURCE_DIR=/opt/rustwide/workdir" "-e" "CARGO_TARGET_DIR=/opt/rustwide/target" "-e" "CARGO_INCREMENTAL=0" "-e" "RUST_BACKTRACE=full" "-e" "RUSTFLAGS=--cap-lints=warn" "-e" "RUSTDOCFLAGS=--cap-lints=warn" "-e" "CARGO_HOME=/opt/rustwide/cargo-home" "-e" "RUSTUP_HOME=/opt/rustwide/rustup-home" "-w" "/opt/rustwide/workdir" "-m" "1610612736" "--user" "0:0" "--network" "none" "ghcr.io/rust-lang/crates-build-env/linux@sha256:2788e3201cd34a07e3172128adcd8b3090168a8e3bcc40d7c032b9dda1df7d1c" "/opt/rustwide/cargo-home/bin/cargo" "+beta-2023-12-22" "build" "--frozen" "--message-format=json", kill_on_drop: false }`
[INFO] [stdout] 2ae4045ab2acda0c11cf32f8253b5dc9fd12979f1005e571073e5ccabd199465
[INFO] running `Command { std: "docker" "start" "-a" "2ae4045ab2acda0c11cf32f8253b5dc9fd12979f1005e571073e5ccabd199465", kill_on_drop: false }`
[INFO] [stderr]    Compiling proc-macro2 v1.0.75
[INFO] [stderr]    Compiling quote v1.0.35
[INFO] [stderr]    Compiling syn v2.0.48
[INFO] [stderr]    Compiling descriptive_toml_derive_macro v0.1.0 (/opt/rustwide/workdir)
[INFO] [stderr]     Finished dev [unoptimized + debuginfo] target(s) in 1.90s
[INFO] running `Command { std: "docker" "inspect" "2ae4045ab2acda0c11cf32f8253b5dc9fd12979f1005e571073e5ccabd199465", kill_on_drop: false }`
[INFO] running `Command { std: "docker" "rm" "-f" "2ae4045ab2acda0c11cf32f8253b5dc9fd12979f1005e571073e5ccabd199465", kill_on_drop: false }`
[INFO] [stdout] 2ae4045ab2acda0c11cf32f8253b5dc9fd12979f1005e571073e5ccabd199465
[INFO] running `Command { std: "docker" "create" "-v" "/var/lib/crater-agent-workspace/builds/worker-6-tc2/target:/opt/rustwide/target:rw,Z" "-v" "/var/lib/crater-agent-workspace/builds/worker-6-tc2/source:/opt/rustwide/workdir:ro,Z" "-v" "/var/lib/crater-agent-workspace/cargo-home:/opt/rustwide/cargo-home:ro,Z" "-v" "/var/lib/crater-agent-workspace/rustup-home:/opt/rustwide/rustup-home:ro,Z" "-e" "SOURCE_DIR=/opt/rustwide/workdir" "-e" "CARGO_TARGET_DIR=/opt/rustwide/target" "-e" "CARGO_INCREMENTAL=0" "-e" "RUST_BACKTRACE=full" "-e" "RUSTFLAGS=--cap-lints=warn" "-e" "RUSTDOCFLAGS=--cap-lints=warn" "-e" "CARGO_HOME=/opt/rustwide/cargo-home" "-e" "RUSTUP_HOME=/opt/rustwide/rustup-home" "-w" "/opt/rustwide/workdir" "-m" "1610612736" "--user" "0:0" "--network" "none" "ghcr.io/rust-lang/crates-build-env/linux@sha256:2788e3201cd34a07e3172128adcd8b3090168a8e3bcc40d7c032b9dda1df7d1c" "/opt/rustwide/cargo-home/bin/cargo" "+beta-2023-12-22" "test" "--frozen" "--no-run" "--message-format=json", kill_on_drop: false }`
[INFO] [stdout] d7514b895488713ec8dde43f9f3fe27a154680430a76cce790e82ffa18bd8271
[INFO] running `Command { std: "docker" "start" "-a" "d7514b895488713ec8dde43f9f3fe27a154680430a76cce790e82ffa18bd8271", kill_on_drop: false }`
[INFO] [stderr]    Compiling descriptive_toml_derive_macro v0.1.0 (/opt/rustwide/workdir)
[INFO] [stderr]     Finished test [unoptimized + debuginfo] target(s) in 0.31s
[INFO] running `Command { std: "docker" "inspect" "d7514b895488713ec8dde43f9f3fe27a154680430a76cce790e82ffa18bd8271", kill_on_drop: false }`
[INFO] running `Command { std: "docker" "rm" "-f" "d7514b895488713ec8dde43f9f3fe27a154680430a76cce790e82ffa18bd8271", kill_on_drop: false }`
[INFO] [stdout] d7514b895488713ec8dde43f9f3fe27a154680430a76cce790e82ffa18bd8271
[INFO] running `Command { std: "docker" "create" "-v" "/var/lib/crater-agent-workspace/builds/worker-6-tc2/target:/opt/rustwide/target:rw,Z" "-v" "/var/lib/crater-agent-workspace/builds/worker-6-tc2/source:/opt/rustwide/workdir:ro,Z" "-v" "/var/lib/crater-agent-workspace/cargo-home:/opt/rustwide/cargo-home:ro,Z" "-v" "/var/lib/crater-agent-workspace/rustup-home:/opt/rustwide/rustup-home:ro,Z" "-e" "SOURCE_DIR=/opt/rustwide/workdir" "-e" "CARGO_TARGET_DIR=/opt/rustwide/target" "-e" "CARGO_INCREMENTAL=0" "-e" "RUST_BACKTRACE=full" "-e" "RUSTFLAGS=--cap-lints=warn" "-e" "RUSTDOCFLAGS=--cap-lints=warn" "-e" "CARGO_HOME=/opt/rustwide/cargo-home" "-e" "RUSTUP_HOME=/opt/rustwide/rustup-home" "-w" "/opt/rustwide/workdir" "-m" "1610612736" "--user" "0:0" "--network" "none" "ghcr.io/rust-lang/crates-build-env/linux@sha256:2788e3201cd34a07e3172128adcd8b3090168a8e3bcc40d7c032b9dda1df7d1c" "/opt/rustwide/cargo-home/bin/cargo" "+beta-2023-12-22" "test" "--frozen", kill_on_drop: false }`
[INFO] [stdout] 4f857c44a227f3565b4c2efda32032a5d6804634fd96061e19cd8614fd7c0f63
[INFO] running `Command { std: "docker" "start" "-a" "4f857c44a227f3565b4c2efda32032a5d6804634fd96061e19cd8614fd7c0f63", kill_on_drop: false }`
[INFO] [stderr]     Finished test [unoptimized + debuginfo] target(s) in 0.00s
[INFO] [stderr]      Running unittests src/lib.rs (/opt/rustwide/target/debug/deps/descriptive_toml_derive_macro-f7e5800d805947c7)
[INFO] [stdout] 
[INFO] [stdout] running 0 tests
[INFO] [stdout] 
[INFO] [stdout] test result: ok. 0 passed; 0 failed; 0 ignored; 0 measured; 0 filtered out; finished in 0.00s
[INFO] [stdout] 
[INFO] [stderr]    Doc-tests descriptive_toml_derive_macro
[INFO] [stdout] 
[INFO] [stdout] running 4 tests
[INFO] [stdout] test src/lib.rs - (line 67) ... FAILED
[INFO] [stdout] test src/lib.rs - (line 102) ... FAILED
[INFO] [stdout] test src/lib.rs - (line 38) ... FAILED
[INFO] [stdout] test src/lib.rs - (line 25) ... ok
[INFO] [stdout] 
[INFO] [stdout] failures:
[INFO] [stdout] 
[INFO] [stdout] ---- src/lib.rs - (line 67) stdout ----
[INFO] [stdout] error[E0433]: failed to resolve: use of undeclared type `CustomChecks`
[INFO] [stdout]  --> src/lib.rs:68:12
[INFO] [stdout]   |
[INFO] [stdout] 3 | let toml = CustomChecks::default().to_string_pretty_toml();
[INFO] [stdout]   |            ^^^^^^^^^^^^ use of undeclared type `CustomChecks`
[INFO] [stdout] 
[INFO] [stdout] error: aborting due to 1 previous error
[INFO] [stdout] 
[INFO] [stdout] For more information about this error, try `rustc --explain E0433`.
[INFO] [stdout] Couldn't compile the test.
[INFO] [stdout] ---- src/lib.rs - (line 102) stdout ----
[INFO] [stdout] error[E0433]: failed to resolve: use of undeclared crate or module `toml`
[INFO] [stdout]  --> src/lib.rs:104:21
[INFO] [stdout]   |
[INFO] [stdout] 4 | let custom_checks = toml::from_str(&toml).unwrap();
[INFO] [stdout]   |                     ^^^^ use of undeclared crate or module `toml`
[INFO] [stdout] 
[INFO] [stdout] error: aborting due to 1 previous error
[INFO] [stdout] 
[INFO] [stdout] For more information about this error, try `rustc --explain E0433`.
[INFO] [stdout] Couldn't compile the test.
[INFO] [stdout] ---- src/lib.rs - (line 38) stdout ----
[INFO] [stdout] error[E0432]: unresolved import `descriptive_toml_derive`
[INFO] [stdout]  --> src/lib.rs:39:5
[INFO] [stdout]   |
[INFO] [stdout] 3 | use descriptive_toml_derive::TomlConfig;
[INFO] [stdout]   |     ^^^^^^^^^^^^^^^^^^^^^^^ use of undeclared crate or module `descriptive_toml_derive`
[INFO] [stdout]   |
[INFO] [stdout] help: there is a crate or module with a similar name
[INFO] [stdout]   |
[INFO] [stdout] 3 | use descriptive_toml_derive_macro::TomlConfig;
[INFO] [stdout]   |     ~~~~~~~~~~~~~~~~~~~~~~~~~~~~~
[INFO] [stdout] 
[INFO] [stdout] error[E0432]: unresolved import `serde_derive`
[INFO] [stdout]  --> src/lib.rs:40:5
[INFO] [stdout]   |
[INFO] [stdout] 4 | use serde_derive::{Deserialize, Serialize};
[INFO] [stdout]   |     ^^^^^^^^^^^^ use of undeclared crate or module `serde_derive`
[INFO] [stdout] 
[INFO] [stdout] error: cannot determine resolution for the derive macro `TomlConfig`
[INFO] [stdout]   --> src/lib.rs:47:10
[INFO] [stdout]    |
[INFO] [stdout] 11 | #[derive(TomlConfig, Default, Debug, Clone, PartialEq, Serialize, Deserialize)]
[INFO] [stdout]    |          ^^^^^^^^^^
[INFO] [stdout]    |
[INFO] [stdout]    = note: import resolution is stuck, try simplifying macro imports
[INFO] [stdout] 
[INFO] [stdout] error: cannot determine resolution for the derive macro `Serialize`
[INFO] [stdout]   --> src/lib.rs:47:56
[INFO] [stdout]    |
[INFO] [stdout] 11 | #[derive(TomlConfig, Default, Debug, Clone, PartialEq, Serialize, Deserialize)]
[INFO] [stdout]    |                                                        ^^^^^^^^^
[INFO] [stdout]    |
[INFO] [stdout]    = note: import resolution is stuck, try simplifying macro imports
[INFO] [stdout] 
[INFO] [stdout] error: cannot determine resolution for the derive macro `Deserialize`
[INFO] [stdout]   --> src/lib.rs:47:67
[INFO] [stdout]    |
[INFO] [stdout] 11 | #[derive(TomlConfig, Default, Debug, Clone, PartialEq, Serialize, Deserialize)]
[INFO] [stdout]    |                                                                   ^^^^^^^^^^^
[INFO] [stdout]    |
[INFO] [stdout]    = note: import resolution is stuck, try simplifying macro imports
[INFO] [stdout] 
[INFO] [stdout] error: cannot find attribute `description` in this scope
[INFO] [stdout]   --> src/lib.rs:50:7
[INFO] [stdout]    |
[INFO] [stdout] 14 |     #[description = "Number of CRU Data Packets expected in the data"]
[INFO] [stdout]    |       ^^^^^^^^^^^
[INFO] [stdout] 
[INFO] [stdout] error: cannot find attribute `example` in this scope
[INFO] [stdout]   --> src/lib.rs:52:7
[INFO] [stdout]    |
[INFO] [stdout] 16 |     #[example = "20, 500532"]
[INFO] [stdout]    |       ^^^^^^^
[INFO] [stdout] 
[INFO] [stdout] error: cannot find attribute `description` in this scope
[INFO] [stdout]   --> src/lib.rs:55:7
[INFO] [stdout]    |
[INFO] [stdout] 19 |     #[description = "Number of Physics (PhT) Triggers expected in the data"]
[INFO] [stdout]    |       ^^^^^^^^^^^
[INFO] [stdout] 
[INFO] [stdout] error: cannot find attribute `example` in this scope
[INFO] [stdout]   --> src/lib.rs:56:7
[INFO] [stdout]    |
[INFO] [stdout] 20 |     #[example = "0, 10"]
[INFO] [stdout]    |       ^^^^^^^
[INFO] [stdout] 
[INFO] [stdout] error: cannot find attribute `description` in this scope
[INFO] [stdout]   --> src/lib.rs:59:7
[INFO] [stdout]    |
[INFO] [stdout] 23 |     #[description = "Legal Chip ordering for Outer Barrel (ML/OL). Needs to be a list of two lists of 7 chip IDs"]
[INFO] [stdout]    |       ^^^^^^^^^^^
[INFO] [stdout] 
[INFO] [stdout] error: cannot find attribute `example` in this scope
[INFO] [stdout]   --> src/lib.rs:60:7
[INFO] [stdout]    |
[INFO] [stdout] 24 |     #[example = "[[0, 1, 2, 3, 4, 5, 6], [8, 9, 10, 11, 12, 13, 14]]"]
[INFO] [stdout]    |       ^^^^^^^
[INFO] [stdout] 
[INFO] [stdout] error: aborting due to 11 previous errors
[INFO] [stdout] 
[INFO] [stdout] For more information about this error, try `rustc --explain E0432`.
[INFO] [stdout] Couldn't compile the test.
[INFO] [stdout] 
[INFO] [stdout] failures:
[INFO] [stdout]     src/lib.rs - (line 102)
[INFO] [stdout]     src/lib.rs - (line 38)
[INFO] [stdout]     src/lib.rs - (line 67)
[INFO] [stdout] 
[INFO] [stdout] test result: FAILED. 1 passed; 3 failed; 0 ignored; 0 measured; 0 filtered out; finished in 0.12s
[INFO] [stdout] 
[INFO] [stderr] error: doctest failed, to rerun pass `--doc`
[INFO] running `Command { std: "docker" "inspect" "4f857c44a227f3565b4c2efda32032a5d6804634fd96061e19cd8614fd7c0f63", kill_on_drop: false }`
[INFO] running `Command { std: "docker" "rm" "-f" "4f857c44a227f3565b4c2efda32032a5d6804634fd96061e19cd8614fd7c0f63", kill_on_drop: false }`
[INFO] [stdout] 4f857c44a227f3565b4c2efda32032a5d6804634fd96061e19cd8614fd7c0f63
