[INFO] fetching crate derpiboorust 0.1.1...
[INFO] testing derpiboorust-0.1.1 against 1.75.0 for beta-1.76-1
[INFO] extracting crate derpiboorust 0.1.1 into /workspace/builds/worker-0-tc1/source
[INFO] validating manifest of crates.io crate derpiboorust 0.1.1 on toolchain 1.75.0
[INFO] running `Command { std: CARGO_HOME="/workspace/cargo-home" RUSTUP_HOME="/workspace/rustup-home" "/workspace/cargo-home/bin/cargo" "+1.75.0" "metadata" "--manifest-path" "Cargo.toml" "--no-deps", kill_on_drop: false }`
[INFO] started tweaking crates.io crate derpiboorust 0.1.1
[INFO] finished tweaking crates.io crate derpiboorust 0.1.1
[INFO] tweaked toml for crates.io crate derpiboorust 0.1.1 written to /workspace/builds/worker-0-tc1/source/Cargo.toml
[INFO] running `Command { std: CARGO_HOME="/workspace/cargo-home" RUSTUP_HOME="/workspace/rustup-home" "/workspace/cargo-home/bin/cargo" "+1.75.0" "generate-lockfile" "--manifest-path" "Cargo.toml", kill_on_drop: false }`
[INFO] [stderr]     Updating crates.io index
[INFO] running `Command { std: CARGO_HOME="/workspace/cargo-home" RUSTUP_HOME="/workspace/rustup-home" "/workspace/cargo-home/bin/cargo" "+1.75.0" "fetch" "--manifest-path" "Cargo.toml", kill_on_drop: false }`
[INFO] [stderr]  Downloading crates ...
[INFO] [stderr]   Downloaded cookie v0.12.0
[INFO] [stderr]   Downloaded uuid v0.7.4
[INFO] [stderr]   Downloaded try_from v0.3.2
[INFO] [stderr]   Downloaded serde_urlencoded v0.5.5
[INFO] [stderr]   Downloaded reqwest v0.9.24
[INFO] [stderr]   Downloaded cookie_store v0.7.0
[INFO] running `Command { std: "docker" "create" "-v" "/var/lib/crater-agent-workspace/builds/worker-0-tc1/target:/opt/rustwide/target:rw,Z" "-v" "/var/lib/crater-agent-workspace/builds/worker-0-tc1/source:/opt/rustwide/workdir:ro,Z" "-v" "/var/lib/crater-agent-workspace/cargo-home:/opt/rustwide/cargo-home:ro,Z" "-v" "/var/lib/crater-agent-workspace/rustup-home:/opt/rustwide/rustup-home:ro,Z" "-e" "SOURCE_DIR=/opt/rustwide/workdir" "-e" "CARGO_TARGET_DIR=/opt/rustwide/target" "-e" "CARGO_HOME=/opt/rustwide/cargo-home" "-e" "RUSTUP_HOME=/opt/rustwide/rustup-home" "-w" "/opt/rustwide/workdir" "-m" "1610612736" "--user" "0:0" "--network" "none" "ghcr.io/rust-lang/crates-build-env/linux@sha256:2788e3201cd34a07e3172128adcd8b3090168a8e3bcc40d7c032b9dda1df7d1c" "/opt/rustwide/cargo-home/bin/cargo" "+1.75.0" "metadata" "--no-deps" "--format-version=1", kill_on_drop: false }`
[INFO] [stdout] 331f4605f355259fe3609861638ecee53d869ea44fd581f5f99c912ee2412626
[INFO] running `Command { std: "docker" "start" "-a" "331f4605f355259fe3609861638ecee53d869ea44fd581f5f99c912ee2412626", kill_on_drop: false }`
[INFO] running `Command { std: "docker" "inspect" "331f4605f355259fe3609861638ecee53d869ea44fd581f5f99c912ee2412626", kill_on_drop: false }`
[INFO] running `Command { std: "docker" "rm" "-f" "331f4605f355259fe3609861638ecee53d869ea44fd581f5f99c912ee2412626", kill_on_drop: false }`
[INFO] [stdout] 331f4605f355259fe3609861638ecee53d869ea44fd581f5f99c912ee2412626
[INFO] running `Command { std: "docker" "create" "-v" "/var/lib/crater-agent-workspace/builds/worker-0-tc1/target:/opt/rustwide/target:rw,Z" "-v" "/var/lib/crater-agent-workspace/builds/worker-0-tc1/source:/opt/rustwide/workdir:ro,Z" "-v" "/var/lib/crater-agent-workspace/cargo-home:/opt/rustwide/cargo-home:ro,Z" "-v" "/var/lib/crater-agent-workspace/rustup-home:/opt/rustwide/rustup-home:ro,Z" "-e" "SOURCE_DIR=/opt/rustwide/workdir" "-e" "CARGO_TARGET_DIR=/opt/rustwide/target" "-e" "CARGO_INCREMENTAL=0" "-e" "RUST_BACKTRACE=full" "-e" "RUSTFLAGS=--cap-lints=warn" "-e" "RUSTDOCFLAGS=--cap-lints=warn" "-e" "CARGO_HOME=/opt/rustwide/cargo-home" "-e" "RUSTUP_HOME=/opt/rustwide/rustup-home" "-w" "/opt/rustwide/workdir" "-m" "1610612736" "--user" "0:0" "--network" "none" "ghcr.io/rust-lang/crates-build-env/linux@sha256:2788e3201cd34a07e3172128adcd8b3090168a8e3bcc40d7c032b9dda1df7d1c" "/opt/rustwide/cargo-home/bin/cargo" "+1.75.0" "build" "--frozen" "--message-format=json", kill_on_drop: false }`
[INFO] [stdout] 566db839963d4cd4b7fc457eed6a3df3232cf4d0e06dde038606163abaf311b0
[INFO] running `Command { std: "docker" "start" "-a" "566db839963d4cd4b7fc457eed6a3df3232cf4d0e06dde038606163abaf311b0", kill_on_drop: false }`
[INFO] [stderr]    Compiling futures v0.1.31
[INFO] [stderr]    Compiling crossbeam-utils v0.7.2
[INFO] [stderr]    Compiling log v0.4.20
[INFO] [stderr]    Compiling semver-parser v0.7.0
[INFO] [stderr]    Compiling maybe-uninit v2.0.0
[INFO] [stderr]    Compiling either v1.9.0
[INFO] [stderr]    Compiling fnv v1.0.7
[INFO] [stderr]    Compiling rand_core v0.4.2
[INFO] [stderr]    Compiling unicode-normalization v0.1.22
[INFO] [stderr]    Compiling net2 v0.2.39
[INFO] [stderr]    Compiling memoffset v0.5.6
[INFO] [stderr]    Compiling semver v0.9.0
[INFO] [stderr]    Compiling rustc_version v0.2.3
[INFO] [stderr]    Compiling bytes v0.4.12
[INFO] [stderr]    Compiling unicode-bidi v0.3.14
[INFO] [stderr]    Compiling smallvec v0.6.14
[INFO] [stderr]    Compiling parking_lot_core v0.6.3
[INFO] [stderr]    Compiling parking_lot v0.9.0
[INFO] [stderr]    Compiling mio v0.6.23
[INFO] [stderr]    Compiling lock_api v0.3.4
[INFO] [stderr]    Compiling crossbeam-epoch v0.8.2
[INFO] [stderr]    Compiling openssl-sys v0.9.98
[INFO] [stderr]    Compiling matches v0.1.10
[INFO] [stderr]    Compiling rand_core v0.3.1
[INFO] [stderr]    Compiling itoa v0.4.8
[INFO] [stderr]    Compiling tokio-executor v0.1.10
[INFO] [stderr]    Compiling tokio-io v0.1.13
[INFO] [stderr]    Compiling tokio-sync v0.1.8
[INFO] [stderr]    Compiling syn v1.0.109
[INFO] [stderr]    Compiling crossbeam-deque v0.7.4
[INFO] [stderr]    Compiling crossbeam-queue v0.2.3
[INFO] [stderr]    Compiling indexmap v1.9.3
[INFO] [stderr]    Compiling tokio-reactor v0.1.12
[INFO] [stderr]    Compiling tokio-codec v0.1.2
[INFO] [stderr]    Compiling http v0.1.21
[INFO] [stderr]    Compiling tokio-threadpool v0.1.18
[INFO] [stderr]    Compiling mio-uds v0.6.8
[INFO] [stderr]    Compiling idna v0.1.5
[INFO] [stderr]    Compiling rand_chacha v0.1.1
[INFO] [stderr]    Compiling rand_pcg v0.1.2
[INFO] [stderr]    Compiling backtrace v0.3.69
[INFO] [stderr]    Compiling time v0.1.45
[INFO] [stderr]    Compiling failure_derive v0.1.8
[INFO] [stderr]    Compiling hashbrown v0.12.3
[INFO] [stderr]    Compiling unicode-xid v0.2.4
[INFO] [stderr]    Compiling percent-encoding v1.0.1
[INFO] [stderr]    Compiling openssl v0.10.62
[INFO] [stderr]    Compiling foreign-types-shared v0.1.1
[INFO] [stderr]    Compiling memchr v2.7.1
[INFO] [stderr]    Compiling foreign-types v0.3.2
[INFO] [stderr]    Compiling url v1.7.2
[INFO] [stderr]    Compiling tokio-fs v0.1.7
[INFO] [stderr]    Compiling tokio-udp v0.1.6
[INFO] [stderr]    Compiling tokio-tcp v0.1.4
[INFO] [stderr]    Compiling object v0.32.2
[INFO] [stderr]    Compiling tokio-uds v0.2.7
[INFO] [stderr]    Compiling tokio-timer v0.2.13
[INFO] [stderr]    Compiling tokio-current-thread v0.1.7
[INFO] [stderr]    Compiling tokio-buf v0.1.1
[INFO] [stderr]    Compiling string v0.2.1
[INFO] [stderr]    Compiling idna v0.5.0
[INFO] [stderr]    Compiling hyper v0.12.36
[INFO] [stderr]    Compiling rand v0.6.5
[INFO] [stderr]    Compiling openssl-macros v0.1.1
[INFO] [stderr]    Compiling try-lock v0.2.5
[INFO] [stderr]    Compiling native-tls v0.2.11
[INFO] [stderr]    Compiling want v0.2.0
[INFO] [stderr]    Compiling synstructure v0.12.6
[INFO] [stderr]    Compiling url v2.5.0
[INFO] [stderr]    Compiling h2 v0.1.26
[INFO] [stderr]    Compiling http-body v0.1.0
[INFO] [stderr]    Compiling tokio v0.1.22
[INFO] [stderr]    Compiling futures-cpupool v0.1.8
[INFO] [stderr]    Compiling rand_isaac v0.1.1
[INFO] [stderr]    Compiling rand_xorshift v0.1.1
[INFO] [stderr]    Compiling rand_hc v0.1.0
[INFO] [stderr]    Compiling idna v0.2.3
[INFO] [stderr]    Compiling rand_jitter v0.1.4
[INFO] [stderr]    Compiling rand_os v0.1.3
[INFO] [stderr]    Compiling openssl-probe v0.1.5
[INFO] [stderr]    Compiling serde_json v1.0.111
[INFO] [stderr]    Compiling cookie v0.12.0
[INFO] [stderr]    Compiling publicsuffix v1.5.6
[INFO] [stderr]    Compiling try_from v0.3.2
[INFO] [stderr]    Compiling dtoa v0.4.8
[INFO] [stderr]    Compiling uuid v0.7.4
[INFO] [stderr]    Compiling serde_urlencoded v0.5.5
[INFO] [stderr]    Compiling encoding_rs v0.8.33
[INFO] [stderr]    Compiling failure v0.1.8
[INFO] [stderr]    Compiling base64 v0.10.1
[INFO] [stderr]    Compiling chrono v0.4.31
[INFO] [stderr]    Compiling cookie_store v0.7.0
[INFO] [stderr]    Compiling hyper-tls v0.3.2
[INFO] [stderr]    Compiling reqwest v0.9.24
[INFO] [stderr]    Compiling derpiboorust v0.1.1 (/opt/rustwide/workdir)
[INFO] [stderr]     Finished dev [unoptimized + debuginfo] target(s) in 35.24s
[INFO] running `Command { std: "docker" "inspect" "566db839963d4cd4b7fc457eed6a3df3232cf4d0e06dde038606163abaf311b0", kill_on_drop: false }`
[INFO] running `Command { std: "docker" "rm" "-f" "566db839963d4cd4b7fc457eed6a3df3232cf4d0e06dde038606163abaf311b0", kill_on_drop: false }`
[INFO] [stdout] 566db839963d4cd4b7fc457eed6a3df3232cf4d0e06dde038606163abaf311b0
[INFO] running `Command { std: "docker" "create" "-v" "/var/lib/crater-agent-workspace/builds/worker-0-tc1/target:/opt/rustwide/target:rw,Z" "-v" "/var/lib/crater-agent-workspace/builds/worker-0-tc1/source:/opt/rustwide/workdir:ro,Z" "-v" "/var/lib/crater-agent-workspace/cargo-home:/opt/rustwide/cargo-home:ro,Z" "-v" "/var/lib/crater-agent-workspace/rustup-home:/opt/rustwide/rustup-home:ro,Z" "-e" "SOURCE_DIR=/opt/rustwide/workdir" "-e" "CARGO_TARGET_DIR=/opt/rustwide/target" "-e" "CARGO_INCREMENTAL=0" "-e" "RUST_BACKTRACE=full" "-e" "RUSTFLAGS=--cap-lints=warn" "-e" "RUSTDOCFLAGS=--cap-lints=warn" "-e" "CARGO_HOME=/opt/rustwide/cargo-home" "-e" "RUSTUP_HOME=/opt/rustwide/rustup-home" "-w" "/opt/rustwide/workdir" "-m" "1610612736" "--user" "0:0" "--network" "none" "ghcr.io/rust-lang/crates-build-env/linux@sha256:2788e3201cd34a07e3172128adcd8b3090168a8e3bcc40d7c032b9dda1df7d1c" "/opt/rustwide/cargo-home/bin/cargo" "+1.75.0" "test" "--frozen" "--no-run" "--message-format=json", kill_on_drop: false }`
[INFO] [stdout] 82394ff3654228828f3f141afc45f946f4ed4832d6408d69040997e13a0bfced
[INFO] running `Command { std: "docker" "start" "-a" "82394ff3654228828f3f141afc45f946f4ed4832d6408d69040997e13a0bfced", kill_on_drop: false }`
[INFO] [stderr]    Compiling derpiboorust v0.1.1 (/opt/rustwide/workdir)
[INFO] [stderr]     Finished test [unoptimized + debuginfo] target(s) in 1.63s
[INFO] running `Command { std: "docker" "inspect" "82394ff3654228828f3f141afc45f946f4ed4832d6408d69040997e13a0bfced", kill_on_drop: false }`
[INFO] running `Command { std: "docker" "rm" "-f" "82394ff3654228828f3f141afc45f946f4ed4832d6408d69040997e13a0bfced", kill_on_drop: false }`
[INFO] [stdout] 82394ff3654228828f3f141afc45f946f4ed4832d6408d69040997e13a0bfced
[INFO] running `Command { std: "docker" "create" "-v" "/var/lib/crater-agent-workspace/builds/worker-0-tc1/target:/opt/rustwide/target:rw,Z" "-v" "/var/lib/crater-agent-workspace/builds/worker-0-tc1/source:/opt/rustwide/workdir:ro,Z" "-v" "/var/lib/crater-agent-workspace/cargo-home:/opt/rustwide/cargo-home:ro,Z" "-v" "/var/lib/crater-agent-workspace/rustup-home:/opt/rustwide/rustup-home:ro,Z" "-e" "SOURCE_DIR=/opt/rustwide/workdir" "-e" "CARGO_TARGET_DIR=/opt/rustwide/target" "-e" "CARGO_INCREMENTAL=0" "-e" "RUST_BACKTRACE=full" "-e" "RUSTFLAGS=--cap-lints=warn" "-e" "RUSTDOCFLAGS=--cap-lints=warn" "-e" "CARGO_HOME=/opt/rustwide/cargo-home" "-e" "RUSTUP_HOME=/opt/rustwide/rustup-home" "-w" "/opt/rustwide/workdir" "-m" "1610612736" "--user" "0:0" "--network" "none" "ghcr.io/rust-lang/crates-build-env/linux@sha256:2788e3201cd34a07e3172128adcd8b3090168a8e3bcc40d7c032b9dda1df7d1c" "/opt/rustwide/cargo-home/bin/cargo" "+1.75.0" "test" "--frozen", kill_on_drop: false }`
[INFO] [stdout] d1fec1ddfe7045a494cbf2939ebaf29c5071cfcb118d2212fc30f70a589f22fd
[INFO] running `Command { std: "docker" "start" "-a" "d1fec1ddfe7045a494cbf2939ebaf29c5071cfcb118d2212fc30f70a589f22fd", kill_on_drop: false }`
[INFO] [stderr]     Finished test [unoptimized + debuginfo] target(s) in 0.12s
[INFO] [stderr]      Running unittests src/lib.rs (/opt/rustwide/target/debug/deps/derpiboorust-4d75601bd2622911)
[INFO] [stdout] 
[INFO] [stdout] running 7 tests
[INFO] [stdout] test request::lists::request ... ok
[INFO] [stdout] test request::galleries::request ... ok
[INFO] [stdout] test request::image_list::images::request ... ok
[INFO] [stdout] test request::image_list::watched::request ... ok
[INFO] [stdout] test request::search::request ... ok
[INFO] [stdout] test request::image::request ... ok
[INFO] [stdout] test request::gallery::request ... ok
[INFO] [stdout] 
[INFO] [stdout] test result: ok. 7 passed; 0 failed; 0 ignored; 0 measured; 0 filtered out; finished in 0.04s
[INFO] [stdout] 
[INFO] [stderr]    Doc-tests derpiboorust
[INFO] [stdout] 
[INFO] [stdout] running 9 tests
[INFO] [stdout] test src/lib.rs - (line 3) - compile ... ok
[INFO] [stdout] test src/adapter/mod.rs - adapter (line 8) - compile ... ok
[INFO] [stdout] test src/request/lists.rs - request::lists::Lists (line 7) ... FAILED
[INFO] [stdout] test src/request/image.rs - request::image::Image (line 7) ... ok
[INFO] [stdout] test src/request/image_list/images.rs - request::image_list::images::Images (line 8) ... ok
[INFO] [stdout] test src/request/galleries.rs - request::galleries::Galleries (line 7) ... ok
[INFO] [stdout] test src/request/image_list/watched.rs - request::image_list::watched::Watched (line 8) ... ok
[INFO] [stdout] test src/request/gallery.rs - request::gallery::Gallery (line 7) ... ok
[INFO] [stderr] error: doctest failed, to rerun pass `--doc`
[INFO] [stdout] test src/request/search.rs - request::search::Search (line 7) ... ok
[INFO] [stdout] 
[INFO] [stdout] failures:
[INFO] [stdout] 
[INFO] [stdout] ---- src/request/lists.rs - request::lists::Lists (line 7) stdout ----
[INFO] [stdout] error: linking with `cc` failed: exit status: 1
[INFO] [stdout]   |
[INFO] [stdout]   = note: LC_ALL="C" PATH="/opt/rustwide/rustup-home/toolchains/1.75.0-x86_64-unknown-linux-gnu/lib/rustlib/x86_64-unknown-linux-gnu/bin:/opt/rustwide/cargo-home/bin:/usr/local/sbin:/usr/local/bin:/usr/sbin:/usr/bin:/sbin:/bin" VSLANG="1033" "cc" "-m64" "/tmp/rustcDAiU6W/symbols.o" "/tmp/rustdoctestDpkabk/rust_out.rust_out.263fb70ac1c95110-cgu.0.rcgu.o" "/tmp/rustdoctestDpkabk/rust_out.2uel00cfmdh5ufit.rcgu.o" "-Wl,--as-needed" "-L" "/opt/rustwide/target/debug/deps" "-L" "/opt/rustwide/target/debug/deps" "-L" "/opt/rustwide/rustup-home/toolchains/1.75.0-x86_64-unknown-linux-gnu/lib/rustlib/x86_64-unknown-linux-gnu/lib" "-Wl,-Bstatic" "/opt/rustwide/target/debug/deps/libderpiboorust-da1eb08cf2d5de18.rlib" "/opt/rustwide/target/debug/deps/libchrono-01b585929dc9f7e5.rlib" "/opt/rustwide/target/debug/deps/libnum_traits-fbf3e4065138c85e.rlib" "/opt/rustwide/target/debug/deps/libiana_time_zone-528d9768cce5eb89.rlib" "/opt/rustwide/target/debug/deps/libreqwest-bf21edc8b32f567c.rlib" "/opt/rustwide/target/debug/deps/libuuid-07ac31c31612f604.rlib" "/opt/rustwide/target/debug/deps/librand-947e72c3948ad058.rlib" "/opt/rustwide/target/debug/deps/librand_xorshift-9b7e196cd50c4e67.rlib" "/opt/rustwide/target/debug/deps/librand_pcg-39107a4cc57ccea5.rlib" "/opt/rustwide/target/debug/deps/librand_hc-677515abc5e770db.rlib" "/opt/rustwide/target/debug/deps/librand_chacha-adff71a8c2e03c9d.rlib" "/opt/rustwide/target/debug/deps/librand_isaac-9055555a0ce64bea.rlib" "/opt/rustwide/target/debug/deps/librand_core-2d6f500acd6a936c.rlib" "/opt/rustwide/target/debug/deps/librand_os-81d1ff4e38564a0d.rlib" "/opt/rustwide/target/debug/deps/librand_jitter-e0716e2be2341726.rlib" "/opt/rustwide/target/debug/deps/librand_core-5f8dc8f8f4491b97.rlib" "/opt/rustwide/target/debug/deps/libserde_urlencoded-abd9312278bec992.rlib" "/opt/rustwide/target/debug/deps/libdtoa-665aa5830ef0260e.rlib" "/opt/rustwide/target/debug/deps/libmime_guess-b52504f9ddbbfa9c.rlib" "/opt/rustwide/target/debug/deps/libunicase-131885e46c9d146d.rlib" "/opt/rustwide/target/debug/deps/libmime-7e306270d8ceb372.rlib" "/opt/rustwide/target/debug/deps/libflate2-2bb4b5915f036a54.rlib" "/opt/rustwide/target/debug/deps/libcrc32fast-664446237529ebff.rlib" "/opt/rustwide/target/debug/deps/libhyper_tls-19b0efcb70faa6b3.rlib" "/opt/rustwide/target/debug/deps/libnative_tls-bf799fe3f2c8b163.rlib" "/opt/rustwide/target/debug/deps/libopenssl_probe-d850575132083d7c.rlib" "/opt/rustwide/target/debug/deps/libopenssl-ef89910d5814dbd0.rlib" "/opt/rustwide/target/debug/deps/libonce_cell-63be820ac0ed0954.rlib" "/opt/rustwide/target/debug/deps/libbitflags-912d270082a3a4ea.rlib" "/opt/rustwide/target/debug/deps/libforeign_types-c05743815e5b8a9d.rlib" "/opt/rustwide/target/debug/deps/libforeign_types_shared-d149f5491fde2862.rlib" "/opt/rustwide/target/debug/deps/libopenssl_sys-f8e76e4ab1799714.rlib" "/opt/rustwide/target/debug/deps/libhyper-8c4931b0d1e982a9.rlib" "/opt/rustwide/target/debug/deps/libwant-95ecb7e0961c771e.rlib" "/opt/rustwide/target/debug/deps/libtry_lock-ba0ec0947155aa20.rlib" "/opt/rustwide/target/debug/deps/libtokio-79514e576a3c8cd2.rlib" "/opt/rustwide/target/debug/deps/libtokio_uds-25f0e3918e4a0022.rlib" "/opt/rustwide/target/debug/deps/libmio_uds-2fafd50c2210518c.rlib" "/opt/rustwide/target/debug/deps/libtokio_udp-4854f0257a761740.rlib" "/opt/rustwide/target/debug/deps/libtokio_timer-5879a73f13d790e8.rlib" "/opt/rustwide/target/debug/deps/libtokio_tcp-5b99681cb9ee607f.rlib" "/opt/rustwide/target/debug/deps/libtokio_reactor-78e08a16d9b67eae.rlib" "/opt/rustwide/target/debug/deps/libtokio_sync-08ea48bc61321deb.rlib" "/opt/rustwide/target/debug/deps/libparking_lot-c84c5cc8015054ea.rlib" "/opt/rustwide/target/debug/deps/libparking_lot_core-e9a5455203bd3274.rlib" "/opt/rustwide/target/debug/deps/libsmallvec-d0609e27bcb54d1d.rlib" "/opt/rustwide/target/debug/deps/liblock_api-66bae9b5c6af1fce.rlib" "/opt/rustwide/target/debug/deps/libtokio_fs-5564d235e61e7b57.rlib" "/opt/rustwide/target/debug/deps/libtokio_threadpool-bd88e86d0dbc0c63.rlib" "/opt/rustwide/target/debug/deps/libcrossbeam_queue-c5563bd9f963b5a9.rlib" "/opt/rustwide/target/debug/deps/libcrossbeam_deque-b16be8723014cb64.rlib" "/opt/rustwide/target/debug/deps/libcrossbeam_epoch-2eefb546c17400b4.rlib" "/opt/rustwide/target/debug/deps/libscopeguard-012e5ed929fc2fe6.rlib" "/opt/rustwide/target/debug/deps/libmemoffset-391bf7ec82acb482.rlib" "/opt/rustwide/target/debug/deps/libmaybe_uninit-5d087cbaeefa52e2.rlib" "/opt/rustwide/target/debug/deps/libtokio_current_thread-0ec463f1ca04bf29.rlib" "/opt/rustwide/target/debug/deps/libtokio_executor-1cf9988edc02426a.rlib" "/opt/rustwide/target/debug/deps/libcrossbeam_utils-642de20fe914a5f2.rlib" "/opt/rustwide/target/debug/deps/liblazy_static-591486ebcb9a7ead.rlib" "/opt/rustwide/target/debug/deps/libtokio_codec-71f76769b96cb8c9.rlib" "/opt/rustwide/target/debug/deps/libmio-4b6685f79126fbef.rlib" "/opt/rustwide/target/debug/deps/libnet2-07be40c26687f8c4.rlib" "/opt/rustwide/target/debug/deps/libhttparse-64f1ffbeda450424.rlib" "/opt/rustwide/target/debug/deps/libhttp_body-d9cd57b33cff5a0a.rlib" "/opt/rustwide/target/debug/deps/libtokio_buf-641ddc17bbd86cae.rlib" "/opt/rustwide/target/debug/deps/libh2-fbafcd56a326a3fd.rlib" "/opt/rustwide/target/debug/deps/libindexmap-7b2113ac7fccbab6.rlib" "/opt/rustwide/target/debug/deps/libhashbrown-567986452cb9bc94.rlib" "/opt/rustwide/target/debug/deps/libstring-279ac8139682368b.rlib" "/opt/rustwide/target/debug/deps/libslab-6eb39baadbe9101c.rlib" "/opt/rustwide/target/debug/deps/libtokio_io-cdb793a9651fdd5e.rlib" "/opt/rustwide/target/debug/deps/libfutures_cpupool-20fe1a787abc7079.rlib" "/opt/rustwide/target/debug/deps/libnum_cpus-d4708e9618b376f9.rlib" "/opt/rustwide/target/debug/deps/libhttp-03cb19406190c0d0.rlib" "/opt/rustwide/target/debug/deps/libitoa-88dc5e7d606068cc.rlib" "/opt/rustwide/target/debug/deps/libfnv-18bf5144d055e772.rlib" "/opt/rustwide/target/debug/deps/libfutures-8d8915a23f05644b.rlib" "/opt/rustwide/target/debug/deps/libencoding_rs-000c97fafd38c2ed.rlib" "/opt/rustwide/target/debug/deps/libcookie_store-f9c4c41a945141cb.rlib" "/opt/rustwide/target/debug/deps/libserde_json-118fee5e21b12310.rlib" "/opt/rustwide/target/debug/deps/libryu-5f304b1b6393964f.rlib" "/opt/rustwide/target/debug/deps/libitoa-5f181af53b99b92c.rlib" "/opt/rustwide/target/debug/deps/liblog-4f472032e8cdd371.rlib" "/opt/rustwide/target/debug/deps/libpublicsuffix-45b8396eeddd9523.rlib" "/opt/rustwide/target/debug/deps/libidna-ad9dbac65afa869f.rlib" "/opt/rustwide/target/debug/deps/liburl-6415f4a0e2585893.rlib" "/opt/rustwide/target/debug/deps/libidna-f4c6dc12c81bea2a.rlib" "/opt/rustwide/target/debug/deps/libform_urlencoded-ef5eb70334031c86.rlib" "/opt/rustwide/target/debug/deps/libpercent_encoding-fe0d57427b4d92e0.rlib" "/opt/rustwide/target/debug/deps/libtry_from-f76d6ad68028474c.rlib" "/opt/rustwide/target/debug/deps/libcfg_if-925b73a2e437f0c3.rlib" "/opt/rustwide/target/debug/deps/libserde-6d80ced2e43a1842.rlib" "/opt/rustwide/target/debug/deps/libcookie-a849b1e0a0050e04.rlib" "/opt/rustwide/target/debug/deps/libtime-29918f4542d2a484.rlib" "/opt/rustwide/target/debug/deps/liburl-5eb6abafa299dfb6.rlib" "/opt/rustwide/target/debug/deps/libpercent_encoding-139f6dad4c5bd392.rlib" "/opt/rustwide/target/debug/deps/libidna-1c39b7924ead49eb.rlib" "/opt/rustwide/target/debug/deps/libunicode_normalization-e1c1be84a555e587.rlib" "/opt/rustwide/target/debug/deps/libtinyvec-cf6c9f6b792a5507.rlib" "/opt/rustwide/target/debug/deps/libtinyvec_macros-b1cb7f53f58c9f87.rlib" "/opt/rustwide/target/debug/deps/libunicode_bidi-9e36a2b0928c1d80.rlib" "/opt/rustwide/target/debug/deps/libmatches-5e4cb3d4c3233fbd.rlib" "/opt/rustwide/target/debug/deps/libbytes-2c3443e881dd6e9d.rlib" "/opt/rustwide/target/debug/deps/libeither-ff4e6ab7d60eb8c1.rlib" "/opt/rustwide/target/debug/deps/libiovec-829156e2f90dc6bd.rlib" "/opt/rustwide/target/debug/deps/libbase64-30cb3015b498dd6d.rlib" "/opt/rustwide/target/debug/deps/libbyteorder-e9468b374a0c0c11.rlib" "/opt/rustwide/target/debug/deps/libfailure-76b21a0c551409a7.rlib" "/opt/rustwide/target/debug/deps/libbacktrace-0b1e2104c53c809f.rlib" "/opt/rustwide/target/debug/deps/libminiz_oxide-f272f5814aa49507.rlib" "/opt/rustwide/target/debug/deps/libadler-c8f2240c56a0abca.rlib" "/opt/rustwide/target/debug/deps/libobject-5123595bd7280b56.rlib" "/opt/rustwide/target/debug/deps/libmemchr-b51c5d7c252ae4be.rlib" "/opt/rustwide/target/debug/deps/liblibc-4f34ddd04c373408.rlib" "/opt/rustwide/target/debug/deps/libaddr2line-2d4126a5dc567f39.rlib" "/opt/rustwide/target/debug/deps/libgimli-7f4f1abc0cbbfdc4.rlib" "/opt/rustwide/target/debug/deps/libcfg_if-61dc7a6799e72b18.rlib" "/opt/rustwide/target/debug/deps/librustc_demangle-7ef8571a19a75907.rlib" "/opt/rustwide/rustup-home/toolchains/1.75.0-x86_64-unknown-linux-gnu/lib/rustlib/x86_64-unknown-linux-gnu/lib/libstd-90f6ddbf82de36ec.rlib" "/opt/rustwide/rustup-home/toolchains/1.75.0-x86_64-unknown-linux-gnu/lib/rustlib/x86_64-unknown-linux-gnu/lib/libpanic_unwind-480c41e9d4e1f677.rlib" "/opt/rustwide/rustup-home/toolchains/1.75.0-x86_64-unknown-linux-gnu/lib/rustlib/x86_64-unknown-linux-gnu/lib/libobject-db744c0ca03eed1d.rlib" "/opt/rustwide/rustup-home/toolchains/1.75.0-x86_64-unknown-linux-gnu/lib/rustlib/x86_64-unknown-linux-gnu/lib/libmemchr-8ba652dc7d4b285a.rlib" "/opt/rustwide/rustup-home/toolchains/1.75.0-x86_64-unknown-linux-gnu/lib/rustlib/x86_64-unknown-linux-gnu/lib/libaddr2line-d5f4520a9ebc0d58.rlib" "/opt/rustwide/rustup-home/toolchains/1.75.0-x86_64-unknown-linux-gnu/lib/rustlib/x86_64-unknown-linux-gnu/lib/libgimli-4ad84de58f0cb463.rlib" "/opt/rustwide/rustup-home/toolchains/1.75.0-x86_64-unknown-linux-gnu/lib/rustlib/x86_64-unknown-linux-gnu/lib/librustc_demangle-0d10aae2e0f38735.rlib" "/opt/rustwide/rustup-home/toolchains/1.75.0-x86_64-unknown-linux-gnu/lib/rustlib/x86_64-unknown-linux-gnu/lib/libstd_detect-0c17cff739e6745b.rlib" "/opt/rustwide/rustup-home/toolchains/1.75.0-x86_64-unknown-linux-gnu/lib/rustlib/x86_64-unknown-linux-gnu/lib/libhashbrown-b29e17139dde1aa8.rlib" "/opt/rustwide/rustup-home/toolchains/1.75.0-x86_64-unknown-linux-gnu/lib/rustlib/x86_64-unknown-linux-gnu/lib/librustc_std_workspace_alloc-1f975299829cc7bd.rlib" "/opt/rustwide/rustup-home/toolchains/1.75.0-x86_64-unknown-linux-gnu/lib/rustlib/x86_64-unknown-linux-gnu/lib/libminiz_oxide-86bae3bc3079f89b.rlib" "/opt/rustwide/rustup-home/toolchains/1.75.0-x86_64-unknown-linux-gnu/lib/rustlib/x86_64-unknown-linux-gnu/lib/libadler-321b82c30dffdf5f.rlib" "/opt/rustwide/rustup-home/toolchains/1.75.0-x86_64-unknown-linux-gnu/lib/rustlib/x86_64-unknown-linux-gnu/lib/libunwind-3dd8a6810a0bdfef.rlib" "/opt/rustwide/rustup-home/toolchains/1.75.0-x86_64-unknown-linux-gnu/lib/rustlib/x86_64-unknown-linux-gnu/lib/libcfg_if-eb39a61c0c879984.rlib" "/opt/rustwide/rustup-home/toolchains/1.75.0-x86_64-unknown-linux-gnu/lib/rustlib/x86_64-unknown-linux-gnu/lib/liblibc-aa769569f91c3548.rlib" "/opt/rustwide/rustup-home/toolchains/1.75.0-x86_64-unknown-linux-gnu/lib/rustlib/x86_64-unknown-linux-gnu/lib/liballoc-510a192a50a983ed.rlib" "/opt/rustwide/rustup-home/toolchains/1.75.0-x86_64-unknown-linux-gnu/lib/rustlib/x86_64-unknown-linux-gnu/lib/librustc_std_workspace_core-0577018320f99037.rlib" "/opt/rustwide/rustup-home/toolchains/1.75.0-x86_64-unknown-linux-gnu/lib/rustlib/x86_64-unknown-linux-gnu/lib/libcore-193cf992125ccd4c.rlib" "/opt/rustwide/rustup-home/toolchains/1.75.0-x86_64-unknown-linux-gnu/lib/rustlib/x86_64-unknown-linux-gnu/lib/libcompiler_builtins-8e138eaf26ebb4a8.rlib" "-Wl,-Bdynamic" "-lssl" "-lcrypto" "-lgcc_s" "-lutil" "-lrt" "-lpthread" "-lm" "-ldl" "-lc" "-Wl,--eh-frame-hdr" "-Wl,-z,noexecstack" "-L" "/opt/rustwide/rustup-home/toolchains/1.75.0-x86_64-unknown-linux-gnu/lib/rustlib/x86_64-unknown-linux-gnu/lib" "-o" "/tmp/rustdoctestDpkabk/rust_out" "-Wl,--gc-sections" "-pie" "-Wl,-z,relro,-z,now" "-nodefaultlibs"
[INFO] [stdout]   = note: collect2: fatal error: ld terminated with signal 9 [Killed]
[INFO] [stdout]           compilation terminated.
[INFO] [stdout]           
[INFO] [stdout] 
[INFO] [stdout] error: aborting due to previous error
[INFO] [stdout] 
[INFO] [stdout] Couldn't compile the test.
[INFO] [stdout] 
[INFO] [stdout] failures:
[INFO] [stdout]     src/request/lists.rs - request::lists::Lists (line 7)
[INFO] [stdout] 
[INFO] [stdout] test result: FAILED. 8 passed; 1 failed; 0 ignored; 0 measured; 0 filtered out; finished in 7.48s
[INFO] [stdout] 
[INFO] running `Command { std: "docker" "inspect" "d1fec1ddfe7045a494cbf2939ebaf29c5071cfcb118d2212fc30f70a589f22fd", kill_on_drop: false }`
[INFO] running `Command { std: "docker" "rm" "-f" "d1fec1ddfe7045a494cbf2939ebaf29c5071cfcb118d2212fc30f70a589f22fd", kill_on_drop: false }`
[INFO] [stdout] d1fec1ddfe7045a494cbf2939ebaf29c5071cfcb118d2212fc30f70a589f22fd
