[INFO] fetching crate derive_tools_meta 0.6.0...
[INFO] testing derive_tools_meta-0.6.0 against 1.75.0 for beta-1.76-1
[INFO] extracting crate derive_tools_meta 0.6.0 into /workspace/builds/worker-0-tc1/source
[INFO] validating manifest of crates.io crate derive_tools_meta 0.6.0 on toolchain 1.75.0
[INFO] running `Command { std: CARGO_HOME="/workspace/cargo-home" RUSTUP_HOME="/workspace/rustup-home" "/workspace/cargo-home/bin/cargo" "+1.75.0" "metadata" "--manifest-path" "Cargo.toml" "--no-deps", kill_on_drop: false }`
[INFO] started tweaking crates.io crate derive_tools_meta 0.6.0
[INFO] finished tweaking crates.io crate derive_tools_meta 0.6.0
[INFO] tweaked toml for crates.io crate derive_tools_meta 0.6.0 written to /workspace/builds/worker-0-tc1/source/Cargo.toml
[INFO] running `Command { std: CARGO_HOME="/workspace/cargo-home" RUSTUP_HOME="/workspace/rustup-home" "/workspace/cargo-home/bin/cargo" "+1.75.0" "generate-lockfile" "--manifest-path" "Cargo.toml", kill_on_drop: false }`
[INFO] [stderr]     Updating crates.io index
[INFO] running `Command { std: CARGO_HOME="/workspace/cargo-home" RUSTUP_HOME="/workspace/rustup-home" "/workspace/cargo-home/bin/cargo" "+1.75.0" "fetch" "--manifest-path" "Cargo.toml", kill_on_drop: false }`
[INFO] [stderr]  Downloading crates ...
[INFO] [stderr]   Downloaded literally v0.1.3
[INFO] [stderr]   Downloaded inspect_type v0.4.0
[INFO] [stderr]   Downloaded is_slice v0.3.0
[INFO] [stderr]   Downloaded typing_tools v0.2.0
[INFO] [stderr]   Downloaded macro_tools v0.3.0
[INFO] [stderr]   Downloaded dissimilar v1.0.7
[INFO] [stderr]   Downloaded test_tools v0.4.0
[INFO] [stderr]   Downloaded derive_tools_meta v0.2.0
[INFO] [stderr]   Downloaded winterval v0.1.5
[INFO] [stderr]   Downloaded meta_tools v0.5.0
[INFO] [stderr]   Downloaded interval_adapter v0.2.3
[INFO] [stderr]   Downloaded mod_interface v0.4.0
[INFO] [stderr]   Downloaded data_type v0.1.9
[INFO] [stderr]   Downloaded for_each v0.3.0
[INFO] [stderr]   Downloaded macro_tools v0.2.0
[INFO] [stderr]   Downloaded implements v0.3.0
[INFO] [stderr]   Downloaded iter_tools v0.4.0
[INFO] [stderr]   Downloaded type_constructor v0.1.19
[INFO] [stderr]   Downloaded pretty_assertions v1.2.1
[INFO] [stderr]   Downloaded diagnostics_tools v0.2.0
[INFO] [stderr]   Downloaded mem_tools v0.1.1
[INFO] [stderr]   Downloaded impls_index_meta v0.2.0
[INFO] [stderr]   Downloaded impls_index v0.2.0
[INFO] [stderr]   Downloaded derive_tools v0.2.0
[INFO] [stderr]   Downloaded mod_interface_meta v0.3.0
[INFO] running `Command { std: "docker" "create" "-v" "/var/lib/crater-agent-workspace/builds/worker-0-tc1/target:/opt/rustwide/target:rw,Z" "-v" "/var/lib/crater-agent-workspace/builds/worker-0-tc1/source:/opt/rustwide/workdir:ro,Z" "-v" "/var/lib/crater-agent-workspace/cargo-home:/opt/rustwide/cargo-home:ro,Z" "-v" "/var/lib/crater-agent-workspace/rustup-home:/opt/rustwide/rustup-home:ro,Z" "-e" "SOURCE_DIR=/opt/rustwide/workdir" "-e" "CARGO_TARGET_DIR=/opt/rustwide/target" "-e" "CARGO_HOME=/opt/rustwide/cargo-home" "-e" "RUSTUP_HOME=/opt/rustwide/rustup-home" "-w" "/opt/rustwide/workdir" "-m" "1610612736" "--user" "0:0" "--network" "none" "ghcr.io/rust-lang/crates-build-env/linux@sha256:2788e3201cd34a07e3172128adcd8b3090168a8e3bcc40d7c032b9dda1df7d1c" "/opt/rustwide/cargo-home/bin/cargo" "+1.75.0" "metadata" "--no-deps" "--format-version=1", kill_on_drop: false }`
[INFO] [stdout] 0dd604e641e330fdb2bd9cdc4b96d3ec43f553418aee12374d965d13af925865
[INFO] running `Command { std: "docker" "start" "-a" "0dd604e641e330fdb2bd9cdc4b96d3ec43f553418aee12374d965d13af925865", kill_on_drop: false }`
[INFO] running `Command { std: "docker" "inspect" "0dd604e641e330fdb2bd9cdc4b96d3ec43f553418aee12374d965d13af925865", kill_on_drop: false }`
[INFO] running `Command { std: "docker" "rm" "-f" "0dd604e641e330fdb2bd9cdc4b96d3ec43f553418aee12374d965d13af925865", kill_on_drop: false }`
[INFO] [stdout] 0dd604e641e330fdb2bd9cdc4b96d3ec43f553418aee12374d965d13af925865
[INFO] running `Command { std: "docker" "create" "-v" "/var/lib/crater-agent-workspace/builds/worker-0-tc1/target:/opt/rustwide/target:rw,Z" "-v" "/var/lib/crater-agent-workspace/builds/worker-0-tc1/source:/opt/rustwide/workdir:ro,Z" "-v" "/var/lib/crater-agent-workspace/cargo-home:/opt/rustwide/cargo-home:ro,Z" "-v" "/var/lib/crater-agent-workspace/rustup-home:/opt/rustwide/rustup-home:ro,Z" "-e" "SOURCE_DIR=/opt/rustwide/workdir" "-e" "CARGO_TARGET_DIR=/opt/rustwide/target" "-e" "CARGO_INCREMENTAL=0" "-e" "RUST_BACKTRACE=full" "-e" "RUSTFLAGS=--cap-lints=warn" "-e" "RUSTDOCFLAGS=--cap-lints=warn" "-e" "CARGO_HOME=/opt/rustwide/cargo-home" "-e" "RUSTUP_HOME=/opt/rustwide/rustup-home" "-w" "/opt/rustwide/workdir" "-m" "1610612736" "--user" "0:0" "--network" "none" "ghcr.io/rust-lang/crates-build-env/linux@sha256:2788e3201cd34a07e3172128adcd8b3090168a8e3bcc40d7c032b9dda1df7d1c" "/opt/rustwide/cargo-home/bin/cargo" "+1.75.0" "build" "--frozen" "--message-format=json", kill_on_drop: false }`
[INFO] [stdout] d22131d37f86898c52112492b4d0d8f6d6e2a13a94597ae2e38421c6a6cc9cd4
[INFO] running `Command { std: "docker" "start" "-a" "d22131d37f86898c52112492b4d0d8f6d6e2a13a94597ae2e38421c6a6cc9cd4", kill_on_drop: false }`
[INFO] [stderr]    Compiling proc-macro2 v1.0.75
[INFO] [stderr]    Compiling unicode-ident v1.0.12
[INFO] [stderr]    Compiling syn v1.0.109
[INFO] [stderr]    Compiling either v1.6.1
[INFO] [stderr]    Compiling interval_adapter v0.2.3
[INFO] [stderr]    Compiling itertools v0.11.0
[INFO] [stderr]    Compiling quote v1.0.35
[INFO] [stderr]    Compiling iter_tools v0.4.0
[INFO] [stderr]    Compiling macro_tools v0.3.0
[INFO] [stderr]    Compiling derive_tools_meta v0.6.0 (/opt/rustwide/workdir)
[INFO] [stderr]     Finished dev [unoptimized + debuginfo] target(s) in 3.63s
[INFO] running `Command { std: "docker" "inspect" "d22131d37f86898c52112492b4d0d8f6d6e2a13a94597ae2e38421c6a6cc9cd4", kill_on_drop: false }`
[INFO] running `Command { std: "docker" "rm" "-f" "d22131d37f86898c52112492b4d0d8f6d6e2a13a94597ae2e38421c6a6cc9cd4", kill_on_drop: false }`
[INFO] [stdout] d22131d37f86898c52112492b4d0d8f6d6e2a13a94597ae2e38421c6a6cc9cd4
[INFO] running `Command { std: "docker" "create" "-v" "/var/lib/crater-agent-workspace/builds/worker-0-tc1/target:/opt/rustwide/target:rw,Z" "-v" "/var/lib/crater-agent-workspace/builds/worker-0-tc1/source:/opt/rustwide/workdir:ro,Z" "-v" "/var/lib/crater-agent-workspace/cargo-home:/opt/rustwide/cargo-home:ro,Z" "-v" "/var/lib/crater-agent-workspace/rustup-home:/opt/rustwide/rustup-home:ro,Z" "-e" "SOURCE_DIR=/opt/rustwide/workdir" "-e" "CARGO_TARGET_DIR=/opt/rustwide/target" "-e" "CARGO_INCREMENTAL=0" "-e" "RUST_BACKTRACE=full" "-e" "RUSTFLAGS=--cap-lints=warn" "-e" "RUSTDOCFLAGS=--cap-lints=warn" "-e" "CARGO_HOME=/opt/rustwide/cargo-home" "-e" "RUSTUP_HOME=/opt/rustwide/rustup-home" "-w" "/opt/rustwide/workdir" "-m" "1610612736" "--user" "0:0" "--network" "none" "ghcr.io/rust-lang/crates-build-env/linux@sha256:2788e3201cd34a07e3172128adcd8b3090168a8e3bcc40d7c032b9dda1df7d1c" "/opt/rustwide/cargo-home/bin/cargo" "+1.75.0" "test" "--frozen" "--no-run" "--message-format=json", kill_on_drop: false }`
[INFO] [stdout] 9f0def9b0aca6ec1e999c5ccccf23d5cc27092e9608b9c119e208162e0a7a8f0
[INFO] running `Command { std: "docker" "start" "-a" "9f0def9b0aca6ec1e999c5ccccf23d5cc27092e9608b9c119e208162e0a7a8f0", kill_on_drop: false }`
[INFO] [stderr]    Compiling proc-macro2 v1.0.75
[INFO] [stderr]    Compiling unicode-ident v1.0.12
[INFO] [stderr]    Compiling interval_adapter v0.2.3
[INFO] [stderr]    Compiling semver v1.0.21
[INFO] [stderr]    Compiling syn v1.0.109
[INFO] [stderr]    Compiling serde v1.0.194
[INFO] [stderr]    Compiling convert_case v0.4.0
[INFO] [stderr]    Compiling either v1.6.1
[INFO] [stderr]    Compiling serde_json v1.0.111
[INFO] [stderr]    Compiling paste v1.0.14
[INFO] [stderr]    Compiling autocfg v1.1.0
[INFO] [stderr]    Compiling itoa v1.0.10
[INFO] [stderr]    Compiling anyhow v1.0.79
[INFO] [stderr]    Compiling rustversion v1.0.14
[INFO] [stderr]    Compiling ansi_term v0.12.1
[INFO] [stderr]    Compiling trybuild v1.0.87
[INFO] [stderr]    Compiling quote v1.0.35
[INFO] [stderr]    Compiling syn v2.0.48
[INFO] [stderr]    Compiling rustc_version v0.4.0
[INFO] [stderr]    Compiling num-traits v0.2.17
[INFO] [stderr]    Compiling diff v0.1.13
[INFO] [stderr]    Compiling ryu v1.0.16
[INFO] [stderr]    Compiling pretty_assertions v1.2.1
[INFO] [stderr]    Compiling test_tools v0.4.0
[INFO] [stderr]    Compiling itertools v0.11.0
[INFO] [stderr]    Compiling winterval v0.1.5
[INFO] [stderr]    Compiling glob v0.3.1
[INFO] [stderr]    Compiling termcolor v1.4.0
[INFO] [stderr]    Compiling once_cell v1.19.0
[INFO] [stderr]    Compiling literally v0.1.3
[INFO] [stderr]    Compiling inspect_type v0.4.0
[INFO] [stderr]    Compiling is_slice v0.3.0
[INFO] [stderr]    Compiling dissimilar v1.0.7
[INFO] [stderr]    Compiling type_constructor v0.1.19
[INFO] [stderr]    Compiling for_each v0.3.0
[INFO] [stderr]    Compiling implements v0.3.0
[INFO] [stderr]    Compiling typing_tools v0.2.0
[INFO] [stderr]    Compiling data_type v0.1.9
[INFO] [stderr]    Compiling diagnostics_tools v0.2.0
[INFO] [stderr]    Compiling mem_tools v0.1.1
[INFO] [stderr]    Compiling iter_tools v0.4.0
[INFO] [stderr]    Compiling serde_derive v1.0.194
[INFO] [stderr]    Compiling basic-toml v0.1.8
[INFO] [stderr]    Compiling macro_tools v0.2.0
[INFO] [stderr]    Compiling macro_tools v0.3.0
[INFO] [stderr]    Compiling derive_tools_meta v0.2.0
[INFO] [stderr]    Compiling derive_more v0.99.17
[INFO] [stderr]    Compiling impls_index_meta v0.2.0
[INFO] [stderr]    Compiling derive_tools_meta v0.6.0 (/opt/rustwide/workdir)
[INFO] [stderr]    Compiling impls_index v0.2.0
[INFO] [stderr]    Compiling derive_tools v0.2.0
[INFO] [stderr]    Compiling mod_interface_meta v0.3.0
[INFO] [stderr]    Compiling mod_interface v0.4.0
[INFO] [stderr]    Compiling meta_tools v0.5.0
[INFO] [stderr]     Finished test [unoptimized + debuginfo] target(s) in 7.21s
[INFO] running `Command { std: "docker" "inspect" "9f0def9b0aca6ec1e999c5ccccf23d5cc27092e9608b9c119e208162e0a7a8f0", kill_on_drop: false }`
[INFO] running `Command { std: "docker" "rm" "-f" "9f0def9b0aca6ec1e999c5ccccf23d5cc27092e9608b9c119e208162e0a7a8f0", kill_on_drop: false }`
[INFO] [stdout] 9f0def9b0aca6ec1e999c5ccccf23d5cc27092e9608b9c119e208162e0a7a8f0
[INFO] running `Command { std: "docker" "create" "-v" "/var/lib/crater-agent-workspace/builds/worker-0-tc1/target:/opt/rustwide/target:rw,Z" "-v" "/var/lib/crater-agent-workspace/builds/worker-0-tc1/source:/opt/rustwide/workdir:ro,Z" "-v" "/var/lib/crater-agent-workspace/cargo-home:/opt/rustwide/cargo-home:ro,Z" "-v" "/var/lib/crater-agent-workspace/rustup-home:/opt/rustwide/rustup-home:ro,Z" "-e" "SOURCE_DIR=/opt/rustwide/workdir" "-e" "CARGO_TARGET_DIR=/opt/rustwide/target" "-e" "CARGO_INCREMENTAL=0" "-e" "RUST_BACKTRACE=full" "-e" "RUSTFLAGS=--cap-lints=warn" "-e" "RUSTDOCFLAGS=--cap-lints=warn" "-e" "CARGO_HOME=/opt/rustwide/cargo-home" "-e" "RUSTUP_HOME=/opt/rustwide/rustup-home" "-w" "/opt/rustwide/workdir" "-m" "1610612736" "--user" "0:0" "--network" "none" "ghcr.io/rust-lang/crates-build-env/linux@sha256:2788e3201cd34a07e3172128adcd8b3090168a8e3bcc40d7c032b9dda1df7d1c" "/opt/rustwide/cargo-home/bin/cargo" "+1.75.0" "test" "--frozen", kill_on_drop: false }`
[INFO] [stdout] 91165ae5d4609933382de71a5a6463f5837cd1a3d42d2e67ce631b4b088778f8
[INFO] running `Command { std: "docker" "start" "-a" "91165ae5d4609933382de71a5a6463f5837cd1a3d42d2e67ce631b4b088778f8", kill_on_drop: false }`
[INFO] [stderr]     Finished test [unoptimized + debuginfo] target(s) in 0.03s
[INFO] [stderr]      Running unittests src/lib.rs (/opt/rustwide/target/debug/deps/derive_tools_meta-55a556883108bbed)
[INFO] [stdout] 
[INFO] [stdout] running 0 tests
[INFO] [stdout] 
[INFO] [stdout] test result: ok. 0 passed; 0 failed; 0 ignored; 0 measured; 0 filtered out; finished in 0.00s
[INFO] [stdout] 
[INFO] [stderr]      Running tests/smoke_test.rs (/opt/rustwide/target/debug/deps/smoke_test-6609b84499a5319c)
[INFO] [stdout] 
[INFO] [stdout] running 2 tests
[INFO] [stdout] test published_smoke_test ... FAILED
[INFO] [stdout] test local_smoke_test ... FAILED
[INFO] [stdout] 
[INFO] [stdout] failures:
[INFO] [stdout] 
[INFO] [stdout] ---- published_smoke_test stdout ----
[INFO] [stdout] smoke_test_run module_name:derive_tools_meta module_path:/opt/rustwide/workdir
[INFO] [stdout]      Created binary (application) `derive_tools_meta_published_smoke_test` package
[INFO] [stdout] 
[INFO] [stdout] 
[INFO] [stdout] [package]
[INFO] [stdout]         edition = "2021"
[INFO] [stdout]         name = "derive_tools_meta_smoke_test"
[INFO] [stdout]         version = "0.0.1"
[INFO] [stdout] 
[INFO] [stdout]         [dependencies]
[INFO] [stdout]         derive_tools_meta = { version = "*"  }
[INFO] [stdout] 
[INFO] [stdout] 
[INFO] [stdout] #[ allow( unused_imports ) ]
[INFO] [stdout]         fn main()
[INFO] [stdout]         {
[INFO] [stdout]           use derive_tools_meta;
[INFO] [stdout]         }
[INFO] [stdout] 
[INFO] [stdout] status : exit status: 101
[INFO] [stdout] 
[INFO] [stdout]     Updating crates.io index
[INFO] [stdout] warning: spurious network error (3 tries remaining): [6] Couldn't resolve host name (Could not resolve host: index.crates.io)
[INFO] [stdout] warning: spurious network error (2 tries remaining): [6] Couldn't resolve host name (Could not resolve host: index.crates.io)
[INFO] [stdout] warning: spurious network error (1 tries remaining): [6] Couldn't resolve host name (Could not resolve host: index.crates.io)
[INFO] [stdout] error: failed to get `derive_tools_meta` as a dependency of package `derive_tools_meta_smoke_test v0.0.1 (/tmp/derive_tools_meta_published_smoke_test/derive_tools_meta_published_smoke_test)`
[INFO] [stdout] 
[INFO] [stdout] Caused by:
[INFO] [stdout]   failed to query replaced source registry `crates-io`
[INFO] [stdout] 
[INFO] [stdout] Caused by:
[INFO] [stdout]   download of config.json failed
[INFO] [stdout] 
[INFO] [stdout] Caused by:
[INFO] [stdout]   failed to download from `https://index.crates.io/config.json`
[INFO] [stdout] 
[INFO] [stdout] Caused by:
[INFO] [stdout]   [6] Couldn't resolve host name (Could not resolve host: index.crates.io)
[INFO] [stdout] 
[INFO] [stdout] thread 'published_smoke_test' panicked at /opt/rustwide/cargo-home/registry/src/index.crates.io-6f17d22bba15001f/test_tools-0.4.0/src/basic/smoke_test.rs:167:7:
[INFO] [stdout] Smoke test failed
[INFO] [stdout] stack backtrace:
[INFO] [stdout]    0:     0x55ebdd45adec - std::backtrace_rs::backtrace::libunwind::trace::ha637c64ce894333a
[INFO] [stdout]                                at /rustc/82e1608dfa6e0b5569232559e3d385fea5a93112/library/std/src/../../backtrace/src/backtrace/libunwind.rs:104:5
[INFO] [stdout]    1:     0x55ebdd45adec - std::backtrace_rs::backtrace::trace_unsynchronized::h47f62dea28e0c88d
[INFO] [stdout]                                at /rustc/82e1608dfa6e0b5569232559e3d385fea5a93112/library/std/src/../../backtrace/src/backtrace/mod.rs:66:5
[INFO] [stdout]    2:     0x55ebdd45adec - std::sys_common::backtrace::_print_fmt::h9eef0abe20ede486
[INFO] [stdout]                                at /rustc/82e1608dfa6e0b5569232559e3d385fea5a93112/library/std/src/sys_common/backtrace.rs:67:5
[INFO] [stdout]    3:     0x55ebdd45adec - <std::sys_common::backtrace::_print::DisplayBacktrace as core::fmt::Display>::fmt::hed7f999df88cc644
[INFO] [stdout]                                at /rustc/82e1608dfa6e0b5569232559e3d385fea5a93112/library/std/src/sys_common/backtrace.rs:44:22
[INFO] [stdout]    4:     0x55ebdd485740 - core::fmt::rt::Argument::fmt::h1539a9308b8d058d
[INFO] [stdout]                                at /rustc/82e1608dfa6e0b5569232559e3d385fea5a93112/library/core/src/fmt/rt.rs:142:9
[INFO] [stdout]    5:     0x55ebdd485740 - core::fmt::write::h3a39390d8560d9c9
[INFO] [stdout]                                at /rustc/82e1608dfa6e0b5569232559e3d385fea5a93112/library/core/src/fmt/mod.rs:1120:17
[INFO] [stdout]    6:     0x55ebdd4586ff - std::io::Write::write_fmt::h040b369f3a0f9cbc
[INFO] [stdout]                                at /rustc/82e1608dfa6e0b5569232559e3d385fea5a93112/library/std/src/io/mod.rs:1762:15
[INFO] [stdout]    7:     0x55ebdd45abd4 - std::sys_common::backtrace::_print::h894006fb5c6f3d45
[INFO] [stdout]                                at /rustc/82e1608dfa6e0b5569232559e3d385fea5a93112/library/std/src/sys_common/backtrace.rs:47:5
[INFO] [stdout]    8:     0x55ebdd45abd4 - std::sys_common::backtrace::print::h23a2d212c6fff936
[INFO] [stdout]                                at /rustc/82e1608dfa6e0b5569232559e3d385fea5a93112/library/std/src/sys_common/backtrace.rs:34:9
[INFO] [stdout]    9:     0x55ebdd45c897 - std::panicking::default_hook::{{closure}}::h8a1d2ee00185001a
[INFO] [stdout]   10:     0x55ebdd45c583 - std::panicking::default_hook::h6038f2eba384e475
[INFO] [stdout]                                at /rustc/82e1608dfa6e0b5569232559e3d385fea5a93112/library/std/src/panicking.rs:289:9
[INFO] [stdout]   11:     0x55ebdd42c5c7 - <alloc::boxed::Box<F,A> as core::ops::function::Fn<Args>>::call::h0ad024c9bdc6d768
[INFO] [stdout]                                at /rustc/82e1608dfa6e0b5569232559e3d385fea5a93112/library/alloc/src/boxed.rs:2021:9
[INFO] [stdout]   12:     0x55ebdd42c5c7 - test::test_main::{{closure}}::h7500b54257359db6
[INFO] [stdout]                                at /rustc/82e1608dfa6e0b5569232559e3d385fea5a93112/library/test/src/lib.rs:138:21
[INFO] [stdout]   13:     0x55ebdd45cea8 - <alloc::boxed::Box<F,A> as core::ops::function::Fn<Args>>::call::h1f8f335eaa9cfaee
[INFO] [stdout]                                at /rustc/82e1608dfa6e0b5569232559e3d385fea5a93112/library/alloc/src/boxed.rs:2021:9
[INFO] [stdout]   14:     0x55ebdd45cea8 - std::panicking::rust_panic_with_hook::h2b5517d590cab22e
[INFO] [stdout]                                at /rustc/82e1608dfa6e0b5569232559e3d385fea5a93112/library/std/src/panicking.rs:783:13
[INFO] [stdout]   15:     0x55ebdd45cbc9 - std::panicking::begin_panic_handler::{{closure}}::h233112c06e0ef43e
[INFO] [stdout]                                at /rustc/82e1608dfa6e0b5569232559e3d385fea5a93112/library/std/src/panicking.rs:649:13
[INFO] [stdout]   16:     0x55ebdd45b2b6 - std::sys_common::backtrace::__rust_end_short_backtrace::h6e893f24d7ebbff8
[INFO] [stdout]                                at /rustc/82e1608dfa6e0b5569232559e3d385fea5a93112/library/std/src/sys_common/backtrace.rs:170:18
[INFO] [stdout]   17:     0x55ebdd45c962 - rust_begin_unwind
[INFO] [stdout]                                at /rustc/82e1608dfa6e0b5569232559e3d385fea5a93112/library/std/src/panicking.rs:645:5
[INFO] [stdout]   18:     0x55ebdd3ed045 - core::panicking::panic_fmt::hbf0e066aabfa482c
[INFO] [stdout]                                at /rustc/82e1608dfa6e0b5569232559e3d385fea5a93112/library/core/src/panicking.rs:72:14
[INFO] [stdout]   19:     0x55ebdd3f1d82 - test_tools::basic::smoke_test::private::SmokeModuleTest::perform::hb82903392c9f2e8a
[INFO] [stdout]                                at /opt/rustwide/cargo-home/registry/src/index.crates.io-6f17d22bba15001f/test_tools-0.4.0/src/basic/smoke_test.rs:167:7
[INFO] [stdout]   20:     0x55ebdd3f2941 - test_tools::basic::smoke_test::private::smoke_test_run::hfaa19ab77102b5b2
[INFO] [stdout]                                at /opt/rustwide/cargo-home/registry/src/index.crates.io-6f17d22bba15001f/test_tools-0.4.0/src/basic/smoke_test.rs:255:5
[INFO] [stdout]   21:     0x55ebdd3f2fce - test_tools::basic::smoke_test::private::smoke_test_for_published_run::heee8d8d57b02cf75
[INFO] [stdout]                                at /opt/rustwide/cargo-home/registry/src/index.crates.io-6f17d22bba15001f/test_tools-0.4.0/src/basic/smoke_test.rs:316:7
[INFO] [stdout]   22:     0x55ebdd3edd87 - smoke_test::published_smoke_test::h6b392de26a96dd56
[INFO] [stdout]                                at /opt/rustwide/workdir/tests/smoke_test.rs:11:3
[INFO] [stdout]   23:     0x55ebdd3edd67 - smoke_test::published_smoke_test::{{closure}}::h15e9b33f6763081e
[INFO] [stdout]                                at /opt/rustwide/workdir/tests/smoke_test.rs:9:26
[INFO] [stdout]   24:     0x55ebdd3edac6 - core::ops::function::FnOnce::call_once::ha125e8b3ff557dd2
[INFO] [stdout]                                at /rustc/82e1608dfa6e0b5569232559e3d385fea5a93112/library/core/src/ops/function.rs:250:5
[INFO] [stdout]   25:     0x55ebdd431c1f - core::ops::function::FnOnce::call_once::h2b5d431d5046312d
[INFO] [stdout]                                at /rustc/82e1608dfa6e0b5569232559e3d385fea5a93112/library/core/src/ops/function.rs:250:5
[INFO] [stdout]   26:     0x55ebdd431c1f - test::__rust_begin_short_backtrace::h7714669af176e207
[INFO] [stdout]                                at /rustc/82e1608dfa6e0b5569232559e3d385fea5a93112/library/test/src/lib.rs:628:18
[INFO] [stdout]   27:     0x55ebdd430c35 - test::run_test_in_process::{{closure}}::h85218797dcbcec12
[INFO] [stdout]                                at /rustc/82e1608dfa6e0b5569232559e3d385fea5a93112/library/test/src/lib.rs:651:60
[INFO] [stdout]   28:     0x55ebdd430c35 - <core::panic::unwind_safe::AssertUnwindSafe<F> as core::ops::function::FnOnce<()>>::call_once::h76c106ea31c14d7b
[INFO] [stdout]                                at /rustc/82e1608dfa6e0b5569232559e3d385fea5a93112/library/core/src/panic/unwind_safe.rs:272:9
[INFO] [stdout]   29:     0x55ebdd430c35 - std::panicking::try::do_call::h3bd5d0f6620ee946
[INFO] [stdout]                                at /rustc/82e1608dfa6e0b5569232559e3d385fea5a93112/library/std/src/panicking.rs:552:40
[INFO] [stdout]   30:     0x55ebdd430c35 - std::panicking::try::h232e535e4744fe31
[INFO] [stdout]                                at /rustc/82e1608dfa6e0b5569232559e3d385fea5a93112/library/std/src/panicking.rs:516:19
[INFO] [stdout]   31:     0x55ebdd430c35 - std::panic::catch_unwind::h3ce3bd6ca8dbac68
[INFO] [stdout]                                at /rustc/82e1608dfa6e0b5569232559e3d385fea5a93112/library/std/src/panic.rs:142:14
[INFO] [stdout]   32:     0x55ebdd430c35 - test::run_test_in_process::hc97b257c9621286a
[INFO] [stdout]                                at /rustc/82e1608dfa6e0b5569232559e3d385fea5a93112/library/test/src/lib.rs:651:27
[INFO] [stdout]   33:     0x55ebdd430c35 - test::run_test::{{closure}}::h2aa798823a438d38
[INFO] [stdout]                                at /rustc/82e1608dfa6e0b5569232559e3d385fea5a93112/library/test/src/lib.rs:574:43
[INFO] [stdout]   34:     0x55ebdd3f8ef6 - test::run_test::{{closure}}::h87d231c78fb59832
[INFO] [stdout]                                at /rustc/82e1608dfa6e0b5569232559e3d385fea5a93112/library/test/src/lib.rs:602:41
[INFO] [stdout]   35:     0x55ebdd3f8ef6 - std::sys_common::backtrace::__rust_begin_short_backtrace::he6df152596625789
[INFO] [stdout]                                at /rustc/82e1608dfa6e0b5569232559e3d385fea5a93112/library/std/src/sys_common/backtrace.rs:154:18
[INFO] [stdout]   36:     0x55ebdd3fdfa7 - std::thread::Builder::spawn_unchecked_::{{closure}}::{{closure}}::ha94be15d1e0acf36
[INFO] [stdout]                                at /rustc/82e1608dfa6e0b5569232559e3d385fea5a93112/library/std/src/thread/mod.rs:529:17
[INFO] [stdout]   37:     0x55ebdd3fdfa7 - <core::panic::unwind_safe::AssertUnwindSafe<F> as core::ops::function::FnOnce<()>>::call_once::h9dc6bd6372f16606
[INFO] [stdout]                                at /rustc/82e1608dfa6e0b5569232559e3d385fea5a93112/library/core/src/panic/unwind_safe.rs:272:9
[INFO] [stdout]   38:     0x55ebdd3fdfa7 - std::panicking::try::do_call::h9057517f80303cd4
[INFO] [stdout]                                at /rustc/82e1608dfa6e0b5569232559e3d385fea5a93112/library/std/src/panicking.rs:552:40
[INFO] [stdout]   39:     0x55ebdd3fdfa7 - std::panicking::try::he3a30b11ee45340c
[INFO] [stdout]                                at /rustc/82e1608dfa6e0b5569232559e3d385fea5a93112/library/std/src/panicking.rs:516:19
[INFO] [stdout]   40:     0x55ebdd3fdfa7 - std::panic::catch_unwind::h410458cfd3528b8b
[INFO] [stdout]                                at /rustc/82e1608dfa6e0b5569232559e3d385fea5a93112/library/std/src/panic.rs:142:14
[INFO] [stdout]   41:     0x55ebdd3fdfa7 - std::thread::Builder::spawn_unchecked_::{{closure}}::h72ac3bdb567b737b
[INFO] [stdout]                                at /rustc/82e1608dfa6e0b5569232559e3d385fea5a93112/library/std/src/thread/mod.rs:528:30
[INFO] [stdout]   42:     0x55ebdd3fdfa7 - core::ops::function::FnOnce::call_once{{vtable.shim}}::h38f34da3654a8344
[INFO] [stdout]                                at /rustc/82e1608dfa6e0b5569232559e3d385fea5a93112/library/core/src/ops/function.rs:250:5
[INFO] [stdout]   43:     0x55ebdd462395 - <alloc::boxed::Box<F,A> as core::ops::function::FnOnce<Args>>::call_once::hc7eafaff61e32df9
[INFO] [stdout]                                at /rustc/82e1608dfa6e0b5569232559e3d385fea5a93112/library/alloc/src/boxed.rs:2007:9
[INFO] [stdout]   44:     0x55ebdd462395 - <alloc::boxed::Box<F,A> as core::ops::function::FnOnce<Args>>::call_once::h6ba4a5de48dd2304
[INFO] [stdout]                                at /rustc/82e1608dfa6e0b5569232559e3d385fea5a93112/library/alloc/src/boxed.rs:2007:9
[INFO] [stdout]   45:     0x55ebdd462395 - std::sys::unix::thread::Thread::new::thread_start::he469335aef763e45
[INFO] [stdout]                                at /rustc/82e1608dfa6e0b5569232559e3d385fea5a93112/library/std/src/sys/unix/thread.rs:108:17
[INFO] [stdout]   46:     0x7f9ddfe5dac3 - <unknown>
[INFO] [stdout]   47:     0x7f9ddfeeebf4 - __clone
[INFO] [stdout]   48:                0x0 - <unknown>
[INFO] [stdout] 
[INFO] [stdout] ---- local_smoke_test stdout ----
[INFO] [stdout] smoke_test_for_local_run : Err(NotPresent)
[INFO] [stdout] smoke_test_run module_name:derive_tools_meta module_path:/opt/rustwide/workdir
[INFO] [stdout]      Created binary (application) `derive_tools_meta_local_smoke_test` package
[INFO] [stdout] 
[INFO] [stdout] 
[INFO] [stdout] [package]
[INFO] [stdout]         edition = "2021"
[INFO] [stdout]         name = "derive_tools_meta_smoke_test"
[INFO] [stdout]         version = "0.0.1"
[INFO] [stdout] 
[INFO] [stdout]         [dependencies]
[INFO] [stdout]         derive_tools_meta = { version = "*" , path = "/opt/rustwide/workdir" }
[INFO] [stdout] 
[INFO] [stdout] 
[INFO] [stdout] #[ allow( unused_imports ) ]
[INFO] [stdout]         fn main()
[INFO] [stdout]         {
[INFO] [stdout]           use derive_tools_meta;
[INFO] [stdout]         }
[INFO] [stdout] 
[INFO] [stdout] status : exit status: 101
[INFO] [stdout] 
[INFO] [stdout]     Updating crates.io index
[INFO] [stdout] warning: spurious network error (3 tries remaining): [6] Couldn't resolve host name (Could not resolve host: index.crates.io)
[INFO] [stdout] warning: spurious network error (2 tries remaining): [6] Couldn't resolve host name (Could not resolve host: index.crates.io)
[INFO] [stdout] warning: spurious network error (1 tries remaining): [6] Couldn't resolve host name (Could not resolve host: index.crates.io)
[INFO] [stdout] error: failed to get `iter_tools` as a dependency of package `derive_tools_meta v0.6.0 (/opt/rustwide/workdir)`
[INFO] [stdout]     ... which satisfies path dependency `derive_tools_meta` of package `derive_tools_meta_smoke_test v0.0.1 (/tmp/derive_tools_meta_local_smoke_test/derive_tools_meta_local_smoke_test)`
[INFO] [stdout] 
[INFO] [stdout] Caused by:
[INFO] [stdout]   failed to query replaced source registry `crates-io`
[INFO] [stdout] 
[INFO] [stdout] Caused by:
[INFO] [stdout]   download of config.json failed
[INFO] [stdout] 
[INFO] [stdout] Caused by:
[INFO] [stdout]   failed to download from `https://index.crates.io/config.json`
[INFO] [stdout] 
[INFO] [stdout] Caused by:
[INFO] [stdout]   [6] Couldn't resolve host name (Could not resolve host: index.crates.io)
[INFO] [stdout] 
[INFO] [stdout] thread 'local_smoke_test' panicked at /opt/rustwide/cargo-home/registry/src/index.crates.io-6f17d22bba15001f/test_tools-0.4.0/src/basic/smoke_test.rs:167:7:
[INFO] [stdout] Smoke test failed
[INFO] [stdout] stack backtrace:
[INFO] [stdout]    0:     0x55ebdd45adec - std::backtrace_rs::backtrace::libunwind::trace::ha637c64ce894333a
[INFO] [stdout]                                at /rustc/82e1608dfa6e0b5569232559e3d385fea5a93112/library/std/src/../../backtrace/src/backtrace/libunwind.rs:104:5
[INFO] [stdout]    1:     0x55ebdd45adec - std::backtrace_rs::backtrace::trace_unsynchronized::h47f62dea28e0c88d
[INFO] [stdout]                                at /rustc/82e1608dfa6e0b5569232559e3d385fea5a93112/library/std/src/../../backtrace/src/backtrace/mod.rs:66:5
[INFO] [stdout]    2:     0x55ebdd45adec - std::sys_common::backtrace::_print_fmt::h9eef0abe20ede486
[INFO] [stdout]                                at /rustc/82e1608dfa6e0b5569232559e3d385fea5a93112/library/std/src/sys_common/backtrace.rs:67:5
[INFO] [stdout]    3:     0x55ebdd45adec - <std::sys_common::backtrace::_print::DisplayBacktrace as core::fmt::Display>::fmt::hed7f999df88cc644
[INFO] [stdout]                                at /rustc/82e1608dfa6e0b5569232559e3d385fea5a93112/library/std/src/sys_common/backtrace.rs:44:22
[INFO] [stdout]    4:     0x55ebdd485740 - core::fmt::rt::Argument::fmt::h1539a9308b8d058d
[INFO] [stdout]                                at /rustc/82e1608dfa6e0b5569232559e3d385fea5a93112/library/core/src/fmt/rt.rs:142:9
[INFO] [stdout]    5:     0x55ebdd485740 - core::fmt::write::h3a39390d8560d9c9
[INFO] [stdout]                                at /rustc/82e1608dfa6e0b5569232559e3d385fea5a93112/library/core/src/fmt/mod.rs:1120:17
[INFO] [stdout]    6:     0x55ebdd4586ff - std::io::Write::write_fmt::h040b369f3a0f9cbc
[INFO] [stdout]                                at /rustc/82e1608dfa6e0b5569232559e3d385fea5a93112/library/std/src/io/mod.rs:1762:15
[INFO] [stdout]    7:     0x55ebdd45abd4 - std::sys_common::backtrace::_print::h894006fb5c6f3d45
[INFO] [stdout]                                at /rustc/82e1608dfa6e0b5569232559e3d385fea5a93112/library/std/src/sys_common/backtrace.rs:47:5
[INFO] [stdout]    8:     0x55ebdd45abd4 - std::sys_common::backtrace::print::h23a2d212c6fff936
[INFO] [stdout]                                at /rustc/82e1608dfa6e0b5569232559e3d385fea5a93112/library/std/src/sys_common/backtrace.rs:34:9
[INFO] [stdout]    9:     0x55ebdd45c897 - std::panicking::default_hook::{{closure}}::h8a1d2ee00185001a
[INFO] [stdout]   10:     0x55ebdd45c583 - std::panicking::default_hook::h6038f2eba384e475
[INFO] [stdout]                                at /rustc/82e1608dfa6e0b5569232559e3d385fea5a93112/library/std/src/panicking.rs:289:9
[INFO] [stdout]   11:     0x55ebdd42c5c7 - <alloc::boxed::Box<F,A> as core::ops::function::Fn<Args>>::call::h0ad024c9bdc6d768
[INFO] [stdout]                                at /rustc/82e1608dfa6e0b5569232559e3d385fea5a93112/library/alloc/src/boxed.rs:2021:9
[INFO] [stdout]   12:     0x55ebdd42c5c7 - test::test_main::{{closure}}::h7500b54257359db6
[INFO] [stdout]                                at /rustc/82e1608dfa6e0b5569232559e3d385fea5a93112/library/test/src/lib.rs:138:21
[INFO] [stdout]   13:     0x55ebdd45cea8 - <alloc::boxed::Box<F,A> as core::ops::function::Fn<Args>>::call::h1f8f335eaa9cfaee
[INFO] [stdout]                                at /rustc/82e1608dfa6e0b5569232559e3d385fea5a93112/library/alloc/src/boxed.rs:2021:9
[INFO] [stdout]   14:     0x55ebdd45cea8 - std::panicking::rust_panic_with_hook::h2b5517d590cab22e
[INFO] [stdout]                                at /rustc/82e1608dfa6e0b5569232559e3d385fea5a93112/library/std/src/panicking.rs:783:13
[INFO] [stdout]   15:     0x55ebdd45cbc9 - std::panicking::begin_panic_handler::{{closure}}::h233112c06e0ef43e
[INFO] [stdout]                                at /rustc/82e1608dfa6e0b5569232559e3d385fea5a93112/library/std/src/panicking.rs:649:13
[INFO] [stdout]   16:     0x55ebdd45b2b6 - std::sys_common::backtrace::__rust_end_short_backtrace::h6e893f24d7ebbff8
[INFO] [stdout]                                at /rustc/82e1608dfa6e0b5569232559e3d385fea5a93112/library/std/src/sys_common/backtrace.rs:170:18
[INFO] [stdout]   17:     0x55ebdd45c962 - rust_begin_unwind
[INFO] [stdout]                                at /rustc/82e1608dfa6e0b5569232559e3d385fea5a93112/library/std/src/panicking.rs:645:5
[INFO] [stdout]   18:     0x55ebdd3ed045 - core::panicking::panic_fmt::hbf0e066aabfa482c
[INFO] [stdout]                                at /rustc/82e1608dfa6e0b5569232559e3d385fea5a93112/library/core/src/panicking.rs:72:14
[INFO] [stdout]   19:     0x55ebdd3f1d82 - test_tools::basic::smoke_test::private::SmokeModuleTest::perform::hb82903392c9f2e8a
[INFO] [stdout]                                at /opt/rustwide/cargo-home/registry/src/index.crates.io-6f17d22bba15001f/test_tools-0.4.0/src/basic/smoke_test.rs:167:7
[INFO] [stdout]   20:     0x55ebdd3f2941 - test_tools::basic::smoke_test::private::smoke_test_run::hfaa19ab77102b5b2
[INFO] [stdout]                                at /opt/rustwide/cargo-home/registry/src/index.crates.io-6f17d22bba15001f/test_tools-0.4.0/src/basic/smoke_test.rs:255:5
[INFO] [stdout]   21:     0x55ebdd3f2d75 - test_tools::basic::smoke_test::private::smoke_test_for_local_run::h3f300015044c48ea
[INFO] [stdout]                                at /opt/rustwide/cargo-home/registry/src/index.crates.io-6f17d22bba15001f/test_tools-0.4.0/src/basic/smoke_test.rs:290:7
[INFO] [stdout]   22:     0x55ebdd3edd47 - smoke_test::local_smoke_test::hb275d791f590a2a0
[INFO] [stdout]                                at /opt/rustwide/workdir/tests/smoke_test.rs:5:3
[INFO] [stdout]   23:     0x55ebdd3edd27 - smoke_test::local_smoke_test::{{closure}}::hdaeea290fbd43dea
[INFO] [stdout]                                at /opt/rustwide/workdir/tests/smoke_test.rs:3:22
[INFO] [stdout]   24:     0x55ebdd3eda86 - core::ops::function::FnOnce::call_once::h9a73f7129c33f0d4
[INFO] [stdout]                                at /rustc/82e1608dfa6e0b5569232559e3d385fea5a93112/library/core/src/ops/function.rs:250:5
[INFO] [stdout]   25:     0x55ebdd431c1f - core::ops::function::FnOnce::call_once::h2b5d431d5046312d
[INFO] [stdout]                                at /rustc/82e1608dfa6e0b5569232559e3d385fea5a93112/library/core/src/ops/function.rs:250:5
[INFO] [stdout]   26:     0x55ebdd431c1f - test::__rust_begin_short_backtrace::h7714669af176e207
[INFO] [stdout]                                at /rustc/82e1608dfa6e0b5569232559e3d385fea5a93112/library/test/src/lib.rs:628:18
[INFO] [stdout]   27:     0x55ebdd430c35 - test::run_test_in_process::{{closure}}::h85218797dcbcec12
[INFO] [stdout]                                at /rustc/82e1608dfa6e0b5569232559e3d385fea5a93112/library/test/src/lib.rs:651:60
[INFO] [stdout]   28:     0x55ebdd430c35 - <core::panic::unwind_safe::AssertUnwindSafe<F> as core::ops::function::FnOnce<()>>::call_once::h76c106ea31c14d7b
[INFO] [stdout]                                at /rustc/82e1608dfa6e0b5569232559e3d385fea5a93112/library/core/src/panic/unwind_safe.rs:272:9
[INFO] [stdout]   29:     0x55ebdd430c35 - std::panicking::try::do_call::h3bd5d0f6620ee946
[INFO] [stdout]                                at /rustc/82e1608dfa6e0b5569232559e3d385fea5a93112/library/std/src/panicking.rs:552:40
[INFO] [stdout]   30:     0x55ebdd430c35 - std::panicking::try::h232e535e4744fe31
[INFO] [stdout]                                at /rustc/82e1608dfa6e0b5569232559e3d385fea5a93112/library/std/src/panicking.rs:516:19
[INFO] [stdout]   31:     0x55ebdd430c35 - std::panic::catch_unwind::h3ce3bd6ca8dbac68
[INFO] [stdout]                                at /rustc/82e1608dfa6e0b5569232559e3d385fea5a93112/library/std/src/panic.rs:142:14
[INFO] [stdout]   32:     0x55ebdd430c35 - test::run_test_in_process::hc97b257c9621286a
[INFO] [stdout]                                at /rustc/82e1608dfa6e0b5569232559e3d385fea5a93112/library/test/src/lib.rs:651:27
[INFO] [stdout]   33:     0x55ebdd430c35 - test::run_test::{{closure}}::h2aa798823a438d38
[INFO] [stdout]                                at /rustc/82e1608dfa6e0b5569232559e3d385fea5a93112/library/test/src/lib.rs:574:43
[INFO] [stdout]   34:     0x55ebdd3f8ef6 - test::run_test::{{closure}}::h87d231c78fb59832
[INFO] [stdout]                                at /rustc/82e1608dfa6e0b5569232559e3d385fea5a93112/library/test/src/lib.rs:602:41
[INFO] [stdout]   35:     0x55ebdd3f8ef6 - std::sys_common::backtrace::__rust_begin_short_backtrace::he6df152596625789
[INFO] [stdout]                                at /rustc/82e1608dfa6e0b5569232559e3d385fea5a93112/library/std/src/sys_common/backtrace.rs:154:18
[INFO] [stdout]   36:     0x55ebdd3fdfa7 - std::thread::Builder::spawn_unchecked_::{{closure}}::{{closure}}::ha94be15d1e0acf36
[INFO] [stdout]                                at /rustc/82e1608dfa6e0b5569232559e3d385fea5a93112/library/std/src/thread/mod.rs:529:17
[INFO] [stdout]   37:     0x55ebdd3fdfa7 - <core::panic::unwind_safe::AssertUnwindSafe<F> as core::ops::function::FnOnce<()>>::call_once::h9dc6bd6372f16606
[INFO] [stdout]                                at /rustc/82e1608dfa6e0b5569232559e3d385fea5a93112/library/core/src/panic/unwind_safe.rs:272:9
[INFO] [stdout]   38:     0x55ebdd3fdfa7 - std::panicking::try::do_call::h9057517f80303cd4
[INFO] [stdout]                                at /rustc/82e1608dfa6e0b5569232559e3d385fea5a93112/library/std/src/panicking.rs:552:40
[INFO] [stdout]   39:     0x55ebdd3fdfa7 - std::panicking::try::he3a30b11ee45340c
[INFO] [stdout]                                at /rustc/82e1608dfa6e0b5569232559e3d385fea5a93112/library/std/src/panicking.rs:516:19
[INFO] [stdout]   40:     0x55ebdd3fdfa7 - std::panic::catch_unwind::h410458cfd3528b8b
[INFO] [stdout]                                at /rustc/82e1608dfa6e0b5569232559e3d385fea5a93112/library/std/src/panic.rs:142:14
[INFO] [stdout]   41:     0x55ebdd3fdfa7 - std::thread::Builder::spawn_unchecked_::{{closure}}::h72ac3bdb567b737b
[INFO] [stdout]                                at /rustc/82e1608dfa6e0b5569232559e3d385fea5a93112/library/std/src/thread/mod.rs:528:30
[INFO] [stdout]   42:     0x55ebdd3fdfa7 - core::ops::function::FnOnce::call_once{{vtable.shim}}::h38f34da3654a8344
[INFO] [stdout]                                at /rustc/82e1608dfa6e0b5569232559e3d385fea5a93112/library/core/src/ops/function.rs:250:5
[INFO] [stdout]   43:     0x55ebdd462395 - <alloc::boxed::Box<F,A> as core::ops::function::FnOnce<Args>>::call_once::hc7eafaff61e32df9
[INFO] [stdout]                                at /rustc/82e1608dfa6e0b5569232559e3d385fea5a93112/library/alloc/src/boxed.rs:2007:9
[INFO] [stdout]   44:     0x55ebdd462395 - <alloc::boxed::Box<F,A> as core::ops::function::FnOnce<Args>>::call_once::h6ba4a5de48dd2304
[INFO] [stdout]                                at /rustc/82e1608dfa6e0b5569232559e3d385fea5a93112/library/alloc/src/boxed.rs:2007:9
[INFO] [stdout]   45:     0x55ebdd462395 - std::sys::unix::thread::Thread::new::thread_start::he469335aef763e45
[INFO] [stdout]                                at /rustc/82e1608dfa6e0b5569232559e3d385fea5a93112/library/std/src/sys/unix/thread.rs:108:17
[INFO] [stdout]   46:     0x7f9ddfe5dac3 - <unknown>
[INFO] [stdout]   47:     0x7f9ddfeeebf4 - __clone
[INFO] [stdout]   48:                0x0 - <unknown>
[INFO] [stdout] 
[INFO] [stdout] 
[INFO] [stdout] failures:
[INFO] [stdout]     local_smoke_test
[INFO] [stdout]     published_smoke_test
[INFO] [stdout] 
[INFO] [stdout] test result: FAILED. 0 passed; 2 failed; 0 ignored; 0 measured; 0 filtered out; finished in 12.15s
[INFO] [stdout] 
[INFO] [stderr] error: test failed, to rerun pass `--test smoke_test`
[INFO] running `Command { std: "docker" "inspect" "91165ae5d4609933382de71a5a6463f5837cd1a3d42d2e67ce631b4b088778f8", kill_on_drop: false }`
[INFO] running `Command { std: "docker" "rm" "-f" "91165ae5d4609933382de71a5a6463f5837cd1a3d42d2e67ce631b4b088778f8", kill_on_drop: false }`
[INFO] [stdout] 91165ae5d4609933382de71a5a6463f5837cd1a3d42d2e67ce631b4b088778f8
