[INFO] fetching crate derive-attribute 0.1.2...
[INFO] testing derive-attribute-0.1.2 against 1.75.0 for beta-1.76-1
[INFO] extracting crate derive-attribute 0.1.2 into /workspace/builds/worker-4-tc1/source
[INFO] validating manifest of crates.io crate derive-attribute 0.1.2 on toolchain 1.75.0
[INFO] running `Command { std: CARGO_HOME="/workspace/cargo-home" RUSTUP_HOME="/workspace/rustup-home" "/workspace/cargo-home/bin/cargo" "+1.75.0" "metadata" "--manifest-path" "Cargo.toml" "--no-deps", kill_on_drop: false }`
[INFO] started tweaking crates.io crate derive-attribute 0.1.2
[INFO] finished tweaking crates.io crate derive-attribute 0.1.2
[INFO] tweaked toml for crates.io crate derive-attribute 0.1.2 written to /workspace/builds/worker-4-tc1/source/Cargo.toml
[INFO] running `Command { std: CARGO_HOME="/workspace/cargo-home" RUSTUP_HOME="/workspace/rustup-home" "/workspace/cargo-home/bin/cargo" "+1.75.0" "generate-lockfile" "--manifest-path" "Cargo.toml", kill_on_drop: false }`
[INFO] [stderr]     Updating crates.io index
[INFO] running `Command { std: CARGO_HOME="/workspace/cargo-home" RUSTUP_HOME="/workspace/rustup-home" "/workspace/cargo-home/bin/cargo" "+1.75.0" "fetch" "--manifest-path" "Cargo.toml", kill_on_drop: false }`
[INFO] [stderr]  Downloading crates ...
[INFO] [stderr]   Downloaded derive-attribute-macros v0.1.1
[INFO] [stderr]   Downloaded derive-attribute-utils v0.1.1
[INFO] running `Command { std: "docker" "create" "-v" "/var/lib/crater-agent-workspace/builds/worker-4-tc1/target:/opt/rustwide/target:rw,Z" "-v" "/var/lib/crater-agent-workspace/builds/worker-4-tc1/source:/opt/rustwide/workdir:ro,Z" "-v" "/var/lib/crater-agent-workspace/cargo-home:/opt/rustwide/cargo-home:ro,Z" "-v" "/var/lib/crater-agent-workspace/rustup-home:/opt/rustwide/rustup-home:ro,Z" "-e" "SOURCE_DIR=/opt/rustwide/workdir" "-e" "CARGO_TARGET_DIR=/opt/rustwide/target" "-e" "CARGO_HOME=/opt/rustwide/cargo-home" "-e" "RUSTUP_HOME=/opt/rustwide/rustup-home" "-w" "/opt/rustwide/workdir" "-m" "1610612736" "--user" "0:0" "--network" "none" "ghcr.io/rust-lang/crates-build-env/linux@sha256:2788e3201cd34a07e3172128adcd8b3090168a8e3bcc40d7c032b9dda1df7d1c" "/opt/rustwide/cargo-home/bin/cargo" "+1.75.0" "metadata" "--no-deps" "--format-version=1", kill_on_drop: false }`
[INFO] [stdout] 70ce3bbe2486209ad6e3f144b661a2b04ab731bf7031b7c4441063b6d7e948db
[INFO] running `Command { std: "docker" "start" "-a" "70ce3bbe2486209ad6e3f144b661a2b04ab731bf7031b7c4441063b6d7e948db", kill_on_drop: false }`
[INFO] running `Command { std: "docker" "inspect" "70ce3bbe2486209ad6e3f144b661a2b04ab731bf7031b7c4441063b6d7e948db", kill_on_drop: false }`
[INFO] running `Command { std: "docker" "rm" "-f" "70ce3bbe2486209ad6e3f144b661a2b04ab731bf7031b7c4441063b6d7e948db", kill_on_drop: false }`
[INFO] [stdout] 70ce3bbe2486209ad6e3f144b661a2b04ab731bf7031b7c4441063b6d7e948db
[INFO] running `Command { std: "docker" "create" "-v" "/var/lib/crater-agent-workspace/builds/worker-4-tc1/target:/opt/rustwide/target:rw,Z" "-v" "/var/lib/crater-agent-workspace/builds/worker-4-tc1/source:/opt/rustwide/workdir:ro,Z" "-v" "/var/lib/crater-agent-workspace/cargo-home:/opt/rustwide/cargo-home:ro,Z" "-v" "/var/lib/crater-agent-workspace/rustup-home:/opt/rustwide/rustup-home:ro,Z" "-e" "SOURCE_DIR=/opt/rustwide/workdir" "-e" "CARGO_TARGET_DIR=/opt/rustwide/target" "-e" "CARGO_INCREMENTAL=0" "-e" "RUST_BACKTRACE=full" "-e" "RUSTFLAGS=--cap-lints=warn" "-e" "RUSTDOCFLAGS=--cap-lints=warn" "-e" "CARGO_HOME=/opt/rustwide/cargo-home" "-e" "RUSTUP_HOME=/opt/rustwide/rustup-home" "-w" "/opt/rustwide/workdir" "-m" "1610612736" "--user" "0:0" "--network" "none" "ghcr.io/rust-lang/crates-build-env/linux@sha256:2788e3201cd34a07e3172128adcd8b3090168a8e3bcc40d7c032b9dda1df7d1c" "/opt/rustwide/cargo-home/bin/cargo" "+1.75.0" "build" "--frozen" "--message-format=json", kill_on_drop: false }`
[INFO] [stdout] 60b5af6e6e5495231824730357f6a36811abeaa4750cd687d3f9893680f2141c
[INFO] running `Command { std: "docker" "start" "-a" "60b5af6e6e5495231824730357f6a36811abeaa4750cd687d3f9893680f2141c", kill_on_drop: false }`
[INFO] [stderr]    Compiling proc-macro2 v1.0.75
[INFO] [stderr]    Compiling unicode-ident v1.0.12
[INFO] [stderr]    Compiling unicode-segmentation v1.10.1
[INFO] [stderr]    Compiling convert_case v0.6.0
[INFO] [stderr]    Compiling quote v1.0.35
[INFO] [stderr]    Compiling syn v2.0.48
[INFO] [stderr]    Compiling thiserror-impl v1.0.56
[INFO] [stderr]    Compiling thiserror v1.0.56
[INFO] [stderr]    Compiling derive-attribute-utils v0.1.1
[INFO] [stderr]    Compiling derive-attribute-macros v0.1.1
[INFO] [stderr]    Compiling derive-attribute v0.1.2 (/opt/rustwide/workdir)
[INFO] [stdout] warning: unused imports: `Attribute`, `GetSpan`, `TryFromMeta`
[INFO] [stdout]    --> src/lib.rs:217:38
[INFO] [stdout]     |
[INFO] [stdout] 217 |     pub use derive_attribute_utils::{GetSpan, Attribute, TryFromMeta};
[INFO] [stdout]     |                                      ^^^^^^^  ^^^^^^^^^  ^^^^^^^^^^^
[INFO] [stdout]     |
[INFO] [stdout]     = note: `#[warn(unused_imports)]` on by default
[INFO] [stdout] 
[INFO] [stdout] 
[INFO] [stdout] warning: 1 warning emitted
[INFO] [stdout] 
[INFO] [stdout] 
[INFO] [stderr]     Finished dev [unoptimized + debuginfo] target(s) in 8.32s
[INFO] running `Command { std: "docker" "inspect" "60b5af6e6e5495231824730357f6a36811abeaa4750cd687d3f9893680f2141c", kill_on_drop: false }`
[INFO] running `Command { std: "docker" "rm" "-f" "60b5af6e6e5495231824730357f6a36811abeaa4750cd687d3f9893680f2141c", kill_on_drop: false }`
[INFO] [stdout] 60b5af6e6e5495231824730357f6a36811abeaa4750cd687d3f9893680f2141c
[INFO] running `Command { std: "docker" "create" "-v" "/var/lib/crater-agent-workspace/builds/worker-4-tc1/target:/opt/rustwide/target:rw,Z" "-v" "/var/lib/crater-agent-workspace/builds/worker-4-tc1/source:/opt/rustwide/workdir:ro,Z" "-v" "/var/lib/crater-agent-workspace/cargo-home:/opt/rustwide/cargo-home:ro,Z" "-v" "/var/lib/crater-agent-workspace/rustup-home:/opt/rustwide/rustup-home:ro,Z" "-e" "SOURCE_DIR=/opt/rustwide/workdir" "-e" "CARGO_TARGET_DIR=/opt/rustwide/target" "-e" "CARGO_INCREMENTAL=0" "-e" "RUST_BACKTRACE=full" "-e" "RUSTFLAGS=--cap-lints=warn" "-e" "RUSTDOCFLAGS=--cap-lints=warn" "-e" "CARGO_HOME=/opt/rustwide/cargo-home" "-e" "RUSTUP_HOME=/opt/rustwide/rustup-home" "-w" "/opt/rustwide/workdir" "-m" "1610612736" "--user" "0:0" "--network" "none" "ghcr.io/rust-lang/crates-build-env/linux@sha256:2788e3201cd34a07e3172128adcd8b3090168a8e3bcc40d7c032b9dda1df7d1c" "/opt/rustwide/cargo-home/bin/cargo" "+1.75.0" "test" "--frozen" "--no-run" "--message-format=json", kill_on_drop: false }`
[INFO] [stdout] b0b48c4aaa1e05b9734ec2dd45bea1bd100c1ed9d7c1f4f8dfdb04256a2f5fcb
[INFO] running `Command { std: "docker" "start" "-a" "b0b48c4aaa1e05b9734ec2dd45bea1bd100c1ed9d7c1f4f8dfdb04256a2f5fcb", kill_on_drop: false }`
[INFO] [stderr]    Compiling derive-attribute v0.1.2 (/opt/rustwide/workdir)
[INFO] [stdout] warning: unused imports: `Attribute`, `GetSpan`, `TryFromMeta`
[INFO] [stdout]    --> src/lib.rs:217:38
[INFO] [stdout]     |
[INFO] [stdout] 217 |     pub use derive_attribute_utils::{GetSpan, Attribute, TryFromMeta};
[INFO] [stdout]     |                                      ^^^^^^^  ^^^^^^^^^  ^^^^^^^^^^^
[INFO] [stdout]     |
[INFO] [stdout]     = note: `#[warn(unused_imports)]` on by default
[INFO] [stdout] 
[INFO] [stdout] 
[INFO] [stdout] warning: 1 warning emitted
[INFO] [stdout] 
[INFO] [stdout] 
[INFO] [stdout] warning: unused imports: `Attribute`, `GetSpan`, `TryFromMeta`
[INFO] [stdout]    --> src/lib.rs:217:38
[INFO] [stdout]     |
[INFO] [stdout] 217 |     pub use derive_attribute_utils::{GetSpan, Attribute, TryFromMeta};
[INFO] [stdout]     |                                      ^^^^^^^  ^^^^^^^^^  ^^^^^^^^^^^
[INFO] [stdout]     |
[INFO] [stdout]     = note: `#[warn(unused_imports)]` on by default
[INFO] [stdout] 
[INFO] [stdout] 
[INFO] [stdout] warning: 1 warning emitted
[INFO] [stdout] 
[INFO] [stdout] 
[INFO] [stderr]     Finished test [unoptimized + debuginfo] target(s) in 0.37s
[INFO] running `Command { std: "docker" "inspect" "b0b48c4aaa1e05b9734ec2dd45bea1bd100c1ed9d7c1f4f8dfdb04256a2f5fcb", kill_on_drop: false }`
[INFO] running `Command { std: "docker" "rm" "-f" "b0b48c4aaa1e05b9734ec2dd45bea1bd100c1ed9d7c1f4f8dfdb04256a2f5fcb", kill_on_drop: false }`
[INFO] [stdout] b0b48c4aaa1e05b9734ec2dd45bea1bd100c1ed9d7c1f4f8dfdb04256a2f5fcb
[INFO] running `Command { std: "docker" "create" "-v" "/var/lib/crater-agent-workspace/builds/worker-4-tc1/target:/opt/rustwide/target:rw,Z" "-v" "/var/lib/crater-agent-workspace/builds/worker-4-tc1/source:/opt/rustwide/workdir:ro,Z" "-v" "/var/lib/crater-agent-workspace/cargo-home:/opt/rustwide/cargo-home:ro,Z" "-v" "/var/lib/crater-agent-workspace/rustup-home:/opt/rustwide/rustup-home:ro,Z" "-e" "SOURCE_DIR=/opt/rustwide/workdir" "-e" "CARGO_TARGET_DIR=/opt/rustwide/target" "-e" "CARGO_INCREMENTAL=0" "-e" "RUST_BACKTRACE=full" "-e" "RUSTFLAGS=--cap-lints=warn" "-e" "RUSTDOCFLAGS=--cap-lints=warn" "-e" "CARGO_HOME=/opt/rustwide/cargo-home" "-e" "RUSTUP_HOME=/opt/rustwide/rustup-home" "-w" "/opt/rustwide/workdir" "-m" "1610612736" "--user" "0:0" "--network" "none" "ghcr.io/rust-lang/crates-build-env/linux@sha256:2788e3201cd34a07e3172128adcd8b3090168a8e3bcc40d7c032b9dda1df7d1c" "/opt/rustwide/cargo-home/bin/cargo" "+1.75.0" "test" "--frozen", kill_on_drop: false }`
[INFO] [stdout] d330b4c00889395318ffa1ff9ab365b01b866a52dade0173afdc2d73b8f58832
[INFO] running `Command { std: "docker" "start" "-a" "d330b4c00889395318ffa1ff9ab365b01b866a52dade0173afdc2d73b8f58832", kill_on_drop: false }`
[INFO] [stderr] warning: unused imports: `Attribute`, `GetSpan`, `TryFromMeta`
[INFO] [stderr]    --> src/lib.rs:217:38
[INFO] [stderr]     |
[INFO] [stderr] 217 |     pub use derive_attribute_utils::{GetSpan, Attribute, TryFromMeta};
[INFO] [stderr]     |                                      ^^^^^^^  ^^^^^^^^^  ^^^^^^^^^^^
[INFO] [stderr]     |
[INFO] [stderr]     = note: `#[warn(unused_imports)]` on by default
[INFO] [stderr] 
[INFO] [stderr] warning: `derive-attribute` (lib) generated 1 warning (run `cargo fix --lib -p derive-attribute` to apply 1 suggestion)
[INFO] [stderr] warning: `derive-attribute` (lib test) generated 1 warning (1 duplicate)
[INFO] [stderr]     Finished test [unoptimized + debuginfo] target(s) in 0.02s
[INFO] [stderr]      Running unittests src/lib.rs (/opt/rustwide/target/debug/deps/derive_attribute-2102641989b8c7da)
[INFO] [stderr]    Doc-tests derive-attribute
[INFO] [stdout] 
[INFO] [stdout] running 0 tests
[INFO] [stdout] 
[INFO] [stdout] test result: ok. 0 passed; 0 failed; 0 ignored; 0 measured; 0 filtered out; finished in 0.00s
[INFO] [stdout] 
[INFO] [stdout] 
[INFO] [stdout] running 7 tests
[INFO] [stdout] test src/lib.rs - (line 145) ... FAILED
[INFO] [stdout] test src/lib.rs - (line 79) ... FAILED
[INFO] [stdout] test src/lib.rs - (line 61) ... FAILED
[INFO] [stdout] test src/lib.rs - (line 192) ... FAILED
[INFO] [stdout] test src/lib.rs - (line 205) ... FAILED
[INFO] [stdout] test src/lib.rs - (line 89) ... FAILED
[INFO] [stdout] test src/lib.rs - (line 158) ... FAILED
[INFO] [stdout] 
[INFO] [stdout] failures:
[INFO] [stdout] 
[INFO] [stdout] ---- src/lib.rs - (line 145) stdout ----
[INFO] [stdout] error: cannot find derive macro `YOUR_MACRO_NAME` in this scope
[INFO] [stdout]  --> src/lib.rs:146:10
[INFO] [stdout]   |
[INFO] [stdout] 3 | #[derive(YOUR_MACRO_NAME)]
[INFO] [stdout]   |          ^^^^^^^^^^^^^^^
[INFO] [stdout] 
[INFO] [stdout] error: cannot find attribute `my_attr` in this scope
[INFO] [stdout]  --> src/lib.rs:147:3
[INFO] [stdout]   |
[INFO] [stdout] 4 | #[my_attr(name = "some_name", is_selected)]
[INFO] [stdout]   |   ^^^^^^^
[INFO] [stdout] 
[INFO] [stdout] error: aborting due to 2 previous errors
[INFO] [stdout] 
[INFO] [stdout] Couldn't compile the test.
[INFO] [stdout] ---- src/lib.rs - (line 79) stdout ----
[INFO] [stdout] error: expected statement after outer attribute
[INFO] [stdout]  --> src/lib.rs:80:1
[INFO] [stdout]   |
[INFO] [stdout] 3 | #[my_attr(name = "some_name", is_selected)]
[INFO] [stdout]   | ^^^^^^^^^^^^^^^^^^^^^^^^^^^^^^^^^^^^^^^^^^^
[INFO] [stdout] 
[INFO] [stdout] error: aborting due to previous error
[INFO] [stdout] 
[INFO] [stdout] Couldn't compile the test.
[INFO] [stdout] ---- src/lib.rs - (line 61) stdout ----
[INFO] [stdout] error: cannot find derive macro `List` in this scope
[INFO] [stdout]   --> src/lib.rs:72:14
[INFO] [stdout]    |
[INFO] [stdout] 13 |     #[derive(List)]
[INFO] [stdout]    |              ^^^^
[INFO] [stdout]    |
[INFO] [stdout] help: consider importing one of these items
[INFO] [stdout]    |
[INFO] [stdout] 2  + use derive_attribute::List;
[INFO] [stdout]    |
[INFO] [stdout] 2  + use derive_attribute_macros::List;
[INFO] [stdout]    |
[INFO] [stdout] 
[INFO] [stdout] error: cannot find derive macro `Attribute` in this scope
[INFO] [stdout]  --> src/lib.rs:62:10
[INFO] [stdout]   |
[INFO] [stdout] 3 | #[derive(Attribute)]
[INFO] [stdout]   |          ^^^^^^^^^
[INFO] [stdout]   |
[INFO] [stdout] help: consider importing one of these items
[INFO] [stdout]   |
[INFO] [stdout] 2 + use derive_attribute::Attribute;
[INFO] [stdout]   |
[INFO] [stdout] 2 + use derive_attribute_macros::Attribute;
[INFO] [stdout]   |
[INFO] [stdout] 
[INFO] [stdout] error: cannot find attribute `attr` in this scope
[INFO] [stdout]  --> src/lib.rs:63:3
[INFO] [stdout]   |
[INFO] [stdout] 4 | #[attr(name = "my_attr")] // We set the attribute name to 'my_attr'
[INFO] [stdout]   |   ^^^^
[INFO] [stdout] 
[INFO] [stdout] error: aborting due to 3 previous errors
[INFO] [stdout] 
[INFO] [stdout] Couldn't compile the test.
[INFO] [stdout] ---- src/lib.rs - (line 192) stdout ----
[INFO] [stdout] error: cannot find derive macro `Attribute` in this scope
[INFO] [stdout]  --> src/lib.rs:193:10
[INFO] [stdout]   |
[INFO] [stdout] 3 | #[derive(Attribute)]
[INFO] [stdout]   |          ^^^^^^^^^
[INFO] [stdout]   |
[INFO] [stdout] help: consider importing one of these items
[INFO] [stdout]   |
[INFO] [stdout] 2 + use derive_attribute::Attribute;
[INFO] [stdout]   |
[INFO] [stdout] 2 + use derive_attribute_macros::Attribute;
[INFO] [stdout]   |
[INFO] [stdout] 
[INFO] [stdout] error: cannot find attribute `attr` in this scope
[INFO] [stdout]  --> src/lib.rs:194:3
[INFO] [stdout]   |
[INFO] [stdout] 4 | #[attr(name = "my_attr")]
[INFO] [stdout]   |   ^^^^
[INFO] [stdout] 
[INFO] [stdout] error[E0412]: cannot find type `CustomArg` in this scope
[INFO] [stdout]  --> src/lib.rs:197:17
[INFO] [stdout]   |
[INFO] [stdout] 7 |     error_type: CustomArg<ErrorType>,
[INFO] [stdout]   |                 ^^^^^^^^^ not found in this scope
[INFO] [stdout]   |
[INFO] [stdout] help: consider importing one of these items
[INFO] [stdout]   |
[INFO] [stdout] 2 + use derive_attribute::CustomArg;
[INFO] [stdout]   |
[INFO] [stdout] 2 + use derive_attribute_utils::CustomArg;
[INFO] [stdout]   |
[INFO] [stdout] 
[INFO] [stdout] error[E0412]: cannot find type `ErrorType` in this scope
[INFO] [stdout]  --> src/lib.rs:197:27
[INFO] [stdout]   |
[INFO] [stdout] 7 |     error_type: CustomArg<ErrorType>,
[INFO] [stdout]   |                           ^^^^^^^^^ not found in this scope
[INFO] [stdout]   |
[INFO] [stdout] help: you might be missing a type parameter
[INFO] [stdout]   |
[INFO] [stdout] 5 | struct MyAttribute<ErrorType> {
[INFO] [stdout]   |                   +++++++++++
[INFO] [stdout] 
[INFO] [stdout] error: aborting due to 4 previous errors
[INFO] [stdout] 
[INFO] [stdout] For more information about this error, try `rustc --explain E0412`.
[INFO] [stdout] Couldn't compile the test.
[INFO] [stdout] ---- src/lib.rs - (line 205) stdout ----
[INFO] [stdout] error: cannot find derive macro `YOUR_MACRO_NAME` in this scope
[INFO] [stdout]  --> src/lib.rs:206:10
[INFO] [stdout]   |
[INFO] [stdout] 3 | #[derive(YOUR_MACRO_NAME)]
[INFO] [stdout]   |          ^^^^^^^^^^^^^^^
[INFO] [stdout] 
[INFO] [stdout] error: cannot find attribute `error` in this scope
[INFO] [stdout]  --> src/lib.rs:207:3
[INFO] [stdout]   |
[INFO] [stdout] 4 | #[error(error_type = "warning", name = "some_name", is_selected)]
[INFO] [stdout]   |   ^^^^^
[INFO] [stdout] 
[INFO] [stdout] error: aborting due to 2 previous errors
[INFO] [stdout] 
[INFO] [stdout] Couldn't compile the test.
[INFO] [stdout] ---- src/lib.rs - (line 89) stdout ----
[INFO] [stdout] error: the `#[proc_macro_derive]` attribute is only usable with crates of the `proc-macro` crate type
[INFO] [stdout]   --> src/lib.rs:114:1
[INFO] [stdout]    |
[INFO] [stdout] 28 | #[proc_macro_derive(YOUR_MACRO_NAME, attributes(my_attr))]
[INFO] [stdout]    | ^^^^^^^^^^^^^^^^^^^^^^^^^^^^^^^^^^^^^^^^^^^^^^^^^^^^^^^^^^
[INFO] [stdout] 
[INFO] [stdout] error[E0432]: unresolved import `proc_macro2`
[INFO] [stdout]  --> src/lib.rs:93:5
[INFO] [stdout]   |
[INFO] [stdout] 7 | use proc_macro2::TokenStream as TokenStream2;
[INFO] [stdout]   |     ^^^^^^^^^^^ use of undeclared crate or module `proc_macro2`
[INFO] [stdout] 
[INFO] [stdout] error[E0432]: unresolved import `quote`
[INFO] [stdout]  --> src/lib.rs:94:5
[INFO] [stdout]   |
[INFO] [stdout] 8 | use quote::quote;
[INFO] [stdout]   |     ^^^^^ use of undeclared crate or module `quote`
[INFO] [stdout] 
[INFO] [stdout] error[E0432]: unresolved import `syn`
[INFO] [stdout]  --> src/lib.rs:95:5
[INFO] [stdout]   |
[INFO] [stdout] 9 | use syn::{parse_macro_input, DeriveInput};
[INFO] [stdout]   |     ^^^ use of undeclared crate or module `syn`
[INFO] [stdout] 
[INFO] [stdout] error: cannot determine resolution for the macro `parse_macro_input`
[INFO] [stdout]   --> src/lib.rs:116:15
[INFO] [stdout]    |
[INFO] [stdout] 30 |     let ast = parse_macro_input!(tokens as DeriveInput);
[INFO] [stdout]    |               ^^^^^^^^^^^^^^^^^
[INFO] [stdout]    |
[INFO] [stdout]    = note: import resolution is stuck, try simplifying macro imports
[INFO] [stdout] 
[INFO] [stdout] error: cannot determine resolution for the macro `quote`
[INFO] [stdout]   --> src/lib.rs:136:17
[INFO] [stdout]    |
[INFO] [stdout] 50 |                 quote!(#(#compile_errors)*)
[INFO] [stdout]    |                 ^^^^^
[INFO] [stdout]    |
[INFO] [stdout]    = note: import resolution is stuck, try simplifying macro imports
[INFO] [stdout] 
[INFO] [stdout] error[E0433]: failed to resolve: use of undeclared crate or module `proc_macro`
[INFO] [stdout]   --> src/lib.rs:115:32
[INFO] [stdout]    |
[INFO] [stdout] 29 | pub fn derive_my_trait(tokens: proc_macro::TokenStream) -> proc_macro::TokenStream {
[INFO] [stdout]    |                                ^^^^^^^^^^ use of undeclared crate or module `proc_macro`
[INFO] [stdout] 
[INFO] [stdout] error[E0433]: failed to resolve: use of undeclared crate or module `proc_macro`
[INFO] [stdout]   --> src/lib.rs:115:60
[INFO] [stdout]    |
[INFO] [stdout] 29 | pub fn derive_my_trait(tokens: proc_macro::TokenStream) -> proc_macro::TokenStream {
[INFO] [stdout]    |                                                            ^^^^^^^^^^ use of undeclared crate or module `proc_macro`
[INFO] [stdout] 
[INFO] [stdout] error[E0433]: failed to resolve: use of undeclared crate or module `syn`
[INFO] [stdout]   --> src/lib.rs:118:69
[INFO] [stdout]    |
[INFO] [stdout] 32 |     fn attempt_derive(ast: DeriveInput) -> Result<TokenStream2, Vec<syn::Error>> {
[INFO] [stdout]    |                                                                     ^^^ use of undeclared crate or module `syn`
[INFO] [stdout] 
[INFO] [stdout] error: aborting due to 9 previous errors
[INFO] [stdout] 
[INFO] [stdout] Some errors have detailed explanations: E0432, E0433.
[INFO] [stdout] For more information about an error, try `rustc --explain E0432`.
[INFO] [stdout] Couldn't compile the test.
[INFO] [stdout] ---- src/lib.rs - (line 158) stdout ----
[INFO] [stdout] error: expected `:`, found `,`
[INFO] [stdout]  --> src/lib.rs:163:12
[INFO] [stdout]   |
[INFO] [stdout] 7 | struct ErrorType {
[INFO] [stdout]   |        --------- while parsing this struct
[INFO] [stdout] 8 |     Warning,
[INFO] [stdout]   |            ^ expected `:`
[INFO] [stdout] 
[INFO] [stdout] error[E0405]: cannot find trait `SynVersion` in this scope
[INFO] [stdout]   --> src/lib.rs:169:9
[INFO] [stdout]    |
[INFO] [stdout] 14 | impl<V: SynVersion> CustomArgFromMeta<V> for ErrorType {
[INFO] [stdout]    |         ^^^^^^^^^^ not found in this scope
[INFO] [stdout]    |
[INFO] [stdout] help: consider importing one of these items
[INFO] [stdout]    |
[INFO] [stdout] 2  + use derive_attribute::SynVersion;
[INFO] [stdout]    |
[INFO] [stdout] 2  + use derive_attribute_utils::SynVersion;
[INFO] [stdout]    |
[INFO] [stdout] 
[INFO] [stdout] error[E0412]: cannot find type `ErrorMsg` in this scope
[INFO] [stdout]   --> src/lib.rs:170:60
[INFO] [stdout]    |
[INFO] [stdout] 15 |     fn try_from_meta(meta: Self::Metadata) -> Result<Self, ErrorMsg> {
[INFO] [stdout]    |                                                            ^^^^^^^^ not found in this scope
[INFO] [stdout]    |
[INFO] [stdout] help: consider importing one of these items
[INFO] [stdout]    |
[INFO] [stdout] 2  + use derive_attribute::ErrorMsg;
[INFO] [stdout]    |
[INFO] [stdout] 2  + use derive_attribute_utils::ErrorMsg;
[INFO] [stdout]    |
[INFO] [stdout] 
[INFO] [stdout] error[E0422]: cannot find struct, variant or union type `InvalidType` in this scope
[INFO] [stdout]   --> src/lib.rs:185:25
[INFO] [stdout]    |
[INFO] [stdout] 30 |             None => Err(InvalidType { expected: r#" "warning" or "severe" "# })
[INFO] [stdout]    |                         ^^^^^^^^^^^ not found in this scope
[INFO] [stdout]    |
[INFO] [stdout] help: consider importing one of these items
[INFO] [stdout]    |
[INFO] [stdout] 2  + use derive_attribute::ErrorMsg::InvalidType;
[INFO] [stdout]    |
[INFO] [stdout] 2  + use derive_attribute_utils::ErrorMsg::InvalidType;
[INFO] [stdout]    |
[INFO] [stdout] 
[INFO] [stdout] error: aborting due to 4 previous errors
[INFO] [stdout] 
[INFO] [stdout] Some errors have detailed explanations: E0405, E0412, E0422.
[INFO] [stdout] For more information about an error, try `rustc --explain E0405`.
[INFO] [stdout] Couldn't compile the test.
[INFO] [stdout] 
[INFO] [stdout] failures:
[INFO] [stdout]     src/lib.rs - (line 145)
[INFO] [stdout]     src/lib.rs - (line 158)
[INFO] [stdout]     src/lib.rs - (line 192)
[INFO] [stdout]     src/lib.rs - (line 205)
[INFO] [stdout]     src/lib.rs - (line 61)
[INFO] [stdout]     src/lib.rs - (line 79)
[INFO] [stdout]     src/lib.rs - (line 89)
[INFO] [stdout] 
[INFO] [stdout] test result: FAILED. 0 passed; 7 failed; 0 ignored; 0 measured; 0 filtered out; finished in 0.20s
[INFO] [stdout] 
[INFO] [stderr] error: doctest failed, to rerun pass `--doc`
[INFO] running `Command { std: "docker" "inspect" "d330b4c00889395318ffa1ff9ab365b01b866a52dade0173afdc2d73b8f58832", kill_on_drop: false }`
[INFO] running `Command { std: "docker" "rm" "-f" "d330b4c00889395318ffa1ff9ab365b01b866a52dade0173afdc2d73b8f58832", kill_on_drop: false }`
[INFO] [stdout] d330b4c00889395318ffa1ff9ab365b01b866a52dade0173afdc2d73b8f58832
[INFO] testing derive-attribute-0.1.2 against beta-2023-12-22 for beta-1.76-1
[INFO] extracting crate derive-attribute 0.1.2 into /workspace/builds/worker-4-tc2/source
[INFO] validating manifest of crates.io crate derive-attribute 0.1.2 on toolchain beta-2023-12-22
[INFO] running `Command { std: CARGO_HOME="/workspace/cargo-home" RUSTUP_HOME="/workspace/rustup-home" "/workspace/cargo-home/bin/cargo" "+beta-2023-12-22" "metadata" "--manifest-path" "Cargo.toml" "--no-deps", kill_on_drop: false }`
[INFO] started tweaking crates.io crate derive-attribute 0.1.2
[INFO] finished tweaking crates.io crate derive-attribute 0.1.2
[INFO] tweaked toml for crates.io crate derive-attribute 0.1.2 written to /workspace/builds/worker-4-tc2/source/Cargo.toml
[INFO] running `Command { std: CARGO_HOME="/workspace/cargo-home" RUSTUP_HOME="/workspace/rustup-home" "/workspace/cargo-home/bin/cargo" "+beta-2023-12-22" "generate-lockfile" "--manifest-path" "Cargo.toml", kill_on_drop: false }`
[INFO] [stderr]     Updating crates.io index
[INFO] running `Command { std: CARGO_HOME="/workspace/cargo-home" RUSTUP_HOME="/workspace/rustup-home" "/workspace/cargo-home/bin/cargo" "+beta-2023-12-22" "fetch" "--manifest-path" "Cargo.toml", kill_on_drop: false }`
[INFO] running `Command { std: "docker" "create" "-v" "/var/lib/crater-agent-workspace/builds/worker-4-tc2/target:/opt/rustwide/target:rw,Z" "-v" "/var/lib/crater-agent-workspace/builds/worker-4-tc2/source:/opt/rustwide/workdir:ro,Z" "-v" "/var/lib/crater-agent-workspace/cargo-home:/opt/rustwide/cargo-home:ro,Z" "-v" "/var/lib/crater-agent-workspace/rustup-home:/opt/rustwide/rustup-home:ro,Z" "-e" "SOURCE_DIR=/opt/rustwide/workdir" "-e" "CARGO_TARGET_DIR=/opt/rustwide/target" "-e" "CARGO_HOME=/opt/rustwide/cargo-home" "-e" "RUSTUP_HOME=/opt/rustwide/rustup-home" "-w" "/opt/rustwide/workdir" "-m" "1610612736" "--user" "0:0" "--network" "none" "ghcr.io/rust-lang/crates-build-env/linux@sha256:2788e3201cd34a07e3172128adcd8b3090168a8e3bcc40d7c032b9dda1df7d1c" "/opt/rustwide/cargo-home/bin/cargo" "+beta-2023-12-22" "metadata" "--no-deps" "--format-version=1", kill_on_drop: false }`
[INFO] [stdout] 96cef3e00c9ea6c9e3da94bce1f11b781c6a93e3f59e89c011daa7f94930135b
[INFO] running `Command { std: "docker" "start" "-a" "96cef3e00c9ea6c9e3da94bce1f11b781c6a93e3f59e89c011daa7f94930135b", kill_on_drop: false }`
[INFO] running `Command { std: "docker" "inspect" "96cef3e00c9ea6c9e3da94bce1f11b781c6a93e3f59e89c011daa7f94930135b", kill_on_drop: false }`
[INFO] running `Command { std: "docker" "rm" "-f" "96cef3e00c9ea6c9e3da94bce1f11b781c6a93e3f59e89c011daa7f94930135b", kill_on_drop: false }`
[INFO] [stdout] 96cef3e00c9ea6c9e3da94bce1f11b781c6a93e3f59e89c011daa7f94930135b
[INFO] running `Command { std: "docker" "create" "-v" "/var/lib/crater-agent-workspace/builds/worker-4-tc2/target:/opt/rustwide/target:rw,Z" "-v" "/var/lib/crater-agent-workspace/builds/worker-4-tc2/source:/opt/rustwide/workdir:ro,Z" "-v" "/var/lib/crater-agent-workspace/cargo-home:/opt/rustwide/cargo-home:ro,Z" "-v" "/var/lib/crater-agent-workspace/rustup-home:/opt/rustwide/rustup-home:ro,Z" "-e" "SOURCE_DIR=/opt/rustwide/workdir" "-e" "CARGO_TARGET_DIR=/opt/rustwide/target" "-e" "CARGO_INCREMENTAL=0" "-e" "RUST_BACKTRACE=full" "-e" "RUSTFLAGS=--cap-lints=warn" "-e" "RUSTDOCFLAGS=--cap-lints=warn" "-e" "CARGO_HOME=/opt/rustwide/cargo-home" "-e" "RUSTUP_HOME=/opt/rustwide/rustup-home" "-w" "/opt/rustwide/workdir" "-m" "1610612736" "--user" "0:0" "--network" "none" "ghcr.io/rust-lang/crates-build-env/linux@sha256:2788e3201cd34a07e3172128adcd8b3090168a8e3bcc40d7c032b9dda1df7d1c" "/opt/rustwide/cargo-home/bin/cargo" "+beta-2023-12-22" "build" "--frozen" "--message-format=json", kill_on_drop: false }`
[INFO] [stdout] 0729343f50def1ded8e793bd985ee99281d6169fdddf4a1eb00d84e0fe160163
[INFO] running `Command { std: "docker" "start" "-a" "0729343f50def1ded8e793bd985ee99281d6169fdddf4a1eb00d84e0fe160163", kill_on_drop: false }`
[INFO] [stderr]    Compiling proc-macro2 v1.0.75
[INFO] [stderr]    Compiling unicode-ident v1.0.12
[INFO] [stderr]    Compiling unicode-segmentation v1.10.1
[INFO] [stderr]    Compiling convert_case v0.6.0
[INFO] [stderr]    Compiling quote v1.0.35
[INFO] [stderr]    Compiling syn v2.0.48
[INFO] [stderr]    Compiling thiserror-impl v1.0.56
[INFO] [stderr]    Compiling thiserror v1.0.56
[INFO] [stderr]    Compiling derive-attribute-utils v0.1.1
[INFO] [stderr]    Compiling derive-attribute-macros v0.1.1
[INFO] [stderr]    Compiling derive-attribute v0.1.2 (/opt/rustwide/workdir)
[INFO] [stdout] warning: unused imports: `Attribute`, `GetSpan`, `TryFromMeta`
[INFO] [stdout]    --> src/lib.rs:217:38
[INFO] [stdout]     |
[INFO] [stdout] 217 |     pub use derive_attribute_utils::{GetSpan, Attribute, TryFromMeta};
[INFO] [stdout]     |                                      ^^^^^^^  ^^^^^^^^^  ^^^^^^^^^^^
[INFO] [stdout]     |
[INFO] [stdout]     = note: `#[warn(unused_imports)]` on by default
[INFO] [stdout] 
[INFO] [stdout] 
[INFO] [stdout] warning: 1 warning emitted
[INFO] [stdout] 
[INFO] [stdout] 
[INFO] [stderr]     Finished dev [unoptimized + debuginfo] target(s) in 9.09s
[INFO] running `Command { std: "docker" "inspect" "0729343f50def1ded8e793bd985ee99281d6169fdddf4a1eb00d84e0fe160163", kill_on_drop: false }`
[INFO] running `Command { std: "docker" "rm" "-f" "0729343f50def1ded8e793bd985ee99281d6169fdddf4a1eb00d84e0fe160163", kill_on_drop: false }`
[INFO] [stdout] 0729343f50def1ded8e793bd985ee99281d6169fdddf4a1eb00d84e0fe160163
[INFO] running `Command { std: "docker" "create" "-v" "/var/lib/crater-agent-workspace/builds/worker-4-tc2/target:/opt/rustwide/target:rw,Z" "-v" "/var/lib/crater-agent-workspace/builds/worker-4-tc2/source:/opt/rustwide/workdir:ro,Z" "-v" "/var/lib/crater-agent-workspace/cargo-home:/opt/rustwide/cargo-home:ro,Z" "-v" "/var/lib/crater-agent-workspace/rustup-home:/opt/rustwide/rustup-home:ro,Z" "-e" "SOURCE_DIR=/opt/rustwide/workdir" "-e" "CARGO_TARGET_DIR=/opt/rustwide/target" "-e" "CARGO_INCREMENTAL=0" "-e" "RUST_BACKTRACE=full" "-e" "RUSTFLAGS=--cap-lints=warn" "-e" "RUSTDOCFLAGS=--cap-lints=warn" "-e" "CARGO_HOME=/opt/rustwide/cargo-home" "-e" "RUSTUP_HOME=/opt/rustwide/rustup-home" "-w" "/opt/rustwide/workdir" "-m" "1610612736" "--user" "0:0" "--network" "none" "ghcr.io/rust-lang/crates-build-env/linux@sha256:2788e3201cd34a07e3172128adcd8b3090168a8e3bcc40d7c032b9dda1df7d1c" "/opt/rustwide/cargo-home/bin/cargo" "+beta-2023-12-22" "test" "--frozen" "--no-run" "--message-format=json", kill_on_drop: false }`
[INFO] [stdout] 4683930cb03ae48dfbe04e713ca2bc825a199c8fd0220679f826e0b73dc32c2a
[INFO] running `Command { std: "docker" "start" "-a" "4683930cb03ae48dfbe04e713ca2bc825a199c8fd0220679f826e0b73dc32c2a", kill_on_drop: false }`
[INFO] [stdout] warning: unused imports: `Attribute`, `GetSpan`, `TryFromMeta`
[INFO] [stdout]    --> src/lib.rs:217:38
[INFO] [stdout]     |
[INFO] [stdout] 217 |     pub use derive_attribute_utils::{GetSpan, Attribute, TryFromMeta};
[INFO] [stdout]     |                                      ^^^^^^^  ^^^^^^^^^  ^^^^^^^^^^^
[INFO] [stdout]     |
[INFO] [stdout]     = note: `#[warn(unused_imports)]` on by default
[INFO] [stdout] 
[INFO] [stdout] 
[INFO] [stderr]    Compiling derive-attribute v0.1.2 (/opt/rustwide/workdir)
[INFO] [stdout] warning: 1 warning emitted
[INFO] [stdout] 
[INFO] [stdout] 
[INFO] [stdout] warning: unused imports: `Attribute`, `GetSpan`, `TryFromMeta`
[INFO] [stdout]    --> src/lib.rs:217:38
[INFO] [stdout]     |
[INFO] [stdout] 217 |     pub use derive_attribute_utils::{GetSpan, Attribute, TryFromMeta};
[INFO] [stdout]     |                                      ^^^^^^^  ^^^^^^^^^  ^^^^^^^^^^^
[INFO] [stdout]     |
[INFO] [stdout]     = note: `#[warn(unused_imports)]` on by default
[INFO] [stdout] 
[INFO] [stdout] 
[INFO] [stdout] warning: 1 warning emitted
[INFO] [stdout] 
[INFO] [stdout] 
[INFO] [stderr]     Finished test [unoptimized + debuginfo] target(s) in 0.33s
[INFO] running `Command { std: "docker" "inspect" "4683930cb03ae48dfbe04e713ca2bc825a199c8fd0220679f826e0b73dc32c2a", kill_on_drop: false }`
[INFO] running `Command { std: "docker" "rm" "-f" "4683930cb03ae48dfbe04e713ca2bc825a199c8fd0220679f826e0b73dc32c2a", kill_on_drop: false }`
[INFO] [stdout] 4683930cb03ae48dfbe04e713ca2bc825a199c8fd0220679f826e0b73dc32c2a
[INFO] running `Command { std: "docker" "create" "-v" "/var/lib/crater-agent-workspace/builds/worker-4-tc2/target:/opt/rustwide/target:rw,Z" "-v" "/var/lib/crater-agent-workspace/builds/worker-4-tc2/source:/opt/rustwide/workdir:ro,Z" "-v" "/var/lib/crater-agent-workspace/cargo-home:/opt/rustwide/cargo-home:ro,Z" "-v" "/var/lib/crater-agent-workspace/rustup-home:/opt/rustwide/rustup-home:ro,Z" "-e" "SOURCE_DIR=/opt/rustwide/workdir" "-e" "CARGO_TARGET_DIR=/opt/rustwide/target" "-e" "CARGO_INCREMENTAL=0" "-e" "RUST_BACKTRACE=full" "-e" "RUSTFLAGS=--cap-lints=warn" "-e" "RUSTDOCFLAGS=--cap-lints=warn" "-e" "CARGO_HOME=/opt/rustwide/cargo-home" "-e" "RUSTUP_HOME=/opt/rustwide/rustup-home" "-w" "/opt/rustwide/workdir" "-m" "1610612736" "--user" "0:0" "--network" "none" "ghcr.io/rust-lang/crates-build-env/linux@sha256:2788e3201cd34a07e3172128adcd8b3090168a8e3bcc40d7c032b9dda1df7d1c" "/opt/rustwide/cargo-home/bin/cargo" "+beta-2023-12-22" "test" "--frozen", kill_on_drop: false }`
[INFO] [stdout] b8422521c08800aeb2148c08fbc89c362205aaff46f8c0862ad7a60343890a7b
[INFO] running `Command { std: "docker" "start" "-a" "b8422521c08800aeb2148c08fbc89c362205aaff46f8c0862ad7a60343890a7b", kill_on_drop: false }`
[INFO] [stderr] warning: unused imports: `Attribute`, `GetSpan`, `TryFromMeta`
[INFO] [stderr]    --> src/lib.rs:217:38
[INFO] [stderr]     |
[INFO] [stderr] 217 |     pub use derive_attribute_utils::{GetSpan, Attribute, TryFromMeta};
[INFO] [stderr]     |                                      ^^^^^^^  ^^^^^^^^^  ^^^^^^^^^^^
[INFO] [stderr]     |
[INFO] [stderr]     = note: `#[warn(unused_imports)]` on by default
[INFO] [stderr] 
[INFO] [stderr] warning: `derive-attribute` (lib) generated 1 warning (run `cargo fix --lib -p derive-attribute` to apply 1 suggestion)
[INFO] [stderr] warning: `derive-attribute` (lib test) generated 1 warning (1 duplicate)
[INFO] [stderr]     Finished test [unoptimized + debuginfo] target(s) in 0.03s
[INFO] [stderr]      Running unittests src/lib.rs (/opt/rustwide/target/debug/deps/derive_attribute-1213cb0dc1e74579)
[INFO] [stdout] 
[INFO] [stdout] running 0 tests
[INFO] [stdout] 
[INFO] [stdout] test result: ok. 0 passed; 0 failed; 0 ignored; 0 measured; 0 filtered out; finished in 0.00s
[INFO] [stdout] 
[INFO] [stderr]    Doc-tests derive-attribute
[INFO] [stdout] 
[INFO] [stdout] running 7 tests
[INFO] [stdout] test src/lib.rs - (line 192) ... FAILED
[INFO] [stdout] test src/lib.rs - (line 79) ... FAILED
[INFO] [stdout] test src/lib.rs - (line 145) ... FAILED
[INFO] [stdout] test src/lib.rs - (line 205) ... FAILED
[INFO] [stdout] test src/lib.rs - (line 61) ... FAILED
[INFO] [stdout] test src/lib.rs - (line 89) ... FAILED
[INFO] [stderr] error: doctest failed, to rerun pass `--doc`
[INFO] [stdout] test src/lib.rs - (line 158) ... FAILED
[INFO] [stdout] 
[INFO] [stdout] failures:
[INFO] [stdout] 
[INFO] [stdout] ---- src/lib.rs - (line 192) stdout ----
[INFO] [stdout] error: cannot find derive macro `Attribute` in this scope
[INFO] [stdout]  --> src/lib.rs:193:10
[INFO] [stdout]   |
[INFO] [stdout] 3 | #[derive(Attribute)]
[INFO] [stdout]   |          ^^^^^^^^^
[INFO] [stdout]   |
[INFO] [stdout] help: consider importing one of these items
[INFO] [stdout]   |
[INFO] [stdout] 2 + use derive_attribute::Attribute;
[INFO] [stdout]   |
[INFO] [stdout] 2 + use derive_attribute_macros::Attribute;
[INFO] [stdout]   |
[INFO] [stdout] 
[INFO] [stdout] error: cannot find attribute `attr` in this scope
[INFO] [stdout]  --> src/lib.rs:194:3
[INFO] [stdout]   |
[INFO] [stdout] 4 | #[attr(name = "my_attr")]
[INFO] [stdout]   |   ^^^^
[INFO] [stdout] 
[INFO] [stdout] error[E0412]: cannot find type `CustomArg` in this scope
[INFO] [stdout]  --> src/lib.rs:197:17
[INFO] [stdout]   |
[INFO] [stdout] 7 |     error_type: CustomArg<ErrorType>,
[INFO] [stdout]   |                 ^^^^^^^^^ not found in this scope
[INFO] [stdout]   |
[INFO] [stdout] help: consider importing one of these items
[INFO] [stdout]   |
[INFO] [stdout] 2 + use derive_attribute::CustomArg;
[INFO] [stdout]   |
[INFO] [stdout] 2 + use derive_attribute_utils::CustomArg;
[INFO] [stdout]   |
[INFO] [stdout] 
[INFO] [stdout] error[E0412]: cannot find type `ErrorType` in this scope
[INFO] [stdout]  --> src/lib.rs:197:27
[INFO] [stdout]   |
[INFO] [stdout] 7 |     error_type: CustomArg<ErrorType>,
[INFO] [stdout]   |                           ^^^^^^^^^ not found in this scope
[INFO] [stdout]   |
[INFO] [stdout] help: you might be missing a type parameter
[INFO] [stdout]   |
[INFO] [stdout] 5 | struct MyAttribute<ErrorType> {
[INFO] [stdout]   |                   +++++++++++
[INFO] [stdout] 
[INFO] [stdout] error: aborting due to 4 previous errors
[INFO] [stdout] 
[INFO] [stdout] For more information about this error, try `rustc --explain E0412`.
[INFO] [stdout] Couldn't compile the test.
[INFO] [stdout] ---- src/lib.rs - (line 79) stdout ----
[INFO] [stdout] error: expected statement after outer attribute
[INFO] [stdout]  --> src/lib.rs:80:1
[INFO] [stdout]   |
[INFO] [stdout] 3 | #[my_attr(name = "some_name", is_selected)]
[INFO] [stdout]   | ^^^^^^^^^^^^^^^^^^^^^^^^^^^^^^^^^^^^^^^^^^^
[INFO] [stdout] 
[INFO] [stdout] error: aborting due to 1 previous error
[INFO] [stdout] 
[INFO] [stdout] Couldn't compile the test.
[INFO] [stdout] ---- src/lib.rs - (line 145) stdout ----
[INFO] [stdout] error: cannot find derive macro `YOUR_MACRO_NAME` in this scope
[INFO] [stdout]  --> src/lib.rs:146:10
[INFO] [stdout]   |
[INFO] [stdout] 3 | #[derive(YOUR_MACRO_NAME)]
[INFO] [stdout]   |          ^^^^^^^^^^^^^^^
[INFO] [stdout] 
[INFO] [stdout] error: cannot find attribute `my_attr` in this scope
[INFO] [stdout]  --> src/lib.rs:147:3
[INFO] [stdout]   |
[INFO] [stdout] 4 | #[my_attr(name = "some_name", is_selected)]
[INFO] [stdout]   |   ^^^^^^^
[INFO] [stdout] 
[INFO] [stdout] error: aborting due to 2 previous errors
[INFO] [stdout] 
[INFO] [stdout] Couldn't compile the test.
[INFO] [stdout] ---- src/lib.rs - (line 205) stdout ----
[INFO] [stdout] error: cannot find derive macro `YOUR_MACRO_NAME` in this scope
[INFO] [stdout]  --> src/lib.rs:206:10
[INFO] [stdout]   |
[INFO] [stdout] 3 | #[derive(YOUR_MACRO_NAME)]
[INFO] [stdout]   |          ^^^^^^^^^^^^^^^
[INFO] [stdout] 
[INFO] [stdout] error: cannot find attribute `error` in this scope
[INFO] [stdout]  --> src/lib.rs:207:3
[INFO] [stdout]   |
[INFO] [stdout] 4 | #[error(error_type = "warning", name = "some_name", is_selected)]
[INFO] [stdout]   |   ^^^^^
[INFO] [stdout] 
[INFO] [stdout] error: aborting due to 2 previous errors
[INFO] [stdout] 
[INFO] [stdout] Couldn't compile the test.
[INFO] [stdout] ---- src/lib.rs - (line 61) stdout ----
[INFO] [stdout] error: cannot find derive macro `List` in this scope
[INFO] [stdout]   --> src/lib.rs:72:14
[INFO] [stdout]    |
[INFO] [stdout] 13 |     #[derive(List)]
[INFO] [stdout]    |              ^^^^
[INFO] [stdout]    |
[INFO] [stdout] help: consider importing one of these items
[INFO] [stdout]    |
[INFO] [stdout] 2  + use derive_attribute::List;
[INFO] [stdout]    |
[INFO] [stdout] 2  + use derive_attribute_macros::List;
[INFO] [stdout]    |
[INFO] [stdout] 
[INFO] [stdout] error: cannot find derive macro `Attribute` in this scope
[INFO] [stdout]  --> src/lib.rs:62:10
[INFO] [stdout]   |
[INFO] [stdout] 3 | #[derive(Attribute)]
[INFO] [stdout]   |          ^^^^^^^^^
[INFO] [stdout]   |
[INFO] [stdout] help: consider importing one of these items
[INFO] [stdout]   |
[INFO] [stdout] 2 + use derive_attribute::Attribute;
[INFO] [stdout]   |
[INFO] [stdout] 2 + use derive_attribute_macros::Attribute;
[INFO] [stdout]   |
[INFO] [stdout] 
[INFO] [stdout] error: cannot find attribute `attr` in this scope
[INFO] [stdout]  --> src/lib.rs:63:3
[INFO] [stdout]   |
[INFO] [stdout] 4 | #[attr(name = "my_attr")] // We set the attribute name to 'my_attr'
[INFO] [stdout]   |   ^^^^
[INFO] [stdout] 
[INFO] [stdout] error: aborting due to 3 previous errors
[INFO] [stdout] 
[INFO] [stdout] Couldn't compile the test.
[INFO] [stdout] ---- src/lib.rs - (line 89) stdout ----
[INFO] [stdout] error: the `#[proc_macro_derive]` attribute is only usable with crates of the `proc-macro` crate type
[INFO] [stdout]   --> src/lib.rs:114:1
[INFO] [stdout]    |
[INFO] [stdout] 28 | #[proc_macro_derive(YOUR_MACRO_NAME, attributes(my_attr))]
[INFO] [stdout]    | ^^^^^^^^^^^^^^^^^^^^^^^^^^^^^^^^^^^^^^^^^^^^^^^^^^^^^^^^^^
[INFO] [stdout] 
[INFO] [stdout] error[E0432]: unresolved import `proc_macro2`
[INFO] [stdout]  --> src/lib.rs:93:5
[INFO] [stdout]   |
[INFO] [stdout] 7 | use proc_macro2::TokenStream as TokenStream2;
[INFO] [stdout]   |     ^^^^^^^^^^^ use of undeclared crate or module `proc_macro2`
[INFO] [stdout] 
[INFO] [stdout] error[E0432]: unresolved import `quote`
[INFO] [stdout]  --> src/lib.rs:94:5
[INFO] [stdout]   |
[INFO] [stdout] 8 | use quote::quote;
[INFO] [stdout]   |     ^^^^^ use of undeclared crate or module `quote`
[INFO] [stdout] 
[INFO] [stdout] error[E0432]: unresolved import `syn`
[INFO] [stdout]  --> src/lib.rs:95:5
[INFO] [stdout]   |
[INFO] [stdout] 9 | use syn::{parse_macro_input, DeriveInput};
[INFO] [stdout]   |     ^^^ use of undeclared crate or module `syn`
[INFO] [stdout] 
[INFO] [stdout] error: cannot determine resolution for the macro `parse_macro_input`
[INFO] [stdout]   --> src/lib.rs:116:15
[INFO] [stdout]    |
[INFO] [stdout] 30 |     let ast = parse_macro_input!(tokens as DeriveInput);
[INFO] [stdout]    |               ^^^^^^^^^^^^^^^^^
[INFO] [stdout]    |
[INFO] [stdout]    = note: import resolution is stuck, try simplifying macro imports
[INFO] [stdout] 
[INFO] [stdout] error: cannot determine resolution for the macro `quote`
[INFO] [stdout]   --> src/lib.rs:136:17
[INFO] [stdout]    |
[INFO] [stdout] 50 |                 quote!(#(#compile_errors)*)
[INFO] [stdout]    |                 ^^^^^
[INFO] [stdout]    |
[INFO] [stdout]    = note: import resolution is stuck, try simplifying macro imports
[INFO] [stdout] 
[INFO] [stdout] error[E0433]: failed to resolve: use of undeclared crate or module `proc_macro`
[INFO] [stdout]   --> src/lib.rs:115:32
[INFO] [stdout]    |
[INFO] [stdout] 29 | pub fn derive_my_trait(tokens: proc_macro::TokenStream) -> proc_macro::TokenStream {
[INFO] [stdout]    |                                ^^^^^^^^^^ use of undeclared crate or module `proc_macro`
[INFO] [stdout] 
[INFO] [stdout] error[E0433]: failed to resolve: use of undeclared crate or module `proc_macro`
[INFO] [stdout]   --> src/lib.rs:115:60
[INFO] [stdout]    |
[INFO] [stdout] 29 | pub fn derive_my_trait(tokens: proc_macro::TokenStream) -> proc_macro::TokenStream {
[INFO] [stdout]    |                                                            ^^^^^^^^^^ use of undeclared crate or module `proc_macro`
[INFO] [stdout] 
[INFO] [stdout] error[E0433]: failed to resolve: use of undeclared crate or module `syn`
[INFO] [stdout]   --> src/lib.rs:118:69
[INFO] [stdout]    |
[INFO] [stdout] 32 |     fn attempt_derive(ast: DeriveInput) -> Result<TokenStream2, Vec<syn::Error>> {
[INFO] [stdout]    |                                                                     ^^^ use of undeclared crate or module `syn`
[INFO] [stdout] 
[INFO] [stdout] error: aborting due to 9 previous errors
[INFO] [stdout] 
[INFO] [stdout] Some errors have detailed explanations: E0432, E0433.
[INFO] [stdout] For more information about an error, try `rustc --explain E0432`.
[INFO] [stdout] Couldn't compile the test.
[INFO] [stdout] ---- src/lib.rs - (line 158) stdout ----
[INFO] [stdout] error: expected `:`, found `,`
[INFO] [stdout]  --> src/lib.rs:163:12
[INFO] [stdout]   |
[INFO] [stdout] 7 | struct ErrorType {
[INFO] [stdout]   |        --------- while parsing this struct
[INFO] [stdout] 8 |     Warning,
[INFO] [stdout]   |            ^ expected `:`
[INFO] [stdout] 
[INFO] [stdout] error[E0405]: cannot find trait `SynVersion` in this scope
[INFO] [stdout]   --> src/lib.rs:169:9
[INFO] [stdout]    |
[INFO] [stdout] 14 | impl<V: SynVersion> CustomArgFromMeta<V> for ErrorType {
[INFO] [stdout]    |         ^^^^^^^^^^ not found in this scope
[INFO] [stdout]    |
[INFO] [stdout] help: consider importing one of these items
[INFO] [stdout]    |
[INFO] [stdout] 2  + use derive_attribute::SynVersion;
[INFO] [stdout]    |
[INFO] [stdout] 2  + use derive_attribute_utils::SynVersion;
[INFO] [stdout]    |
[INFO] [stdout] 
[INFO] [stdout] error[E0412]: cannot find type `ErrorMsg` in this scope
[INFO] [stdout]   --> src/lib.rs:170:60
[INFO] [stdout]    |
[INFO] [stdout] 15 |     fn try_from_meta(meta: Self::Metadata) -> Result<Self, ErrorMsg> {
[INFO] [stdout]    |                                                            ^^^^^^^^ not found in this scope
[INFO] [stdout]    |
[INFO] [stdout] help: consider importing one of these items
[INFO] [stdout]    |
[INFO] [stdout] 2  + use derive_attribute::ErrorMsg;
[INFO] [stdout]    |
[INFO] [stdout] 2  + use derive_attribute_utils::ErrorMsg;
[INFO] [stdout]    |
[INFO] [stdout] 
[INFO] [stdout] error[E0422]: cannot find struct, variant or union type `InvalidType` in this scope
[INFO] [stdout]   --> src/lib.rs:185:25
[INFO] [stdout]    |
[INFO] [stdout] 30 |             None => Err(InvalidType { expected: r#" "warning" or "severe" "# })
[INFO] [stdout]    |                         ^^^^^^^^^^^ not found in this scope
[INFO] [stdout]    |
[INFO] [stdout] help: consider importing one of these items
[INFO] [stdout]    |
[INFO] [stdout] 2  + use derive_attribute::ErrorMsg::InvalidType;
[INFO] [stdout]    |
[INFO] [stdout] 2  + use derive_attribute_utils::ErrorMsg::InvalidType;
[INFO] [stdout]    |
[INFO] [stdout] 
[INFO] [stdout] error: aborting due to 4 previous errors
[INFO] [stdout] 
[INFO] [stdout] Some errors have detailed explanations: E0405, E0412, E0422.
[INFO] [stdout] For more information about an error, try `rustc --explain E0405`.
[INFO] [stdout] Couldn't compile the test.
[INFO] [stdout] 
[INFO] [stdout] failures:
[INFO] [stdout]     src/lib.rs - (line 145)
[INFO] [stdout]     src/lib.rs - (line 158)
[INFO] [stdout]     src/lib.rs - (line 192)
[INFO] [stdout]     src/lib.rs - (line 205)
[INFO] [stdout]     src/lib.rs - (line 61)
[INFO] [stdout]     src/lib.rs - (line 79)
[INFO] [stdout]     src/lib.rs - (line 89)
[INFO] [stdout] 
[INFO] [stdout] test result: FAILED. 0 passed; 7 failed; 0 ignored; 0 measured; 0 filtered out; finished in 0.25s
[INFO] [stdout] 
[INFO] running `Command { std: "docker" "inspect" "b8422521c08800aeb2148c08fbc89c362205aaff46f8c0862ad7a60343890a7b", kill_on_drop: false }`
[INFO] running `Command { std: "docker" "rm" "-f" "b8422521c08800aeb2148c08fbc89c362205aaff46f8c0862ad7a60343890a7b", kill_on_drop: false }`
[INFO] [stdout] b8422521c08800aeb2148c08fbc89c362205aaff46f8c0862ad7a60343890a7b
