[INFO] fetching crate derive-attr-parser 0.1.1...
[INFO] testing derive-attr-parser-0.1.1 against 1.75.0 for beta-1.76-1
[INFO] extracting crate derive-attr-parser 0.1.1 into /workspace/builds/worker-1-tc1/source
[INFO] validating manifest of crates.io crate derive-attr-parser 0.1.1 on toolchain 1.75.0
[INFO] running `Command { std: CARGO_HOME="/workspace/cargo-home" RUSTUP_HOME="/workspace/rustup-home" "/workspace/cargo-home/bin/cargo" "+1.75.0" "metadata" "--manifest-path" "Cargo.toml" "--no-deps", kill_on_drop: false }`
[INFO] started tweaking crates.io crate derive-attr-parser 0.1.1
[INFO] finished tweaking crates.io crate derive-attr-parser 0.1.1
[INFO] tweaked toml for crates.io crate derive-attr-parser 0.1.1 written to /workspace/builds/worker-1-tc1/source/Cargo.toml
[INFO] running `Command { std: CARGO_HOME="/workspace/cargo-home" RUSTUP_HOME="/workspace/rustup-home" "/workspace/cargo-home/bin/cargo" "+1.75.0" "generate-lockfile" "--manifest-path" "Cargo.toml", kill_on_drop: false }`
[INFO] [stderr]     Updating crates.io index
[INFO] running `Command { std: CARGO_HOME="/workspace/cargo-home" RUSTUP_HOME="/workspace/rustup-home" "/workspace/cargo-home/bin/cargo" "+1.75.0" "fetch" "--manifest-path" "Cargo.toml", kill_on_drop: false }`
[INFO] running `Command { std: "docker" "create" "-v" "/var/lib/crater-agent-workspace/builds/worker-1-tc1/target:/opt/rustwide/target:rw,Z" "-v" "/var/lib/crater-agent-workspace/builds/worker-1-tc1/source:/opt/rustwide/workdir:ro,Z" "-v" "/var/lib/crater-agent-workspace/cargo-home:/opt/rustwide/cargo-home:ro,Z" "-v" "/var/lib/crater-agent-workspace/rustup-home:/opt/rustwide/rustup-home:ro,Z" "-e" "SOURCE_DIR=/opt/rustwide/workdir" "-e" "CARGO_TARGET_DIR=/opt/rustwide/target" "-e" "CARGO_HOME=/opt/rustwide/cargo-home" "-e" "RUSTUP_HOME=/opt/rustwide/rustup-home" "-w" "/opt/rustwide/workdir" "-m" "1610612736" "--user" "0:0" "--network" "none" "ghcr.io/rust-lang/crates-build-env/linux@sha256:2788e3201cd34a07e3172128adcd8b3090168a8e3bcc40d7c032b9dda1df7d1c" "/opt/rustwide/cargo-home/bin/cargo" "+1.75.0" "metadata" "--no-deps" "--format-version=1", kill_on_drop: false }`
[INFO] [stdout] 8dd18f9be02de0e1f3f86c4a76962e60ab19a5e5caccc33e25a9a9ef54c0180e
[INFO] running `Command { std: "docker" "start" "-a" "8dd18f9be02de0e1f3f86c4a76962e60ab19a5e5caccc33e25a9a9ef54c0180e", kill_on_drop: false }`
[INFO] running `Command { std: "docker" "inspect" "8dd18f9be02de0e1f3f86c4a76962e60ab19a5e5caccc33e25a9a9ef54c0180e", kill_on_drop: false }`
[INFO] running `Command { std: "docker" "rm" "-f" "8dd18f9be02de0e1f3f86c4a76962e60ab19a5e5caccc33e25a9a9ef54c0180e", kill_on_drop: false }`
[INFO] [stdout] 8dd18f9be02de0e1f3f86c4a76962e60ab19a5e5caccc33e25a9a9ef54c0180e
[INFO] running `Command { std: "docker" "create" "-v" "/var/lib/crater-agent-workspace/builds/worker-1-tc1/target:/opt/rustwide/target:rw,Z" "-v" "/var/lib/crater-agent-workspace/builds/worker-1-tc1/source:/opt/rustwide/workdir:ro,Z" "-v" "/var/lib/crater-agent-workspace/cargo-home:/opt/rustwide/cargo-home:ro,Z" "-v" "/var/lib/crater-agent-workspace/rustup-home:/opt/rustwide/rustup-home:ro,Z" "-e" "SOURCE_DIR=/opt/rustwide/workdir" "-e" "CARGO_TARGET_DIR=/opt/rustwide/target" "-e" "CARGO_INCREMENTAL=0" "-e" "RUST_BACKTRACE=full" "-e" "RUSTFLAGS=--cap-lints=warn" "-e" "RUSTDOCFLAGS=--cap-lints=warn" "-e" "CARGO_HOME=/opt/rustwide/cargo-home" "-e" "RUSTUP_HOME=/opt/rustwide/rustup-home" "-w" "/opt/rustwide/workdir" "-m" "1610612736" "--user" "0:0" "--network" "none" "ghcr.io/rust-lang/crates-build-env/linux@sha256:2788e3201cd34a07e3172128adcd8b3090168a8e3bcc40d7c032b9dda1df7d1c" "/opt/rustwide/cargo-home/bin/cargo" "+1.75.0" "build" "--frozen" "--message-format=json", kill_on_drop: false }`
[INFO] [stdout] dd2ab6228c81b22dfdccb14dd52d383865a7f06ed24ea87f5e60a6c4804d0bbb
[INFO] running `Command { std: "docker" "start" "-a" "dd2ab6228c81b22dfdccb14dd52d383865a7f06ed24ea87f5e60a6c4804d0bbb", kill_on_drop: false }`
[INFO] [stderr]    Compiling proc-macro2 v1.0.75
[INFO] [stderr]    Compiling quote v1.0.35
[INFO] [stderr]    Compiling syn v2.0.48
[INFO] [stderr]    Compiling derive-attr-parser v0.1.1 (/opt/rustwide/workdir)
[INFO] [stderr]     Finished dev [unoptimized + debuginfo] target(s) in 3.78s
[INFO] running `Command { std: "docker" "inspect" "dd2ab6228c81b22dfdccb14dd52d383865a7f06ed24ea87f5e60a6c4804d0bbb", kill_on_drop: false }`
[INFO] running `Command { std: "docker" "rm" "-f" "dd2ab6228c81b22dfdccb14dd52d383865a7f06ed24ea87f5e60a6c4804d0bbb", kill_on_drop: false }`
[INFO] [stdout] dd2ab6228c81b22dfdccb14dd52d383865a7f06ed24ea87f5e60a6c4804d0bbb
[INFO] running `Command { std: "docker" "create" "-v" "/var/lib/crater-agent-workspace/builds/worker-1-tc1/target:/opt/rustwide/target:rw,Z" "-v" "/var/lib/crater-agent-workspace/builds/worker-1-tc1/source:/opt/rustwide/workdir:ro,Z" "-v" "/var/lib/crater-agent-workspace/cargo-home:/opt/rustwide/cargo-home:ro,Z" "-v" "/var/lib/crater-agent-workspace/rustup-home:/opt/rustwide/rustup-home:ro,Z" "-e" "SOURCE_DIR=/opt/rustwide/workdir" "-e" "CARGO_TARGET_DIR=/opt/rustwide/target" "-e" "CARGO_INCREMENTAL=0" "-e" "RUST_BACKTRACE=full" "-e" "RUSTFLAGS=--cap-lints=warn" "-e" "RUSTDOCFLAGS=--cap-lints=warn" "-e" "CARGO_HOME=/opt/rustwide/cargo-home" "-e" "RUSTUP_HOME=/opt/rustwide/rustup-home" "-w" "/opt/rustwide/workdir" "-m" "1610612736" "--user" "0:0" "--network" "none" "ghcr.io/rust-lang/crates-build-env/linux@sha256:2788e3201cd34a07e3172128adcd8b3090168a8e3bcc40d7c032b9dda1df7d1c" "/opt/rustwide/cargo-home/bin/cargo" "+1.75.0" "test" "--frozen" "--no-run" "--message-format=json", kill_on_drop: false }`
[INFO] [stdout] c954e23d5d669c296289fb888b63e0d05ab299a847e00e313911542a3c7cd80c
[INFO] running `Command { std: "docker" "start" "-a" "c954e23d5d669c296289fb888b63e0d05ab299a847e00e313911542a3c7cd80c", kill_on_drop: false }`
[INFO] [stderr]    Compiling derive-attr-parser v0.1.1 (/opt/rustwide/workdir)
[INFO] [stderr]     Finished test [unoptimized + debuginfo] target(s) in 0.24s
[INFO] running `Command { std: "docker" "inspect" "c954e23d5d669c296289fb888b63e0d05ab299a847e00e313911542a3c7cd80c", kill_on_drop: false }`
[INFO] running `Command { std: "docker" "rm" "-f" "c954e23d5d669c296289fb888b63e0d05ab299a847e00e313911542a3c7cd80c", kill_on_drop: false }`
[INFO] [stdout] c954e23d5d669c296289fb888b63e0d05ab299a847e00e313911542a3c7cd80c
[INFO] running `Command { std: "docker" "create" "-v" "/var/lib/crater-agent-workspace/builds/worker-1-tc1/target:/opt/rustwide/target:rw,Z" "-v" "/var/lib/crater-agent-workspace/builds/worker-1-tc1/source:/opt/rustwide/workdir:ro,Z" "-v" "/var/lib/crater-agent-workspace/cargo-home:/opt/rustwide/cargo-home:ro,Z" "-v" "/var/lib/crater-agent-workspace/rustup-home:/opt/rustwide/rustup-home:ro,Z" "-e" "SOURCE_DIR=/opt/rustwide/workdir" "-e" "CARGO_TARGET_DIR=/opt/rustwide/target" "-e" "CARGO_INCREMENTAL=0" "-e" "RUST_BACKTRACE=full" "-e" "RUSTFLAGS=--cap-lints=warn" "-e" "RUSTDOCFLAGS=--cap-lints=warn" "-e" "CARGO_HOME=/opt/rustwide/cargo-home" "-e" "RUSTUP_HOME=/opt/rustwide/rustup-home" "-w" "/opt/rustwide/workdir" "-m" "1610612736" "--user" "0:0" "--network" "none" "ghcr.io/rust-lang/crates-build-env/linux@sha256:2788e3201cd34a07e3172128adcd8b3090168a8e3bcc40d7c032b9dda1df7d1c" "/opt/rustwide/cargo-home/bin/cargo" "+1.75.0" "test" "--frozen", kill_on_drop: false }`
[INFO] [stdout] 257a5961cbcd79e66b26ac32ea8709ffe9e068054acd9e69d1d33ff8f73780ff
[INFO] running `Command { std: "docker" "start" "-a" "257a5961cbcd79e66b26ac32ea8709ffe9e068054acd9e69d1d33ff8f73780ff", kill_on_drop: false }`
[INFO] [stderr]     Finished test [unoptimized + debuginfo] target(s) in 0.03s
[INFO] [stderr]      Running unittests src/lib.rs (/opt/rustwide/target/debug/deps/derive_attr_parser-eb61a767ad7f5fbd)
[INFO] [stdout] 
[INFO] [stdout] running 0 tests
[INFO] [stdout] 
[INFO] [stdout] test result: ok. 0 passed; 0 failed; 0 ignored; 0 measured; 0 filtered out; finished in 0.00s
[INFO] [stdout] 
[INFO] [stderr]    Doc-tests derive-attr-parser
[INFO] [stdout] 
[INFO] [stdout] running 4 tests
[INFO] [stdout] test src/lib.rs - (line 14) ... FAILED
[INFO] [stdout] test src/lib.rs - (line 6) ... FAILED
[INFO] [stdout] test src/lib.rs - (line 42) ... FAILED
[INFO] [stdout] test src/internals/ast.rs - internals::ast::Symbol (line 64) ... ok
[INFO] [stdout] 
[INFO] [stdout] failures:
[INFO] [stdout] 
[INFO] [stdout] ---- src/lib.rs - (line 14) stdout ----
[INFO] [stdout] error: the `#[proc_macro_derive]` attribute is only usable with crates of the `proc-macro` crate type
[INFO] [stdout]   --> src/lib.rs:22:1
[INFO] [stdout]    |
[INFO] [stdout] 11 | #[proc_macro_derive(DemoDerive, attributes(demo))]
[INFO] [stdout]    | ^^^^^^^^^^^^^^^^^^^^^^^^^^^^^^^^^^^^^^^^^^^^^^^^^^
[INFO] [stdout] 
[INFO] [stdout] error: aborting due to previous error
[INFO] [stdout] 
[INFO] [stdout] Couldn't compile the test.
[INFO] [stdout] ---- src/lib.rs - (line 6) stdout ----
[INFO] [stdout] error: cannot find macro `parse_macro_input` in this scope
[INFO] [stdout]  --> src/lib.rs:8:13
[INFO] [stdout]   |
[INFO] [stdout] 5 | let input = parse_macro_input!(inputTokenStream as DeriveInput);
[INFO] [stdout]   |             ^^^^^^^^^^^^^^^^^
[INFO] [stdout]   |
[INFO] [stdout] help: consider importing this macro
[INFO] [stdout]   |
[INFO] [stdout] 2 + use syn::parse_macro_input;
[INFO] [stdout]   |
[INFO] [stdout] 
[INFO] [stdout] error: aborting due to previous error
[INFO] [stdout] 
[INFO] [stdout] Couldn't compile the test.
[INFO] [stdout] ---- src/lib.rs - (line 42) stdout ----
[INFO] [stdout] error: cannot find derive macro `DemoDerive` in this scope
[INFO] [stdout]  --> src/lib.rs:43:10
[INFO] [stdout]   |
[INFO] [stdout] 3 | #[derive(DemoDerive)]
[INFO] [stdout]   |          ^^^^^^^^^^
[INFO] [stdout] 
[INFO] [stdout] error: cannot find attribute `demo` in this scope
[INFO] [stdout]  --> src/lib.rs:44:3
[INFO] [stdout]   |
[INFO] [stdout] 4 | #[demo(
[INFO] [stdout]   |   ^^^^
[INFO] [stdout] 
[INFO] [stdout] error: cannot find attribute `demo` in this scope
[INFO] [stdout]   --> src/lib.rs:51:3
[INFO] [stdout]    |
[INFO] [stdout] 11 | #[demo(input(name = "BassInput", ty = "struct"))]
[INFO] [stdout]    |   ^^^^
[INFO] [stdout] 
[INFO] [stdout] error: cannot find attribute `demo` in this scope
[INFO] [stdout]   --> src/lib.rs:52:3
[INFO] [stdout]    |
[INFO] [stdout] 12 | #[demo(output(name = "BassOutput", ty = "struct"))]
[INFO] [stdout]    |   ^^^^
[INFO] [stdout] 
[INFO] [stdout] error: cannot find attribute `demo` in this scope
[INFO] [stdout]   --> src/lib.rs:54:7
[INFO] [stdout]    |
[INFO] [stdout] 14 |     #[demo(param(val = "10_000_f64"), input(from = "total_population"))]
[INFO] [stdout]    |       ^^^^
[INFO] [stdout] 
[INFO] [stdout] error: cannot find attribute `demo` in this scope
[INFO] [stdout]   --> src/lib.rs:56:7
[INFO] [stdout]    |
[INFO] [stdout] 16 |     #[demo(param(val = "0.015_f64"))]
[INFO] [stdout]    |       ^^^^
[INFO] [stdout] 
[INFO] [stdout] error: cannot find attribute `demo` in this scope
[INFO] [stdout]   --> src/lib.rs:58:7
[INFO] [stdout]    |
[INFO] [stdout] 18 |     #[demo(param(val = "100_f64"))]
[INFO] [stdout]    |       ^^^^
[INFO] [stdout] 
[INFO] [stdout] error: cannot find attribute `demo` in this scope
[INFO] [stdout]   --> src/lib.rs:60:7
[INFO] [stdout]    |
[INFO] [stdout] 20 |     #[demo(param(val = "0.011_f64"))]
[INFO] [stdout]    |       ^^^^
[INFO] [stdout] 
[INFO] [stdout] error: cannot find attribute `demo` in this scope
[INFO] [stdout]   --> src/lib.rs:62:7
[INFO] [stdout]    |
[INFO] [stdout] 22 |     #[demo(var(val = "potential_clients * ad_effectiveness"))]
[INFO] [stdout]    |       ^^^^
[INFO] [stdout] 
[INFO] [stdout] error: cannot find attribute `demo` in this scope
[INFO] [stdout]   --> src/lib.rs:64:7
[INFO] [stdout]    |
[INFO] [stdout] 24 |     #[demo(var(
[INFO] [stdout]    |       ^^^^
[INFO] [stdout] 
[INFO] [stdout] error: cannot find attribute `demo` in this scope
[INFO] [stdout]   --> src/lib.rs:69:7
[INFO] [stdout]    |
[INFO] [stdout] 29 |     #[demo(stock(val = "total_population"), output(to = "potential_clients"))]
[INFO] [stdout]    |       ^^^^
[INFO] [stdout] 
[INFO] [stdout] error: cannot find attribute `demo` in this scope
[INFO] [stdout]   --> src/lib.rs:71:7
[INFO] [stdout]    |
[INFO] [stdout] 31 |     #[demo(stock, output(to = "clients"))]
[INFO] [stdout]    |       ^^^^
[INFO] [stdout] 
[INFO] [stdout] error: cannot find attribute `demo` in this scope
[INFO] [stdout]   --> src/lib.rs:74:7
[INFO] [stdout]    |
[INFO] [stdout] 34 |     #[demo(
[INFO] [stdout]    |       ^^^^
[INFO] [stdout] 
[INFO] [stdout] error: aborting due to 13 previous errors
[INFO] [stdout] 
[INFO] [stdout] Couldn't compile the test.
[INFO] [stdout] 
[INFO] [stdout] failures:
[INFO] [stdout]     src/lib.rs - (line 14)
[INFO] [stdout]     src/lib.rs - (line 42)
[INFO] [stdout]     src/lib.rs - (line 6)
[INFO] [stdout] 
[INFO] [stdout] test result: FAILED. 1 passed; 3 failed; 0 ignored; 0 measured; 0 filtered out; finished in 0.16s
[INFO] [stdout] 
[INFO] [stderr] error: doctest failed, to rerun pass `--doc`
[INFO] running `Command { std: "docker" "inspect" "257a5961cbcd79e66b26ac32ea8709ffe9e068054acd9e69d1d33ff8f73780ff", kill_on_drop: false }`
[INFO] running `Command { std: "docker" "rm" "-f" "257a5961cbcd79e66b26ac32ea8709ffe9e068054acd9e69d1d33ff8f73780ff", kill_on_drop: false }`
[INFO] [stdout] 257a5961cbcd79e66b26ac32ea8709ffe9e068054acd9e69d1d33ff8f73780ff
[INFO] testing derive-attr-parser-0.1.1 against beta-2023-12-22 for beta-1.76-1
[INFO] extracting crate derive-attr-parser 0.1.1 into /workspace/builds/worker-1-tc2/source
[INFO] validating manifest of crates.io crate derive-attr-parser 0.1.1 on toolchain beta-2023-12-22
[INFO] running `Command { std: CARGO_HOME="/workspace/cargo-home" RUSTUP_HOME="/workspace/rustup-home" "/workspace/cargo-home/bin/cargo" "+beta-2023-12-22" "metadata" "--manifest-path" "Cargo.toml" "--no-deps", kill_on_drop: false }`
[INFO] started tweaking crates.io crate derive-attr-parser 0.1.1
[INFO] finished tweaking crates.io crate derive-attr-parser 0.1.1
[INFO] tweaked toml for crates.io crate derive-attr-parser 0.1.1 written to /workspace/builds/worker-1-tc2/source/Cargo.toml
[INFO] running `Command { std: CARGO_HOME="/workspace/cargo-home" RUSTUP_HOME="/workspace/rustup-home" "/workspace/cargo-home/bin/cargo" "+beta-2023-12-22" "generate-lockfile" "--manifest-path" "Cargo.toml", kill_on_drop: false }`
[INFO] [stderr]     Updating crates.io index
[INFO] running `Command { std: CARGO_HOME="/workspace/cargo-home" RUSTUP_HOME="/workspace/rustup-home" "/workspace/cargo-home/bin/cargo" "+beta-2023-12-22" "fetch" "--manifest-path" "Cargo.toml", kill_on_drop: false }`
[INFO] running `Command { std: "docker" "create" "-v" "/var/lib/crater-agent-workspace/builds/worker-1-tc2/target:/opt/rustwide/target:rw,Z" "-v" "/var/lib/crater-agent-workspace/builds/worker-1-tc2/source:/opt/rustwide/workdir:ro,Z" "-v" "/var/lib/crater-agent-workspace/cargo-home:/opt/rustwide/cargo-home:ro,Z" "-v" "/var/lib/crater-agent-workspace/rustup-home:/opt/rustwide/rustup-home:ro,Z" "-e" "SOURCE_DIR=/opt/rustwide/workdir" "-e" "CARGO_TARGET_DIR=/opt/rustwide/target" "-e" "CARGO_HOME=/opt/rustwide/cargo-home" "-e" "RUSTUP_HOME=/opt/rustwide/rustup-home" "-w" "/opt/rustwide/workdir" "-m" "1610612736" "--user" "0:0" "--network" "none" "ghcr.io/rust-lang/crates-build-env/linux@sha256:2788e3201cd34a07e3172128adcd8b3090168a8e3bcc40d7c032b9dda1df7d1c" "/opt/rustwide/cargo-home/bin/cargo" "+beta-2023-12-22" "metadata" "--no-deps" "--format-version=1", kill_on_drop: false }`
[INFO] [stdout] 25e3edc4ff02796bb723031ea412173006300c33ab255864b67e70f4c8db5595
[INFO] running `Command { std: "docker" "start" "-a" "25e3edc4ff02796bb723031ea412173006300c33ab255864b67e70f4c8db5595", kill_on_drop: false }`
[INFO] running `Command { std: "docker" "inspect" "25e3edc4ff02796bb723031ea412173006300c33ab255864b67e70f4c8db5595", kill_on_drop: false }`
[INFO] running `Command { std: "docker" "rm" "-f" "25e3edc4ff02796bb723031ea412173006300c33ab255864b67e70f4c8db5595", kill_on_drop: false }`
[INFO] [stdout] 25e3edc4ff02796bb723031ea412173006300c33ab255864b67e70f4c8db5595
[INFO] running `Command { std: "docker" "create" "-v" "/var/lib/crater-agent-workspace/builds/worker-1-tc2/target:/opt/rustwide/target:rw,Z" "-v" "/var/lib/crater-agent-workspace/builds/worker-1-tc2/source:/opt/rustwide/workdir:ro,Z" "-v" "/var/lib/crater-agent-workspace/cargo-home:/opt/rustwide/cargo-home:ro,Z" "-v" "/var/lib/crater-agent-workspace/rustup-home:/opt/rustwide/rustup-home:ro,Z" "-e" "SOURCE_DIR=/opt/rustwide/workdir" "-e" "CARGO_TARGET_DIR=/opt/rustwide/target" "-e" "CARGO_INCREMENTAL=0" "-e" "RUST_BACKTRACE=full" "-e" "RUSTFLAGS=--cap-lints=warn" "-e" "RUSTDOCFLAGS=--cap-lints=warn" "-e" "CARGO_HOME=/opt/rustwide/cargo-home" "-e" "RUSTUP_HOME=/opt/rustwide/rustup-home" "-w" "/opt/rustwide/workdir" "-m" "1610612736" "--user" "0:0" "--network" "none" "ghcr.io/rust-lang/crates-build-env/linux@sha256:2788e3201cd34a07e3172128adcd8b3090168a8e3bcc40d7c032b9dda1df7d1c" "/opt/rustwide/cargo-home/bin/cargo" "+beta-2023-12-22" "build" "--frozen" "--message-format=json", kill_on_drop: false }`
[INFO] [stdout] 7141243c908283d5f415fef4b9d76b1ef2878ba7793634ce1b486114888c0fbf
[INFO] running `Command { std: "docker" "start" "-a" "7141243c908283d5f415fef4b9d76b1ef2878ba7793634ce1b486114888c0fbf", kill_on_drop: false }`
[INFO] [stderr]    Compiling proc-macro2 v1.0.75
[INFO] [stderr]    Compiling quote v1.0.35
[INFO] [stderr]    Compiling syn v2.0.48
[INFO] [stderr]    Compiling derive-attr-parser v0.1.1 (/opt/rustwide/workdir)
[INFO] [stderr]     Finished dev [unoptimized + debuginfo] target(s) in 4.26s
[INFO] running `Command { std: "docker" "inspect" "7141243c908283d5f415fef4b9d76b1ef2878ba7793634ce1b486114888c0fbf", kill_on_drop: false }`
[INFO] running `Command { std: "docker" "rm" "-f" "7141243c908283d5f415fef4b9d76b1ef2878ba7793634ce1b486114888c0fbf", kill_on_drop: false }`
[INFO] [stdout] 7141243c908283d5f415fef4b9d76b1ef2878ba7793634ce1b486114888c0fbf
[INFO] running `Command { std: "docker" "create" "-v" "/var/lib/crater-agent-workspace/builds/worker-1-tc2/target:/opt/rustwide/target:rw,Z" "-v" "/var/lib/crater-agent-workspace/builds/worker-1-tc2/source:/opt/rustwide/workdir:ro,Z" "-v" "/var/lib/crater-agent-workspace/cargo-home:/opt/rustwide/cargo-home:ro,Z" "-v" "/var/lib/crater-agent-workspace/rustup-home:/opt/rustwide/rustup-home:ro,Z" "-e" "SOURCE_DIR=/opt/rustwide/workdir" "-e" "CARGO_TARGET_DIR=/opt/rustwide/target" "-e" "CARGO_INCREMENTAL=0" "-e" "RUST_BACKTRACE=full" "-e" "RUSTFLAGS=--cap-lints=warn" "-e" "RUSTDOCFLAGS=--cap-lints=warn" "-e" "CARGO_HOME=/opt/rustwide/cargo-home" "-e" "RUSTUP_HOME=/opt/rustwide/rustup-home" "-w" "/opt/rustwide/workdir" "-m" "1610612736" "--user" "0:0" "--network" "none" "ghcr.io/rust-lang/crates-build-env/linux@sha256:2788e3201cd34a07e3172128adcd8b3090168a8e3bcc40d7c032b9dda1df7d1c" "/opt/rustwide/cargo-home/bin/cargo" "+beta-2023-12-22" "test" "--frozen" "--no-run" "--message-format=json", kill_on_drop: false }`
[INFO] [stdout] d669c06e1ad118ce8eed83dbaf687f5173506de129cc852de0bb14bf949d579e
[INFO] running `Command { std: "docker" "start" "-a" "d669c06e1ad118ce8eed83dbaf687f5173506de129cc852de0bb14bf949d579e", kill_on_drop: false }`
[INFO] [stderr]    Compiling derive-attr-parser v0.1.1 (/opt/rustwide/workdir)
[INFO] [stderr]     Finished test [unoptimized + debuginfo] target(s) in 0.25s
[INFO] running `Command { std: "docker" "inspect" "d669c06e1ad118ce8eed83dbaf687f5173506de129cc852de0bb14bf949d579e", kill_on_drop: false }`
[INFO] running `Command { std: "docker" "rm" "-f" "d669c06e1ad118ce8eed83dbaf687f5173506de129cc852de0bb14bf949d579e", kill_on_drop: false }`
[INFO] [stdout] d669c06e1ad118ce8eed83dbaf687f5173506de129cc852de0bb14bf949d579e
[INFO] running `Command { std: "docker" "create" "-v" "/var/lib/crater-agent-workspace/builds/worker-1-tc2/target:/opt/rustwide/target:rw,Z" "-v" "/var/lib/crater-agent-workspace/builds/worker-1-tc2/source:/opt/rustwide/workdir:ro,Z" "-v" "/var/lib/crater-agent-workspace/cargo-home:/opt/rustwide/cargo-home:ro,Z" "-v" "/var/lib/crater-agent-workspace/rustup-home:/opt/rustwide/rustup-home:ro,Z" "-e" "SOURCE_DIR=/opt/rustwide/workdir" "-e" "CARGO_TARGET_DIR=/opt/rustwide/target" "-e" "CARGO_INCREMENTAL=0" "-e" "RUST_BACKTRACE=full" "-e" "RUSTFLAGS=--cap-lints=warn" "-e" "RUSTDOCFLAGS=--cap-lints=warn" "-e" "CARGO_HOME=/opt/rustwide/cargo-home" "-e" "RUSTUP_HOME=/opt/rustwide/rustup-home" "-w" "/opt/rustwide/workdir" "-m" "1610612736" "--user" "0:0" "--network" "none" "ghcr.io/rust-lang/crates-build-env/linux@sha256:2788e3201cd34a07e3172128adcd8b3090168a8e3bcc40d7c032b9dda1df7d1c" "/opt/rustwide/cargo-home/bin/cargo" "+beta-2023-12-22" "test" "--frozen", kill_on_drop: false }`
[INFO] [stdout] f24527ef3613ef6e78a130663d19c6bd5620d4496ded992a23b5cbc54fc51995
[INFO] running `Command { std: "docker" "start" "-a" "f24527ef3613ef6e78a130663d19c6bd5620d4496ded992a23b5cbc54fc51995", kill_on_drop: false }`
[INFO] [stderr]     Finished test [unoptimized + debuginfo] target(s) in 0.01s
[INFO] [stderr]      Running unittests src/lib.rs (/opt/rustwide/target/debug/deps/derive_attr_parser-1fa21a63dd39c997)
[INFO] [stdout] 
[INFO] [stdout] running 0 tests
[INFO] [stdout] 
[INFO] [stdout] test result: ok. 0 passed; 0 failed; 0 ignored; 0 measured; 0 filtered out; finished in 0.00s
[INFO] [stdout] 
[INFO] [stderr]    Doc-tests derive-attr-parser
[INFO] [stdout] 
[INFO] [stdout] running 4 tests
[INFO] [stdout] test src/lib.rs - (line 14) ... FAILED
[INFO] [stdout] test src/lib.rs - (line 6) ... FAILED
[INFO] [stdout] test src/lib.rs - (line 42) ... FAILED
[INFO] [stdout] test src/internals/ast.rs - internals::ast::Symbol (line 64) ... ok
[INFO] [stdout] 
[INFO] [stdout] failures:
[INFO] [stdout] 
[INFO] [stdout] ---- src/lib.rs - (line 14) stdout ----
[INFO] [stdout] error: the `#[proc_macro_derive]` attribute is only usable with crates of the `proc-macro` crate type
[INFO] [stdout]   --> src/lib.rs:22:1
[INFO] [stdout]    |
[INFO] [stdout] 11 | #[proc_macro_derive(DemoDerive, attributes(demo))]
[INFO] [stdout]    | ^^^^^^^^^^^^^^^^^^^^^^^^^^^^^^^^^^^^^^^^^^^^^^^^^^
[INFO] [stdout] 
[INFO] [stdout] error: aborting due to 1 previous error
[INFO] [stdout] 
[INFO] [stdout] Couldn't compile the test.
[INFO] [stdout] ---- src/lib.rs - (line 6) stdout ----
[INFO] [stdout] error: cannot find macro `parse_macro_input` in this scope
[INFO] [stdout]  --> src/lib.rs:8:13
[INFO] [stdout]   |
[INFO] [stdout] 5 | let input = parse_macro_input!(inputTokenStream as DeriveInput);
[INFO] [stdout]   |             ^^^^^^^^^^^^^^^^^
[INFO] [stdout]   |
[INFO] [stdout] help: consider importing this macro
[INFO] [stdout]   |
[INFO] [stdout] 2 + use syn::parse_macro_input;
[INFO] [stdout]   |
[INFO] [stdout] 
[INFO] [stdout] error: aborting due to 1 previous error
[INFO] [stdout] 
[INFO] [stdout] Couldn't compile the test.
[INFO] [stdout] ---- src/lib.rs - (line 42) stdout ----
[INFO] [stdout] error: cannot find derive macro `DemoDerive` in this scope
[INFO] [stdout]  --> src/lib.rs:43:10
[INFO] [stdout]   |
[INFO] [stdout] 3 | #[derive(DemoDerive)]
[INFO] [stdout]   |          ^^^^^^^^^^
[INFO] [stdout] 
[INFO] [stdout] error: cannot find attribute `demo` in this scope
[INFO] [stdout]  --> src/lib.rs:44:3
[INFO] [stdout]   |
[INFO] [stdout] 4 | #[demo(
[INFO] [stdout]   |   ^^^^
[INFO] [stdout] 
[INFO] [stdout] error: cannot find attribute `demo` in this scope
[INFO] [stdout]   --> src/lib.rs:51:3
[INFO] [stdout]    |
[INFO] [stdout] 11 | #[demo(input(name = "BassInput", ty = "struct"))]
[INFO] [stdout]    |   ^^^^
[INFO] [stdout] 
[INFO] [stdout] error: cannot find attribute `demo` in this scope
[INFO] [stdout]   --> src/lib.rs:52:3
[INFO] [stdout]    |
[INFO] [stdout] 12 | #[demo(output(name = "BassOutput", ty = "struct"))]
[INFO] [stdout]    |   ^^^^
[INFO] [stdout] 
[INFO] [stdout] error: cannot find attribute `demo` in this scope
[INFO] [stdout]   --> src/lib.rs:54:7
[INFO] [stdout]    |
[INFO] [stdout] 14 |     #[demo(param(val = "10_000_f64"), input(from = "total_population"))]
[INFO] [stdout]    |       ^^^^
[INFO] [stdout] 
[INFO] [stdout] error: cannot find attribute `demo` in this scope
[INFO] [stdout]   --> src/lib.rs:56:7
[INFO] [stdout]    |
[INFO] [stdout] 16 |     #[demo(param(val = "0.015_f64"))]
[INFO] [stdout]    |       ^^^^
[INFO] [stdout] 
[INFO] [stdout] error: cannot find attribute `demo` in this scope
[INFO] [stdout]   --> src/lib.rs:58:7
[INFO] [stdout]    |
[INFO] [stdout] 18 |     #[demo(param(val = "100_f64"))]
[INFO] [stdout]    |       ^^^^
[INFO] [stdout] 
[INFO] [stdout] error: cannot find attribute `demo` in this scope
[INFO] [stdout]   --> src/lib.rs:60:7
[INFO] [stdout]    |
[INFO] [stdout] 20 |     #[demo(param(val = "0.011_f64"))]
[INFO] [stdout]    |       ^^^^
[INFO] [stdout] 
[INFO] [stdout] error: cannot find attribute `demo` in this scope
[INFO] [stdout]   --> src/lib.rs:62:7
[INFO] [stdout]    |
[INFO] [stdout] 22 |     #[demo(var(val = "potential_clients * ad_effectiveness"))]
[INFO] [stdout]    |       ^^^^
[INFO] [stdout] 
[INFO] [stdout] error: cannot find attribute `demo` in this scope
[INFO] [stdout]   --> src/lib.rs:64:7
[INFO] [stdout]    |
[INFO] [stdout] 24 |     #[demo(var(
[INFO] [stdout]    |       ^^^^
[INFO] [stdout] 
[INFO] [stdout] error: cannot find attribute `demo` in this scope
[INFO] [stdout]   --> src/lib.rs:69:7
[INFO] [stdout]    |
[INFO] [stdout] 29 |     #[demo(stock(val = "total_population"), output(to = "potential_clients"))]
[INFO] [stdout]    |       ^^^^
[INFO] [stdout] 
[INFO] [stdout] error: cannot find attribute `demo` in this scope
[INFO] [stdout]   --> src/lib.rs:71:7
[INFO] [stdout]    |
[INFO] [stdout] 31 |     #[demo(stock, output(to = "clients"))]
[INFO] [stdout]    |       ^^^^
[INFO] [stdout] 
[INFO] [stdout] error: cannot find attribute `demo` in this scope
[INFO] [stdout]   --> src/lib.rs:74:7
[INFO] [stdout]    |
[INFO] [stdout] 34 |     #[demo(
[INFO] [stdout]    |       ^^^^
[INFO] [stdout] 
[INFO] [stdout] error: aborting due to 13 previous errors
[INFO] [stdout] 
[INFO] [stdout] Couldn't compile the test.
[INFO] [stdout] 
[INFO] [stdout] failures:
[INFO] [stdout]     src/lib.rs - (line 14)
[INFO] [stdout]     src/lib.rs - (line 42)
[INFO] [stdout]     src/lib.rs - (line 6)
[INFO] [stdout] 
[INFO] [stdout] test result: FAILED. 1 passed; 3 failed; 0 ignored; 0 measured; 0 filtered out; finished in 0.15s
[INFO] [stdout] 
[INFO] [stderr] error: doctest failed, to rerun pass `--doc`
[INFO] running `Command { std: "docker" "inspect" "f24527ef3613ef6e78a130663d19c6bd5620d4496ded992a23b5cbc54fc51995", kill_on_drop: false }`
[INFO] running `Command { std: "docker" "rm" "-f" "f24527ef3613ef6e78a130663d19c6bd5620d4496ded992a23b5cbc54fc51995", kill_on_drop: false }`
[INFO] [stdout] f24527ef3613ef6e78a130663d19c6bd5620d4496ded992a23b5cbc54fc51995
