[INFO] fetching crate deptypes 0.1.1...
[INFO] testing deptypes-0.1.1 against 1.75.0 for beta-1.76-1
[INFO] extracting crate deptypes 0.1.1 into /workspace/builds/worker-4-tc1/source
[INFO] validating manifest of crates.io crate deptypes 0.1.1 on toolchain 1.75.0
[INFO] running `Command { std: CARGO_HOME="/workspace/cargo-home" RUSTUP_HOME="/workspace/rustup-home" "/workspace/cargo-home/bin/cargo" "+1.75.0" "metadata" "--manifest-path" "Cargo.toml" "--no-deps", kill_on_drop: false }`
[INFO] started tweaking crates.io crate deptypes 0.1.1
[INFO] finished tweaking crates.io crate deptypes 0.1.1
[INFO] tweaked toml for crates.io crate deptypes 0.1.1 written to /workspace/builds/worker-4-tc1/source/Cargo.toml
[INFO] running `Command { std: CARGO_HOME="/workspace/cargo-home" RUSTUP_HOME="/workspace/rustup-home" "/workspace/cargo-home/bin/cargo" "+1.75.0" "generate-lockfile" "--manifest-path" "Cargo.toml", kill_on_drop: false }`
[INFO] [stderr]     Updating crates.io index
[INFO] running `Command { std: CARGO_HOME="/workspace/cargo-home" RUSTUP_HOME="/workspace/rustup-home" "/workspace/cargo-home/bin/cargo" "+1.75.0" "fetch" "--manifest-path" "Cargo.toml", kill_on_drop: false }`
[INFO] [stderr]  Downloading crates ...
[INFO] [stderr]   Downloaded generativity v1.1.0
[INFO] [stderr]   Downloaded generics2 v0.3.3
[INFO] running `Command { std: "docker" "create" "-v" "/var/lib/crater-agent-workspace/builds/worker-4-tc1/target:/opt/rustwide/target:rw,Z" "-v" "/var/lib/crater-agent-workspace/builds/worker-4-tc1/source:/opt/rustwide/workdir:ro,Z" "-v" "/var/lib/crater-agent-workspace/cargo-home:/opt/rustwide/cargo-home:ro,Z" "-v" "/var/lib/crater-agent-workspace/rustup-home:/opt/rustwide/rustup-home:ro,Z" "-e" "SOURCE_DIR=/opt/rustwide/workdir" "-e" "CARGO_TARGET_DIR=/opt/rustwide/target" "-e" "CARGO_HOME=/opt/rustwide/cargo-home" "-e" "RUSTUP_HOME=/opt/rustwide/rustup-home" "-w" "/opt/rustwide/workdir" "-m" "1610612736" "--user" "0:0" "--network" "none" "ghcr.io/rust-lang/crates-build-env/linux@sha256:2788e3201cd34a07e3172128adcd8b3090168a8e3bcc40d7c032b9dda1df7d1c" "/opt/rustwide/cargo-home/bin/cargo" "+1.75.0" "metadata" "--no-deps" "--format-version=1", kill_on_drop: false }`
[INFO] [stdout] 8762cec2f0f07a58903ce74e4ad69b09edc69674b6cd9b53a79d99c3c6100037
[INFO] running `Command { std: "docker" "start" "-a" "8762cec2f0f07a58903ce74e4ad69b09edc69674b6cd9b53a79d99c3c6100037", kill_on_drop: false }`
[INFO] running `Command { std: "docker" "inspect" "8762cec2f0f07a58903ce74e4ad69b09edc69674b6cd9b53a79d99c3c6100037", kill_on_drop: false }`
[INFO] running `Command { std: "docker" "rm" "-f" "8762cec2f0f07a58903ce74e4ad69b09edc69674b6cd9b53a79d99c3c6100037", kill_on_drop: false }`
[INFO] [stdout] 8762cec2f0f07a58903ce74e4ad69b09edc69674b6cd9b53a79d99c3c6100037
[INFO] running `Command { std: "docker" "create" "-v" "/var/lib/crater-agent-workspace/builds/worker-4-tc1/target:/opt/rustwide/target:rw,Z" "-v" "/var/lib/crater-agent-workspace/builds/worker-4-tc1/source:/opt/rustwide/workdir:ro,Z" "-v" "/var/lib/crater-agent-workspace/cargo-home:/opt/rustwide/cargo-home:ro,Z" "-v" "/var/lib/crater-agent-workspace/rustup-home:/opt/rustwide/rustup-home:ro,Z" "-e" "SOURCE_DIR=/opt/rustwide/workdir" "-e" "CARGO_TARGET_DIR=/opt/rustwide/target" "-e" "CARGO_INCREMENTAL=0" "-e" "RUST_BACKTRACE=full" "-e" "RUSTFLAGS=--cap-lints=warn" "-e" "RUSTDOCFLAGS=--cap-lints=warn" "-e" "CARGO_HOME=/opt/rustwide/cargo-home" "-e" "RUSTUP_HOME=/opt/rustwide/rustup-home" "-w" "/opt/rustwide/workdir" "-m" "1610612736" "--user" "0:0" "--network" "none" "ghcr.io/rust-lang/crates-build-env/linux@sha256:2788e3201cd34a07e3172128adcd8b3090168a8e3bcc40d7c032b9dda1df7d1c" "/opt/rustwide/cargo-home/bin/cargo" "+1.75.0" "build" "--frozen" "--message-format=json", kill_on_drop: false }`
[INFO] [stdout] 4e4840a2a7c514258c392378dfd7e9e97ebdddb27325621c6d54bc45ed1b5200
[INFO] running `Command { std: "docker" "start" "-a" "4e4840a2a7c514258c392378dfd7e9e97ebdddb27325621c6d54bc45ed1b5200", kill_on_drop: false }`
[INFO] [stderr]    Compiling num-traits v0.2.17
[INFO] [stderr]    Compiling paste v1.0.14
[INFO] [stderr]    Compiling generics2 v0.3.3
[INFO] [stderr]    Compiling generativity v1.1.0
[INFO] [stderr]    Compiling deptypes v0.1.1 (/opt/rustwide/workdir)
[INFO] [stderr]     Finished dev [unoptimized + debuginfo] target(s) in 1.75s
[INFO] running `Command { std: "docker" "inspect" "4e4840a2a7c514258c392378dfd7e9e97ebdddb27325621c6d54bc45ed1b5200", kill_on_drop: false }`
[INFO] running `Command { std: "docker" "rm" "-f" "4e4840a2a7c514258c392378dfd7e9e97ebdddb27325621c6d54bc45ed1b5200", kill_on_drop: false }`
[INFO] [stdout] 4e4840a2a7c514258c392378dfd7e9e97ebdddb27325621c6d54bc45ed1b5200
[INFO] running `Command { std: "docker" "create" "-v" "/var/lib/crater-agent-workspace/builds/worker-4-tc1/target:/opt/rustwide/target:rw,Z" "-v" "/var/lib/crater-agent-workspace/builds/worker-4-tc1/source:/opt/rustwide/workdir:ro,Z" "-v" "/var/lib/crater-agent-workspace/cargo-home:/opt/rustwide/cargo-home:ro,Z" "-v" "/var/lib/crater-agent-workspace/rustup-home:/opt/rustwide/rustup-home:ro,Z" "-e" "SOURCE_DIR=/opt/rustwide/workdir" "-e" "CARGO_TARGET_DIR=/opt/rustwide/target" "-e" "CARGO_INCREMENTAL=0" "-e" "RUST_BACKTRACE=full" "-e" "RUSTFLAGS=--cap-lints=warn" "-e" "RUSTDOCFLAGS=--cap-lints=warn" "-e" "CARGO_HOME=/opt/rustwide/cargo-home" "-e" "RUSTUP_HOME=/opt/rustwide/rustup-home" "-w" "/opt/rustwide/workdir" "-m" "1610612736" "--user" "0:0" "--network" "none" "ghcr.io/rust-lang/crates-build-env/linux@sha256:2788e3201cd34a07e3172128adcd8b3090168a8e3bcc40d7c032b9dda1df7d1c" "/opt/rustwide/cargo-home/bin/cargo" "+1.75.0" "test" "--frozen" "--no-run" "--message-format=json", kill_on_drop: false }`
[INFO] [stdout] 26efb5f0a6a3ce9ed79156c7d377f98e7b8557be7fd4463596e3e4c3a8f895f4
[INFO] running `Command { std: "docker" "start" "-a" "26efb5f0a6a3ce9ed79156c7d377f98e7b8557be7fd4463596e3e4c3a8f895f4", kill_on_drop: false }`
[INFO] [stderr]    Compiling deptypes v0.1.1 (/opt/rustwide/workdir)
[INFO] [stderr]     Finished test [unoptimized + debuginfo] target(s) in 0.40s
[INFO] running `Command { std: "docker" "inspect" "26efb5f0a6a3ce9ed79156c7d377f98e7b8557be7fd4463596e3e4c3a8f895f4", kill_on_drop: false }`
[INFO] running `Command { std: "docker" "rm" "-f" "26efb5f0a6a3ce9ed79156c7d377f98e7b8557be7fd4463596e3e4c3a8f895f4", kill_on_drop: false }`
[INFO] [stdout] 26efb5f0a6a3ce9ed79156c7d377f98e7b8557be7fd4463596e3e4c3a8f895f4
[INFO] running `Command { std: "docker" "create" "-v" "/var/lib/crater-agent-workspace/builds/worker-4-tc1/target:/opt/rustwide/target:rw,Z" "-v" "/var/lib/crater-agent-workspace/builds/worker-4-tc1/source:/opt/rustwide/workdir:ro,Z" "-v" "/var/lib/crater-agent-workspace/cargo-home:/opt/rustwide/cargo-home:ro,Z" "-v" "/var/lib/crater-agent-workspace/rustup-home:/opt/rustwide/rustup-home:ro,Z" "-e" "SOURCE_DIR=/opt/rustwide/workdir" "-e" "CARGO_TARGET_DIR=/opt/rustwide/target" "-e" "CARGO_INCREMENTAL=0" "-e" "RUST_BACKTRACE=full" "-e" "RUSTFLAGS=--cap-lints=warn" "-e" "RUSTDOCFLAGS=--cap-lints=warn" "-e" "CARGO_HOME=/opt/rustwide/cargo-home" "-e" "RUSTUP_HOME=/opt/rustwide/rustup-home" "-w" "/opt/rustwide/workdir" "-m" "1610612736" "--user" "0:0" "--network" "none" "ghcr.io/rust-lang/crates-build-env/linux@sha256:2788e3201cd34a07e3172128adcd8b3090168a8e3bcc40d7c032b9dda1df7d1c" "/opt/rustwide/cargo-home/bin/cargo" "+1.75.0" "test" "--frozen", kill_on_drop: false }`
[INFO] [stdout] 8aa786901f07f7cb2f4d1850116655e81cbe68b73767aec0b95a23ab5de959b6
[INFO] running `Command { std: "docker" "start" "-a" "8aa786901f07f7cb2f4d1850116655e81cbe68b73767aec0b95a23ab5de959b6", kill_on_drop: false }`
[INFO] [stderr]     Finished test [unoptimized + debuginfo] target(s) in 0.01s
[INFO] [stderr]      Running unittests src/lib.rs (/opt/rustwide/target/debug/deps/deptypes-05eb93aa1bab8d93)
[INFO] [stdout] 
[INFO] [stdout] running 0 tests
[INFO] [stdout] 
[INFO] [stdout] test result: ok. 0 passed; 0 failed; 0 ignored; 0 measured; 0 filtered out; finished in 0.00s
[INFO] [stdout] 
[INFO] [stderr]    Doc-tests deptypes
[INFO] [stdout] 
[INFO] [stdout] running 4 tests
[INFO] [stdout] test src/lib.rs - (line 117) ... FAILED
[INFO] [stdout] test src/term.rs - term::term (line 150) ... ok
[INFO] [stdout] test src/term.rs - term::term (line 126) ... ok
[INFO] [stdout] test src/term.rs - term::term (line 136) ... ok
[INFO] [stdout] 
[INFO] [stdout] failures:
[INFO] [stdout] 
[INFO] [stdout] ---- src/lib.rs - (line 117) stdout ----
[INFO] [stdout] error[E0432]: unresolved import `deptypes::vec`
[INFO] [stdout]  --> src/lib.rs:119:83
[INFO] [stdout]   |
[INFO] [stdout] 5 | use deptypes::{term::{Term, ValueEq, Def}, fin::Fin, uint::{Succ, add::a_lt_s_a}, vec::DVec, DPair, transmutable::vec_transm, make_guard};
[INFO] [stdout]   |                                                                                   ^^^ could not find `vec` in `deptypes`
[INFO] [stdout] 
[INFO] [stdout] error[E0392]: parameter `NumEntities` is never used
[INFO] [stdout]   --> src/lib.rs:175:24
[INFO] [stdout]    |
[INFO] [stdout] 61 |     unsafe type World1<NumEntities: Term<Type = usize>> = (usize, DWorld<NumEntities>);
[INFO] [stdout]    |                        ^^^^^^^^^^^ unused parameter
[INFO] [stdout]    |
[INFO] [stdout]    = help: consider removing `NumEntities`, referring to it in a field, or using a marker such as `PhantomData`
[INFO] [stdout] 
[INFO] [stdout] error[E0283]: type annotations needed
[INFO] [stdout]   --> src/lib.rs:137:9
[INFO] [stdout]    |
[INFO] [stdout] 23 | /         DWorld {
[INFO] [stdout] 24 | |             position: Default::default(),
[INFO] [stdout] 25 | |             velocity: Default::default(),
[INFO] [stdout] 26 | |             monsters: Default::default(),
[INFO] [stdout] 27 | |             smart_monsters: Default::default()
[INFO] [stdout] 28 | |         }
[INFO] [stdout]    | |_________^ cannot infer type of the type parameter `NumEntities` declared on the struct `DWorld`
[INFO] [stdout]    |
[INFO] [stdout]    = note: cannot satisfy `_: Term`
[INFO] [stdout]    = help: the following types implement trait `Term`:
[INFO] [stdout]              Erased<T>
[INFO] [stdout]              Def<N>
[INFO] [stdout]              Var<'a, T>
[INFO] [stdout]              deptypes::ops::Add<a, b>
[INFO] [stdout]              deptypes::ops::Sub<a, b>
[INFO] [stdout]              deptypes::ops::Mul<a, b>
[INFO] [stdout]              deptypes::ops::Div<a, b>
[INFO] [stdout]              deptypes::ops::Rem<a, b>
[INFO] [stdout]            and 15 others
[INFO] [stdout] note: required by a bound in `DWorld`
[INFO] [stdout]   --> src/lib.rs:124:28
[INFO] [stdout]    |
[INFO] [stdout] 10 | struct DWorld<NumEntities: Term<Type = usize>, NumMonsters: Term<Type = usize>> {
[INFO] [stdout]    |                            ^^^^^^^^^^^^^^^^^^ required by this bound in `DWorld`
[INFO] [stdout] help: consider specifying the generic arguments
[INFO] [stdout]    |
[INFO] [stdout] 23 |         DWorld::<NumEntities, Def<usize>> {
[INFO] [stdout]    |               +++++++++++++++++++++++++++
[INFO] [stdout] 
[INFO] [stdout] error[E0284]: type annotations needed for `(Value<Var<'_, usize>>, DWorld<NumEntities, Var<'_, usize>>)`
[INFO] [stdout]   --> src/lib.rs:206:13
[INFO] [stdout]    |
[INFO] [stdout] 92 |         let (num_monsters, world) = world1.into_inner(g);
[INFO] [stdout]    |             ^^^^^^^^^^^^^^^^^^^^^   ------ ---------- required by a bound introduced by this call
[INFO] [stdout]    |                                     |
[INFO] [stdout]    |                                     type must be known at this point
[INFO] [stdout]    |
[INFO] [stdout]    = note: cannot satisfy `<_ as Term>::Type == usize`
[INFO] [stdout] note: required by a bound in `World1::<NumEntities>::into_inner`
[INFO] [stdout]   --> src/lib.rs:175:42
[INFO] [stdout]    |
[INFO] [stdout] 59 | / DPair! {
[INFO] [stdout] 60 | |     // these are unsafe because we must ensure that it is valid to transmute the types between terms
[INFO] [stdout] 61 | |     unsafe type World1<NumEntities: Term<Type = usize>> = (usize, DWorld<NumEntities>);
[INFO] [stdout]    | |                                          ^^^^^^^^^^^^ required by this bound in `World1::<NumEntities>::into_inner`
[INFO] [stdout] 62 | |     unsafe type World0 = (usize, World1);
[INFO] [stdout] 63 | | }
[INFO] [stdout]    | |_- required by a bound in this associated function
[INFO] [stdout] help: consider giving this pattern a type, where the type for type parameter `NumEntities` is specified
[INFO] [stdout]    |
[INFO] [stdout] 92 |         let (num_monsters, world): (Value<Var<'_, usize>>, DWorld<NumEntities, Var<'_, usize>>) = world1.into_inner(g);
[INFO] [stdout]    |                                  ++++++++++++++++++++++++++++++++++++++++++++++++++++++++++++++
[INFO] [stdout] 
[INFO] [stdout] error[E0284]: type annotations needed for `(Value<Var<'_, usize>>, DWorld<NumEntities, Var<'_, usize>>)`
[INFO] [stdout]    --> src/lib.rs:218:13
[INFO] [stdout]     |
[INFO] [stdout] 104 |         let (num_monsters, world) = world1.into_inner(g);
[INFO] [stdout]     |             ^^^^^^^^^^^^^^^^^^^^^   ------ ---------- required by a bound introduced by this call
[INFO] [stdout]     |                                     |
[INFO] [stdout]     |                                     type must be known at this point
[INFO] [stdout]     |
[INFO] [stdout]     = note: cannot satisfy `<_ as Term>::Type == usize`
[INFO] [stdout] note: required by a bound in `World1::<NumEntities>::into_inner`
[INFO] [stdout]    --> src/lib.rs:175:42
[INFO] [stdout]     |
[INFO] [stdout] 59  | / DPair! {
[INFO] [stdout] 60  | |     // these are unsafe because we must ensure that it is valid to transmute the types between terms
[INFO] [stdout] 61  | |     unsafe type World1<NumEntities: Term<Type = usize>> = (usize, DWorld<NumEntities>);
[INFO] [stdout]     | |                                          ^^^^^^^^^^^^ required by this bound in `World1::<NumEntities>::into_inner`
[INFO] [stdout] 62  | |     unsafe type World0 = (usize, World1);
[INFO] [stdout] 63  | | }
[INFO] [stdout]     | |_- required by a bound in this associated function
[INFO] [stdout] help: consider giving this pattern a type, where the type for type parameter `NumEntities` is specified
[INFO] [stdout]     |
[INFO] [stdout] 104 |         let (num_monsters, world): (Value<Var<'_, usize>>, DWorld<NumEntities, Var<'_, usize>>) = world1.into_inner(g);
[INFO] [stdout]     |                                  ++++++++++++++++++++++++++++++++++++++++++++++++++++++++++++++
[INFO] [stdout] 
[INFO] [stdout] error: aborting due to 5 previous errors
[INFO] [stdout] 
[INFO] [stdout] Some errors have detailed explanations: E0283, E0284, E0392, E0432.
[INFO] [stdout] For more information about an error, try `rustc --explain E0283`.
[INFO] [stdout] Couldn't compile the test.
[INFO] [stdout] 
[INFO] [stdout] failures:
[INFO] [stdout]     src/lib.rs - (line 117)
[INFO] [stdout] 
[INFO] [stdout] test result: FAILED. 3 passed; 1 failed; 0 ignored; 0 measured; 0 filtered out; finished in 0.35s
[INFO] [stdout] 
[INFO] [stderr] error: doctest failed, to rerun pass `--doc`
[INFO] running `Command { std: "docker" "inspect" "8aa786901f07f7cb2f4d1850116655e81cbe68b73767aec0b95a23ab5de959b6", kill_on_drop: false }`
[INFO] running `Command { std: "docker" "rm" "-f" "8aa786901f07f7cb2f4d1850116655e81cbe68b73767aec0b95a23ab5de959b6", kill_on_drop: false }`
[INFO] [stdout] 8aa786901f07f7cb2f4d1850116655e81cbe68b73767aec0b95a23ab5de959b6
[INFO] testing deptypes-0.1.1 against beta-2023-12-22 for beta-1.76-1
[INFO] extracting crate deptypes 0.1.1 into /workspace/builds/worker-4-tc2/source
[INFO] validating manifest of crates.io crate deptypes 0.1.1 on toolchain beta-2023-12-22
[INFO] running `Command { std: CARGO_HOME="/workspace/cargo-home" RUSTUP_HOME="/workspace/rustup-home" "/workspace/cargo-home/bin/cargo" "+beta-2023-12-22" "metadata" "--manifest-path" "Cargo.toml" "--no-deps", kill_on_drop: false }`
[INFO] started tweaking crates.io crate deptypes 0.1.1
[INFO] finished tweaking crates.io crate deptypes 0.1.1
[INFO] tweaked toml for crates.io crate deptypes 0.1.1 written to /workspace/builds/worker-4-tc2/source/Cargo.toml
[INFO] running `Command { std: CARGO_HOME="/workspace/cargo-home" RUSTUP_HOME="/workspace/rustup-home" "/workspace/cargo-home/bin/cargo" "+beta-2023-12-22" "generate-lockfile" "--manifest-path" "Cargo.toml", kill_on_drop: false }`
[INFO] [stderr]     Updating crates.io index
[INFO] running `Command { std: CARGO_HOME="/workspace/cargo-home" RUSTUP_HOME="/workspace/rustup-home" "/workspace/cargo-home/bin/cargo" "+beta-2023-12-22" "fetch" "--manifest-path" "Cargo.toml", kill_on_drop: false }`
[INFO] running `Command { std: "docker" "create" "-v" "/var/lib/crater-agent-workspace/builds/worker-4-tc2/target:/opt/rustwide/target:rw,Z" "-v" "/var/lib/crater-agent-workspace/builds/worker-4-tc2/source:/opt/rustwide/workdir:ro,Z" "-v" "/var/lib/crater-agent-workspace/cargo-home:/opt/rustwide/cargo-home:ro,Z" "-v" "/var/lib/crater-agent-workspace/rustup-home:/opt/rustwide/rustup-home:ro,Z" "-e" "SOURCE_DIR=/opt/rustwide/workdir" "-e" "CARGO_TARGET_DIR=/opt/rustwide/target" "-e" "CARGO_HOME=/opt/rustwide/cargo-home" "-e" "RUSTUP_HOME=/opt/rustwide/rustup-home" "-w" "/opt/rustwide/workdir" "-m" "1610612736" "--user" "0:0" "--network" "none" "ghcr.io/rust-lang/crates-build-env/linux@sha256:2788e3201cd34a07e3172128adcd8b3090168a8e3bcc40d7c032b9dda1df7d1c" "/opt/rustwide/cargo-home/bin/cargo" "+beta-2023-12-22" "metadata" "--no-deps" "--format-version=1", kill_on_drop: false }`
[INFO] [stdout] 714363221d6a93a56a35dad30b11aff4cec325ab59e152ee00426f6faba8ed89
[INFO] running `Command { std: "docker" "start" "-a" "714363221d6a93a56a35dad30b11aff4cec325ab59e152ee00426f6faba8ed89", kill_on_drop: false }`
[INFO] running `Command { std: "docker" "inspect" "714363221d6a93a56a35dad30b11aff4cec325ab59e152ee00426f6faba8ed89", kill_on_drop: false }`
[INFO] running `Command { std: "docker" "rm" "-f" "714363221d6a93a56a35dad30b11aff4cec325ab59e152ee00426f6faba8ed89", kill_on_drop: false }`
[INFO] [stdout] 714363221d6a93a56a35dad30b11aff4cec325ab59e152ee00426f6faba8ed89
[INFO] running `Command { std: "docker" "create" "-v" "/var/lib/crater-agent-workspace/builds/worker-4-tc2/target:/opt/rustwide/target:rw,Z" "-v" "/var/lib/crater-agent-workspace/builds/worker-4-tc2/source:/opt/rustwide/workdir:ro,Z" "-v" "/var/lib/crater-agent-workspace/cargo-home:/opt/rustwide/cargo-home:ro,Z" "-v" "/var/lib/crater-agent-workspace/rustup-home:/opt/rustwide/rustup-home:ro,Z" "-e" "SOURCE_DIR=/opt/rustwide/workdir" "-e" "CARGO_TARGET_DIR=/opt/rustwide/target" "-e" "CARGO_INCREMENTAL=0" "-e" "RUST_BACKTRACE=full" "-e" "RUSTFLAGS=--cap-lints=warn" "-e" "RUSTDOCFLAGS=--cap-lints=warn" "-e" "CARGO_HOME=/opt/rustwide/cargo-home" "-e" "RUSTUP_HOME=/opt/rustwide/rustup-home" "-w" "/opt/rustwide/workdir" "-m" "1610612736" "--user" "0:0" "--network" "none" "ghcr.io/rust-lang/crates-build-env/linux@sha256:2788e3201cd34a07e3172128adcd8b3090168a8e3bcc40d7c032b9dda1df7d1c" "/opt/rustwide/cargo-home/bin/cargo" "+beta-2023-12-22" "build" "--frozen" "--message-format=json", kill_on_drop: false }`
[INFO] [stdout] 88b5908177f10766ef42b9b7898558dbf51bd60eb211c351c3709d945edf22bb
[INFO] running `Command { std: "docker" "start" "-a" "88b5908177f10766ef42b9b7898558dbf51bd60eb211c351c3709d945edf22bb", kill_on_drop: false }`
[INFO] [stderr]    Compiling num-traits v0.2.17
[INFO] [stderr]    Compiling paste v1.0.14
[INFO] [stderr]    Compiling generics2 v0.3.3
[INFO] [stderr]    Compiling generativity v1.1.0
[INFO] [stderr]    Compiling deptypes v0.1.1 (/opt/rustwide/workdir)
[INFO] [stderr]     Finished dev [unoptimized + debuginfo] target(s) in 1.94s
[INFO] running `Command { std: "docker" "inspect" "88b5908177f10766ef42b9b7898558dbf51bd60eb211c351c3709d945edf22bb", kill_on_drop: false }`
[INFO] running `Command { std: "docker" "rm" "-f" "88b5908177f10766ef42b9b7898558dbf51bd60eb211c351c3709d945edf22bb", kill_on_drop: false }`
[INFO] [stdout] 88b5908177f10766ef42b9b7898558dbf51bd60eb211c351c3709d945edf22bb
[INFO] running `Command { std: "docker" "create" "-v" "/var/lib/crater-agent-workspace/builds/worker-4-tc2/target:/opt/rustwide/target:rw,Z" "-v" "/var/lib/crater-agent-workspace/builds/worker-4-tc2/source:/opt/rustwide/workdir:ro,Z" "-v" "/var/lib/crater-agent-workspace/cargo-home:/opt/rustwide/cargo-home:ro,Z" "-v" "/var/lib/crater-agent-workspace/rustup-home:/opt/rustwide/rustup-home:ro,Z" "-e" "SOURCE_DIR=/opt/rustwide/workdir" "-e" "CARGO_TARGET_DIR=/opt/rustwide/target" "-e" "CARGO_INCREMENTAL=0" "-e" "RUST_BACKTRACE=full" "-e" "RUSTFLAGS=--cap-lints=warn" "-e" "RUSTDOCFLAGS=--cap-lints=warn" "-e" "CARGO_HOME=/opt/rustwide/cargo-home" "-e" "RUSTUP_HOME=/opt/rustwide/rustup-home" "-w" "/opt/rustwide/workdir" "-m" "1610612736" "--user" "0:0" "--network" "none" "ghcr.io/rust-lang/crates-build-env/linux@sha256:2788e3201cd34a07e3172128adcd8b3090168a8e3bcc40d7c032b9dda1df7d1c" "/opt/rustwide/cargo-home/bin/cargo" "+beta-2023-12-22" "test" "--frozen" "--no-run" "--message-format=json", kill_on_drop: false }`
[INFO] [stdout] 33c645df16005f4346399d04363d44f014f4523e0a1ec0d7d89229444cd41e83
[INFO] running `Command { std: "docker" "start" "-a" "33c645df16005f4346399d04363d44f014f4523e0a1ec0d7d89229444cd41e83", kill_on_drop: false }`
[INFO] [stderr]    Compiling deptypes v0.1.1 (/opt/rustwide/workdir)
[INFO] [stderr]     Finished test [unoptimized + debuginfo] target(s) in 0.57s
[INFO] running `Command { std: "docker" "inspect" "33c645df16005f4346399d04363d44f014f4523e0a1ec0d7d89229444cd41e83", kill_on_drop: false }`
[INFO] running `Command { std: "docker" "rm" "-f" "33c645df16005f4346399d04363d44f014f4523e0a1ec0d7d89229444cd41e83", kill_on_drop: false }`
[INFO] [stdout] 33c645df16005f4346399d04363d44f014f4523e0a1ec0d7d89229444cd41e83
[INFO] running `Command { std: "docker" "create" "-v" "/var/lib/crater-agent-workspace/builds/worker-4-tc2/target:/opt/rustwide/target:rw,Z" "-v" "/var/lib/crater-agent-workspace/builds/worker-4-tc2/source:/opt/rustwide/workdir:ro,Z" "-v" "/var/lib/crater-agent-workspace/cargo-home:/opt/rustwide/cargo-home:ro,Z" "-v" "/var/lib/crater-agent-workspace/rustup-home:/opt/rustwide/rustup-home:ro,Z" "-e" "SOURCE_DIR=/opt/rustwide/workdir" "-e" "CARGO_TARGET_DIR=/opt/rustwide/target" "-e" "CARGO_INCREMENTAL=0" "-e" "RUST_BACKTRACE=full" "-e" "RUSTFLAGS=--cap-lints=warn" "-e" "RUSTDOCFLAGS=--cap-lints=warn" "-e" "CARGO_HOME=/opt/rustwide/cargo-home" "-e" "RUSTUP_HOME=/opt/rustwide/rustup-home" "-w" "/opt/rustwide/workdir" "-m" "1610612736" "--user" "0:0" "--network" "none" "ghcr.io/rust-lang/crates-build-env/linux@sha256:2788e3201cd34a07e3172128adcd8b3090168a8e3bcc40d7c032b9dda1df7d1c" "/opt/rustwide/cargo-home/bin/cargo" "+beta-2023-12-22" "test" "--frozen", kill_on_drop: false }`
[INFO] [stdout] a857a5f41b41b96c0cc57342a7ebd9e55254bb4fd91fb93c07758f457e071688
[INFO] running `Command { std: "docker" "start" "-a" "a857a5f41b41b96c0cc57342a7ebd9e55254bb4fd91fb93c07758f457e071688", kill_on_drop: false }`
[INFO] [stderr]     Finished test [unoptimized + debuginfo] target(s) in 0.01s
[INFO] [stderr]      Running unittests src/lib.rs (/opt/rustwide/target/debug/deps/deptypes-132a8c1fb5e7d527)
[INFO] [stdout] 
[INFO] [stdout] running 0 tests
[INFO] [stdout] 
[INFO] [stdout] test result: ok. 0 passed; 0 failed; 0 ignored; 0 measured; 0 filtered out; finished in 0.00s
[INFO] [stdout] 
[INFO] [stderr]    Doc-tests deptypes
[INFO] [stdout] 
[INFO] [stdout] running 4 tests
[INFO] [stdout] test src/lib.rs - (line 117) ... FAILED
[INFO] [stdout] test src/term.rs - term::term (line 126) ... ok
[INFO] [stdout] test src/term.rs - term::term (line 136) ... ok
[INFO] [stdout] test src/term.rs - term::term (line 150) ... ok
[INFO] [stdout] 
[INFO] [stdout] failures:
[INFO] [stdout] 
[INFO] [stdout] ---- src/lib.rs - (line 117) stdout ----
[INFO] [stdout] error[E0432]: unresolved import `deptypes::vec`
[INFO] [stdout]  --> src/lib.rs:119:83
[INFO] [stdout]   |
[INFO] [stdout] 5 | use deptypes::{term::{Term, ValueEq, Def}, fin::Fin, uint::{Succ, add::a_lt_s_a}, vec::DVec, DPair, transmutable::vec_transm, make_guard};
[INFO] [stdout]   |                                                                                   ^^^ could not find `vec` in `deptypes`
[INFO] [stdout] 
[INFO] [stdout] error[E0392]: parameter `NumEntities` is never used
[INFO] [stdout]   --> src/lib.rs:175:24
[INFO] [stdout]    |
[INFO] [stdout] 61 |     unsafe type World1<NumEntities: Term<Type = usize>> = (usize, DWorld<NumEntities>);
[INFO] [stdout]    |                        ^^^^^^^^^^^ unused parameter
[INFO] [stdout]    |
[INFO] [stdout]    = help: consider removing `NumEntities`, referring to it in a field, or using a marker such as `PhantomData`
[INFO] [stdout] 
[INFO] [stdout] error[E0283]: type annotations needed
[INFO] [stdout]   --> src/lib.rs:137:9
[INFO] [stdout]    |
[INFO] [stdout] 23 | /         DWorld {
[INFO] [stdout] 24 | |             position: Default::default(),
[INFO] [stdout] 25 | |             velocity: Default::default(),
[INFO] [stdout] 26 | |             monsters: Default::default(),
[INFO] [stdout] 27 | |             smart_monsters: Default::default()
[INFO] [stdout] 28 | |         }
[INFO] [stdout]    | |_________^ cannot infer type of the type parameter `NumEntities` declared on the struct `DWorld`
[INFO] [stdout]    |
[INFO] [stdout]    = note: cannot satisfy `_: Term`
[INFO] [stdout]    = help: the following types implement trait `Term`:
[INFO] [stdout]              Erased<T>
[INFO] [stdout]              Def<N>
[INFO] [stdout]              Var<'a, T>
[INFO] [stdout]              deptypes::ops::Add<a, b>
[INFO] [stdout]              deptypes::ops::Sub<a, b>
[INFO] [stdout]              deptypes::ops::Mul<a, b>
[INFO] [stdout]              deptypes::ops::Div<a, b>
[INFO] [stdout]              deptypes::ops::Rem<a, b>
[INFO] [stdout]            and 15 others
[INFO] [stdout] note: required by a bound in `DWorld`
[INFO] [stdout]   --> src/lib.rs:124:28
[INFO] [stdout]    |
[INFO] [stdout] 10 | struct DWorld<NumEntities: Term<Type = usize>, NumMonsters: Term<Type = usize>> {
[INFO] [stdout]    |                            ^^^^^^^^^^^^^^^^^^ required by this bound in `DWorld`
[INFO] [stdout] help: consider specifying the generic arguments
[INFO] [stdout]    |
[INFO] [stdout] 23 |         DWorld::<NumEntities, Def<usize>> {
[INFO] [stdout]    |               +++++++++++++++++++++++++++
[INFO] [stdout] 
[INFO] [stdout] error[E0284]: type annotations needed for `(Value<Var<'_, usize>>, DWorld<NumEntities, Var<'_, usize>>)`
[INFO] [stdout]   --> src/lib.rs:206:13
[INFO] [stdout]    |
[INFO] [stdout] 92 |         let (num_monsters, world) = world1.into_inner(g);
[INFO] [stdout]    |             ^^^^^^^^^^^^^^^^^^^^^   ------ ---------- required by a bound introduced by this call
[INFO] [stdout]    |                                     |
[INFO] [stdout]    |                                     type must be known at this point
[INFO] [stdout]    |
[INFO] [stdout]    = note: cannot satisfy `<_ as Term>::Type == usize`
[INFO] [stdout] note: required by a bound in `World1::<NumEntities>::into_inner`
[INFO] [stdout]   --> src/lib.rs:175:42
[INFO] [stdout]    |
[INFO] [stdout] 59 | / DPair! {
[INFO] [stdout] 60 | |     // these are unsafe because we must ensure that it is valid to transmute the types between terms
[INFO] [stdout] 61 | |     unsafe type World1<NumEntities: Term<Type = usize>> = (usize, DWorld<NumEntities>);
[INFO] [stdout]    | |                                          ^^^^^^^^^^^^ required by this bound in `World1::<NumEntities>::into_inner`
[INFO] [stdout] 62 | |     unsafe type World0 = (usize, World1);
[INFO] [stdout] 63 | | }
[INFO] [stdout]    | |_- required by a bound in this associated function
[INFO] [stdout] help: consider giving this pattern a type, where the type for type parameter `NumEntities` is specified
[INFO] [stdout]    |
[INFO] [stdout] 92 |         let (num_monsters, world): (Value<Var<'_, usize>>, DWorld<NumEntities, Var<'_, usize>>) = world1.into_inner(g);
[INFO] [stdout]    |                                  ++++++++++++++++++++++++++++++++++++++++++++++++++++++++++++++
[INFO] [stdout] 
[INFO] [stdout] error[E0284]: type annotations needed for `(Value<Var<'_, usize>>, DWorld<NumEntities, Var<'_, usize>>)`
[INFO] [stdout]    --> src/lib.rs:218:13
[INFO] [stdout]     |
[INFO] [stdout] 104 |         let (num_monsters, world) = world1.into_inner(g);
[INFO] [stdout]     |             ^^^^^^^^^^^^^^^^^^^^^   ------ ---------- required by a bound introduced by this call
[INFO] [stdout]     |                                     |
[INFO] [stdout]     |                                     type must be known at this point
[INFO] [stdout]     |
[INFO] [stdout]     = note: cannot satisfy `<_ as Term>::Type == usize`
[INFO] [stdout] note: required by a bound in `World1::<NumEntities>::into_inner`
[INFO] [stdout]    --> src/lib.rs:175:42
[INFO] [stdout]     |
[INFO] [stdout] 59  | / DPair! {
[INFO] [stdout] 60  | |     // these are unsafe because we must ensure that it is valid to transmute the types between terms
[INFO] [stdout] 61  | |     unsafe type World1<NumEntities: Term<Type = usize>> = (usize, DWorld<NumEntities>);
[INFO] [stdout]     | |                                          ^^^^^^^^^^^^ required by this bound in `World1::<NumEntities>::into_inner`
[INFO] [stdout] 62  | |     unsafe type World0 = (usize, World1);
[INFO] [stdout] 63  | | }
[INFO] [stdout]     | |_- required by a bound in this associated function
[INFO] [stdout] help: consider giving this pattern a type, where the type for type parameter `NumEntities` is specified
[INFO] [stdout]     |
[INFO] [stdout] 104 |         let (num_monsters, world): (Value<Var<'_, usize>>, DWorld<NumEntities, Var<'_, usize>>) = world1.into_inner(g);
[INFO] [stdout]     |                                  ++++++++++++++++++++++++++++++++++++++++++++++++++++++++++++++
[INFO] [stdout] 
[INFO] [stdout] error: aborting due to 5 previous errors
[INFO] [stdout] 
[INFO] [stdout] Some errors have detailed explanations: E0283, E0284, E0392, E0432.
[INFO] [stdout] For more information about an error, try `rustc --explain E0283`.
[INFO] [stdout] Couldn't compile the test.
[INFO] [stdout] 
[INFO] [stdout] failures:
[INFO] [stdout]     src/lib.rs - (line 117)
[INFO] [stdout] 
[INFO] [stdout] test result: FAILED. 3 passed; 1 failed; 0 ignored; 0 measured; 0 filtered out; finished in 0.37s
[INFO] [stdout] 
[INFO] [stderr] error: doctest failed, to rerun pass `--doc`
[INFO] running `Command { std: "docker" "inspect" "a857a5f41b41b96c0cc57342a7ebd9e55254bb4fd91fb93c07758f457e071688", kill_on_drop: false }`
[INFO] running `Command { std: "docker" "rm" "-f" "a857a5f41b41b96c0cc57342a7ebd9e55254bb4fd91fb93c07758f457e071688", kill_on_drop: false }`
[INFO] [stdout] a857a5f41b41b96c0cc57342a7ebd9e55254bb4fd91fb93c07758f457e071688
