[INFO] fetching crate density-sys 0.1.0...
[INFO] testing density-sys-0.1.0 against 1.75.0 for beta-1.76-1
[INFO] extracting crate density-sys 0.1.0 into /workspace/builds/worker-3-tc1/source
[INFO] validating manifest of crates.io crate density-sys 0.1.0 on toolchain 1.75.0
[INFO] running `Command { std: CARGO_HOME="/workspace/cargo-home" RUSTUP_HOME="/workspace/rustup-home" "/workspace/cargo-home/bin/cargo" "+1.75.0" "metadata" "--manifest-path" "Cargo.toml" "--no-deps", kill_on_drop: false }`
[INFO] started tweaking crates.io crate density-sys 0.1.0
[INFO] finished tweaking crates.io crate density-sys 0.1.0
[INFO] tweaked toml for crates.io crate density-sys 0.1.0 written to /workspace/builds/worker-3-tc1/source/Cargo.toml
[INFO] running `Command { std: CARGO_HOME="/workspace/cargo-home" RUSTUP_HOME="/workspace/rustup-home" "/workspace/cargo-home/bin/cargo" "+1.75.0" "generate-lockfile" "--manifest-path" "Cargo.toml", kill_on_drop: false }`
[INFO] [stderr]     Updating crates.io index
[INFO] running `Command { std: CARGO_HOME="/workspace/cargo-home" RUSTUP_HOME="/workspace/rustup-home" "/workspace/cargo-home/bin/cargo" "+1.75.0" "fetch" "--manifest-path" "Cargo.toml", kill_on_drop: false }`
[INFO] running `Command { std: "docker" "create" "-v" "/var/lib/crater-agent-workspace/builds/worker-3-tc1/target:/opt/rustwide/target:rw,Z" "-v" "/var/lib/crater-agent-workspace/builds/worker-3-tc1/source:/opt/rustwide/workdir:ro,Z" "-v" "/var/lib/crater-agent-workspace/cargo-home:/opt/rustwide/cargo-home:ro,Z" "-v" "/var/lib/crater-agent-workspace/rustup-home:/opt/rustwide/rustup-home:ro,Z" "-e" "SOURCE_DIR=/opt/rustwide/workdir" "-e" "CARGO_TARGET_DIR=/opt/rustwide/target" "-e" "CARGO_HOME=/opt/rustwide/cargo-home" "-e" "RUSTUP_HOME=/opt/rustwide/rustup-home" "-w" "/opt/rustwide/workdir" "-m" "1610612736" "--user" "0:0" "--network" "none" "ghcr.io/rust-lang/crates-build-env/linux@sha256:2788e3201cd34a07e3172128adcd8b3090168a8e3bcc40d7c032b9dda1df7d1c" "/opt/rustwide/cargo-home/bin/cargo" "+1.75.0" "metadata" "--no-deps" "--format-version=1", kill_on_drop: false }`
[INFO] [stdout] 013d8f146f62372ffe60af07baf671f9da1b38efe2014dcf1ea0d99775c2868c
[INFO] running `Command { std: "docker" "start" "-a" "013d8f146f62372ffe60af07baf671f9da1b38efe2014dcf1ea0d99775c2868c", kill_on_drop: false }`
[INFO] running `Command { std: "docker" "inspect" "013d8f146f62372ffe60af07baf671f9da1b38efe2014dcf1ea0d99775c2868c", kill_on_drop: false }`
[INFO] running `Command { std: "docker" "rm" "-f" "013d8f146f62372ffe60af07baf671f9da1b38efe2014dcf1ea0d99775c2868c", kill_on_drop: false }`
[INFO] [stdout] 013d8f146f62372ffe60af07baf671f9da1b38efe2014dcf1ea0d99775c2868c
[INFO] running `Command { std: "docker" "create" "-v" "/var/lib/crater-agent-workspace/builds/worker-3-tc1/target:/opt/rustwide/target:rw,Z" "-v" "/var/lib/crater-agent-workspace/builds/worker-3-tc1/source:/opt/rustwide/workdir:ro,Z" "-v" "/var/lib/crater-agent-workspace/cargo-home:/opt/rustwide/cargo-home:ro,Z" "-v" "/var/lib/crater-agent-workspace/rustup-home:/opt/rustwide/rustup-home:ro,Z" "-e" "SOURCE_DIR=/opt/rustwide/workdir" "-e" "CARGO_TARGET_DIR=/opt/rustwide/target" "-e" "CARGO_INCREMENTAL=0" "-e" "RUST_BACKTRACE=full" "-e" "RUSTFLAGS=--cap-lints=warn" "-e" "RUSTDOCFLAGS=--cap-lints=warn" "-e" "CARGO_HOME=/opt/rustwide/cargo-home" "-e" "RUSTUP_HOME=/opt/rustwide/rustup-home" "-w" "/opt/rustwide/workdir" "-m" "1610612736" "--user" "0:0" "--network" "none" "ghcr.io/rust-lang/crates-build-env/linux@sha256:2788e3201cd34a07e3172128adcd8b3090168a8e3bcc40d7c032b9dda1df7d1c" "/opt/rustwide/cargo-home/bin/cargo" "+1.75.0" "build" "--frozen" "--message-format=json", kill_on_drop: false }`
[INFO] [stdout] 0773ee961681548c80323b747ed07906d2e0690430c5871d0ebfe3ee48e684dd
[INFO] running `Command { std: "docker" "start" "-a" "0773ee961681548c80323b747ed07906d2e0690430c5871d0ebfe3ee48e684dd", kill_on_drop: false }`
[INFO] [stderr]    Compiling proc-macro2 v1.0.75
[INFO] [stderr]    Compiling glob v0.3.1
[INFO] [stderr]    Compiling prettyplease v0.2.16
[INFO] [stderr]    Compiling rustix v0.38.28
[INFO] [stderr]    Compiling memchr v2.7.1
[INFO] [stderr]    Compiling linux-raw-sys v0.4.12
[INFO] [stderr]    Compiling minimal-lexical v0.2.1
[INFO] [stderr]    Compiling bitflags v2.4.1
[INFO] [stderr]    Compiling cfg-if v1.0.0
[INFO] [stderr]    Compiling regex-syntax v0.8.2
[INFO] [stderr]    Compiling libloading v0.8.1
[INFO] [stderr]    Compiling home v0.5.9
[INFO] [stderr]    Compiling either v1.9.0
[INFO] [stderr]    Compiling bindgen v0.68.1
[INFO] [stderr]    Compiling clang-sys v1.7.0
[INFO] [stderr]    Compiling rustc-hash v1.1.0
[INFO] [stderr]    Compiling shlex v1.2.0
[INFO] [stderr]    Compiling lazycell v1.3.0
[INFO] [stderr]    Compiling nom v7.1.3
[INFO] [stderr]    Compiling lazy_static v1.4.0
[INFO] [stderr]    Compiling log v0.4.20
[INFO] [stderr]    Compiling peeking_take_while v0.1.2
[INFO] [stderr]    Compiling quote v1.0.35
[INFO] [stderr]    Compiling syn v2.0.48
[INFO] [stderr]    Compiling which v4.4.2
[INFO] [stderr]    Compiling cexpr v0.6.0
[INFO] [stderr]    Compiling regex-automata v0.4.3
[INFO] [stderr]    Compiling regex v1.10.2
[INFO] [stderr]    Compiling density-sys v0.1.0 (/opt/rustwide/workdir)
[INFO] [stdout] warning: `extern` block uses type `u128`, which is not FFI-safe
[INFO] [stdout]  --> /opt/rustwide/target/debug/build/density-sys-5b572919d3cff5e3/out/bindings.rs:3:41515
[INFO] [stdout]   |
[INFO] [stdout] 3 | ... __endptr : * mut * mut :: std :: os :: raw :: c_char) -> u128 ; } extern "C" { pub fn strtol (__nptr : * const :: std :: os :: raw ::...
[INFO] [stdout]   |                                                              ^^^^ not FFI-safe
[INFO] [stdout]   |
[INFO] [stdout]   = note: 128-bit integers don't currently have a known stable ABI
[INFO] [stdout]   = note: `#[warn(improper_ctypes)]` on by default
[INFO] [stdout] 
[INFO] [stdout] 
[INFO] [stdout] warning: `extern` block uses type `u128`, which is not FFI-safe
[INFO] [stdout]  --> /opt/rustwide/target/debug/build/density-sys-5b572919d3cff5e3/out/bindings.rs:3:85330
[INFO] [stdout]   |
[INFO] [stdout] 3 | ...:: raw :: c_char ; } extern "C" { pub fn qecvt (__value : u128 , __ndigit : :: std :: os :: raw :: c_int , __decpt : * mut :: std :: o...
[INFO] [stdout]   |                                                              ^^^^ not FFI-safe
[INFO] [stdout]   |
[INFO] [stdout]   = note: 128-bit integers don't currently have a known stable ABI
[INFO] [stdout] 
[INFO] [stdout] 
[INFO] [stdout] warning: `extern` block uses type `u128`, which is not FFI-safe
[INFO] [stdout]  --> /opt/rustwide/target/debug/build/density-sys-5b572919d3cff5e3/out/bindings.rs:3:85551
[INFO] [stdout]   |
[INFO] [stdout] 3 | ...:: raw :: c_char ; } extern "C" { pub fn qfcvt (__value : u128 , __ndigit : :: std :: os :: raw :: c_int , __decpt : * mut :: std :: o...
[INFO] [stdout]   |                                                              ^^^^ not FFI-safe
[INFO] [stdout]   |
[INFO] [stdout]   = note: 128-bit integers don't currently have a known stable ABI
[INFO] [stdout] 
[INFO] [stdout] 
[INFO] [stdout] warning: `extern` block uses type `u128`, which is not FFI-safe
[INFO] [stdout]  --> /opt/rustwide/target/debug/build/density-sys-5b572919d3cff5e3/out/bindings.rs:3:85772
[INFO] [stdout]   |
[INFO] [stdout] 3 | ...:: raw :: c_char ; } extern "C" { pub fn qgcvt (__value : u128 , __ndigit : :: std :: os :: raw :: c_int , __buf : * mut :: std :: os ...
[INFO] [stdout]   |                                                              ^^^^ not FFI-safe
[INFO] [stdout]   |
[INFO] [stdout]   = note: 128-bit integers don't currently have a known stable ABI
[INFO] [stdout] 
[INFO] [stdout] 
[INFO] [stdout] warning: `extern` block uses type `u128`, which is not FFI-safe
[INFO] [stdout]  --> /opt/rustwide/target/debug/build/density-sys-5b572919d3cff5e3/out/bindings.rs:3:86500
[INFO] [stdout]   |
[INFO] [stdout] 3 | ...: raw :: c_int ; } extern "C" { pub fn qecvt_r (__value : u128 , __ndigit : :: std :: os :: raw :: c_int , __decpt : * mut :: std :: o...
[INFO] [stdout]   |                                                              ^^^^ not FFI-safe
[INFO] [stdout]   |
[INFO] [stdout]   = note: 128-bit integers don't currently have a known stable ABI
[INFO] [stdout] 
[INFO] [stdout] 
[INFO] [stdout] warning: `extern` block uses type `u128`, which is not FFI-safe
[INFO] [stdout]  --> /opt/rustwide/target/debug/build/density-sys-5b572919d3cff5e3/out/bindings.rs:3:86778
[INFO] [stdout]   |
[INFO] [stdout] 3 | ...: raw :: c_int ; } extern "C" { pub fn qfcvt_r (__value : u128 , __ndigit : :: std :: os :: raw :: c_int , __decpt : * mut :: std :: o...
[INFO] [stdout]   |                                                              ^^^^ not FFI-safe
[INFO] [stdout]   |
[INFO] [stdout]   = note: 128-bit integers don't currently have a known stable ABI
[INFO] [stdout] 
[INFO] [stdout] 
[INFO] [stdout] warning: 6 warnings emitted
[INFO] [stdout] 
[INFO] [stdout] 
[INFO] [stderr]     Finished dev [unoptimized + debuginfo] target(s) in 13.78s
[INFO] running `Command { std: "docker" "inspect" "0773ee961681548c80323b747ed07906d2e0690430c5871d0ebfe3ee48e684dd", kill_on_drop: false }`
[INFO] running `Command { std: "docker" "rm" "-f" "0773ee961681548c80323b747ed07906d2e0690430c5871d0ebfe3ee48e684dd", kill_on_drop: false }`
[INFO] [stdout] 0773ee961681548c80323b747ed07906d2e0690430c5871d0ebfe3ee48e684dd
[INFO] running `Command { std: "docker" "create" "-v" "/var/lib/crater-agent-workspace/builds/worker-3-tc1/target:/opt/rustwide/target:rw,Z" "-v" "/var/lib/crater-agent-workspace/builds/worker-3-tc1/source:/opt/rustwide/workdir:ro,Z" "-v" "/var/lib/crater-agent-workspace/cargo-home:/opt/rustwide/cargo-home:ro,Z" "-v" "/var/lib/crater-agent-workspace/rustup-home:/opt/rustwide/rustup-home:ro,Z" "-e" "SOURCE_DIR=/opt/rustwide/workdir" "-e" "CARGO_TARGET_DIR=/opt/rustwide/target" "-e" "CARGO_INCREMENTAL=0" "-e" "RUST_BACKTRACE=full" "-e" "RUSTFLAGS=--cap-lints=warn" "-e" "RUSTDOCFLAGS=--cap-lints=warn" "-e" "CARGO_HOME=/opt/rustwide/cargo-home" "-e" "RUSTUP_HOME=/opt/rustwide/rustup-home" "-w" "/opt/rustwide/workdir" "-m" "1610612736" "--user" "0:0" "--network" "none" "ghcr.io/rust-lang/crates-build-env/linux@sha256:2788e3201cd34a07e3172128adcd8b3090168a8e3bcc40d7c032b9dda1df7d1c" "/opt/rustwide/cargo-home/bin/cargo" "+1.75.0" "test" "--frozen" "--no-run" "--message-format=json", kill_on_drop: false }`
[INFO] [stdout] fc5148cdd30127ca9f192a70d5dac4ac15f02ca9e00433fb9f7fe79a0386a43e
[INFO] running `Command { std: "docker" "start" "-a" "fc5148cdd30127ca9f192a70d5dac4ac15f02ca9e00433fb9f7fe79a0386a43e", kill_on_drop: false }`
[INFO] [stdout] warning: `extern` block uses type `u128`, which is not FFI-safe
[INFO] [stdout]  --> /opt/rustwide/target/debug/build/density-sys-5b572919d3cff5e3/out/bindings.rs:3:41515
[INFO] [stdout]   |
[INFO] [stdout] 3 | ... __endptr : * mut * mut :: std :: os :: raw :: c_char) -> u128 ; } extern "C" { pub fn strtol (__nptr : * const :: std :: os :: raw ::...
[INFO] [stdout]   |                                                              ^^^^ not FFI-safe
[INFO] [stdout]   |
[INFO] [stdout]   = note: 128-bit integers don't currently have a known stable ABI
[INFO] [stdout]   = note: `#[warn(improper_ctypes)]` on by default
[INFO] [stdout] 
[INFO] [stdout] 
[INFO] [stdout] warning: `extern` block uses type `u128`, which is not FFI-safe
[INFO] [stdout]  --> /opt/rustwide/target/debug/build/density-sys-5b572919d3cff5e3/out/bindings.rs:3:85330
[INFO] [stdout]   |
[INFO] [stdout] 3 | ...:: raw :: c_char ; } extern "C" { pub fn qecvt (__value : u128 , __ndigit : :: std :: os :: raw :: c_int , __decpt : * mut :: std :: o...
[INFO] [stdout]   |                                                              ^^^^ not FFI-safe
[INFO] [stdout]   |
[INFO] [stdout]   = note: 128-bit integers don't currently have a known stable ABI
[INFO] [stdout] 
[INFO] [stdout] 
[INFO] [stdout] warning: `extern` block uses type `u128`, which is not FFI-safe
[INFO] [stdout]  --> /opt/rustwide/target/debug/build/density-sys-5b572919d3cff5e3/out/bindings.rs:3:85551
[INFO] [stdout]   |
[INFO] [stdout] 3 | ...:: raw :: c_char ; } extern "C" { pub fn qfcvt (__value : u128 , __ndigit : :: std :: os :: raw :: c_int , __decpt : * mut :: std :: o...
[INFO] [stdout]   |                                                              ^^^^ not FFI-safe
[INFO] [stdout]   |
[INFO] [stdout]   = note: 128-bit integers don't currently have a known stable ABI
[INFO] [stdout] 
[INFO] [stdout] 
[INFO] [stdout] warning: `extern` block uses type `u128`, which is not FFI-safe
[INFO] [stdout]  --> /opt/rustwide/target/debug/build/density-sys-5b572919d3cff5e3/out/bindings.rs:3:85772
[INFO] [stdout]   |
[INFO] [stdout] 3 | ...:: raw :: c_char ; } extern "C" { pub fn qgcvt (__value : u128 , __ndigit : :: std :: os :: raw :: c_int , __buf : * mut :: std :: os ...
[INFO] [stdout]   |                                                              ^^^^ not FFI-safe
[INFO] [stdout]   |
[INFO] [stdout]   = note: 128-bit integers don't currently have a known stable ABI
[INFO] [stdout] 
[INFO] [stdout] 
[INFO] [stdout] warning: `extern` block uses type `u128`, which is not FFI-safe
[INFO] [stdout]  --> /opt/rustwide/target/debug/build/density-sys-5b572919d3cff5e3/out/bindings.rs:3:86500
[INFO] [stdout]   |
[INFO] [stdout] 3 | ...: raw :: c_int ; } extern "C" { pub fn qecvt_r (__value : u128 , __ndigit : :: std :: os :: raw :: c_int , __decpt : * mut :: std :: o...
[INFO] [stdout]   |                                                              ^^^^ not FFI-safe
[INFO] [stdout]   |
[INFO] [stdout]   = note: 128-bit integers don't currently have a known stable ABI
[INFO] [stdout] 
[INFO] [stdout] 
[INFO] [stderr]    Compiling density-sys v0.1.0 (/opt/rustwide/workdir)
[INFO] [stdout] warning: `extern` block uses type `u128`, which is not FFI-safe
[INFO] [stdout]  --> /opt/rustwide/target/debug/build/density-sys-5b572919d3cff5e3/out/bindings.rs:3:86778
[INFO] [stdout]   |
[INFO] [stdout] 3 | ...: raw :: c_int ; } extern "C" { pub fn qfcvt_r (__value : u128 , __ndigit : :: std :: os :: raw :: c_int , __decpt : * mut :: std :: o...
[INFO] [stdout]   |                                                              ^^^^ not FFI-safe
[INFO] [stdout]   |
[INFO] [stdout]   = note: 128-bit integers don't currently have a known stable ABI
[INFO] [stdout] 
[INFO] [stdout] 
[INFO] [stdout] warning: 6 warnings emitted
[INFO] [stdout] 
[INFO] [stdout] 
[INFO] [stdout] warning: `extern` block uses type `u128`, which is not FFI-safe
[INFO] [stdout]  --> /opt/rustwide/target/debug/build/density-sys-5b572919d3cff5e3/out/bindings.rs:3:41515
[INFO] [stdout]   |
[INFO] [stdout] 3 | ... __endptr : * mut * mut :: std :: os :: raw :: c_char) -> u128 ; } extern "C" { pub fn strtol (__nptr : * const :: std :: os :: raw ::...
[INFO] [stdout]   |                                                              ^^^^ not FFI-safe
[INFO] [stdout]   |
[INFO] [stdout]   = note: 128-bit integers don't currently have a known stable ABI
[INFO] [stdout]   = note: `#[warn(improper_ctypes)]` on by default
[INFO] [stdout] 
[INFO] [stdout] 
[INFO] [stdout] warning: `extern` block uses type `u128`, which is not FFI-safe
[INFO] [stdout]  --> /opt/rustwide/target/debug/build/density-sys-5b572919d3cff5e3/out/bindings.rs:3:85330
[INFO] [stdout]   |
[INFO] [stdout] 3 | ...:: raw :: c_char ; } extern "C" { pub fn qecvt (__value : u128 , __ndigit : :: std :: os :: raw :: c_int , __decpt : * mut :: std :: o...
[INFO] [stdout]   |                                                              ^^^^ not FFI-safe
[INFO] [stdout]   |
[INFO] [stdout]   = note: 128-bit integers don't currently have a known stable ABI
[INFO] [stdout] 
[INFO] [stdout] 
[INFO] [stdout] warning: `extern` block uses type `u128`, which is not FFI-safe
[INFO] [stdout]  --> /opt/rustwide/target/debug/build/density-sys-5b572919d3cff5e3/out/bindings.rs:3:85551
[INFO] [stdout]   |
[INFO] [stdout] 3 | ...:: raw :: c_char ; } extern "C" { pub fn qfcvt (__value : u128 , __ndigit : :: std :: os :: raw :: c_int , __decpt : * mut :: std :: o...
[INFO] [stdout]   |                                                              ^^^^ not FFI-safe
[INFO] [stdout]   |
[INFO] [stdout]   = note: 128-bit integers don't currently have a known stable ABI
[INFO] [stdout] 
[INFO] [stdout] 
[INFO] [stdout] warning: `extern` block uses type `u128`, which is not FFI-safe
[INFO] [stdout]  --> /opt/rustwide/target/debug/build/density-sys-5b572919d3cff5e3/out/bindings.rs:3:85772
[INFO] [stdout]   |
[INFO] [stdout] 3 | ...:: raw :: c_char ; } extern "C" { pub fn qgcvt (__value : u128 , __ndigit : :: std :: os :: raw :: c_int , __buf : * mut :: std :: os ...
[INFO] [stdout]   |                                                              ^^^^ not FFI-safe
[INFO] [stdout]   |
[INFO] [stdout]   = note: 128-bit integers don't currently have a known stable ABI
[INFO] [stdout] 
[INFO] [stdout] 
[INFO] [stdout] warning: `extern` block uses type `u128`, which is not FFI-safe
[INFO] [stdout]  --> /opt/rustwide/target/debug/build/density-sys-5b572919d3cff5e3/out/bindings.rs:3:86500
[INFO] [stdout]   |
[INFO] [stdout] 3 | ...: raw :: c_int ; } extern "C" { pub fn qecvt_r (__value : u128 , __ndigit : :: std :: os :: raw :: c_int , __decpt : * mut :: std :: o...
[INFO] [stdout]   |                                                              ^^^^ not FFI-safe
[INFO] [stdout]   |
[INFO] [stdout]   = note: 128-bit integers don't currently have a known stable ABI
[INFO] [stdout] 
[INFO] [stdout] 
[INFO] [stdout] warning: `extern` block uses type `u128`, which is not FFI-safe
[INFO] [stdout]  --> /opt/rustwide/target/debug/build/density-sys-5b572919d3cff5e3/out/bindings.rs:3:86778
[INFO] [stdout]   |
[INFO] [stdout] 3 | ...: raw :: c_int ; } extern "C" { pub fn qfcvt_r (__value : u128 , __ndigit : :: std :: os :: raw :: c_int , __decpt : * mut :: std :: o...
[INFO] [stdout]   |                                                              ^^^^ not FFI-safe
[INFO] [stdout]   |
[INFO] [stdout]   = note: 128-bit integers don't currently have a known stable ABI
[INFO] [stdout] 
[INFO] [stdout] 
[INFO] [stderr]     Finished test [unoptimized + debuginfo] target(s) in 0.79s
[INFO] [stdout] warning: 6 warnings emitted
[INFO] [stdout] 
[INFO] [stdout] 
[INFO] running `Command { std: "docker" "inspect" "fc5148cdd30127ca9f192a70d5dac4ac15f02ca9e00433fb9f7fe79a0386a43e", kill_on_drop: false }`
[INFO] running `Command { std: "docker" "rm" "-f" "fc5148cdd30127ca9f192a70d5dac4ac15f02ca9e00433fb9f7fe79a0386a43e", kill_on_drop: false }`
[INFO] [stdout] fc5148cdd30127ca9f192a70d5dac4ac15f02ca9e00433fb9f7fe79a0386a43e
[INFO] running `Command { std: "docker" "create" "-v" "/var/lib/crater-agent-workspace/builds/worker-3-tc1/target:/opt/rustwide/target:rw,Z" "-v" "/var/lib/crater-agent-workspace/builds/worker-3-tc1/source:/opt/rustwide/workdir:ro,Z" "-v" "/var/lib/crater-agent-workspace/cargo-home:/opt/rustwide/cargo-home:ro,Z" "-v" "/var/lib/crater-agent-workspace/rustup-home:/opt/rustwide/rustup-home:ro,Z" "-e" "SOURCE_DIR=/opt/rustwide/workdir" "-e" "CARGO_TARGET_DIR=/opt/rustwide/target" "-e" "CARGO_INCREMENTAL=0" "-e" "RUST_BACKTRACE=full" "-e" "RUSTFLAGS=--cap-lints=warn" "-e" "RUSTDOCFLAGS=--cap-lints=warn" "-e" "CARGO_HOME=/opt/rustwide/cargo-home" "-e" "RUSTUP_HOME=/opt/rustwide/rustup-home" "-w" "/opt/rustwide/workdir" "-m" "1610612736" "--user" "0:0" "--network" "none" "ghcr.io/rust-lang/crates-build-env/linux@sha256:2788e3201cd34a07e3172128adcd8b3090168a8e3bcc40d7c032b9dda1df7d1c" "/opt/rustwide/cargo-home/bin/cargo" "+1.75.0" "test" "--frozen", kill_on_drop: false }`
[INFO] [stdout] d7f5495b27b31460e1661afe2122cf17b768182ab3ff8e03fa0dc19a51ac343a
[INFO] running `Command { std: "docker" "start" "-a" "d7f5495b27b31460e1661afe2122cf17b768182ab3ff8e03fa0dc19a51ac343a", kill_on_drop: false }`
[INFO] [stderr] warning: `extern` block uses type `u128`, which is not FFI-safe
[INFO] [stderr]  --> /opt/rustwide/target/debug/build/density-sys-5b572919d3cff5e3/out/bindings.rs:3:41515
[INFO] [stderr]   |
[INFO] [stderr] 3 | ... __endptr : * mut * mut :: std :: os :: raw :: c_char) -> u128 ; } extern "C" { pub fn strtol (__nptr : * const :: std :: os :: raw ::...
[INFO] [stderr]   |                                                              ^^^^ not FFI-safe
[INFO] [stderr]   |
[INFO] [stderr]   = note: 128-bit integers don't currently have a known stable ABI
[INFO] [stderr]   = note: `#[warn(improper_ctypes)]` on by default
[INFO] [stderr] 
[INFO] [stderr] warning: `extern` block uses type `u128`, which is not FFI-safe
[INFO] [stderr]  --> /opt/rustwide/target/debug/build/density-sys-5b572919d3cff5e3/out/bindings.rs:3:85330
[INFO] [stderr]   |
[INFO] [stderr] 3 | ...:: raw :: c_char ; } extern "C" { pub fn qecvt (__value : u128 , __ndigit : :: std :: os :: raw :: c_int , __decpt : * mut :: std :: o...
[INFO] [stderr]   |                                                              ^^^^ not FFI-safe
[INFO] [stderr]   |
[INFO] [stderr]   = note: 128-bit integers don't currently have a known stable ABI
[INFO] [stderr] 
[INFO] [stderr] warning: `extern` block uses type `u128`, which is not FFI-safe
[INFO] [stderr]  --> /opt/rustwide/target/debug/build/density-sys-5b572919d3cff5e3/out/bindings.rs:3:85551
[INFO] [stderr]   |
[INFO] [stderr] 3 | ...:: raw :: c_char ; } extern "C" { pub fn qfcvt (__value : u128 , __ndigit : :: std :: os :: raw :: c_int , __decpt : * mut :: std :: o...
[INFO] [stderr]   |                                                              ^^^^ not FFI-safe
[INFO] [stderr]   |
[INFO] [stderr]   = note: 128-bit integers don't currently have a known stable ABI
[INFO] [stderr] 
[INFO] [stderr] warning: `extern` block uses type `u128`, which is not FFI-safe
[INFO] [stderr]  --> /opt/rustwide/target/debug/build/density-sys-5b572919d3cff5e3/out/bindings.rs:3:85772
[INFO] [stderr]   |
[INFO] [stderr] 3 | ...:: raw :: c_char ; } extern "C" { pub fn qgcvt (__value : u128 , __ndigit : :: std :: os :: raw :: c_int , __buf : * mut :: std :: os ...
[INFO] [stderr]   |                                                              ^^^^ not FFI-safe
[INFO] [stderr]   |
[INFO] [stderr]   = note: 128-bit integers don't currently have a known stable ABI
[INFO] [stderr] 
[INFO] [stderr] warning: `extern` block uses type `u128`, which is not FFI-safe
[INFO] [stderr]  --> /opt/rustwide/target/debug/build/density-sys-5b572919d3cff5e3/out/bindings.rs:3:86500
[INFO] [stderr]   |
[INFO] [stderr] 3 | ...: raw :: c_int ; } extern "C" { pub fn qecvt_r (__value : u128 , __ndigit : :: std :: os :: raw :: c_int , __decpt : * mut :: std :: o...
[INFO] [stderr]   |                                                              ^^^^ not FFI-safe
[INFO] [stderr]   |
[INFO] [stderr]   = note: 128-bit integers don't currently have a known stable ABI
[INFO] [stderr] 
[INFO] [stderr] warning: `extern` block uses type `u128`, which is not FFI-safe
[INFO] [stderr]  --> /opt/rustwide/target/debug/build/density-sys-5b572919d3cff5e3/out/bindings.rs:3:86778
[INFO] [stderr]   |
[INFO] [stderr] 3 | ...: raw :: c_int ; } extern "C" { pub fn qfcvt_r (__value : u128 , __ndigit : :: std :: os :: raw :: c_int , __decpt : * mut :: std :: o...
[INFO] [stderr]   |                                                              ^^^^ not FFI-safe
[INFO] [stderr]   |
[INFO] [stderr]   = note: 128-bit integers don't currently have a known stable ABI
[INFO] [stderr] 
[INFO] [stderr] warning: `density-sys` (lib) generated 6 warnings
[INFO] [stderr] warning: `density-sys` (lib test) generated 6 warnings (6 duplicates)
[INFO] [stderr]     Finished test [unoptimized + debuginfo] target(s) in 0.07s
[INFO] [stderr]      Running unittests src/lib.rs (/opt/rustwide/target/debug/deps/density_sys-8afc2fea8dfa56a4)
[INFO] [stdout] 
[INFO] [stdout] running 36 tests
[INFO] [stdout] test bindgen_test_layout___fsid_t ... ok
[INFO] [stdout] test bindgen_test_layout__G_fpos64_t ... ok
[INFO] [stdout] test bindgen_test_layout__G_fpos_t ... ok
[INFO] [stdout] test bindgen_test_layout__IO_FILE ... ok
[INFO] [stdout] test bindgen_test_layout___atomic_wide_counter ... ok
[INFO] [stdout] test bindgen_test_layout___mbstate_t ... ok
[INFO] [stdout] test bindgen_test_layout___atomic_wide_counter__bindgen_ty_1 ... ok
[INFO] [stdout] test bindgen_test_layout___pthread_cond_s ... ok
[INFO] [stdout] test bindgen_test_layout___pthread_internal_slist ... ok
[INFO] [stdout] test bindgen_test_layout___pthread_mutex_s ... ok
[INFO] [stdout] test bindgen_test_layout___pthread_rwlock_arch_t ... ok
[INFO] [stdout] test bindgen_test_layout___mbstate_t__bindgen_ty_1 ... ok
[INFO] [stdout] test bindgen_test_layout___pthread_internal_list ... ok
[INFO] [stdout] test bindgen_test_layout___sigset_t ... ok
[INFO] [stdout] test bindgen_test_layout___va_list_tag ... ok
[INFO] [stdout] test bindgen_test_layout_fd_set ... ok
[INFO] [stdout] test bindgen_test_layout_div_t ... ok
[INFO] [stdout] test bindgen_test_layout_ldiv_t ... ok
[INFO] [stdout] test bindgen_test_layout_pthread_attr_t ... ok
[INFO] [stdout] test bindgen_test_layout_pthread_barrierattr_t ... ok
[INFO] [stdout] test bindgen_test_layout_pthread_cond_t ... ok
[INFO] [stdout] test bindgen_test_layout_pthread_condattr_t ... ok
[INFO] [stdout] test bindgen_test_layout_pthread_mutex_t ... ok
[INFO] [stdout] test bindgen_test_layout_pthread_mutexattr_t ... ok
[INFO] [stdout] test bindgen_test_layout_pthread_rwlock_t ... ok
[INFO] [stdout] test bindgen_test_layout_pthread_rwlockattr_t ... ok
[INFO] [stdout] test bindgen_test_layout_random_data ... ok
[INFO] [stdout] test bindgen_test_layout_lldiv_t ... ok
[INFO] [stdout] test bindgen_test_layout_drand48_data ... ok
[INFO] [stdout] test bindgen_test_layout_density_processing_result ... ok
[INFO] [stdout] test bindgen_test_layout_max_align_t ... ok
[INFO] [stdout] test bindgen_test_layout_timeval ... ok
[INFO] [stdout] test bindgen_test_layout_density_context ... ok
[INFO] [stdout] test bindgen_test_layout_timespec ... ok
[INFO] [stdout] test bindgen_test_layout_pthread_barrier_t ... ok
[INFO] [stdout] test bindgen_test_layout___once_flag ... ok
[INFO] [stdout] 
[INFO] [stdout] test result: ok. 36 passed; 0 failed; 0 ignored; 0 measured; 0 filtered out; finished in 0.03s
[INFO] [stdout] 
[INFO] [stderr]    Doc-tests density-sys
[INFO] [stdout] 
[INFO] [stdout] running 2 tests
[INFO] [stdout] test /opt/rustwide/target/debug/build/density-sys-5b572919d3cff5e3/out/bindings.rs - density_byte (line 3) ... FAILED
[INFO] [stderr] error: doctest failed, to rerun pass `--doc`
[INFO] [stdout] test /opt/rustwide/target/debug/build/density-sys-5b572919d3cff5e3/out/bindings.rs - density_version_major (line 3) ... FAILED
[INFO] [stdout] 
[INFO] [stdout] failures:
[INFO] [stdout] 
[INFO] [stdout] ---- /opt/rustwide/target/debug/build/density-sys-5b572919d3cff5e3/out/bindings.rs - density_byte (line 3) stdout ----
[INFO] [stdout] error: expected expression, found `}`
[INFO] [stdout]  --> /opt/rustwide/target/debug/build/density-sys-5b572919d3cff5e3/out/bindings.rs:5:1
[INFO] [stdout]   |
[INFO] [stdout] 4 | } _doctest_main__opt_rustwide_target_debug_build_density_sys_5b572919d3cff5e3_out_bindings_rs_3_0() }
[INFO] [stdout]   | ^ expected expression
[INFO] [stdout] 
[INFO] [stdout] error: aborting due to previous error
[INFO] [stdout] 
[INFO] [stdout] Couldn't compile the test.
[INFO] [stdout] ---- /opt/rustwide/target/debug/build/density-sys-5b572919d3cff5e3/out/bindings.rs - density_version_major (line 3) stdout ----
[INFO] [stdout] error: expected expression, found `}`
[INFO] [stdout]  --> /opt/rustwide/target/debug/build/density-sys-5b572919d3cff5e3/out/bindings.rs:5:1
[INFO] [stdout]   |
[INFO] [stdout] 4 | } _doctest_main__opt_rustwide_target_debug_build_density_sys_5b572919d3cff5e3_out_bindings_rs_3_1() }
[INFO] [stdout]   | ^ expected expression
[INFO] [stdout] 
[INFO] [stdout] error: aborting due to previous error
[INFO] [stdout] 
[INFO] [stdout] Couldn't compile the test.
[INFO] [stdout] 
[INFO] [stdout] failures:
[INFO] [stdout]     /opt/rustwide/target/debug/build/density-sys-5b572919d3cff5e3/out/bindings.rs - density_byte (line 3)
[INFO] [stdout]     /opt/rustwide/target/debug/build/density-sys-5b572919d3cff5e3/out/bindings.rs - density_version_major (line 3)
[INFO] [stdout] 
[INFO] [stdout] test result: FAILED. 0 passed; 2 failed; 0 ignored; 0 measured; 0 filtered out; finished in 0.07s
[INFO] [stdout] 
[INFO] running `Command { std: "docker" "inspect" "d7f5495b27b31460e1661afe2122cf17b768182ab3ff8e03fa0dc19a51ac343a", kill_on_drop: false }`
[INFO] running `Command { std: "docker" "rm" "-f" "d7f5495b27b31460e1661afe2122cf17b768182ab3ff8e03fa0dc19a51ac343a", kill_on_drop: false }`
[INFO] [stdout] d7f5495b27b31460e1661afe2122cf17b768182ab3ff8e03fa0dc19a51ac343a
[INFO] testing density-sys-0.1.0 against beta-2023-12-22 for beta-1.76-1
[INFO] extracting crate density-sys 0.1.0 into /workspace/builds/worker-3-tc2/source
[INFO] validating manifest of crates.io crate density-sys 0.1.0 on toolchain beta-2023-12-22
[INFO] running `Command { std: CARGO_HOME="/workspace/cargo-home" RUSTUP_HOME="/workspace/rustup-home" "/workspace/cargo-home/bin/cargo" "+beta-2023-12-22" "metadata" "--manifest-path" "Cargo.toml" "--no-deps", kill_on_drop: false }`
[INFO] started tweaking crates.io crate density-sys 0.1.0
[INFO] finished tweaking crates.io crate density-sys 0.1.0
[INFO] tweaked toml for crates.io crate density-sys 0.1.0 written to /workspace/builds/worker-3-tc2/source/Cargo.toml
[INFO] running `Command { std: CARGO_HOME="/workspace/cargo-home" RUSTUP_HOME="/workspace/rustup-home" "/workspace/cargo-home/bin/cargo" "+beta-2023-12-22" "generate-lockfile" "--manifest-path" "Cargo.toml", kill_on_drop: false }`
[INFO] [stderr]     Updating crates.io index
[INFO] running `Command { std: CARGO_HOME="/workspace/cargo-home" RUSTUP_HOME="/workspace/rustup-home" "/workspace/cargo-home/bin/cargo" "+beta-2023-12-22" "fetch" "--manifest-path" "Cargo.toml", kill_on_drop: false }`
[INFO] running `Command { std: "docker" "create" "-v" "/var/lib/crater-agent-workspace/builds/worker-3-tc2/target:/opt/rustwide/target:rw,Z" "-v" "/var/lib/crater-agent-workspace/builds/worker-3-tc2/source:/opt/rustwide/workdir:ro,Z" "-v" "/var/lib/crater-agent-workspace/cargo-home:/opt/rustwide/cargo-home:ro,Z" "-v" "/var/lib/crater-agent-workspace/rustup-home:/opt/rustwide/rustup-home:ro,Z" "-e" "SOURCE_DIR=/opt/rustwide/workdir" "-e" "CARGO_TARGET_DIR=/opt/rustwide/target" "-e" "CARGO_HOME=/opt/rustwide/cargo-home" "-e" "RUSTUP_HOME=/opt/rustwide/rustup-home" "-w" "/opt/rustwide/workdir" "-m" "1610612736" "--user" "0:0" "--network" "none" "ghcr.io/rust-lang/crates-build-env/linux@sha256:2788e3201cd34a07e3172128adcd8b3090168a8e3bcc40d7c032b9dda1df7d1c" "/opt/rustwide/cargo-home/bin/cargo" "+beta-2023-12-22" "metadata" "--no-deps" "--format-version=1", kill_on_drop: false }`
[INFO] [stdout] f6d73d348e252f4d14dffcaf4d4707f0e477c7b94207a960208f8533663d15e6
[INFO] running `Command { std: "docker" "start" "-a" "f6d73d348e252f4d14dffcaf4d4707f0e477c7b94207a960208f8533663d15e6", kill_on_drop: false }`
[INFO] running `Command { std: "docker" "inspect" "f6d73d348e252f4d14dffcaf4d4707f0e477c7b94207a960208f8533663d15e6", kill_on_drop: false }`
[INFO] running `Command { std: "docker" "rm" "-f" "f6d73d348e252f4d14dffcaf4d4707f0e477c7b94207a960208f8533663d15e6", kill_on_drop: false }`
[INFO] [stdout] f6d73d348e252f4d14dffcaf4d4707f0e477c7b94207a960208f8533663d15e6
[INFO] running `Command { std: "docker" "create" "-v" "/var/lib/crater-agent-workspace/builds/worker-3-tc2/target:/opt/rustwide/target:rw,Z" "-v" "/var/lib/crater-agent-workspace/builds/worker-3-tc2/source:/opt/rustwide/workdir:ro,Z" "-v" "/var/lib/crater-agent-workspace/cargo-home:/opt/rustwide/cargo-home:ro,Z" "-v" "/var/lib/crater-agent-workspace/rustup-home:/opt/rustwide/rustup-home:ro,Z" "-e" "SOURCE_DIR=/opt/rustwide/workdir" "-e" "CARGO_TARGET_DIR=/opt/rustwide/target" "-e" "CARGO_INCREMENTAL=0" "-e" "RUST_BACKTRACE=full" "-e" "RUSTFLAGS=--cap-lints=warn" "-e" "RUSTDOCFLAGS=--cap-lints=warn" "-e" "CARGO_HOME=/opt/rustwide/cargo-home" "-e" "RUSTUP_HOME=/opt/rustwide/rustup-home" "-w" "/opt/rustwide/workdir" "-m" "1610612736" "--user" "0:0" "--network" "none" "ghcr.io/rust-lang/crates-build-env/linux@sha256:2788e3201cd34a07e3172128adcd8b3090168a8e3bcc40d7c032b9dda1df7d1c" "/opt/rustwide/cargo-home/bin/cargo" "+beta-2023-12-22" "build" "--frozen" "--message-format=json", kill_on_drop: false }`
[INFO] [stdout] 97d65a42d21c5e3f1f1fc89d0705234028a3f82ac8067154adde35f6b14a81fc
[INFO] running `Command { std: "docker" "start" "-a" "97d65a42d21c5e3f1f1fc89d0705234028a3f82ac8067154adde35f6b14a81fc", kill_on_drop: false }`
[INFO] [stderr]    Compiling proc-macro2 v1.0.75
[INFO] [stderr]    Compiling glob v0.3.1
[INFO] [stderr]    Compiling rustix v0.38.28
[INFO] [stderr]    Compiling prettyplease v0.2.16
[INFO] [stderr]    Compiling regex-syntax v0.8.2
[INFO] [stderr]    Compiling memchr v2.7.1
[INFO] [stderr]    Compiling cfg-if v1.0.0
[INFO] [stderr]    Compiling minimal-lexical v0.2.1
[INFO] [stderr]    Compiling bitflags v2.4.1
[INFO] [stderr]    Compiling linux-raw-sys v0.4.12
[INFO] [stderr]    Compiling libloading v0.8.1
[INFO] [stderr]    Compiling bindgen v0.68.1
[INFO] [stderr]    Compiling home v0.5.9
[INFO] [stderr]    Compiling nom v7.1.3
[INFO] [stderr]    Compiling either v1.9.0
[INFO] [stderr]    Compiling shlex v1.2.0
[INFO] [stderr]    Compiling clang-sys v1.7.0
[INFO] [stderr]    Compiling peeking_take_while v0.1.2
[INFO] [stderr]    Compiling quote v1.0.35
[INFO] [stderr]    Compiling lazy_static v1.4.0
[INFO] [stderr]    Compiling lazycell v1.3.0
[INFO] [stderr]    Compiling log v0.4.20
[INFO] [stderr]    Compiling syn v2.0.48
[INFO] [stderr]    Compiling rustc-hash v1.1.0
[INFO] [stderr]    Compiling regex-automata v0.4.3
[INFO] [stderr]    Compiling which v4.4.2
[INFO] [stderr]    Compiling cexpr v0.6.0
[INFO] [stderr]    Compiling regex v1.10.2
[INFO] [stderr]    Compiling density-sys v0.1.0 (/opt/rustwide/workdir)
[INFO] [stdout] warning: `extern` block uses type `u128`, which is not FFI-safe
[INFO] [stdout]  --> /opt/rustwide/target/debug/build/density-sys-b674d33dd16eb559/out/bindings.rs:3:41515
[INFO] [stdout]   |
[INFO] [stdout] 3 | ... __endptr : * mut * mut :: std :: os :: raw :: c_char) -> u128 ; } extern "C" { pub fn strtol (__nptr : * const :: std :: os :: raw ::...
[INFO] [stdout]   |                                                              ^^^^ not FFI-safe
[INFO] [stdout]   |
[INFO] [stdout]   = note: 128-bit integers don't currently have a known stable ABI
[INFO] [stdout]   = note: `#[warn(improper_ctypes)]` on by default
[INFO] [stdout] 
[INFO] [stdout] 
[INFO] [stdout] warning: `extern` block uses type `u128`, which is not FFI-safe
[INFO] [stdout]  --> /opt/rustwide/target/debug/build/density-sys-b674d33dd16eb559/out/bindings.rs:3:85330
[INFO] [stdout]   |
[INFO] [stdout] 3 | ...:: raw :: c_char ; } extern "C" { pub fn qecvt (__value : u128 , __ndigit : :: std :: os :: raw :: c_int , __decpt : * mut :: std :: o...
[INFO] [stdout]   |                                                              ^^^^ not FFI-safe
[INFO] [stdout]   |
[INFO] [stdout]   = note: 128-bit integers don't currently have a known stable ABI
[INFO] [stdout] 
[INFO] [stdout] 
[INFO] [stdout] warning: `extern` block uses type `u128`, which is not FFI-safe
[INFO] [stdout]  --> /opt/rustwide/target/debug/build/density-sys-b674d33dd16eb559/out/bindings.rs:3:85551
[INFO] [stdout]   |
[INFO] [stdout] 3 | ...:: raw :: c_char ; } extern "C" { pub fn qfcvt (__value : u128 , __ndigit : :: std :: os :: raw :: c_int , __decpt : * mut :: std :: o...
[INFO] [stdout]   |                                                              ^^^^ not FFI-safe
[INFO] [stdout]   |
[INFO] [stdout]   = note: 128-bit integers don't currently have a known stable ABI
[INFO] [stdout] 
[INFO] [stdout] 
[INFO] [stdout] warning: `extern` block uses type `u128`, which is not FFI-safe
[INFO] [stdout]  --> /opt/rustwide/target/debug/build/density-sys-b674d33dd16eb559/out/bindings.rs:3:85772
[INFO] [stdout]   |
[INFO] [stdout] 3 | ...:: raw :: c_char ; } extern "C" { pub fn qgcvt (__value : u128 , __ndigit : :: std :: os :: raw :: c_int , __buf : * mut :: std :: os ...
[INFO] [stdout]   |                                                              ^^^^ not FFI-safe
[INFO] [stdout]   |
[INFO] [stdout]   = note: 128-bit integers don't currently have a known stable ABI
[INFO] [stdout] 
[INFO] [stdout] 
[INFO] [stdout] warning: `extern` block uses type `u128`, which is not FFI-safe
[INFO] [stdout]  --> /opt/rustwide/target/debug/build/density-sys-b674d33dd16eb559/out/bindings.rs:3:86500
[INFO] [stdout]   |
[INFO] [stdout] 3 | ...: raw :: c_int ; } extern "C" { pub fn qecvt_r (__value : u128 , __ndigit : :: std :: os :: raw :: c_int , __decpt : * mut :: std :: o...
[INFO] [stdout]   |                                                              ^^^^ not FFI-safe
[INFO] [stdout]   |
[INFO] [stdout]   = note: 128-bit integers don't currently have a known stable ABI
[INFO] [stdout] 
[INFO] [stdout] 
[INFO] [stdout] warning: `extern` block uses type `u128`, which is not FFI-safe
[INFO] [stdout]  --> /opt/rustwide/target/debug/build/density-sys-b674d33dd16eb559/out/bindings.rs:3:86778
[INFO] [stdout]   |
[INFO] [stdout] 3 | ...: raw :: c_int ; } extern "C" { pub fn qfcvt_r (__value : u128 , __ndigit : :: std :: os :: raw :: c_int , __decpt : * mut :: std :: o...
[INFO] [stdout]   |                                                              ^^^^ not FFI-safe
[INFO] [stdout]   |
[INFO] [stdout]   = note: 128-bit integers don't currently have a known stable ABI
[INFO] [stdout] 
[INFO] [stdout] 
[INFO] [stdout] warning: 6 warnings emitted
[INFO] [stdout] 
[INFO] [stdout] 
[INFO] [stderr]     Finished dev [unoptimized + debuginfo] target(s) in 20.63s
[INFO] running `Command { std: "docker" "inspect" "97d65a42d21c5e3f1f1fc89d0705234028a3f82ac8067154adde35f6b14a81fc", kill_on_drop: false }`
[INFO] running `Command { std: "docker" "rm" "-f" "97d65a42d21c5e3f1f1fc89d0705234028a3f82ac8067154adde35f6b14a81fc", kill_on_drop: false }`
[INFO] [stdout] 97d65a42d21c5e3f1f1fc89d0705234028a3f82ac8067154adde35f6b14a81fc
[INFO] running `Command { std: "docker" "create" "-v" "/var/lib/crater-agent-workspace/builds/worker-3-tc2/target:/opt/rustwide/target:rw,Z" "-v" "/var/lib/crater-agent-workspace/builds/worker-3-tc2/source:/opt/rustwide/workdir:ro,Z" "-v" "/var/lib/crater-agent-workspace/cargo-home:/opt/rustwide/cargo-home:ro,Z" "-v" "/var/lib/crater-agent-workspace/rustup-home:/opt/rustwide/rustup-home:ro,Z" "-e" "SOURCE_DIR=/opt/rustwide/workdir" "-e" "CARGO_TARGET_DIR=/opt/rustwide/target" "-e" "CARGO_INCREMENTAL=0" "-e" "RUST_BACKTRACE=full" "-e" "RUSTFLAGS=--cap-lints=warn" "-e" "RUSTDOCFLAGS=--cap-lints=warn" "-e" "CARGO_HOME=/opt/rustwide/cargo-home" "-e" "RUSTUP_HOME=/opt/rustwide/rustup-home" "-w" "/opt/rustwide/workdir" "-m" "1610612736" "--user" "0:0" "--network" "none" "ghcr.io/rust-lang/crates-build-env/linux@sha256:2788e3201cd34a07e3172128adcd8b3090168a8e3bcc40d7c032b9dda1df7d1c" "/opt/rustwide/cargo-home/bin/cargo" "+beta-2023-12-22" "test" "--frozen" "--no-run" "--message-format=json", kill_on_drop: false }`
[INFO] [stdout] 8318d22e3fc0fd2b65ebfa53addfd901b8685d5820e735ec86c3a1198a01e313
[INFO] running `Command { std: "docker" "start" "-a" "8318d22e3fc0fd2b65ebfa53addfd901b8685d5820e735ec86c3a1198a01e313", kill_on_drop: false }`
[INFO] [stdout] warning: `extern` block uses type `u128`, which is not FFI-safe
[INFO] [stdout]  --> /opt/rustwide/target/debug/build/density-sys-b674d33dd16eb559/out/bindings.rs:3:41515
[INFO] [stdout]   |
[INFO] [stdout] 3 | ... __endptr : * mut * mut :: std :: os :: raw :: c_char) -> u128 ; } extern "C" { pub fn strtol (__nptr : * const :: std :: os :: raw ::...
[INFO] [stdout]   |                                                              ^^^^ not FFI-safe
[INFO] [stdout]   |
[INFO] [stdout]   = note: 128-bit integers don't currently have a known stable ABI
[INFO] [stdout]   = note: `#[warn(improper_ctypes)]` on by default
[INFO] [stdout] 
[INFO] [stdout] 
[INFO] [stdout] warning: `extern` block uses type `u128`, which is not FFI-safe
[INFO] [stdout]  --> /opt/rustwide/target/debug/build/density-sys-b674d33dd16eb559/out/bindings.rs:3:85330
[INFO] [stdout]   |
[INFO] [stdout] 3 | ...:: raw :: c_char ; } extern "C" { pub fn qecvt (__value : u128 , __ndigit : :: std :: os :: raw :: c_int , __decpt : * mut :: std :: o...
[INFO] [stdout]   |                                                              ^^^^ not FFI-safe
[INFO] [stdout]   |
[INFO] [stdout]   = note: 128-bit integers don't currently have a known stable ABI
[INFO] [stdout] 
[INFO] [stdout] 
[INFO] [stdout] warning: `extern` block uses type `u128`, which is not FFI-safe
[INFO] [stdout]  --> /opt/rustwide/target/debug/build/density-sys-b674d33dd16eb559/out/bindings.rs:3:85551
[INFO] [stdout]   |
[INFO] [stdout] 3 | ...:: raw :: c_char ; } extern "C" { pub fn qfcvt (__value : u128 , __ndigit : :: std :: os :: raw :: c_int , __decpt : * mut :: std :: o...
[INFO] [stdout]   |                                                              ^^^^ not FFI-safe
[INFO] [stdout]   |
[INFO] [stdout]   = note: 128-bit integers don't currently have a known stable ABI
[INFO] [stdout] 
[INFO] [stdout] 
[INFO] [stdout] warning: `extern` block uses type `u128`, which is not FFI-safe
[INFO] [stdout]  --> /opt/rustwide/target/debug/build/density-sys-b674d33dd16eb559/out/bindings.rs:3:85772
[INFO] [stdout]   |
[INFO] [stdout] 3 | ...:: raw :: c_char ; } extern "C" { pub fn qgcvt (__value : u128 , __ndigit : :: std :: os :: raw :: c_int , __buf : * mut :: std :: os ...
[INFO] [stdout]   |                                                              ^^^^ not FFI-safe
[INFO] [stdout]   |
[INFO] [stdout]   = note: 128-bit integers don't currently have a known stable ABI
[INFO] [stdout] 
[INFO] [stdout] 
[INFO] [stdout] warning: `extern` block uses type `u128`, which is not FFI-safe
[INFO] [stdout]  --> /opt/rustwide/target/debug/build/density-sys-b674d33dd16eb559/out/bindings.rs:3:86500
[INFO] [stdout]   |
[INFO] [stdout] 3 | ...: raw :: c_int ; } extern "C" { pub fn qecvt_r (__value : u128 , __ndigit : :: std :: os :: raw :: c_int , __decpt : * mut :: std :: o...
[INFO] [stdout]   |                                                              ^^^^ not FFI-safe
[INFO] [stdout]   |
[INFO] [stdout]   = note: 128-bit integers don't currently have a known stable ABI
[INFO] [stdout] 
[INFO] [stdout] 
[INFO] [stderr]    Compiling density-sys v0.1.0 (/opt/rustwide/workdir)
[INFO] [stdout] warning: `extern` block uses type `u128`, which is not FFI-safe
[INFO] [stdout]  --> /opt/rustwide/target/debug/build/density-sys-b674d33dd16eb559/out/bindings.rs:3:86778
[INFO] [stdout]   |
[INFO] [stdout] 3 | ...: raw :: c_int ; } extern "C" { pub fn qfcvt_r (__value : u128 , __ndigit : :: std :: os :: raw :: c_int , __decpt : * mut :: std :: o...
[INFO] [stdout]   |                                                              ^^^^ not FFI-safe
[INFO] [stdout]   |
[INFO] [stdout]   = note: 128-bit integers don't currently have a known stable ABI
[INFO] [stdout] 
[INFO] [stdout] 
[INFO] [stdout] warning: 6 warnings emitted
[INFO] [stdout] 
[INFO] [stdout] 
[INFO] [stdout] warning: `extern` block uses type `u128`, which is not FFI-safe
[INFO] [stdout]  --> /opt/rustwide/target/debug/build/density-sys-b674d33dd16eb559/out/bindings.rs:3:41515
[INFO] [stdout]   |
[INFO] [stdout] 3 | ... __endptr : * mut * mut :: std :: os :: raw :: c_char) -> u128 ; } extern "C" { pub fn strtol (__nptr : * const :: std :: os :: raw ::...
[INFO] [stdout]   |                                                              ^^^^ not FFI-safe
[INFO] [stdout]   |
[INFO] [stdout]   = note: 128-bit integers don't currently have a known stable ABI
[INFO] [stdout]   = note: `#[warn(improper_ctypes)]` on by default
[INFO] [stdout] 
[INFO] [stdout] 
[INFO] [stdout] warning: `extern` block uses type `u128`, which is not FFI-safe
[INFO] [stdout]  --> /opt/rustwide/target/debug/build/density-sys-b674d33dd16eb559/out/bindings.rs:3:85330
[INFO] [stdout]   |
[INFO] [stdout] 3 | ...:: raw :: c_char ; } extern "C" { pub fn qecvt (__value : u128 , __ndigit : :: std :: os :: raw :: c_int , __decpt : * mut :: std :: o...
[INFO] [stdout]   |                                                              ^^^^ not FFI-safe
[INFO] [stdout]   |
[INFO] [stdout]   = note: 128-bit integers don't currently have a known stable ABI
[INFO] [stdout] 
[INFO] [stdout] 
[INFO] [stdout] warning: `extern` block uses type `u128`, which is not FFI-safe
[INFO] [stdout]  --> /opt/rustwide/target/debug/build/density-sys-b674d33dd16eb559/out/bindings.rs:3:85551
[INFO] [stdout]   |
[INFO] [stdout] 3 | ...:: raw :: c_char ; } extern "C" { pub fn qfcvt (__value : u128 , __ndigit : :: std :: os :: raw :: c_int , __decpt : * mut :: std :: o...
[INFO] [stdout]   |                                                              ^^^^ not FFI-safe
[INFO] [stdout]   |
[INFO] [stdout]   = note: 128-bit integers don't currently have a known stable ABI
[INFO] [stdout] 
[INFO] [stdout] 
[INFO] [stdout] warning: `extern` block uses type `u128`, which is not FFI-safe
[INFO] [stdout]  --> /opt/rustwide/target/debug/build/density-sys-b674d33dd16eb559/out/bindings.rs:3:85772
[INFO] [stdout]   |
[INFO] [stdout] 3 | ...:: raw :: c_char ; } extern "C" { pub fn qgcvt (__value : u128 , __ndigit : :: std :: os :: raw :: c_int , __buf : * mut :: std :: os ...
[INFO] [stdout]   |                                                              ^^^^ not FFI-safe
[INFO] [stdout]   |
[INFO] [stdout]   = note: 128-bit integers don't currently have a known stable ABI
[INFO] [stdout] 
[INFO] [stdout] 
[INFO] [stdout] warning: `extern` block uses type `u128`, which is not FFI-safe
[INFO] [stdout]  --> /opt/rustwide/target/debug/build/density-sys-b674d33dd16eb559/out/bindings.rs:3:86500
[INFO] [stdout]   |
[INFO] [stdout] 3 | ...: raw :: c_int ; } extern "C" { pub fn qecvt_r (__value : u128 , __ndigit : :: std :: os :: raw :: c_int , __decpt : * mut :: std :: o...
[INFO] [stdout]   |                                                              ^^^^ not FFI-safe
[INFO] [stdout]   |
[INFO] [stdout]   = note: 128-bit integers don't currently have a known stable ABI
[INFO] [stdout] 
[INFO] [stdout] 
[INFO] [stdout] warning: `extern` block uses type `u128`, which is not FFI-safe
[INFO] [stdout]  --> /opt/rustwide/target/debug/build/density-sys-b674d33dd16eb559/out/bindings.rs:3:86778
[INFO] [stdout]   |
[INFO] [stdout] 3 | ...: raw :: c_int ; } extern "C" { pub fn qfcvt_r (__value : u128 , __ndigit : :: std :: os :: raw :: c_int , __decpt : * mut :: std :: o...
[INFO] [stdout]   |                                                              ^^^^ not FFI-safe
[INFO] [stdout]   |
[INFO] [stdout]   = note: 128-bit integers don't currently have a known stable ABI
[INFO] [stdout] 
[INFO] [stdout] 
[INFO] [stdout] warning: 6 warnings emitted
[INFO] [stdout] 
[INFO] [stdout] 
[INFO] [stderr]     Finished test [unoptimized + debuginfo] target(s) in 0.75s
[INFO] running `Command { std: "docker" "inspect" "8318d22e3fc0fd2b65ebfa53addfd901b8685d5820e735ec86c3a1198a01e313", kill_on_drop: false }`
[INFO] running `Command { std: "docker" "rm" "-f" "8318d22e3fc0fd2b65ebfa53addfd901b8685d5820e735ec86c3a1198a01e313", kill_on_drop: false }`
[INFO] [stdout] 8318d22e3fc0fd2b65ebfa53addfd901b8685d5820e735ec86c3a1198a01e313
[INFO] running `Command { std: "docker" "create" "-v" "/var/lib/crater-agent-workspace/builds/worker-3-tc2/target:/opt/rustwide/target:rw,Z" "-v" "/var/lib/crater-agent-workspace/builds/worker-3-tc2/source:/opt/rustwide/workdir:ro,Z" "-v" "/var/lib/crater-agent-workspace/cargo-home:/opt/rustwide/cargo-home:ro,Z" "-v" "/var/lib/crater-agent-workspace/rustup-home:/opt/rustwide/rustup-home:ro,Z" "-e" "SOURCE_DIR=/opt/rustwide/workdir" "-e" "CARGO_TARGET_DIR=/opt/rustwide/target" "-e" "CARGO_INCREMENTAL=0" "-e" "RUST_BACKTRACE=full" "-e" "RUSTFLAGS=--cap-lints=warn" "-e" "RUSTDOCFLAGS=--cap-lints=warn" "-e" "CARGO_HOME=/opt/rustwide/cargo-home" "-e" "RUSTUP_HOME=/opt/rustwide/rustup-home" "-w" "/opt/rustwide/workdir" "-m" "1610612736" "--user" "0:0" "--network" "none" "ghcr.io/rust-lang/crates-build-env/linux@sha256:2788e3201cd34a07e3172128adcd8b3090168a8e3bcc40d7c032b9dda1df7d1c" "/opt/rustwide/cargo-home/bin/cargo" "+beta-2023-12-22" "test" "--frozen", kill_on_drop: false }`
[INFO] [stdout] 9c559664d717f89d474fd5713723c6c79681722ece7ff8d7ba3a5303f33622c7
[INFO] running `Command { std: "docker" "start" "-a" "9c559664d717f89d474fd5713723c6c79681722ece7ff8d7ba3a5303f33622c7", kill_on_drop: false }`
[INFO] [stderr] warning: `extern` block uses type `u128`, which is not FFI-safe
[INFO] [stderr]  --> /opt/rustwide/target/debug/build/density-sys-b674d33dd16eb559/out/bindings.rs:3:41515
[INFO] [stderr]   |
[INFO] [stderr] 3 | ... __endptr : * mut * mut :: std :: os :: raw :: c_char) -> u128 ; } extern "C" { pub fn strtol (__nptr : * const :: std :: os :: raw ::...
[INFO] [stderr]   |                                                              ^^^^ not FFI-safe
[INFO] [stderr]   |
[INFO] [stderr]   = note: 128-bit integers don't currently have a known stable ABI
[INFO] [stderr]   = note: `#[warn(improper_ctypes)]` on by default
[INFO] [stderr] 
[INFO] [stderr] warning: `extern` block uses type `u128`, which is not FFI-safe
[INFO] [stderr]  --> /opt/rustwide/target/debug/build/density-sys-b674d33dd16eb559/out/bindings.rs:3:85330
[INFO] [stderr]   |
[INFO] [stderr] 3 | ...:: raw :: c_char ; } extern "C" { pub fn qecvt (__value : u128 , __ndigit : :: std :: os :: raw :: c_int , __decpt : * mut :: std :: o...
[INFO] [stderr]   |                                                              ^^^^ not FFI-safe
[INFO] [stderr]   |
[INFO] [stderr]   = note: 128-bit integers don't currently have a known stable ABI
[INFO] [stderr] 
[INFO] [stderr] warning: `extern` block uses type `u128`, which is not FFI-safe
[INFO] [stderr]  --> /opt/rustwide/target/debug/build/density-sys-b674d33dd16eb559/out/bindings.rs:3:85551
[INFO] [stderr]   |
[INFO] [stderr] 3 | ...:: raw :: c_char ; } extern "C" { pub fn qfcvt (__value : u128 , __ndigit : :: std :: os :: raw :: c_int , __decpt : * mut :: std :: o...
[INFO] [stderr]   |                                                              ^^^^ not FFI-safe
[INFO] [stderr]   |
[INFO] [stderr]   = note: 128-bit integers don't currently have a known stable ABI
[INFO] [stderr] 
[INFO] [stderr] warning: `extern` block uses type `u128`, which is not FFI-safe
[INFO] [stderr]  --> /opt/rustwide/target/debug/build/density-sys-b674d33dd16eb559/out/bindings.rs:3:85772
[INFO] [stderr]   |
[INFO] [stderr] 3 | ...:: raw :: c_char ; } extern "C" { pub fn qgcvt (__value : u128 , __ndigit : :: std :: os :: raw :: c_int , __buf : * mut :: std :: os ...
[INFO] [stderr]   |                                                              ^^^^ not FFI-safe
[INFO] [stderr]   |
[INFO] [stderr]   = note: 128-bit integers don't currently have a known stable ABI
[INFO] [stderr] 
[INFO] [stderr] warning: `extern` block uses type `u128`, which is not FFI-safe
[INFO] [stderr]  --> /opt/rustwide/target/debug/build/density-sys-b674d33dd16eb559/out/bindings.rs:3:86500
[INFO] [stderr]   |
[INFO] [stderr] 3 | ...: raw :: c_int ; } extern "C" { pub fn qecvt_r (__value : u128 , __ndigit : :: std :: os :: raw :: c_int , __decpt : * mut :: std :: o...
[INFO] [stderr]   |                                                              ^^^^ not FFI-safe
[INFO] [stderr]   |
[INFO] [stderr]   = note: 128-bit integers don't currently have a known stable ABI
[INFO] [stderr] 
[INFO] [stderr] warning: `extern` block uses type `u128`, which is not FFI-safe
[INFO] [stderr]  --> /opt/rustwide/target/debug/build/density-sys-b674d33dd16eb559/out/bindings.rs:3:86778
[INFO] [stderr]   |
[INFO] [stderr] 3 | ...: raw :: c_int ; } extern "C" { pub fn qfcvt_r (__value : u128 , __ndigit : :: std :: os :: raw :: c_int , __decpt : * mut :: std :: o...
[INFO] [stderr]   |                                                              ^^^^ not FFI-safe
[INFO] [stderr]   |
[INFO] [stderr]   = note: 128-bit integers don't currently have a known stable ABI
[INFO] [stderr] 
[INFO] [stderr] warning: `density-sys` (lib) generated 6 warnings
[INFO] [stderr] warning: `density-sys` (lib test) generated 6 warnings (6 duplicates)
[INFO] [stderr]     Finished test [unoptimized + debuginfo] target(s) in 0.08s
[INFO] [stderr]      Running unittests src/lib.rs (/opt/rustwide/target/debug/deps/density_sys-b79d0931c221e1c3)
[INFO] [stdout] 
[INFO] [stdout] running 36 tests
[INFO] [stdout] test bindgen_test_layout__G_fpos64_t ... ok
[INFO] [stdout] test bindgen_test_layout__IO_FILE ... ok
[INFO] [stdout] test bindgen_test_layout___atomic_wide_counter ... ok
[INFO] [stdout] test bindgen_test_layout___atomic_wide_counter__bindgen_ty_1 ... ok
[INFO] [stdout] test bindgen_test_layout__G_fpos_t ... ok
[INFO] [stdout] test bindgen_test_layout___once_flag ... ok
[INFO] [stdout] test bindgen_test_layout___mbstate_t ... ok
[INFO] [stdout] test bindgen_test_layout___pthread_internal_slist ... ok
[INFO] [stdout] test bindgen_test_layout___pthread_rwlock_arch_t ... ok
[INFO] [stdout] test bindgen_test_layout___mbstate_t__bindgen_ty_1 ... ok
[INFO] [stdout] test bindgen_test_layout___pthread_mutex_s ... ok
[INFO] [stdout] test bindgen_test_layout___pthread_cond_s ... ok
[INFO] [stdout] test bindgen_test_layout___sigset_t ... ok
[INFO] [stdout] test bindgen_test_layout___va_list_tag ... ok
[INFO] [stdout] test bindgen_test_layout___fsid_t ... ok
[INFO] [stdout] test bindgen_test_layout___pthread_internal_list ... ok
[INFO] [stdout] test bindgen_test_layout_fd_set ... ok
[INFO] [stdout] test bindgen_test_layout_density_processing_result ... ok
[INFO] [stdout] test bindgen_test_layout_density_context ... ok
[INFO] [stdout] test bindgen_test_layout_ldiv_t ... ok
[INFO] [stdout] test bindgen_test_layout_div_t ... ok
[INFO] [stdout] test bindgen_test_layout_drand48_data ... ok
[INFO] [stdout] test bindgen_test_layout_lldiv_t ... ok
[INFO] [stdout] test bindgen_test_layout_max_align_t ... ok
[INFO] [stdout] test bindgen_test_layout_pthread_cond_t ... ok
[INFO] [stdout] test bindgen_test_layout_pthread_barrierattr_t ... ok
[INFO] [stdout] test bindgen_test_layout_pthread_condattr_t ... ok
[INFO] [stdout] test bindgen_test_layout_pthread_mutexattr_t ... ok
[INFO] [stdout] test bindgen_test_layout_pthread_rwlockattr_t ... ok
[INFO] [stdout] test bindgen_test_layout_random_data ... ok
[INFO] [stdout] test bindgen_test_layout_timeval ... ok
[INFO] [stdout] test bindgen_test_layout_pthread_mutex_t ... ok
[INFO] [stdout] test bindgen_test_layout_pthread_rwlock_t ... ok
[INFO] [stdout] test bindgen_test_layout_timespec ... ok
[INFO] [stdout] test bindgen_test_layout_pthread_attr_t ... ok
[INFO] [stdout] test bindgen_test_layout_pthread_barrier_t ... ok
[INFO] [stdout] 
[INFO] [stdout] test result: ok. 36 passed; 0 failed; 0 ignored; 0 measured; 0 filtered out; finished in 0.02s
[INFO] [stdout] 
[INFO] [stderr]    Doc-tests density-sys
[INFO] [stdout] 
[INFO] [stdout] running 2 tests
[INFO] [stdout] test /opt/rustwide/target/debug/build/density-sys-b674d33dd16eb559/out/bindings.rs - density_byte (line 3) ... FAILED
[INFO] [stdout] test /opt/rustwide/target/debug/build/density-sys-b674d33dd16eb559/out/bindings.rs - density_version_major (line 3) ... FAILED
[INFO] [stdout] 
[INFO] [stdout] failures:
[INFO] [stdout] 
[INFO] [stdout] ---- /opt/rustwide/target/debug/build/density-sys-b674d33dd16eb559/out/bindings.rs - density_byte (line 3) stdout ----
[INFO] [stdout] error: expected expression, found `}`
[INFO] [stdout]  --> /opt/rustwide/target/debug/build/density-sys-b674d33dd16eb559/out/bindings.rs:5:1
[INFO] [stdout]   |
[INFO] [stdout] 4 | } _doctest_main__opt_rustwide_target_debug_build_density_sys_b674d33dd16eb559_out_bindings_rs_3_0() }
[INFO] [stdout]   | ^ expected expression
[INFO] [stdout] 
[INFO] [stdout] error: aborting due to 1 previous error
[INFO] [stdout] 
[INFO] [stdout] Couldn't compile the test.
[INFO] [stdout] ---- /opt/rustwide/target/debug/build/density-sys-b674d33dd16eb559/out/bindings.rs - density_version_major (line 3) stdout ----
[INFO] [stdout] error: expected expression, found `}`
[INFO] [stdout]  --> /opt/rustwide/target/debug/build/density-sys-b674d33dd16eb559/out/bindings.rs:5:1
[INFO] [stdout]   |
[INFO] [stdout] 4 | } _doctest_main__opt_rustwide_target_debug_build_density_sys_b674d33dd16eb559_out_bindings_rs_3_1() }
[INFO] [stdout]   | ^ expected expression
[INFO] [stdout] 
[INFO] [stdout] error: aborting due to 1 previous error
[INFO] [stdout] 
[INFO] [stdout] Couldn't compile the test.
[INFO] [stdout] 
[INFO] [stdout] failures:
[INFO] [stdout]     /opt/rustwide/target/debug/build/density-sys-b674d33dd16eb559/out/bindings.rs - density_byte (line 3)
[INFO] [stdout]     /opt/rustwide/target/debug/build/density-sys-b674d33dd16eb559/out/bindings.rs - density_version_major (line 3)
[INFO] [stdout] 
[INFO] [stdout] test result: FAILED. 0 passed; 2 failed; 0 ignored; 0 measured; 0 filtered out; finished in 0.04s
[INFO] [stdout] 
[INFO] [stderr] error: doctest failed, to rerun pass `--doc`
[INFO] running `Command { std: "docker" "inspect" "9c559664d717f89d474fd5713723c6c79681722ece7ff8d7ba3a5303f33622c7", kill_on_drop: false }`
[INFO] running `Command { std: "docker" "rm" "-f" "9c559664d717f89d474fd5713723c6c79681722ece7ff8d7ba3a5303f33622c7", kill_on_drop: false }`
[INFO] [stdout] 9c559664d717f89d474fd5713723c6c79681722ece7ff8d7ba3a5303f33622c7
