[INFO] fetching crate default_kwargs 0.1.0...
[INFO] testing default_kwargs-0.1.0 against 1.75.0 for beta-1.76-1
[INFO] extracting crate default_kwargs 0.1.0 into /workspace/builds/worker-4-tc1/source
[INFO] validating manifest of crates.io crate default_kwargs 0.1.0 on toolchain 1.75.0
[INFO] running `Command { std: CARGO_HOME="/workspace/cargo-home" RUSTUP_HOME="/workspace/rustup-home" "/workspace/cargo-home/bin/cargo" "+1.75.0" "metadata" "--manifest-path" "Cargo.toml" "--no-deps", kill_on_drop: false }`
[INFO] started tweaking crates.io crate default_kwargs 0.1.0
[INFO] removed 0 missing tests
[INFO] finished tweaking crates.io crate default_kwargs 0.1.0
[INFO] tweaked toml for crates.io crate default_kwargs 0.1.0 written to /workspace/builds/worker-4-tc1/source/Cargo.toml
[INFO] crate crates.io crate default_kwargs 0.1.0 already has a lockfile, it will not be regenerated
[INFO] running `Command { std: CARGO_HOME="/workspace/cargo-home" RUSTUP_HOME="/workspace/rustup-home" "/workspace/cargo-home/bin/cargo" "+1.75.0" "fetch" "--manifest-path" "Cargo.toml", kill_on_drop: false }`
[INFO] [stderr]  Downloading crates ...
[INFO] [stderr]   Downloaded syn v1.0.90
[INFO] [stderr]   Downloaded dissimilar v1.0.3
[INFO] [stderr]   Downloaded trybuild v1.0.58
[INFO] running `Command { std: "docker" "create" "-v" "/var/lib/crater-agent-workspace/builds/worker-4-tc1/target:/opt/rustwide/target:rw,Z" "-v" "/var/lib/crater-agent-workspace/builds/worker-4-tc1/source:/opt/rustwide/workdir:ro,Z" "-v" "/var/lib/crater-agent-workspace/cargo-home:/opt/rustwide/cargo-home:ro,Z" "-v" "/var/lib/crater-agent-workspace/rustup-home:/opt/rustwide/rustup-home:ro,Z" "-e" "SOURCE_DIR=/opt/rustwide/workdir" "-e" "CARGO_TARGET_DIR=/opt/rustwide/target" "-e" "CARGO_HOME=/opt/rustwide/cargo-home" "-e" "RUSTUP_HOME=/opt/rustwide/rustup-home" "-w" "/opt/rustwide/workdir" "-m" "1610612736" "--user" "0:0" "--network" "none" "ghcr.io/rust-lang/crates-build-env/linux@sha256:2788e3201cd34a07e3172128adcd8b3090168a8e3bcc40d7c032b9dda1df7d1c" "/opt/rustwide/cargo-home/bin/cargo" "+1.75.0" "metadata" "--no-deps" "--format-version=1", kill_on_drop: false }`
[INFO] [stdout] eb819251c53c28f85e4d31bf07eb9efe5f90f931e9313376264365d076b54368
[INFO] running `Command { std: "docker" "start" "-a" "eb819251c53c28f85e4d31bf07eb9efe5f90f931e9313376264365d076b54368", kill_on_drop: false }`
[INFO] running `Command { std: "docker" "inspect" "eb819251c53c28f85e4d31bf07eb9efe5f90f931e9313376264365d076b54368", kill_on_drop: false }`
[INFO] running `Command { std: "docker" "rm" "-f" "eb819251c53c28f85e4d31bf07eb9efe5f90f931e9313376264365d076b54368", kill_on_drop: false }`
[INFO] [stdout] eb819251c53c28f85e4d31bf07eb9efe5f90f931e9313376264365d076b54368
[INFO] running `Command { std: "docker" "create" "-v" "/var/lib/crater-agent-workspace/builds/worker-4-tc1/target:/opt/rustwide/target:rw,Z" "-v" "/var/lib/crater-agent-workspace/builds/worker-4-tc1/source:/opt/rustwide/workdir:ro,Z" "-v" "/var/lib/crater-agent-workspace/cargo-home:/opt/rustwide/cargo-home:ro,Z" "-v" "/var/lib/crater-agent-workspace/rustup-home:/opt/rustwide/rustup-home:ro,Z" "-e" "SOURCE_DIR=/opt/rustwide/workdir" "-e" "CARGO_TARGET_DIR=/opt/rustwide/target" "-e" "CARGO_INCREMENTAL=0" "-e" "RUST_BACKTRACE=full" "-e" "RUSTFLAGS=--cap-lints=warn" "-e" "RUSTDOCFLAGS=--cap-lints=warn" "-e" "CARGO_HOME=/opt/rustwide/cargo-home" "-e" "RUSTUP_HOME=/opt/rustwide/rustup-home" "-w" "/opt/rustwide/workdir" "-m" "1610612736" "--user" "0:0" "--network" "none" "ghcr.io/rust-lang/crates-build-env/linux@sha256:2788e3201cd34a07e3172128adcd8b3090168a8e3bcc40d7c032b9dda1df7d1c" "/opt/rustwide/cargo-home/bin/cargo" "+1.75.0" "build" "--frozen" "--message-format=json", kill_on_drop: false }`
[INFO] [stdout] d28353ec6b49844e12620341e67d4dd03a1d96522b8aa18e43dd9f0d0c2191ed
[INFO] running `Command { std: "docker" "start" "-a" "d28353ec6b49844e12620341e67d4dd03a1d96522b8aa18e43dd9f0d0c2191ed", kill_on_drop: false }`
[INFO] [stderr]    Compiling proc-macro2 v1.0.36
[INFO] [stderr]    Compiling serde v1.0.136
[INFO] [stderr]    Compiling unicode-xid v0.2.2
[INFO] [stderr]    Compiling syn v1.0.90
[INFO] [stderr]    Compiling serde_json v1.0.79
[INFO] [stderr]    Compiling serde_derive v1.0.136
[INFO] [stderr]    Compiling trybuild v1.0.58
[INFO] [stderr]    Compiling itoa v1.0.1
[INFO] [stderr]    Compiling ryu v1.0.9
[INFO] [stderr]    Compiling once_cell v1.10.0
[INFO] [stderr]    Compiling termcolor v1.1.3
[INFO] [stderr]    Compiling glob v0.3.0
[INFO] [stderr]    Compiling quote v1.0.17
[INFO] [stderr]    Compiling toml v0.5.8
[INFO] [stderr]    Compiling default_kwargs v0.1.0 (/opt/rustwide/workdir)
[INFO] [stderr]     Finished dev [unoptimized + debuginfo] target(s) in 6.76s
[INFO] running `Command { std: "docker" "inspect" "d28353ec6b49844e12620341e67d4dd03a1d96522b8aa18e43dd9f0d0c2191ed", kill_on_drop: false }`
[INFO] running `Command { std: "docker" "rm" "-f" "d28353ec6b49844e12620341e67d4dd03a1d96522b8aa18e43dd9f0d0c2191ed", kill_on_drop: false }`
[INFO] [stdout] d28353ec6b49844e12620341e67d4dd03a1d96522b8aa18e43dd9f0d0c2191ed
[INFO] running `Command { std: "docker" "create" "-v" "/var/lib/crater-agent-workspace/builds/worker-4-tc1/target:/opt/rustwide/target:rw,Z" "-v" "/var/lib/crater-agent-workspace/builds/worker-4-tc1/source:/opt/rustwide/workdir:ro,Z" "-v" "/var/lib/crater-agent-workspace/cargo-home:/opt/rustwide/cargo-home:ro,Z" "-v" "/var/lib/crater-agent-workspace/rustup-home:/opt/rustwide/rustup-home:ro,Z" "-e" "SOURCE_DIR=/opt/rustwide/workdir" "-e" "CARGO_TARGET_DIR=/opt/rustwide/target" "-e" "CARGO_INCREMENTAL=0" "-e" "RUST_BACKTRACE=full" "-e" "RUSTFLAGS=--cap-lints=warn" "-e" "RUSTDOCFLAGS=--cap-lints=warn" "-e" "CARGO_HOME=/opt/rustwide/cargo-home" "-e" "RUSTUP_HOME=/opt/rustwide/rustup-home" "-w" "/opt/rustwide/workdir" "-m" "1610612736" "--user" "0:0" "--network" "none" "ghcr.io/rust-lang/crates-build-env/linux@sha256:2788e3201cd34a07e3172128adcd8b3090168a8e3bcc40d7c032b9dda1df7d1c" "/opt/rustwide/cargo-home/bin/cargo" "+1.75.0" "test" "--frozen" "--no-run" "--message-format=json", kill_on_drop: false }`
[INFO] [stdout] f23ab9126e3ff6a7baafb454c48fdc6473d07970ef8c37071808a0c4aa654384
[INFO] running `Command { std: "docker" "start" "-a" "f23ab9126e3ff6a7baafb454c48fdc6473d07970ef8c37071808a0c4aa654384", kill_on_drop: false }`
[INFO] [stderr]    Compiling proc-macro2 v1.0.36
[INFO] [stderr]    Compiling unicode-xid v0.2.2
[INFO] [stderr]    Compiling ryu v1.0.9
[INFO] [stderr]    Compiling trybuild v1.0.58
[INFO] [stderr]    Compiling serde v1.0.136
[INFO] [stderr]    Compiling syn v1.0.90
[INFO] [stderr]    Compiling serde_json v1.0.79
[INFO] [stderr]    Compiling itoa v1.0.1
[INFO] [stderr]    Compiling termcolor v1.1.3
[INFO] [stderr]    Compiling once_cell v1.10.0
[INFO] [stderr]    Compiling glob v0.3.0
[INFO] [stderr]    Compiling dissimilar v1.0.3
[INFO] [stderr]    Compiling quote v1.0.17
[INFO] [stderr]    Compiling toml v0.5.8
[INFO] [stderr]    Compiling serde_derive v1.0.136
[INFO] [stderr]    Compiling default_kwargs v0.1.0 (/opt/rustwide/workdir)
[INFO] [stderr]     Finished test [unoptimized + debuginfo] target(s) in 8.47s
[INFO] running `Command { std: "docker" "inspect" "f23ab9126e3ff6a7baafb454c48fdc6473d07970ef8c37071808a0c4aa654384", kill_on_drop: false }`
[INFO] running `Command { std: "docker" "rm" "-f" "f23ab9126e3ff6a7baafb454c48fdc6473d07970ef8c37071808a0c4aa654384", kill_on_drop: false }`
[INFO] [stdout] f23ab9126e3ff6a7baafb454c48fdc6473d07970ef8c37071808a0c4aa654384
[INFO] running `Command { std: "docker" "create" "-v" "/var/lib/crater-agent-workspace/builds/worker-4-tc1/target:/opt/rustwide/target:rw,Z" "-v" "/var/lib/crater-agent-workspace/builds/worker-4-tc1/source:/opt/rustwide/workdir:ro,Z" "-v" "/var/lib/crater-agent-workspace/cargo-home:/opt/rustwide/cargo-home:ro,Z" "-v" "/var/lib/crater-agent-workspace/rustup-home:/opt/rustwide/rustup-home:ro,Z" "-e" "SOURCE_DIR=/opt/rustwide/workdir" "-e" "CARGO_TARGET_DIR=/opt/rustwide/target" "-e" "CARGO_INCREMENTAL=0" "-e" "RUST_BACKTRACE=full" "-e" "RUSTFLAGS=--cap-lints=warn" "-e" "RUSTDOCFLAGS=--cap-lints=warn" "-e" "CARGO_HOME=/opt/rustwide/cargo-home" "-e" "RUSTUP_HOME=/opt/rustwide/rustup-home" "-w" "/opt/rustwide/workdir" "-m" "1610612736" "--user" "0:0" "--network" "none" "ghcr.io/rust-lang/crates-build-env/linux@sha256:2788e3201cd34a07e3172128adcd8b3090168a8e3bcc40d7c032b9dda1df7d1c" "/opt/rustwide/cargo-home/bin/cargo" "+1.75.0" "test" "--frozen", kill_on_drop: false }`
[INFO] [stdout] b42adb8552d9204deb976bc418ddd9d6df0de9ad115ad3f534c7e31f4cab5b0b
[INFO] running `Command { std: "docker" "start" "-a" "b42adb8552d9204deb976bc418ddd9d6df0de9ad115ad3f534c7e31f4cab5b0b", kill_on_drop: false }`
[INFO] [stderr]     Finished test [unoptimized + debuginfo] target(s) in 0.01s
[INFO] [stderr]      Running unittests src/lib.rs (/opt/rustwide/target/debug/deps/default_kwargs-b1d3a374744467c7)
[INFO] [stdout] 
[INFO] [stdout] running 0 tests
[INFO] [stdout] 
[INFO] [stdout] test result: ok. 0 passed; 0 failed; 0 ignored; 0 measured; 0 filtered out; finished in 0.00s
[INFO] [stdout] 
[INFO] [stderr]      Running tests/trybuild.rs (/opt/rustwide/target/debug/deps/tests-7e3dcf1a74f552d0)
[INFO] [stdout] 
[INFO] [stdout] running 1 test
[INFO] [stderr]    Compiling proc-macro2 v1.0.36
[INFO] [stderr]    Compiling syn v1.0.90
[INFO] [stderr]    Compiling serde v1.0.136
[INFO] [stderr]    Compiling unicode-xid v0.2.2
[INFO] [stderr]    Compiling serde_derive v1.0.136
[INFO] [stderr]    Compiling serde_json v1.0.79
[INFO] [stderr]    Compiling itoa v1.0.1
[INFO] [stderr]    Compiling ryu v1.0.9
[INFO] [stderr]    Compiling trybuild v1.0.58
[INFO] [stderr]    Compiling glob v0.3.0
[INFO] [stderr]    Compiling termcolor v1.1.3
[INFO] [stderr]    Compiling once_cell v1.10.0
[INFO] [stderr]    Compiling quote v1.0.17
[INFO] [stderr]    Compiling toml v0.5.8
[INFO] [stderr]    Compiling default_kwargs v0.1.0 (/opt/rustwide/workdir)
[INFO] [stderr]    Compiling default_kwargs-tests v0.0.0 (/opt/rustwide/target/tests/default_kwargs)
[INFO] [stderr]     Finished dev [unoptimized + debuginfo] target(s) in 13.54s
[INFO] [stderr] 
[INFO] [stderr] 
[INFO] [stderr] test tests/ui/01-empty.rs [should fail to compile] ... ok
[INFO] [stderr] test tests/ui/02-basic.rs [should pass] ... ok
[INFO] [stderr] test tests/ui/03-default.rs [should pass] ... ok
[INFO] [stderr] test tests/ui/04-missing-positional.rs [should fail to compile] ... mismatch
[INFO] [stderr] 
[INFO] [stderr] EXPECTED:
[INFO] [stderr] ┈┈┈┈┈┈┈┈┈┈┈┈┈┈┈┈┈┈┈┈┈┈┈┈┈┈┈┈┈┈┈┈┈┈┈┈┈┈┈┈┈┈┈┈┈┈┈┈┈┈┈┈┈┈┈┈┈┈┈┈
[INFO] [stderr] error[E0061]: this function takes 2 arguments but 1 argument was supplied
[INFO] [stderr]   --> tests/ui/04-missing-positional.rs:12:34
[INFO] [stderr]    |
[INFO] [stderr] 12 |     let (r, s) = keyword_args! { thing(y = 666) };
[INFO] [stderr]    |                  ----------------^^^^^-----------
[INFO] [stderr]    |                  |               |
[INFO] [stderr]    |                  |               expected 2 arguments
[INFO] [stderr]    |                  supplied 1 argument
[INFO] [stderr]    |
[INFO] [stderr] note: function defined here
[INFO] [stderr]   --> tests/ui/04-missing-positional.rs:6:8
[INFO] [stderr]    |
[INFO] [stderr] 5  | / default_args! {
[INFO] [stderr] 6  | |     fn thing(x: i32, y: i32 = 69) -> (i32, i32) {
[INFO] [stderr]    | |        ^^^^^ ------
[INFO] [stderr] 7  | |         (x, y)
[INFO] [stderr] 8  | |     }
[INFO] [stderr] 9  | | }
[INFO] [stderr]    | |_-
[INFO] [stderr] ┈┈┈┈┈┈┈┈┈┈┈┈┈┈┈┈┈┈┈┈┈┈┈┈┈┈┈┈┈┈┈┈┈┈┈┈┈┈┈┈┈┈┈┈┈┈┈┈┈┈┈┈┈┈┈┈┈┈┈┈
[INFO] [stderr] 
[INFO] [stderr] ACTUAL OUTPUT:
[INFO] [stderr] ┈┈┈┈┈┈┈┈┈┈┈┈┈┈┈┈┈┈┈┈┈┈┈┈┈┈┈┈┈┈┈┈┈┈┈┈┈┈┈┈┈┈┈┈┈┈┈┈┈┈┈┈┈┈┈┈┈┈┈┈
[INFO] [stderr] error[E0061]: this function takes 2 arguments but 1 argument was supplied
[INFO] [stderr]   --> tests/ui/04-missing-positional.rs:12:34
[INFO] [stderr]    |
[INFO] [stderr] 12 |     let (r, s) = keyword_args! { thing(y = 666) };
[INFO] [stderr]    |                  ----------------^^^^^----------- an argument of type `i32` is missing
[INFO] [stderr]    |
[INFO] [stderr] note: function defined here
[INFO] [stderr]   --> tests/ui/04-missing-positional.rs:6:8
[INFO] [stderr]    |
[INFO] [stderr] 5  | / default_args! {
[INFO] [stderr] 6  | |     fn thing(x: i32, y: i32 = 69) -> (i32, i32) {
[INFO] [stderr]    | |        ^^^^^ ------
[INFO] [stderr] 7  | |         (x, y)
[INFO] [stderr] 8  | |     }
[INFO] [stderr] 9  | | }
[INFO] [stderr]    | |_-
[INFO] [stderr] help: provide the argument
[INFO] [stderr]    |
[INFO] [stderr] 12 |     let (r, s) = keyword_args! { thing(/* i32 */, keyword_args! { thing(y = 666) }) };
[INFO] [stderr]    |                                       ~~~~~~~~~~~~~~~~~~~~~~~~~~~~~~~~~~~~~~~~~~~~~
[INFO] [stderr] ┈┈┈┈┈┈┈┈┈┈┈┈┈┈┈┈┈┈┈┈┈┈┈┈┈┈┈┈┈┈┈┈┈┈┈┈┈┈┈┈┈┈┈┈┈┈┈┈┈┈┈┈┈┈┈┈┈┈┈┈
[INFO] [stderr] note: If the actual output is the correct output you can bless it by rerunning
[INFO] [stderr]       your test with the environment variable TRYBUILD=overwrite
[INFO] [stderr] 
[INFO] [stderr] test tests/ui/05-positional-only.rs [should fail to compile] ... mismatch
[INFO] [stderr] 
[INFO] [stderr] EXPECTED:
[INFO] [stderr] ┈┈┈┈┈┈┈┈┈┈┈┈┈┈┈┈┈┈┈┈┈┈┈┈┈┈┈┈┈┈┈┈┈┈┈┈┈┈┈┈┈┈┈┈┈┈┈┈┈┈┈┈┈┈┈┈┈┈┈┈
[INFO] [stderr] error[E0061]: this function takes 3 arguments but 1 argument was supplied
[INFO] [stderr]   --> tests/ui/05-positional-only.rs:12:34
[INFO] [stderr]    |
[INFO] [stderr] 12 |     let (r, s) = keyword_args! { thing(y = 666) };
[INFO] [stderr]    |                  ----------------^^^^^-----------
[INFO] [stderr]    |                  |               |
[INFO] [stderr]    |                  |               expected 3 arguments
[INFO] [stderr]    |                  supplied 1 argument
[INFO] [stderr]    |
[INFO] [stderr] note: function defined here
[INFO] [stderr]   --> tests/ui/05-positional-only.rs:6:8
[INFO] [stderr]    |
[INFO] [stderr] 5  |   default_args! {
[INFO] [stderr]    |  _-
[INFO] [stderr]    | |_|
[INFO] [stderr]    | |
[INFO] [stderr] 6  | |     fn thing(x: i32, y: i32) -> (i32, i32) {
[INFO] [stderr]    | |        ^^^^^ ------
[INFO] [stderr] 7  | |         (x, y)
[INFO] [stderr] 8  | |     }
[INFO] [stderr] 9  | | }
[INFO] [stderr]    | |_-
[INFO] [stderr]    | |_|
[INFO] [stderr]    |
[INFO] [stderr] 
[INFO] [stderr] error[E0560]: struct `ThingArgs` has no field named `y`
[INFO] [stderr]   --> tests/ui/05-positional-only.rs:12:40
[INFO] [stderr]    |
[INFO] [stderr] 12 |     let (r, s) = keyword_args! { thing(y = 666) };
[INFO] [stderr]    |                                        ^ `ThingArgs` does not have this field
[INFO] [stderr] ┈┈┈┈┈┈┈┈┈┈┈┈┈┈┈┈┈┈┈┈┈┈┈┈┈┈┈┈┈┈┈┈┈┈┈┈┈┈┈┈┈┈┈┈┈┈┈┈┈┈┈┈┈┈┈┈┈┈┈┈
[INFO] [stderr] 
[INFO] [stderr] ACTUAL OUTPUT:
[INFO] [stderr] ┈┈┈┈┈┈┈┈┈┈┈┈┈┈┈┈┈┈┈┈┈┈┈┈┈┈┈┈┈┈┈┈┈┈┈┈┈┈┈┈┈┈┈┈┈┈┈┈┈┈┈┈┈┈┈┈┈┈┈┈
[INFO] [stderr] error[E0560]: struct `ThingArgs` has no field named `y`
[INFO] [stderr]   --> tests/ui/05-positional-only.rs:12:40
[INFO] [stderr]    |
[INFO] [stderr] 12 |     let (r, s) = keyword_args! { thing(y = 666) };
[INFO] [stderr]    |                                        ^ `ThingArgs` does not have this field
[INFO] [stderr]    |
[INFO] [stderr]    = note: all struct fields are already assigned
[INFO] [stderr] 
[INFO] [stderr] error[E0061]: this function takes 3 arguments but 1 argument was supplied
[INFO] [stderr]   --> tests/ui/05-positional-only.rs:12:34
[INFO] [stderr]    |
[INFO] [stderr] 12 |     let (r, s) = keyword_args! { thing(y = 666) };
[INFO] [stderr]    |                                  ^^^^^--------- two arguments of type `i32` and `i32` are missing
[INFO] [stderr]    |
[INFO] [stderr] note: function defined here
[INFO] [stderr]   --> tests/ui/05-positional-only.rs:6:8
[INFO] [stderr]    |
[INFO] [stderr] 5  | / default_args! {
[INFO] [stderr] 6  | |     fn thing(x: i32, y: i32) -> (i32, i32) {
[INFO] [stderr]    | |        ^^^^^ ------  ------
[INFO] [stderr] 7  | |         (x, y)
[INFO] [stderr] 8  | |     }
[INFO] [stderr] 9  | | }
[INFO] [stderr]    | |_-
[INFO] [stderr] help: provide the arguments
[INFO] [stderr]    |
[INFO] [stderr] 12 |     let (r, s) = keyword_args! { thing(/* i32 */, /* i32 */, keyword_args! { thing(y = 666) }) };
[INFO] [stderr]    |                                       ~~~~~~~~~~~~~~~~~~~~~~~~~~~~~~~~~~~~~~~~~~~~~~~~~~~~~~~~
[INFO] [stderr] ┈┈┈┈┈┈┈┈┈┈┈┈┈┈┈┈┈┈┈┈┈┈┈┈┈┈┈┈┈┈┈┈┈┈┈┈┈┈┈┈┈┈┈┈┈┈┈┈┈┈┈┈┈┈┈┈┈┈┈┈
[INFO] [stderr] note: If the actual output is the correct output you can bless it by rerunning
[INFO] [stderr]       your test with the environment variable TRYBUILD=overwrite
[INFO] [stderr] 
[INFO] [stderr] test tests/ui/06-all-kwargs.rs [should pass] ... ok
[INFO] [stderr] test tests/ui/07-custom-type.rs [should pass] ... ok
[INFO] [stderr] test tests/ui/08-kwarg-custom-type.rs [should pass] ... ok
[INFO] [stderr] test tests/ui/09-positional-pattern.rs [should pass] ... ok
[INFO] [stderr] test tests/ui/10-kwarg-pattern.rs [should fail to compile] ... ok
[INFO] [stderr] test tests/ui/11-generic.rs [should pass] ... ok
[INFO] [stderr] test tests/ui/12-generic-with-bounds.rs [should pass] ... ok
[INFO] [stderr] test tests/ui/13-everything-supported.rs [should pass] ... ok
[INFO] [stderr] test tests/ui/14-unsupported.rs [should fail to compile] ... ok
[INFO] [stderr] test tests/ui/15-visibility.rs [should fail to compile] ... mismatch
[INFO] [stderr] 
[INFO] [stderr] EXPECTED:
[INFO] [stderr] ┈┈┈┈┈┈┈┈┈┈┈┈┈┈┈┈┈┈┈┈┈┈┈┈┈┈┈┈┈┈┈┈┈┈┈┈┈┈┈┈┈┈┈┈┈┈┈┈┈┈┈┈┈┈┈┈┈┈┈┈
[INFO] [stderr] error[E0422]: cannot find struct, variant or union type `NestedArgs` in this scope
[INFO] [stderr]   --> tests/ui/15-visibility.rs:18:13
[INFO] [stderr]    |
[INFO] [stderr] 18 |             keyword_args! { nested() }
[INFO] [stderr]    |             ^^^^^^^^^^^^^^^^^^^^^^^^^^ not found in this scope
[INFO] [stderr]    |
[INFO] [stderr]    = note: this error originates in the macro `keyword_args` (in Nightly builds, run with -Z macro-backtrace for more info)
[INFO] [stderr] help: consider importing this struct
[INFO] [stderr]    |
[INFO] [stderr] 12 |     use crate::first::NestedArgs;
[INFO] [stderr]    |
[INFO] [stderr] 
[INFO] [stderr] error[E0433]: failed to resolve: use of undeclared type `NestedArgs`
[INFO] [stderr]   --> tests/ui/15-visibility.rs:18:13
[INFO] [stderr]    |
[INFO] [stderr] 18 |             keyword_args! { nested() }
[INFO] [stderr]    |             ^^^^^^^^^^^^^^^^^^^^^^^^^^ not found in this scope
[INFO] [stderr]    |
[INFO] [stderr]    = note: this error originates in the macro `keyword_args` (in Nightly builds, run with -Z macro-backtrace for more info)
[INFO] [stderr] help: consider importing this struct
[INFO] [stderr]    |
[INFO] [stderr] 12 |     use crate::first::NestedArgs;
[INFO] [stderr]    |
[INFO] [stderr] ┈┈┈┈┈┈┈┈┈┈┈┈┈┈┈┈┈┈┈┈┈┈┈┈┈┈┈┈┈┈┈┈┈┈┈┈┈┈┈┈┈┈┈┈┈┈┈┈┈┈┈┈┈┈┈┈┈┈┈┈
[INFO] [stderr] 
[INFO] [stderr] ACTUAL OUTPUT:
[INFO] [stderr] ┈┈┈┈┈┈┈┈┈┈┈┈┈┈┈┈┈┈┈┈┈┈┈┈┈┈┈┈┈┈┈┈┈┈┈┈┈┈┈┈┈┈┈┈┈┈┈┈┈┈┈┈┈┈┈┈┈┈┈┈
[INFO] [stderr] error[E0422]: cannot find struct, variant or union type `NestedArgs` in this scope
[INFO] [stderr]   --> tests/ui/15-visibility.rs:18:13
[INFO] [stderr]    |
[INFO] [stderr] 18 |             keyword_args! { nested() }
[INFO] [stderr]    |             ^^^^^^^^^^^^^^^^^^^^^^^^^^ not found in this scope
[INFO] [stderr]    |
[INFO] [stderr]    = note: this error originates in the macro `keyword_args` (in Nightly builds, run with -Z macro-backtrace for more info)
[INFO] [stderr] help: consider importing this struct
[INFO] [stderr]    |
[INFO] [stderr] 12 +     use crate::first::NestedArgs;
[INFO] [stderr]    |
[INFO] [stderr] 
[INFO] [stderr] error[E0433]: failed to resolve: use of undeclared type `NestedArgs`
[INFO] [stderr]   --> tests/ui/15-visibility.rs:18:13
[INFO] [stderr]    |
[INFO] [stderr] 18 |             keyword_args! { nested() }
[INFO] [stderr]    |             ^^^^^^^^^^^^^^^^^^^^^^^^^^ use of undeclared type `NestedArgs`
[INFO] [stderr]    |
[INFO] [stderr]    = note: this error originates in the macro `keyword_args` (in Nightly builds, run with -Z macro-backtrace for more info)
[INFO] [stderr] help: consider importing this struct
[INFO] [stderr]    |
[INFO] [stderr] 12 +     use crate::first::NestedArgs;
[INFO] [stderr]    |
[INFO] [stderr] ┈┈┈┈┈┈┈┈┈┈┈┈┈┈┈┈┈┈┈┈┈┈┈┈┈┈┈┈┈┈┈┈┈┈┈┈┈┈┈┈┈┈┈┈┈┈┈┈┈┈┈┈┈┈┈┈┈┈┈┈
[INFO] [stderr] note: If the actual output is the correct output you can bless it by rerunning
[INFO] [stderr]       your test with the environment variable TRYBUILD=overwrite
[INFO] [stderr] 
[INFO] [stderr] 
[INFO] [stderr] 
[INFO] [stdout] test tests ... FAILED
[INFO] [stdout] 
[INFO] [stdout] failures:
[INFO] [stdout] 
[INFO] [stdout] ---- tests stdout ----
[INFO] [stdout] thread 'tests' panicked at /opt/rustwide/cargo-home/registry/src/index.crates.io-6f17d22bba15001f/trybuild-1.0.58/src/run.rs:77:13:
[INFO] [stdout] 3 of 15 tests failed
[INFO] [stdout] stack backtrace:
[INFO] [stdout]    0:     0x5650ffdb75cc - std::backtrace_rs::backtrace::libunwind::trace::ha637c64ce894333a
[INFO] [stdout]                                at /rustc/82e1608dfa6e0b5569232559e3d385fea5a93112/library/std/src/../../backtrace/src/backtrace/libunwind.rs:104:5
[INFO] [stdout]    1:     0x5650ffdb75cc - std::backtrace_rs::backtrace::trace_unsynchronized::h47f62dea28e0c88d
[INFO] [stdout]                                at /rustc/82e1608dfa6e0b5569232559e3d385fea5a93112/library/std/src/../../backtrace/src/backtrace/mod.rs:66:5
[INFO] [stdout]    2:     0x5650ffdb75cc - std::sys_common::backtrace::_print_fmt::h9eef0abe20ede486
[INFO] [stdout]                                at /rustc/82e1608dfa6e0b5569232559e3d385fea5a93112/library/std/src/sys_common/backtrace.rs:67:5
[INFO] [stdout]    3:     0x5650ffdb75cc - <std::sys_common::backtrace::_print::DisplayBacktrace as core::fmt::Display>::fmt::hed7f999df88cc644
[INFO] [stdout]                                at /rustc/82e1608dfa6e0b5569232559e3d385fea5a93112/library/std/src/sys_common/backtrace.rs:44:22
[INFO] [stdout]    4:     0x5650ffde3a00 - core::fmt::rt::Argument::fmt::h1539a9308b8d058d
[INFO] [stdout]                                at /rustc/82e1608dfa6e0b5569232559e3d385fea5a93112/library/core/src/fmt/rt.rs:142:9
[INFO] [stdout]    5:     0x5650ffde3a00 - core::fmt::write::h3a39390d8560d9c9
[INFO] [stdout]                                at /rustc/82e1608dfa6e0b5569232559e3d385fea5a93112/library/core/src/fmt/mod.rs:1120:17
[INFO] [stdout]    6:     0x5650ffdb447f - std::io::Write::write_fmt::h040b369f3a0f9cbc
[INFO] [stdout]                                at /rustc/82e1608dfa6e0b5569232559e3d385fea5a93112/library/std/src/io/mod.rs:1762:15
[INFO] [stdout]    7:     0x5650ffdb73b4 - std::sys_common::backtrace::_print::h894006fb5c6f3d45
[INFO] [stdout]                                at /rustc/82e1608dfa6e0b5569232559e3d385fea5a93112/library/std/src/sys_common/backtrace.rs:47:5
[INFO] [stdout]    8:     0x5650ffdb73b4 - std::sys_common::backtrace::print::h23a2d212c6fff936
[INFO] [stdout]                                at /rustc/82e1608dfa6e0b5569232559e3d385fea5a93112/library/std/src/sys_common/backtrace.rs:34:9
[INFO] [stdout]    9:     0x5650ffdb9077 - std::panicking::default_hook::{{closure}}::h8a1d2ee00185001a
[INFO] [stdout]   10:     0x5650ffdb8d63 - std::panicking::default_hook::h6038f2eba384e475
[INFO] [stdout]                                at /rustc/82e1608dfa6e0b5569232559e3d385fea5a93112/library/std/src/panicking.rs:289:9
[INFO] [stdout]   11:     0x5650ffd87797 - <alloc::boxed::Box<F,A> as core::ops::function::Fn<Args>>::call::h0ad024c9bdc6d768
[INFO] [stdout]                                at /rustc/82e1608dfa6e0b5569232559e3d385fea5a93112/library/alloc/src/boxed.rs:2021:9
[INFO] [stdout]   12:     0x5650ffd87797 - test::test_main::{{closure}}::h7500b54257359db6
[INFO] [stdout]                                at /rustc/82e1608dfa6e0b5569232559e3d385fea5a93112/library/test/src/lib.rs:138:21
[INFO] [stdout]   13:     0x5650ffdb9688 - <alloc::boxed::Box<F,A> as core::ops::function::Fn<Args>>::call::h1f8f335eaa9cfaee
[INFO] [stdout]                                at /rustc/82e1608dfa6e0b5569232559e3d385fea5a93112/library/alloc/src/boxed.rs:2021:9
[INFO] [stdout]   14:     0x5650ffdb9688 - std::panicking::rust_panic_with_hook::h2b5517d590cab22e
[INFO] [stdout]                                at /rustc/82e1608dfa6e0b5569232559e3d385fea5a93112/library/std/src/panicking.rs:783:13
[INFO] [stdout]   15:     0x5650ffdb93de - std::panicking::begin_panic_handler::{{closure}}::h233112c06e0ef43e
[INFO] [stdout]                                at /rustc/82e1608dfa6e0b5569232559e3d385fea5a93112/library/std/src/panicking.rs:657:13
[INFO] [stdout]   16:     0x5650ffdb7a96 - std::sys_common::backtrace::__rust_end_short_backtrace::h6e893f24d7ebbff8
[INFO] [stdout]                                at /rustc/82e1608dfa6e0b5569232559e3d385fea5a93112/library/std/src/sys_common/backtrace.rs:170:18
[INFO] [stdout]   17:     0x5650ffdb9142 - rust_begin_unwind
[INFO] [stdout]                                at /rustc/82e1608dfa6e0b5569232559e3d385fea5a93112/library/std/src/panicking.rs:645:5
[INFO] [stdout]   18:     0x5650ffb6ffc5 - core::panicking::panic_fmt::hbf0e066aabfa482c
[INFO] [stdout]                                at /rustc/82e1608dfa6e0b5569232559e3d385fea5a93112/library/core/src/panicking.rs:72:14
[INFO] [stdout]   19:     0x5650ffbfc5c1 - trybuild::run::<impl trybuild::Runner>::run::h884809c4ab06cd9a
[INFO] [stdout]                                at /opt/rustwide/cargo-home/registry/src/index.crates.io-6f17d22bba15001f/trybuild-1.0.58/src/run.rs:77:13
[INFO] [stdout]   20:     0x5650ffc008e8 - <trybuild::TestCases as core::ops::drop::Drop>::drop::h21b182a9699188f8
[INFO] [stdout]                                at /opt/rustwide/cargo-home/registry/src/index.crates.io-6f17d22bba15001f/trybuild-1.0.58/src/lib.rs:308:13
[INFO] [stdout]   21:     0x5650ffb70bc7 - core::ptr::drop_in_place<trybuild::TestCases>::h1bdd5cac80e75f46
[INFO] [stdout]                                at /rustc/82e1608dfa6e0b5569232559e3d385fea5a93112/library/core/src/ptr/mod.rs:498:1
[INFO] [stdout]   22:     0x5650ffb71de6 - tests::tests::h77a507d509ba7b5a
[INFO] [stdout]                                at /opt/rustwide/workdir/tests/trybuild.rs:20:1
[INFO] [stdout]   23:     0x5650ffb71c27 - tests::tests::{{closure}}::h3a511da0e33291b3
[INFO] [stdout]                                at /opt/rustwide/workdir/tests/trybuild.rs:2:11
[INFO] [stdout]   24:     0x5650ffb70b76 - core::ops::function::FnOnce::call_once::he2905c13025a24ba
[INFO] [stdout]                                at /rustc/82e1608dfa6e0b5569232559e3d385fea5a93112/library/core/src/ops/function.rs:250:5
[INFO] [stdout]   25:     0x5650ffd8cdef - core::ops::function::FnOnce::call_once::h2b5d431d5046312d
[INFO] [stdout]                                at /rustc/82e1608dfa6e0b5569232559e3d385fea5a93112/library/core/src/ops/function.rs:250:5
[INFO] [stdout]   26:     0x5650ffd8cdef - test::__rust_begin_short_backtrace::h7714669af176e207
[INFO] [stdout]                                at /rustc/82e1608dfa6e0b5569232559e3d385fea5a93112/library/test/src/lib.rs:628:18
[INFO] [stdout]   27:     0x5650ffd8be05 - test::run_test_in_process::{{closure}}::h85218797dcbcec12
[INFO] [stdout]                                at /rustc/82e1608dfa6e0b5569232559e3d385fea5a93112/library/test/src/lib.rs:651:60
[INFO] [stdout]   28:     0x5650ffd8be05 - <core::panic::unwind_safe::AssertUnwindSafe<F> as core::ops::function::FnOnce<()>>::call_once::h76c106ea31c14d7b
[INFO] [stdout]                                at /rustc/82e1608dfa6e0b5569232559e3d385fea5a93112/library/core/src/panic/unwind_safe.rs:272:9
[INFO] [stdout]   29:     0x5650ffd8be05 - std::panicking::try::do_call::h3bd5d0f6620ee946
[INFO] [stdout]                                at /rustc/82e1608dfa6e0b5569232559e3d385fea5a93112/library/std/src/panicking.rs:552:40
[INFO] [stdout]   30:     0x5650ffd8be05 - std::panicking::try::h232e535e4744fe31
[INFO] [stdout]                                at /rustc/82e1608dfa6e0b5569232559e3d385fea5a93112/library/std/src/panicking.rs:516:19
[INFO] [stdout]   31:     0x5650ffd8be05 - std::panic::catch_unwind::h3ce3bd6ca8dbac68
[INFO] [stdout]                                at /rustc/82e1608dfa6e0b5569232559e3d385fea5a93112/library/std/src/panic.rs:142:14
[INFO] [stdout]   32:     0x5650ffd8be05 - test::run_test_in_process::hc97b257c9621286a
[INFO] [stdout]                                at /rustc/82e1608dfa6e0b5569232559e3d385fea5a93112/library/test/src/lib.rs:651:27
[INFO] [stdout]   33:     0x5650ffd8be05 - test::run_test::{{closure}}::h2aa798823a438d38
[INFO] [stdout]                                at /rustc/82e1608dfa6e0b5569232559e3d385fea5a93112/library/test/src/lib.rs:574:43
[INFO] [stdout]   34:     0x5650ffd540c6 - test::run_test::{{closure}}::h87d231c78fb59832
[INFO] [stdout]                                at /rustc/82e1608dfa6e0b5569232559e3d385fea5a93112/library/test/src/lib.rs:602:41
[INFO] [stdout]   35:     0x5650ffd540c6 - std::sys_common::backtrace::__rust_begin_short_backtrace::he6df152596625789
[INFO] [stdout]                                at /rustc/82e1608dfa6e0b5569232559e3d385fea5a93112/library/std/src/sys_common/backtrace.rs:154:18
[INFO] [stdout]   36:     0x5650ffd59177 - std::thread::Builder::spawn_unchecked_::{{closure}}::{{closure}}::ha94be15d1e0acf36
[INFO] [stdout]                                at /rustc/82e1608dfa6e0b5569232559e3d385fea5a93112/library/std/src/thread/mod.rs:529:17
[INFO] [stdout]   37:     0x5650ffd59177 - <core::panic::unwind_safe::AssertUnwindSafe<F> as core::ops::function::FnOnce<()>>::call_once::h9dc6bd6372f16606
[INFO] [stdout]                                at /rustc/82e1608dfa6e0b5569232559e3d385fea5a93112/library/core/src/panic/unwind_safe.rs:272:9
[INFO] [stdout]   38:     0x5650ffd59177 - std::panicking::try::do_call::h9057517f80303cd4
[INFO] [stdout]                                at /rustc/82e1608dfa6e0b5569232559e3d385fea5a93112/library/std/src/panicking.rs:552:40
[INFO] [stdout]   39:     0x5650ffd59177 - std::panicking::try::he3a30b11ee45340c
[INFO] [stdout]                                at /rustc/82e1608dfa6e0b5569232559e3d385fea5a93112/library/std/src/panicking.rs:516:19
[INFO] [stdout]   40:     0x5650ffd59177 - std::panic::catch_unwind::h410458cfd3528b8b
[INFO] [stdout]                                at /rustc/82e1608dfa6e0b5569232559e3d385fea5a93112/library/std/src/panic.rs:142:14
[INFO] [stdout]   41:     0x5650ffd59177 - std::thread::Builder::spawn_unchecked_::{{closure}}::h72ac3bdb567b737b
[INFO] [stdout]                                at /rustc/82e1608dfa6e0b5569232559e3d385fea5a93112/library/std/src/thread/mod.rs:528:30
[INFO] [stdout]   42:     0x5650ffd59177 - core::ops::function::FnOnce::call_once{{vtable.shim}}::h38f34da3654a8344
[INFO] [stdout]                                at /rustc/82e1608dfa6e0b5569232559e3d385fea5a93112/library/core/src/ops/function.rs:250:5
[INFO] [stdout]   43:     0x5650ffdbf265 - <alloc::boxed::Box<F,A> as core::ops::function::FnOnce<Args>>::call_once::hc7eafaff61e32df9
[INFO] [stdout]                                at /rustc/82e1608dfa6e0b5569232559e3d385fea5a93112/library/alloc/src/boxed.rs:2007:9
[INFO] [stdout]   44:     0x5650ffdbf265 - <alloc::boxed::Box<F,A> as core::ops::function::FnOnce<Args>>::call_once::h6ba4a5de48dd2304
[INFO] [stdout]                                at /rustc/82e1608dfa6e0b5569232559e3d385fea5a93112/library/alloc/src/boxed.rs:2007:9
[INFO] [stdout]   45:     0x5650ffdbf265 - std::sys::unix::thread::Thread::new::thread_start::he469335aef763e45
[INFO] [stdout]                                at /rustc/82e1608dfa6e0b5569232559e3d385fea5a93112/library/std/src/sys/unix/thread.rs:108:17
[INFO] [stdout]   46:     0x7fb044389ac3 - <unknown>
[INFO] [stdout]   47:     0x7fb04441abf4 - __clone
[INFO] [stdout]   48:                0x0 - <unknown>
[INFO] [stdout] 
[INFO] [stdout] 
[INFO] [stdout] failures:
[INFO] [stdout]     tests
[INFO] [stdout] 
[INFO] [stdout] test result: FAILED. 0 passed; 1 failed; 0 ignored; 0 measured; 0 filtered out; finished in 17.52s
[INFO] [stdout] 
[INFO] [stderr] error: test failed, to rerun pass `--test tests`
[INFO] running `Command { std: "docker" "inspect" "b42adb8552d9204deb976bc418ddd9d6df0de9ad115ad3f534c7e31f4cab5b0b", kill_on_drop: false }`
[INFO] running `Command { std: "docker" "rm" "-f" "b42adb8552d9204deb976bc418ddd9d6df0de9ad115ad3f534c7e31f4cab5b0b", kill_on_drop: false }`
[INFO] [stdout] b42adb8552d9204deb976bc418ddd9d6df0de9ad115ad3f534c7e31f4cab5b0b
