[INFO] fetching crate deepmesa-encoding 0.9.0...
[INFO] testing deepmesa-encoding-0.9.0 against 1.75.0 for beta-1.76-1
[INFO] extracting crate deepmesa-encoding 0.9.0 into /workspace/builds/worker-1-tc1/source
[INFO] validating manifest of crates.io crate deepmesa-encoding 0.9.0 on toolchain 1.75.0
[INFO] running `Command { std: CARGO_HOME="/workspace/cargo-home" RUSTUP_HOME="/workspace/rustup-home" "/workspace/cargo-home/bin/cargo" "+1.75.0" "metadata" "--manifest-path" "Cargo.toml" "--no-deps", kill_on_drop: false }`
[INFO] started tweaking crates.io crate deepmesa-encoding 0.9.0
[INFO] finished tweaking crates.io crate deepmesa-encoding 0.9.0
[INFO] tweaked toml for crates.io crate deepmesa-encoding 0.9.0 written to /workspace/builds/worker-1-tc1/source/Cargo.toml
[INFO] running `Command { std: CARGO_HOME="/workspace/cargo-home" RUSTUP_HOME="/workspace/rustup-home" "/workspace/cargo-home/bin/cargo" "+1.75.0" "generate-lockfile" "--manifest-path" "Cargo.toml", kill_on_drop: false }`
[INFO] [stderr]     Updating crates.io index
[INFO] running `Command { std: CARGO_HOME="/workspace/cargo-home" RUSTUP_HOME="/workspace/rustup-home" "/workspace/cargo-home/bin/cargo" "+1.75.0" "fetch" "--manifest-path" "Cargo.toml", kill_on_drop: false }`
[INFO] [stderr]  Downloading crates ...
[INFO] [stderr]   Downloaded deepmesa-collections v0.9.0
[INFO] running `Command { std: "docker" "create" "-v" "/var/lib/crater-agent-workspace/builds/worker-1-tc1/target:/opt/rustwide/target:rw,Z" "-v" "/var/lib/crater-agent-workspace/builds/worker-1-tc1/source:/opt/rustwide/workdir:ro,Z" "-v" "/var/lib/crater-agent-workspace/cargo-home:/opt/rustwide/cargo-home:ro,Z" "-v" "/var/lib/crater-agent-workspace/rustup-home:/opt/rustwide/rustup-home:ro,Z" "-e" "SOURCE_DIR=/opt/rustwide/workdir" "-e" "CARGO_TARGET_DIR=/opt/rustwide/target" "-e" "CARGO_HOME=/opt/rustwide/cargo-home" "-e" "RUSTUP_HOME=/opt/rustwide/rustup-home" "-w" "/opt/rustwide/workdir" "-m" "1610612736" "--user" "0:0" "--network" "none" "ghcr.io/rust-lang/crates-build-env/linux@sha256:2788e3201cd34a07e3172128adcd8b3090168a8e3bcc40d7c032b9dda1df7d1c" "/opt/rustwide/cargo-home/bin/cargo" "+1.75.0" "metadata" "--no-deps" "--format-version=1", kill_on_drop: false }`
[INFO] [stdout] e3966ae8622c8b0344247cab468fe423bdd7abcd805957bb1d5d38cdf7b62fbe
[INFO] running `Command { std: "docker" "start" "-a" "e3966ae8622c8b0344247cab468fe423bdd7abcd805957bb1d5d38cdf7b62fbe", kill_on_drop: false }`
[INFO] running `Command { std: "docker" "inspect" "e3966ae8622c8b0344247cab468fe423bdd7abcd805957bb1d5d38cdf7b62fbe", kill_on_drop: false }`
[INFO] running `Command { std: "docker" "rm" "-f" "e3966ae8622c8b0344247cab468fe423bdd7abcd805957bb1d5d38cdf7b62fbe", kill_on_drop: false }`
[INFO] [stdout] e3966ae8622c8b0344247cab468fe423bdd7abcd805957bb1d5d38cdf7b62fbe
[INFO] running `Command { std: "docker" "create" "-v" "/var/lib/crater-agent-workspace/builds/worker-1-tc1/target:/opt/rustwide/target:rw,Z" "-v" "/var/lib/crater-agent-workspace/builds/worker-1-tc1/source:/opt/rustwide/workdir:ro,Z" "-v" "/var/lib/crater-agent-workspace/cargo-home:/opt/rustwide/cargo-home:ro,Z" "-v" "/var/lib/crater-agent-workspace/rustup-home:/opt/rustwide/rustup-home:ro,Z" "-e" "SOURCE_DIR=/opt/rustwide/workdir" "-e" "CARGO_TARGET_DIR=/opt/rustwide/target" "-e" "CARGO_INCREMENTAL=0" "-e" "RUST_BACKTRACE=full" "-e" "RUSTFLAGS=--cap-lints=warn" "-e" "RUSTDOCFLAGS=--cap-lints=warn" "-e" "CARGO_HOME=/opt/rustwide/cargo-home" "-e" "RUSTUP_HOME=/opt/rustwide/rustup-home" "-w" "/opt/rustwide/workdir" "-m" "1610612736" "--user" "0:0" "--network" "none" "ghcr.io/rust-lang/crates-build-env/linux@sha256:2788e3201cd34a07e3172128adcd8b3090168a8e3bcc40d7c032b9dda1df7d1c" "/opt/rustwide/cargo-home/bin/cargo" "+1.75.0" "build" "--frozen" "--message-format=json", kill_on_drop: false }`
[INFO] [stdout] 4d2a2e5ddb48ebcb10947b4ec6c983cdbd1bf8afe8c5b98972760741911cac49
[INFO] running `Command { std: "docker" "start" "-a" "4d2a2e5ddb48ebcb10947b4ec6c983cdbd1bf8afe8c5b98972760741911cac49", kill_on_drop: false }`
[INFO] [stderr]    Compiling deepmesa-collections v0.9.0
[INFO] [stderr]    Compiling deepmesa-encoding v0.9.0 (/opt/rustwide/workdir)
[INFO] [stderr]     Finished dev [unoptimized + debuginfo] target(s) in 0.47s
[INFO] [stderr] warning: the following packages contain code that will be rejected by a future version of Rust: deepmesa-collections v0.9.0
[INFO] [stderr] note: to see what the problems were, use the option `--future-incompat-report`, or run `cargo report future-incompatibilities --id 2`
[INFO] running `Command { std: "docker" "inspect" "4d2a2e5ddb48ebcb10947b4ec6c983cdbd1bf8afe8c5b98972760741911cac49", kill_on_drop: false }`
[INFO] running `Command { std: "docker" "rm" "-f" "4d2a2e5ddb48ebcb10947b4ec6c983cdbd1bf8afe8c5b98972760741911cac49", kill_on_drop: false }`
[INFO] [stdout] 4d2a2e5ddb48ebcb10947b4ec6c983cdbd1bf8afe8c5b98972760741911cac49
[INFO] running `Command { std: "docker" "create" "-v" "/var/lib/crater-agent-workspace/builds/worker-1-tc1/target:/opt/rustwide/target:rw,Z" "-v" "/var/lib/crater-agent-workspace/builds/worker-1-tc1/source:/opt/rustwide/workdir:ro,Z" "-v" "/var/lib/crater-agent-workspace/cargo-home:/opt/rustwide/cargo-home:ro,Z" "-v" "/var/lib/crater-agent-workspace/rustup-home:/opt/rustwide/rustup-home:ro,Z" "-e" "SOURCE_DIR=/opt/rustwide/workdir" "-e" "CARGO_TARGET_DIR=/opt/rustwide/target" "-e" "CARGO_INCREMENTAL=0" "-e" "RUST_BACKTRACE=full" "-e" "RUSTFLAGS=--cap-lints=warn" "-e" "RUSTDOCFLAGS=--cap-lints=warn" "-e" "CARGO_HOME=/opt/rustwide/cargo-home" "-e" "RUSTUP_HOME=/opt/rustwide/rustup-home" "-w" "/opt/rustwide/workdir" "-m" "1610612736" "--user" "0:0" "--network" "none" "ghcr.io/rust-lang/crates-build-env/linux@sha256:2788e3201cd34a07e3172128adcd8b3090168a8e3bcc40d7c032b9dda1df7d1c" "/opt/rustwide/cargo-home/bin/cargo" "+1.75.0" "test" "--frozen" "--no-run" "--message-format=json", kill_on_drop: false }`
[INFO] [stdout] c7a991145ac4bc755b26bce82aef9a18832096900b6c38066e1c09aa6ffa2de4
[INFO] running `Command { std: "docker" "start" "-a" "c7a991145ac4bc755b26bce82aef9a18832096900b6c38066e1c09aa6ffa2de4", kill_on_drop: false }`
[INFO] [stderr]    Compiling deepmesa-encoding v0.9.0 (/opt/rustwide/workdir)
[INFO] [stderr]     Finished test [unoptimized + debuginfo] target(s) in 0.30s
[INFO] [stderr] warning: the following packages contain code that will be rejected by a future version of Rust: deepmesa-collections v0.9.0
[INFO] [stderr] note: to see what the problems were, use the option `--future-incompat-report`, or run `cargo report future-incompatibilities --id 2`
[INFO] running `Command { std: "docker" "inspect" "c7a991145ac4bc755b26bce82aef9a18832096900b6c38066e1c09aa6ffa2de4", kill_on_drop: false }`
[INFO] running `Command { std: "docker" "rm" "-f" "c7a991145ac4bc755b26bce82aef9a18832096900b6c38066e1c09aa6ffa2de4", kill_on_drop: false }`
[INFO] [stdout] c7a991145ac4bc755b26bce82aef9a18832096900b6c38066e1c09aa6ffa2de4
[INFO] running `Command { std: "docker" "create" "-v" "/var/lib/crater-agent-workspace/builds/worker-1-tc1/target:/opt/rustwide/target:rw,Z" "-v" "/var/lib/crater-agent-workspace/builds/worker-1-tc1/source:/opt/rustwide/workdir:ro,Z" "-v" "/var/lib/crater-agent-workspace/cargo-home:/opt/rustwide/cargo-home:ro,Z" "-v" "/var/lib/crater-agent-workspace/rustup-home:/opt/rustwide/rustup-home:ro,Z" "-e" "SOURCE_DIR=/opt/rustwide/workdir" "-e" "CARGO_TARGET_DIR=/opt/rustwide/target" "-e" "CARGO_INCREMENTAL=0" "-e" "RUST_BACKTRACE=full" "-e" "RUSTFLAGS=--cap-lints=warn" "-e" "RUSTDOCFLAGS=--cap-lints=warn" "-e" "CARGO_HOME=/opt/rustwide/cargo-home" "-e" "RUSTUP_HOME=/opt/rustwide/rustup-home" "-w" "/opt/rustwide/workdir" "-m" "1610612736" "--user" "0:0" "--network" "none" "ghcr.io/rust-lang/crates-build-env/linux@sha256:2788e3201cd34a07e3172128adcd8b3090168a8e3bcc40d7c032b9dda1df7d1c" "/opt/rustwide/cargo-home/bin/cargo" "+1.75.0" "test" "--frozen", kill_on_drop: false }`
[INFO] [stdout] d68131c38bb2646131d0e47a0c6c6f7505f9c54ae9bbcaffc0110fee1f6ae57b
[INFO] running `Command { std: "docker" "start" "-a" "d68131c38bb2646131d0e47a0c6c6f7505f9c54ae9bbcaffc0110fee1f6ae57b", kill_on_drop: false }`
[INFO] [stderr]     Finished test [unoptimized + debuginfo] target(s) in 0.00s
[INFO] [stderr] warning: the following packages contain code that will be rejected by a future version of Rust: deepmesa-collections v0.9.0
[INFO] [stderr] note: to see what the problems were, use the option `--future-incompat-report`, or run `cargo report future-incompatibilities --id 2`
[INFO] [stderr]      Running unittests src/lib.rs (/opt/rustwide/target/debug/deps/deepmesa_encoding-4ebfe5177cdafa1b)
[INFO] [stdout] 
[INFO] [stdout] running 14 tests
[INFO] [stdout] test prefix::delta::tests::test_encode_decode ... ok
[INFO] [stdout] test prefix::gamma::tests::test_encode_4 ... ok
[INFO] [stdout] test prefix::delta::tests::test_encode_decode_2 ... ok
[INFO] [stdout] test prefix::gamma::tests::test_encode_decode ... ok
[INFO] [stdout] test prefix::golomb::tests::test_encode_decode ... ok
[INFO] [stdout] test prefix::unary::tests::test_encode_1 ... ok
[INFO] [stdout] test prefix::unary::tests::test_encode_decode ... ok
[INFO] [stdout] test prefix::varbyte::tests::test_decode_65535 ... ok
[INFO] [stdout] test prefix::varbyte::tests::test_decode_824 ... ok
[INFO] [stdout] test prefix::varbyte::tests::test_decode_big ... ok
[INFO] [stdout] test prefix::varbyte::tests::test_encode_255 ... ok
[INFO] [stdout] test prefix::varbyte::tests::test_encode_824 ... ok
[INFO] [stdout] test prefix::varbyte::tests::test_encode_u128_max ... ok
[INFO] [stdout] test prefix::varbyte::tests::test_encode_many ... ok
[INFO] [stdout] 
[INFO] [stdout] test result: ok. 14 passed; 0 failed; 0 ignored; 0 measured; 0 filtered out; finished in 0.00s
[INFO] [stdout] 
[INFO] [stderr]    Doc-tests deepmesa-encoding
[INFO] [stdout] 
[INFO] [stdout] running 10 tests
[INFO] [stdout] test src/prefix/unary.rs - prefix::unary::UnaryEncoder (line 31) ... FAILED
[INFO] [stdout] test src/prefix/unary.rs - prefix::unary::UnaryDecoder (line 72) ... FAILED
[INFO] [stdout] test src/prefix/delta.rs - prefix::delta::DeltaEncoder (line 35) ... FAILED
[INFO] [stdout] test src/prefix/delta.rs - prefix::delta::DeltaDecoder (line 76) ... FAILED
[INFO] [stdout] test src/prefix/gamma.rs - prefix::gamma::GammaEncoder (line 35) ... FAILED
[INFO] [stdout] test src/prefix/golomb.rs - prefix::golomb::GolombEncoder (line 43) ... FAILED
[INFO] [stdout] test src/prefix/gamma.rs - prefix::gamma::GammaDecoder (line 76) ... FAILED
[INFO] [stdout] test src/prefix/golomb.rs - prefix::golomb::GolombDecoder (line 80) ... FAILED
[INFO] [stdout] test src/prefix/varbyte.rs - prefix::varbyte::VarByteEncoder (line 33) ... FAILED
[INFO] [stdout] test src/prefix/varbyte.rs - prefix::varbyte::VarByteDecoder (line 74) ... FAILED
[INFO] [stdout] 
[INFO] [stdout] failures:
[INFO] [stdout] 
[INFO] [stdout] ---- src/prefix/unary.rs - prefix::unary::UnaryEncoder (line 31) stdout ----
[INFO] [stdout] error[E0433]: failed to resolve: use of undeclared crate or module `deepmesa`
[INFO] [stdout]  --> src/prefix/unary.rs:32:5
[INFO] [stdout]   |
[INFO] [stdout] 3 | use deepmesa::encoding::UnaryEncoder;
[INFO] [stdout]   |     ^^^^^^^^ use of undeclared crate or module `deepmesa`
[INFO] [stdout] 
[INFO] [stdout] error: aborting due to previous error
[INFO] [stdout] 
[INFO] [stdout] For more information about this error, try `rustc --explain E0433`.
[INFO] [stdout] Couldn't compile the test.
[INFO] [stdout] ---- src/prefix/unary.rs - prefix::unary::UnaryDecoder (line 72) stdout ----
[INFO] [stdout] error[E0433]: failed to resolve: use of undeclared crate or module `deepmesa`
[INFO] [stdout]  --> src/prefix/unary.rs:73:5
[INFO] [stdout]   |
[INFO] [stdout] 3 | use deepmesa::encoding::UnaryEncoder;
[INFO] [stdout]   |     ^^^^^^^^ use of undeclared crate or module `deepmesa`
[INFO] [stdout] 
[INFO] [stdout] error[E0433]: failed to resolve: use of undeclared crate or module `deepmesa`
[INFO] [stdout]  --> src/prefix/unary.rs:74:5
[INFO] [stdout]   |
[INFO] [stdout] 4 | use deepmesa::encoding::UnaryDecoder;
[INFO] [stdout]   |     ^^^^^^^^ use of undeclared crate or module `deepmesa`
[INFO] [stdout] 
[INFO] [stdout] error: aborting due to 2 previous errors
[INFO] [stdout] 
[INFO] [stdout] For more information about this error, try `rustc --explain E0433`.
[INFO] [stdout] Couldn't compile the test.
[INFO] [stdout] ---- src/prefix/delta.rs - prefix::delta::DeltaEncoder (line 35) stdout ----
[INFO] [stdout] error[E0433]: failed to resolve: use of undeclared crate or module `deepmesa`
[INFO] [stdout]  --> src/prefix/delta.rs:36:5
[INFO] [stdout]   |
[INFO] [stdout] 3 | use deepmesa::encoding::DeltaEncoder;
[INFO] [stdout]   |     ^^^^^^^^ use of undeclared crate or module `deepmesa`
[INFO] [stdout] 
[INFO] [stdout] error: aborting due to previous error
[INFO] [stdout] 
[INFO] [stdout] For more information about this error, try `rustc --explain E0433`.
[INFO] [stdout] Couldn't compile the test.
[INFO] [stdout] ---- src/prefix/delta.rs - prefix::delta::DeltaDecoder (line 76) stdout ----
[INFO] [stdout] error[E0433]: failed to resolve: use of undeclared crate or module `deepmesa`
[INFO] [stdout]  --> src/prefix/delta.rs:77:5
[INFO] [stdout]   |
[INFO] [stdout] 3 | use deepmesa::encoding::DeltaEncoder;
[INFO] [stdout]   |     ^^^^^^^^ use of undeclared crate or module `deepmesa`
[INFO] [stdout] 
[INFO] [stdout] error[E0433]: failed to resolve: use of undeclared crate or module `deepmesa`
[INFO] [stdout]  --> src/prefix/delta.rs:78:5
[INFO] [stdout]   |
[INFO] [stdout] 4 | use deepmesa::encoding::DeltaDecoder;
[INFO] [stdout]   |     ^^^^^^^^ use of undeclared crate or module `deepmesa`
[INFO] [stdout] 
[INFO] [stdout] error: aborting due to 2 previous errors
[INFO] [stdout] 
[INFO] [stdout] For more information about this error, try `rustc --explain E0433`.
[INFO] [stdout] Couldn't compile the test.
[INFO] [stdout] ---- src/prefix/gamma.rs - prefix::gamma::GammaEncoder (line 35) stdout ----
[INFO] [stdout] error[E0433]: failed to resolve: use of undeclared crate or module `deepmesa`
[INFO] [stdout]  --> src/prefix/gamma.rs:36:5
[INFO] [stdout]   |
[INFO] [stdout] 3 | use deepmesa::encoding::GammaEncoder;
[INFO] [stdout]   |     ^^^^^^^^ use of undeclared crate or module `deepmesa`
[INFO] [stdout] 
[INFO] [stdout] error: aborting due to previous error
[INFO] [stdout] 
[INFO] [stdout] For more information about this error, try `rustc --explain E0433`.
[INFO] [stdout] Couldn't compile the test.
[INFO] [stdout] ---- src/prefix/golomb.rs - prefix::golomb::GolombEncoder (line 43) stdout ----
[INFO] [stdout] error[E0433]: failed to resolve: use of undeclared crate or module `deepmesa`
[INFO] [stdout]  --> src/prefix/golomb.rs:44:5
[INFO] [stdout]   |
[INFO] [stdout] 3 | use deepmesa::encoding::GolombEncoder;
[INFO] [stdout]   |     ^^^^^^^^ use of undeclared crate or module `deepmesa`
[INFO] [stdout] 
[INFO] [stdout] error: aborting due to previous error
[INFO] [stdout] 
[INFO] [stdout] For more information about this error, try `rustc --explain E0433`.
[INFO] [stdout] Couldn't compile the test.
[INFO] [stdout] ---- src/prefix/gamma.rs - prefix::gamma::GammaDecoder (line 76) stdout ----
[INFO] [stdout] error[E0433]: failed to resolve: use of undeclared crate or module `deepmesa`
[INFO] [stdout]  --> src/prefix/gamma.rs:77:5
[INFO] [stdout]   |
[INFO] [stdout] 3 | use deepmesa::encoding::GammaEncoder;
[INFO] [stdout]   |     ^^^^^^^^ use of undeclared crate or module `deepmesa`
[INFO] [stdout] 
[INFO] [stdout] error[E0433]: failed to resolve: use of undeclared crate or module `deepmesa`
[INFO] [stdout]  --> src/prefix/gamma.rs:78:5
[INFO] [stdout]   |
[INFO] [stdout] 4 | use deepmesa::encoding::GammaDecoder;
[INFO] [stdout]   |     ^^^^^^^^ use of undeclared crate or module `deepmesa`
[INFO] [stdout] 
[INFO] [stdout] error: aborting due to 2 previous errors
[INFO] [stdout] 
[INFO] [stdout] For more information about this error, try `rustc --explain E0433`.
[INFO] [stdout] Couldn't compile the test.
[INFO] [stdout] ---- src/prefix/golomb.rs - prefix::golomb::GolombDecoder (line 80) stdout ----
[INFO] [stdout] error[E0433]: failed to resolve: use of undeclared crate or module `deepmesa`
[INFO] [stdout]  --> src/prefix/golomb.rs:81:5
[INFO] [stdout]   |
[INFO] [stdout] 3 | use deepmesa::encoding::GolombEncoder;
[INFO] [stdout]   |     ^^^^^^^^ use of undeclared crate or module `deepmesa`
[INFO] [stdout] 
[INFO] [stdout] error[E0433]: failed to resolve: use of undeclared crate or module `deepmesa`
[INFO] [stdout]  --> src/prefix/golomb.rs:82:5
[INFO] [stdout]   |
[INFO] [stdout] 4 | use deepmesa::encoding::GolombDecoder;
[INFO] [stdout]   |     ^^^^^^^^ use of undeclared crate or module `deepmesa`
[INFO] [stdout] 
[INFO] [stdout] error: aborting due to 2 previous errors
[INFO] [stdout] 
[INFO] [stdout] For more information about this error, try `rustc --explain E0433`.
[INFO] [stdout] Couldn't compile the test.
[INFO] [stdout] ---- src/prefix/varbyte.rs - prefix::varbyte::VarByteEncoder (line 33) stdout ----
[INFO] [stdout] error[E0433]: failed to resolve: use of undeclared crate or module `deepmesa`
[INFO] [stdout]  --> src/prefix/varbyte.rs:34:5
[INFO] [stdout]   |
[INFO] [stdout] 3 | use deepmesa::encoding::VarByteEncoder;
[INFO] [stdout]   |     ^^^^^^^^ use of undeclared crate or module `deepmesa`
[INFO] [stdout] 
[INFO] [stdout] error: aborting due to previous error
[INFO] [stdout] 
[INFO] [stdout] For more information about this error, try `rustc --explain E0433`.
[INFO] [stdout] Couldn't compile the test.
[INFO] [stdout] ---- src/prefix/varbyte.rs - prefix::varbyte::VarByteDecoder (line 74) stdout ----
[INFO] [stdout] error[E0433]: failed to resolve: use of undeclared crate or module `deepmesa`
[INFO] [stdout]  --> src/prefix/varbyte.rs:75:5
[INFO] [stdout]   |
[INFO] [stdout] 3 | use deepmesa::encoding::VarByteEncoder;
[INFO] [stdout]   |     ^^^^^^^^ use of undeclared crate or module `deepmesa`
[INFO] [stdout] 
[INFO] [stdout] error[E0433]: failed to resolve: use of undeclared crate or module `deepmesa`
[INFO] [stdout]  --> src/prefix/varbyte.rs:76:5
[INFO] [stdout]   |
[INFO] [stdout] 4 | use deepmesa::encoding::VarByteDecoder;
[INFO] [stdout]   |     ^^^^^^^^ use of undeclared crate or module `deepmesa`
[INFO] [stdout] 
[INFO] [stdout] error: aborting due to 2 previous errors
[INFO] [stdout] 
[INFO] [stdout] For more information about this error, try `rustc --explain E0433`.
[INFO] [stdout] Couldn't compile the test.
[INFO] [stdout] 
[INFO] [stdout] failures:
[INFO] [stdout]     src/prefix/delta.rs - prefix::delta::DeltaDecoder (line 76)
[INFO] [stdout]     src/prefix/delta.rs - prefix::delta::DeltaEncoder (line 35)
[INFO] [stdout]     src/prefix/gamma.rs - prefix::gamma::GammaDecoder (line 76)
[INFO] [stdout]     src/prefix/gamma.rs - prefix::gamma::GammaEncoder (line 35)
[INFO] [stdout]     src/prefix/golomb.rs - prefix::golomb::GolombDecoder (line 80)
[INFO] [stdout]     src/prefix/golomb.rs - prefix::golomb::GolombEncoder (line 43)
[INFO] [stdout]     src/prefix/unary.rs - prefix::unary::UnaryDecoder (line 72)
[INFO] [stdout]     src/prefix/unary.rs - prefix::unary::UnaryEncoder (line 31)
[INFO] [stdout]     src/prefix/varbyte.rs - prefix::varbyte::VarByteDecoder (line 74)
[INFO] [stdout]     src/prefix/varbyte.rs - prefix::varbyte::VarByteEncoder (line 33)
[INFO] [stdout] 
[INFO] [stdout] test result: FAILED. 0 passed; 10 failed; 0 ignored; 0 measured; 0 filtered out; finished in 0.07s
[INFO] [stdout] 
[INFO] [stderr] error: doctest failed, to rerun pass `--doc`
[INFO] running `Command { std: "docker" "inspect" "d68131c38bb2646131d0e47a0c6c6f7505f9c54ae9bbcaffc0110fee1f6ae57b", kill_on_drop: false }`
[INFO] running `Command { std: "docker" "rm" "-f" "d68131c38bb2646131d0e47a0c6c6f7505f9c54ae9bbcaffc0110fee1f6ae57b", kill_on_drop: false }`
[INFO] [stdout] d68131c38bb2646131d0e47a0c6c6f7505f9c54ae9bbcaffc0110fee1f6ae57b
[INFO] testing deepmesa-encoding-0.9.0 against beta-2023-12-22 for beta-1.76-1
[INFO] extracting crate deepmesa-encoding 0.9.0 into /workspace/builds/worker-1-tc2/source
[INFO] validating manifest of crates.io crate deepmesa-encoding 0.9.0 on toolchain beta-2023-12-22
[INFO] running `Command { std: CARGO_HOME="/workspace/cargo-home" RUSTUP_HOME="/workspace/rustup-home" "/workspace/cargo-home/bin/cargo" "+beta-2023-12-22" "metadata" "--manifest-path" "Cargo.toml" "--no-deps", kill_on_drop: false }`
[INFO] started tweaking crates.io crate deepmesa-encoding 0.9.0
[INFO] finished tweaking crates.io crate deepmesa-encoding 0.9.0
[INFO] tweaked toml for crates.io crate deepmesa-encoding 0.9.0 written to /workspace/builds/worker-1-tc2/source/Cargo.toml
[INFO] running `Command { std: CARGO_HOME="/workspace/cargo-home" RUSTUP_HOME="/workspace/rustup-home" "/workspace/cargo-home/bin/cargo" "+beta-2023-12-22" "generate-lockfile" "--manifest-path" "Cargo.toml", kill_on_drop: false }`
[INFO] [stderr]     Updating crates.io index
[INFO] running `Command { std: CARGO_HOME="/workspace/cargo-home" RUSTUP_HOME="/workspace/rustup-home" "/workspace/cargo-home/bin/cargo" "+beta-2023-12-22" "fetch" "--manifest-path" "Cargo.toml", kill_on_drop: false }`
[INFO] running `Command { std: "docker" "create" "-v" "/var/lib/crater-agent-workspace/builds/worker-1-tc2/target:/opt/rustwide/target:rw,Z" "-v" "/var/lib/crater-agent-workspace/builds/worker-1-tc2/source:/opt/rustwide/workdir:ro,Z" "-v" "/var/lib/crater-agent-workspace/cargo-home:/opt/rustwide/cargo-home:ro,Z" "-v" "/var/lib/crater-agent-workspace/rustup-home:/opt/rustwide/rustup-home:ro,Z" "-e" "SOURCE_DIR=/opt/rustwide/workdir" "-e" "CARGO_TARGET_DIR=/opt/rustwide/target" "-e" "CARGO_HOME=/opt/rustwide/cargo-home" "-e" "RUSTUP_HOME=/opt/rustwide/rustup-home" "-w" "/opt/rustwide/workdir" "-m" "1610612736" "--user" "0:0" "--network" "none" "ghcr.io/rust-lang/crates-build-env/linux@sha256:2788e3201cd34a07e3172128adcd8b3090168a8e3bcc40d7c032b9dda1df7d1c" "/opt/rustwide/cargo-home/bin/cargo" "+beta-2023-12-22" "metadata" "--no-deps" "--format-version=1", kill_on_drop: false }`
[INFO] [stdout] 5c0ed05235e2fcf2b5e7882cefe7f1688021e5efab1772947835f77076df6026
[INFO] running `Command { std: "docker" "start" "-a" "5c0ed05235e2fcf2b5e7882cefe7f1688021e5efab1772947835f77076df6026", kill_on_drop: false }`
[INFO] running `Command { std: "docker" "inspect" "5c0ed05235e2fcf2b5e7882cefe7f1688021e5efab1772947835f77076df6026", kill_on_drop: false }`
[INFO] running `Command { std: "docker" "rm" "-f" "5c0ed05235e2fcf2b5e7882cefe7f1688021e5efab1772947835f77076df6026", kill_on_drop: false }`
[INFO] [stdout] 5c0ed05235e2fcf2b5e7882cefe7f1688021e5efab1772947835f77076df6026
[INFO] running `Command { std: "docker" "create" "-v" "/var/lib/crater-agent-workspace/builds/worker-1-tc2/target:/opt/rustwide/target:rw,Z" "-v" "/var/lib/crater-agent-workspace/builds/worker-1-tc2/source:/opt/rustwide/workdir:ro,Z" "-v" "/var/lib/crater-agent-workspace/cargo-home:/opt/rustwide/cargo-home:ro,Z" "-v" "/var/lib/crater-agent-workspace/rustup-home:/opt/rustwide/rustup-home:ro,Z" "-e" "SOURCE_DIR=/opt/rustwide/workdir" "-e" "CARGO_TARGET_DIR=/opt/rustwide/target" "-e" "CARGO_INCREMENTAL=0" "-e" "RUST_BACKTRACE=full" "-e" "RUSTFLAGS=--cap-lints=warn" "-e" "RUSTDOCFLAGS=--cap-lints=warn" "-e" "CARGO_HOME=/opt/rustwide/cargo-home" "-e" "RUSTUP_HOME=/opt/rustwide/rustup-home" "-w" "/opt/rustwide/workdir" "-m" "1610612736" "--user" "0:0" "--network" "none" "ghcr.io/rust-lang/crates-build-env/linux@sha256:2788e3201cd34a07e3172128adcd8b3090168a8e3bcc40d7c032b9dda1df7d1c" "/opt/rustwide/cargo-home/bin/cargo" "+beta-2023-12-22" "build" "--frozen" "--message-format=json", kill_on_drop: false }`
[INFO] [stdout] bb801aa51ec2ef20d6b79ddfe7d3aebab5083ec8446deff83cb47c5308f5e821
[INFO] running `Command { std: "docker" "start" "-a" "bb801aa51ec2ef20d6b79ddfe7d3aebab5083ec8446deff83cb47c5308f5e821", kill_on_drop: false }`
[INFO] [stderr]    Compiling deepmesa-collections v0.9.0
[INFO] [stderr]    Compiling deepmesa-encoding v0.9.0 (/opt/rustwide/workdir)
[INFO] [stderr]     Finished dev [unoptimized + debuginfo] target(s) in 0.47s
[INFO] [stderr] warning: the following packages contain code that will be rejected by a future version of Rust: deepmesa-collections v0.9.0
[INFO] [stderr] note: to see what the problems were, use the option `--future-incompat-report`, or run `cargo report future-incompatibilities --id 2`
[INFO] running `Command { std: "docker" "inspect" "bb801aa51ec2ef20d6b79ddfe7d3aebab5083ec8446deff83cb47c5308f5e821", kill_on_drop: false }`
[INFO] running `Command { std: "docker" "rm" "-f" "bb801aa51ec2ef20d6b79ddfe7d3aebab5083ec8446deff83cb47c5308f5e821", kill_on_drop: false }`
[INFO] [stdout] bb801aa51ec2ef20d6b79ddfe7d3aebab5083ec8446deff83cb47c5308f5e821
[INFO] running `Command { std: "docker" "create" "-v" "/var/lib/crater-agent-workspace/builds/worker-1-tc2/target:/opt/rustwide/target:rw,Z" "-v" "/var/lib/crater-agent-workspace/builds/worker-1-tc2/source:/opt/rustwide/workdir:ro,Z" "-v" "/var/lib/crater-agent-workspace/cargo-home:/opt/rustwide/cargo-home:ro,Z" "-v" "/var/lib/crater-agent-workspace/rustup-home:/opt/rustwide/rustup-home:ro,Z" "-e" "SOURCE_DIR=/opt/rustwide/workdir" "-e" "CARGO_TARGET_DIR=/opt/rustwide/target" "-e" "CARGO_INCREMENTAL=0" "-e" "RUST_BACKTRACE=full" "-e" "RUSTFLAGS=--cap-lints=warn" "-e" "RUSTDOCFLAGS=--cap-lints=warn" "-e" "CARGO_HOME=/opt/rustwide/cargo-home" "-e" "RUSTUP_HOME=/opt/rustwide/rustup-home" "-w" "/opt/rustwide/workdir" "-m" "1610612736" "--user" "0:0" "--network" "none" "ghcr.io/rust-lang/crates-build-env/linux@sha256:2788e3201cd34a07e3172128adcd8b3090168a8e3bcc40d7c032b9dda1df7d1c" "/opt/rustwide/cargo-home/bin/cargo" "+beta-2023-12-22" "test" "--frozen" "--no-run" "--message-format=json", kill_on_drop: false }`
[INFO] [stdout] 43e327b724f4aff0d928265cf7014f474d6824a873572d44fa9ff2ef46e499cf
[INFO] running `Command { std: "docker" "start" "-a" "43e327b724f4aff0d928265cf7014f474d6824a873572d44fa9ff2ef46e499cf", kill_on_drop: false }`
[INFO] [stderr]    Compiling deepmesa-encoding v0.9.0 (/opt/rustwide/workdir)
[INFO] [stderr]     Finished test [unoptimized + debuginfo] target(s) in 0.31s
[INFO] [stderr] warning: the following packages contain code that will be rejected by a future version of Rust: deepmesa-collections v0.9.0
[INFO] [stderr] note: to see what the problems were, use the option `--future-incompat-report`, or run `cargo report future-incompatibilities --id 2`
[INFO] running `Command { std: "docker" "inspect" "43e327b724f4aff0d928265cf7014f474d6824a873572d44fa9ff2ef46e499cf", kill_on_drop: false }`
[INFO] running `Command { std: "docker" "rm" "-f" "43e327b724f4aff0d928265cf7014f474d6824a873572d44fa9ff2ef46e499cf", kill_on_drop: false }`
[INFO] [stdout] 43e327b724f4aff0d928265cf7014f474d6824a873572d44fa9ff2ef46e499cf
[INFO] running `Command { std: "docker" "create" "-v" "/var/lib/crater-agent-workspace/builds/worker-1-tc2/target:/opt/rustwide/target:rw,Z" "-v" "/var/lib/crater-agent-workspace/builds/worker-1-tc2/source:/opt/rustwide/workdir:ro,Z" "-v" "/var/lib/crater-agent-workspace/cargo-home:/opt/rustwide/cargo-home:ro,Z" "-v" "/var/lib/crater-agent-workspace/rustup-home:/opt/rustwide/rustup-home:ro,Z" "-e" "SOURCE_DIR=/opt/rustwide/workdir" "-e" "CARGO_TARGET_DIR=/opt/rustwide/target" "-e" "CARGO_INCREMENTAL=0" "-e" "RUST_BACKTRACE=full" "-e" "RUSTFLAGS=--cap-lints=warn" "-e" "RUSTDOCFLAGS=--cap-lints=warn" "-e" "CARGO_HOME=/opt/rustwide/cargo-home" "-e" "RUSTUP_HOME=/opt/rustwide/rustup-home" "-w" "/opt/rustwide/workdir" "-m" "1610612736" "--user" "0:0" "--network" "none" "ghcr.io/rust-lang/crates-build-env/linux@sha256:2788e3201cd34a07e3172128adcd8b3090168a8e3bcc40d7c032b9dda1df7d1c" "/opt/rustwide/cargo-home/bin/cargo" "+beta-2023-12-22" "test" "--frozen", kill_on_drop: false }`
[INFO] [stdout] c657105527c420dd9119e4dc60c1a9e17652511a3608b368e936ff737fd80e47
[INFO] running `Command { std: "docker" "start" "-a" "c657105527c420dd9119e4dc60c1a9e17652511a3608b368e936ff737fd80e47", kill_on_drop: false }`
[INFO] [stderr]     Finished test [unoptimized + debuginfo] target(s) in 0.01s
[INFO] [stderr] warning: the following packages contain code that will be rejected by a future version of Rust: deepmesa-collections v0.9.0
[INFO] [stderr] note: to see what the problems were, use the option `--future-incompat-report`, or run `cargo report future-incompatibilities --id 2`
[INFO] [stderr]      Running unittests src/lib.rs (/opt/rustwide/target/debug/deps/deepmesa_encoding-b58646ae003221be)
[INFO] [stdout] 
[INFO] [stdout] running 14 tests
[INFO] [stdout] test prefix::delta::tests::test_encode_decode ... ok
[INFO] [stdout] test prefix::delta::tests::test_encode_decode_2 ... ok
[INFO] [stdout] test prefix::gamma::tests::test_encode_decode ... ok
[INFO] [stdout] test prefix::gamma::tests::test_encode_4 ... ok
[INFO] [stdout] test prefix::golomb::tests::test_encode_decode ... ok
[INFO] [stdout] test prefix::unary::tests::test_encode_1 ... ok
[INFO] [stdout] test prefix::unary::tests::test_encode_decode ... ok
[INFO] [stdout] test prefix::varbyte::tests::test_decode_65535 ... ok
[INFO] [stdout] test prefix::varbyte::tests::test_decode_824 ... ok
[INFO] [stdout] test prefix::varbyte::tests::test_decode_big ... ok
[INFO] [stdout] test prefix::varbyte::tests::test_encode_255 ... ok
[INFO] [stdout] test prefix::varbyte::tests::test_encode_824 ... ok
[INFO] [stdout] test prefix::varbyte::tests::test_encode_u128_max ... ok
[INFO] [stdout] test prefix::varbyte::tests::test_encode_many ... ok
[INFO] [stdout] 
[INFO] [stdout] test result: ok. 14 passed; 0 failed; 0 ignored; 0 measured; 0 filtered out; finished in 0.00s
[INFO] [stdout] 
[INFO] [stderr]    Doc-tests deepmesa-encoding
[INFO] [stdout] 
[INFO] [stdout] running 10 tests
[INFO] [stdout] test src/prefix/delta.rs - prefix::delta::DeltaDecoder (line 76) ... FAILED
[INFO] [stdout] test src/prefix/gamma.rs - prefix::gamma::GammaEncoder (line 35) ... FAILED
[INFO] [stdout] test src/prefix/golomb.rs - prefix::golomb::GolombDecoder (line 80) ... FAILED
[INFO] [stdout] test src/prefix/delta.rs - prefix::delta::DeltaEncoder (line 35) ... FAILED
[INFO] [stdout] test src/prefix/golomb.rs - prefix::golomb::GolombEncoder (line 43) ... FAILED
[INFO] [stdout] test src/prefix/unary.rs - prefix::unary::UnaryDecoder (line 72) ... FAILED
[INFO] [stdout] test src/prefix/unary.rs - prefix::unary::UnaryEncoder (line 31) ... FAILED
[INFO] [stdout] test src/prefix/gamma.rs - prefix::gamma::GammaDecoder (line 76) ... FAILED
[INFO] [stdout] test src/prefix/varbyte.rs - prefix::varbyte::VarByteEncoder (line 33) ... FAILED
[INFO] [stdout] test src/prefix/varbyte.rs - prefix::varbyte::VarByteDecoder (line 74) ... FAILED
[INFO] [stdout] 
[INFO] [stdout] failures:
[INFO] [stdout] 
[INFO] [stdout] ---- src/prefix/delta.rs - prefix::delta::DeltaDecoder (line 76) stdout ----
[INFO] [stdout] error[E0433]: failed to resolve: use of undeclared crate or module `deepmesa`
[INFO] [stdout]  --> src/prefix/delta.rs:77:5
[INFO] [stdout]   |
[INFO] [stdout] 3 | use deepmesa::encoding::DeltaEncoder;
[INFO] [stdout]   |     ^^^^^^^^ use of undeclared crate or module `deepmesa`
[INFO] [stdout] 
[INFO] [stdout] error[E0433]: failed to resolve: use of undeclared crate or module `deepmesa`
[INFO] [stdout]  --> src/prefix/delta.rs:78:5
[INFO] [stdout]   |
[INFO] [stdout] 4 | use deepmesa::encoding::DeltaDecoder;
[INFO] [stdout]   |     ^^^^^^^^ use of undeclared crate or module `deepmesa`
[INFO] [stdout] 
[INFO] [stdout] error: aborting due to 2 previous errors
[INFO] [stdout] 
[INFO] [stdout] For more information about this error, try `rustc --explain E0433`.
[INFO] [stdout] Couldn't compile the test.
[INFO] [stdout] ---- src/prefix/gamma.rs - prefix::gamma::GammaEncoder (line 35) stdout ----
[INFO] [stdout] error[E0433]: failed to resolve: use of undeclared crate or module `deepmesa`
[INFO] [stdout]  --> src/prefix/gamma.rs:36:5
[INFO] [stdout]   |
[INFO] [stdout] 3 | use deepmesa::encoding::GammaEncoder;
[INFO] [stdout]   |     ^^^^^^^^ use of undeclared crate or module `deepmesa`
[INFO] [stdout] 
[INFO] [stdout] error: aborting due to 1 previous error
[INFO] [stdout] 
[INFO] [stdout] For more information about this error, try `rustc --explain E0433`.
[INFO] [stdout] Couldn't compile the test.
[INFO] [stdout] ---- src/prefix/golomb.rs - prefix::golomb::GolombDecoder (line 80) stdout ----
[INFO] [stdout] error[E0433]: failed to resolve: use of undeclared crate or module `deepmesa`
[INFO] [stdout]  --> src/prefix/golomb.rs:81:5
[INFO] [stdout]   |
[INFO] [stdout] 3 | use deepmesa::encoding::GolombEncoder;
[INFO] [stdout]   |     ^^^^^^^^ use of undeclared crate or module `deepmesa`
[INFO] [stdout] 
[INFO] [stdout] error[E0433]: failed to resolve: use of undeclared crate or module `deepmesa`
[INFO] [stdout]  --> src/prefix/golomb.rs:82:5
[INFO] [stdout]   |
[INFO] [stdout] 4 | use deepmesa::encoding::GolombDecoder;
[INFO] [stdout]   |     ^^^^^^^^ use of undeclared crate or module `deepmesa`
[INFO] [stdout] 
[INFO] [stdout] error: aborting due to 2 previous errors
[INFO] [stdout] 
[INFO] [stdout] For more information about this error, try `rustc --explain E0433`.
[INFO] [stdout] Couldn't compile the test.
[INFO] [stdout] ---- src/prefix/delta.rs - prefix::delta::DeltaEncoder (line 35) stdout ----
[INFO] [stdout] error[E0433]: failed to resolve: use of undeclared crate or module `deepmesa`
[INFO] [stdout]  --> src/prefix/delta.rs:36:5
[INFO] [stdout]   |
[INFO] [stdout] 3 | use deepmesa::encoding::DeltaEncoder;
[INFO] [stdout]   |     ^^^^^^^^ use of undeclared crate or module `deepmesa`
[INFO] [stdout] 
[INFO] [stdout] error: aborting due to 1 previous error
[INFO] [stdout] 
[INFO] [stdout] For more information about this error, try `rustc --explain E0433`.
[INFO] [stdout] Couldn't compile the test.
[INFO] [stdout] ---- src/prefix/golomb.rs - prefix::golomb::GolombEncoder (line 43) stdout ----
[INFO] [stdout] error[E0433]: failed to resolve: use of undeclared crate or module `deepmesa`
[INFO] [stdout]  --> src/prefix/golomb.rs:44:5
[INFO] [stdout]   |
[INFO] [stdout] 3 | use deepmesa::encoding::GolombEncoder;
[INFO] [stdout]   |     ^^^^^^^^ use of undeclared crate or module `deepmesa`
[INFO] [stdout] 
[INFO] [stdout] error: aborting due to 1 previous error
[INFO] [stdout] 
[INFO] [stdout] For more information about this error, try `rustc --explain E0433`.
[INFO] [stdout] Couldn't compile the test.
[INFO] [stdout] ---- src/prefix/unary.rs - prefix::unary::UnaryDecoder (line 72) stdout ----
[INFO] [stdout] error[E0433]: failed to resolve: use of undeclared crate or module `deepmesa`
[INFO] [stdout]  --> src/prefix/unary.rs:73:5
[INFO] [stdout]   |
[INFO] [stdout] 3 | use deepmesa::encoding::UnaryEncoder;
[INFO] [stdout]   |     ^^^^^^^^ use of undeclared crate or module `deepmesa`
[INFO] [stdout] 
[INFO] [stdout] error[E0433]: failed to resolve: use of undeclared crate or module `deepmesa`
[INFO] [stdout]  --> src/prefix/unary.rs:74:5
[INFO] [stdout]   |
[INFO] [stdout] 4 | use deepmesa::encoding::UnaryDecoder;
[INFO] [stdout]   |     ^^^^^^^^ use of undeclared crate or module `deepmesa`
[INFO] [stdout] 
[INFO] [stdout] error: aborting due to 2 previous errors
[INFO] [stdout] 
[INFO] [stdout] For more information about this error, try `rustc --explain E0433`.
[INFO] [stdout] Couldn't compile the test.
[INFO] [stdout] ---- src/prefix/unary.rs - prefix::unary::UnaryEncoder (line 31) stdout ----
[INFO] [stdout] error[E0433]: failed to resolve: use of undeclared crate or module `deepmesa`
[INFO] [stdout]  --> src/prefix/unary.rs:32:5
[INFO] [stdout]   |
[INFO] [stdout] 3 | use deepmesa::encoding::UnaryEncoder;
[INFO] [stdout]   |     ^^^^^^^^ use of undeclared crate or module `deepmesa`
[INFO] [stdout] 
[INFO] [stdout] error: aborting due to 1 previous error
[INFO] [stdout] 
[INFO] [stdout] For more information about this error, try `rustc --explain E0433`.
[INFO] [stdout] Couldn't compile the test.
[INFO] [stdout] ---- src/prefix/gamma.rs - prefix::gamma::GammaDecoder (line 76) stdout ----
[INFO] [stdout] error[E0433]: failed to resolve: use of undeclared crate or module `deepmesa`
[INFO] [stdout]  --> src/prefix/gamma.rs:77:5
[INFO] [stdout]   |
[INFO] [stdout] 3 | use deepmesa::encoding::GammaEncoder;
[INFO] [stdout]   |     ^^^^^^^^ use of undeclared crate or module `deepmesa`
[INFO] [stdout] 
[INFO] [stdout] error[E0433]: failed to resolve: use of undeclared crate or module `deepmesa`
[INFO] [stdout]  --> src/prefix/gamma.rs:78:5
[INFO] [stdout]   |
[INFO] [stdout] 4 | use deepmesa::encoding::GammaDecoder;
[INFO] [stdout]   |     ^^^^^^^^ use of undeclared crate or module `deepmesa`
[INFO] [stdout] 
[INFO] [stdout] error: aborting due to 2 previous errors
[INFO] [stdout] 
[INFO] [stdout] For more information about this error, try `rustc --explain E0433`.
[INFO] [stdout] Couldn't compile the test.
[INFO] [stdout] ---- src/prefix/varbyte.rs - prefix::varbyte::VarByteEncoder (line 33) stdout ----
[INFO] [stdout] error[E0433]: failed to resolve: use of undeclared crate or module `deepmesa`
[INFO] [stdout]  --> src/prefix/varbyte.rs:34:5
[INFO] [stdout]   |
[INFO] [stdout] 3 | use deepmesa::encoding::VarByteEncoder;
[INFO] [stdout]   |     ^^^^^^^^ use of undeclared crate or module `deepmesa`
[INFO] [stdout] 
[INFO] [stdout] error: aborting due to 1 previous error
[INFO] [stdout] 
[INFO] [stdout] For more information about this error, try `rustc --explain E0433`.
[INFO] [stdout] Couldn't compile the test.
[INFO] [stdout] ---- src/prefix/varbyte.rs - prefix::varbyte::VarByteDecoder (line 74) stdout ----
[INFO] [stdout] error[E0433]: failed to resolve: use of undeclared crate or module `deepmesa`
[INFO] [stdout]  --> src/prefix/varbyte.rs:75:5
[INFO] [stdout]   |
[INFO] [stdout] 3 | use deepmesa::encoding::VarByteEncoder;
[INFO] [stdout]   |     ^^^^^^^^ use of undeclared crate or module `deepmesa`
[INFO] [stdout] 
[INFO] [stdout] error[E0433]: failed to resolve: use of undeclared crate or module `deepmesa`
[INFO] [stdout]  --> src/prefix/varbyte.rs:76:5
[INFO] [stdout]   |
[INFO] [stdout] 4 | use deepmesa::encoding::VarByteDecoder;
[INFO] [stdout]   |     ^^^^^^^^ use of undeclared crate or module `deepmesa`
[INFO] [stdout] 
[INFO] [stdout] error: aborting due to 2 previous errors
[INFO] [stdout] 
[INFO] [stdout] For more information about this error, try `rustc --explain E0433`.
[INFO] [stdout] Couldn't compile the test.
[INFO] [stdout] 
[INFO] [stdout] failures:
[INFO] [stdout]     src/prefix/delta.rs - prefix::delta::DeltaDecoder (line 76)
[INFO] [stdout]     src/prefix/delta.rs - prefix::delta::DeltaEncoder (line 35)
[INFO] [stdout]     src/prefix/gamma.rs - prefix::gamma::GammaDecoder (line 76)
[INFO] [stdout]     src/prefix/gamma.rs - prefix::gamma::GammaEncoder (line 35)
[INFO] [stdout]     src/prefix/golomb.rs - prefix::golomb::GolombDecoder (line 80)
[INFO] [stdout]     src/prefix/golomb.rs - prefix::golomb::GolombEncoder (line 43)
[INFO] [stdout]     src/prefix/unary.rs - prefix::unary::UnaryDecoder (line 72)
[INFO] [stdout]     src/prefix/unary.rs - prefix::unary::UnaryEncoder (line 31)
[INFO] [stdout]     src/prefix/varbyte.rs - prefix::varbyte::VarByteDecoder (line 74)
[INFO] [stdout]     src/prefix/varbyte.rs - prefix::varbyte::VarByteEncoder (line 33)
[INFO] [stdout] 
[INFO] [stdout] test result: FAILED. 0 passed; 10 failed; 0 ignored; 0 measured; 0 filtered out; finished in 0.07s
[INFO] [stdout] 
[INFO] [stderr] error: doctest failed, to rerun pass `--doc`
[INFO] running `Command { std: "docker" "inspect" "c657105527c420dd9119e4dc60c1a9e17652511a3608b368e936ff737fd80e47", kill_on_drop: false }`
[INFO] running `Command { std: "docker" "rm" "-f" "c657105527c420dd9119e4dc60c1a9e17652511a3608b368e936ff737fd80e47", kill_on_drop: false }`
[INFO] [stdout] c657105527c420dd9119e4dc60c1a9e17652511a3608b368e936ff737fd80e47
