[INFO] fetching crate debian-packaging 0.17.0...
[INFO] testing debian-packaging-0.17.0 against 1.75.0 for beta-1.76-1
[INFO] extracting crate debian-packaging 0.17.0 into /workspace/builds/worker-1-tc1/source
[INFO] validating manifest of crates.io crate debian-packaging 0.17.0 on toolchain 1.75.0
[INFO] running `Command { std: CARGO_HOME="/workspace/cargo-home" RUSTUP_HOME="/workspace/rustup-home" "/workspace/cargo-home/bin/cargo" "+1.75.0" "metadata" "--manifest-path" "Cargo.toml" "--no-deps", kill_on_drop: false }`
[INFO] started tweaking crates.io crate debian-packaging 0.17.0
[INFO] finished tweaking crates.io crate debian-packaging 0.17.0
[INFO] tweaked toml for crates.io crate debian-packaging 0.17.0 written to /workspace/builds/worker-1-tc1/source/Cargo.toml
[INFO] running `Command { std: CARGO_HOME="/workspace/cargo-home" RUSTUP_HOME="/workspace/rustup-home" "/workspace/cargo-home/bin/cargo" "+1.75.0" "generate-lockfile" "--manifest-path" "Cargo.toml", kill_on_drop: false }`
[INFO] [stderr]     Updating crates.io index
[INFO] running `Command { std: CARGO_HOME="/workspace/cargo-home" RUSTUP_HOME="/workspace/rustup-home" "/workspace/cargo-home/bin/cargo" "+1.75.0" "fetch" "--manifest-path" "Cargo.toml", kill_on_drop: false }`
[INFO] [stderr]  Downloading crates ...
[INFO] [stderr]   Downloaded rusoto_credential v0.48.0
[INFO] [stderr]   Downloaded blowfish v0.9.1
[INFO] [stderr]   Downloaded bitfield v0.14.0
[INFO] [stderr]   Downloaded cfb-mode v0.8.2
[INFO] [stderr]   Downloaded charset v0.1.3
[INFO] [stderr]   Downloaded cast5 v0.11.1
[INFO] [stderr]   Downloaded buffer-redux v1.0.0
[INFO] [stderr]   Downloaded crc24 v0.1.6
[INFO] [stderr]   Downloaded quoted_printable v0.4.8
[INFO] [stderr]   Downloaded pgp-cleartext v0.10.0
[INFO] [stderr]   Downloaded sha-1 v0.10.1
[INFO] [stderr]   Downloaded primeorder v0.13.6
[INFO] [stderr]   Downloaded des v0.8.1
[INFO] [stderr]   Downloaded rle-decode-fast v1.0.3
[INFO] [stderr]   Downloaded rsa v0.9.6
[INFO] [stderr]   Downloaded rusoto_s3 v0.48.0
[INFO] [stderr]   Downloaded p384 v0.13.0
[INFO] [stderr]   Downloaded pgp v0.10.2
[INFO] [stderr]   Downloaded async-compression v0.4.5
[INFO] [stderr]   Downloaded p256 v0.13.2
[INFO] [stderr]   Downloaded idea v0.5.1
[INFO] [stderr]   Downloaded num-derive v0.4.1
[INFO] [stderr]   Downloaded rusoto_signature v0.48.0
[INFO] [stderr]   Downloaded rusoto_core v0.48.0
[INFO] [stderr]   Downloaded mailparse v0.14.0
[INFO] [stderr]   Downloaded twofish v0.7.1
[INFO] [stderr]   Downloaded async-tar v0.4.2
[INFO] [stderr]   Downloaded dary_heap v0.3.6
[INFO] [stderr]   Downloaded libflate v2.0.0
[INFO] [stderr]   Downloaded simple-file-manifest v0.11.0
[INFO] [stderr]   Downloaded ar v0.9.0
[INFO] [stderr]   Downloaded libflate_lz77 v2.0.0
[INFO] [stderr]   Downloaded camellia v0.1.0
[INFO] running `Command { std: "docker" "create" "-v" "/var/lib/crater-agent-workspace/builds/worker-1-tc1/target:/opt/rustwide/target:rw,Z" "-v" "/var/lib/crater-agent-workspace/builds/worker-1-tc1/source:/opt/rustwide/workdir:ro,Z" "-v" "/var/lib/crater-agent-workspace/cargo-home:/opt/rustwide/cargo-home:ro,Z" "-v" "/var/lib/crater-agent-workspace/rustup-home:/opt/rustwide/rustup-home:ro,Z" "-e" "SOURCE_DIR=/opt/rustwide/workdir" "-e" "CARGO_TARGET_DIR=/opt/rustwide/target" "-e" "CARGO_HOME=/opt/rustwide/cargo-home" "-e" "RUSTUP_HOME=/opt/rustwide/rustup-home" "-w" "/opt/rustwide/workdir" "-m" "1610612736" "--user" "0:0" "--network" "none" "ghcr.io/rust-lang/crates-build-env/linux@sha256:2788e3201cd34a07e3172128adcd8b3090168a8e3bcc40d7c032b9dda1df7d1c" "/opt/rustwide/cargo-home/bin/cargo" "+1.75.0" "metadata" "--no-deps" "--format-version=1", kill_on_drop: false }`
[INFO] [stdout] 8079e877b84b40ca2fc896eceeccfdf7376767f52dc8d9b109e5be79afca9d65
[INFO] running `Command { std: "docker" "start" "-a" "8079e877b84b40ca2fc896eceeccfdf7376767f52dc8d9b109e5be79afca9d65", kill_on_drop: false }`
[INFO] running `Command { std: "docker" "inspect" "8079e877b84b40ca2fc896eceeccfdf7376767f52dc8d9b109e5be79afca9d65", kill_on_drop: false }`
[INFO] running `Command { std: "docker" "rm" "-f" "8079e877b84b40ca2fc896eceeccfdf7376767f52dc8d9b109e5be79afca9d65", kill_on_drop: false }`
[INFO] [stdout] 8079e877b84b40ca2fc896eceeccfdf7376767f52dc8d9b109e5be79afca9d65
[INFO] running `Command { std: "docker" "create" "-v" "/var/lib/crater-agent-workspace/builds/worker-1-tc1/target:/opt/rustwide/target:rw,Z" "-v" "/var/lib/crater-agent-workspace/builds/worker-1-tc1/source:/opt/rustwide/workdir:ro,Z" "-v" "/var/lib/crater-agent-workspace/cargo-home:/opt/rustwide/cargo-home:ro,Z" "-v" "/var/lib/crater-agent-workspace/rustup-home:/opt/rustwide/rustup-home:ro,Z" "-e" "SOURCE_DIR=/opt/rustwide/workdir" "-e" "CARGO_TARGET_DIR=/opt/rustwide/target" "-e" "CARGO_INCREMENTAL=0" "-e" "RUST_BACKTRACE=full" "-e" "RUSTFLAGS=--cap-lints=warn" "-e" "RUSTDOCFLAGS=--cap-lints=warn" "-e" "CARGO_HOME=/opt/rustwide/cargo-home" "-e" "RUSTUP_HOME=/opt/rustwide/rustup-home" "-w" "/opt/rustwide/workdir" "-m" "1610612736" "--user" "0:0" "--network" "none" "ghcr.io/rust-lang/crates-build-env/linux@sha256:2788e3201cd34a07e3172128adcd8b3090168a8e3bcc40d7c032b9dda1df7d1c" "/opt/rustwide/cargo-home/bin/cargo" "+1.75.0" "build" "--frozen" "--message-format=json", kill_on_drop: false }`
[INFO] [stdout] 6f484af6ff89f0f9a59cf03e0172f5645ae59a8393e0fd1e344143d39d5cb5f2
[INFO] running `Command { std: "docker" "start" "-a" "6f484af6ff89f0f9a59cf03e0172f5645ae59a8393e0fd1e344143d39d5cb5f2", kill_on_drop: false }`
[INFO] [stderr]    Compiling generic-array v0.14.7
[INFO] [stderr]    Compiling subtle v2.4.1
[INFO] [stderr]    Compiling const-oid v0.9.6
[INFO] [stderr]    Compiling futures-io v0.3.30
[INFO] [stderr]    Compiling syn v2.0.48
[INFO] [stderr]    Compiling jobserver v0.1.27
[INFO] [stderr]    Compiling getrandom v0.2.11
[INFO] [stderr]    Compiling value-bag v1.4.3
[INFO] [stderr]    Compiling parking v2.2.0
[INFO] [stderr]    Compiling concurrent-queue v2.4.0
[INFO] [stderr]    Compiling rand_core v0.6.4
[INFO] [stderr]    Compiling cc v1.0.83
[INFO] [stderr]    Compiling log v0.4.20
[INFO] [stderr]    Compiling cpufeatures v0.2.12
[INFO] [stderr]    Compiling libm v0.2.8
[INFO] [stderr]    Compiling base64ct v1.6.0
[INFO] [stderr]    Compiling num-traits v0.2.17
[INFO] [stderr]    Compiling untrusted v0.9.0
[INFO] [stderr]    Compiling spin v0.9.8
[INFO] [stderr]    Compiling futures-channel v0.3.30
[INFO] [stderr]    Compiling pem-rfc7468 v0.7.0
[INFO] [stderr]    Compiling event-listener v4.0.2
[INFO] [stderr]    Compiling rustix v0.38.28
[INFO] [stderr]    Compiling syn v1.0.109
[INFO] [stderr]    Compiling event-listener-strategy v0.4.0
[INFO] [stderr]    Compiling linux-raw-sys v0.4.12
[INFO] [stderr]    Compiling async-lock v3.2.0
[INFO] [stderr]    Compiling futures-lite v2.1.0
[INFO] [stderr]    Compiling ff v0.13.0
[INFO] [stderr]    Compiling ident_case v1.0.1
[INFO] [stderr]    Compiling base16ct v0.2.0
[INFO] [stderr]    Compiling strsim v0.10.0
[INFO] [stderr]    Compiling group v0.13.0
[INFO] [stderr]    Compiling platforms v3.3.0
[INFO] [stderr]    Compiling io-lifetimes v1.0.11
[INFO] [stderr]    Compiling ring v0.17.7
[INFO] [stderr]    Compiling ring v0.16.20
[INFO] [stderr]    Compiling iana-time-zone v0.1.59
[INFO] [stderr]    Compiling curve25519-dalek v4.1.1
[INFO] [stderr]    Compiling zstd-sys v2.0.9+zstd.1.5.5
[INFO] [stderr]    Compiling lazy_static v1.4.0
[INFO] [stderr]    Compiling polling v2.8.0
[INFO] [stderr]    Compiling num-iter v0.1.43
[INFO] [stderr]    Compiling rustix v0.37.27
[INFO] [stderr]    Compiling async-trait v0.1.77
[INFO] [stderr]    Compiling byteorder v1.5.0
[INFO] [stderr]    Compiling rustls v0.20.9
[INFO] [stderr]    Compiling event-listener v2.5.3
[INFO] [stderr]    Compiling rand_chacha v0.3.1
[INFO] [stderr]    Compiling num-integer v0.1.45
[INFO] [stderr]    Compiling rustls-pemfile v1.0.4
[INFO] [stderr]    Compiling dirs-sys-next v0.1.2
[INFO] [stderr]    Compiling async-io v1.13.0
[INFO] [stderr]    Compiling ahash v0.8.7
[INFO] [stderr]    Compiling atomic-waker v1.1.2
[INFO] [stderr]    Compiling async-task v4.7.0
[INFO] [stderr]    Compiling fastrand v1.9.0
[INFO] [stderr]    Compiling linux-raw-sys v0.3.8
[INFO] [stderr]    Compiling darling_core v0.14.4
[INFO] [stderr]    Compiling num-bigint-dig v0.8.4
[INFO] [stderr]    Compiling waker-fn v1.1.1
[INFO] [stderr]    Compiling rustls v0.21.10
[INFO] [stderr]    Compiling futures-lite v1.13.0
[INFO] [stderr]    Compiling miniz_oxide v0.7.1
[INFO] [stderr]    Compiling piper v0.2.1
[INFO] [stderr]    Compiling dirs-next v2.0.0
[INFO] [stderr]    Compiling rand v0.8.5
[INFO] [stderr]    Compiling async-lock v2.8.0
[INFO] [stderr]    Compiling polling v3.3.1
[INFO] [stderr]    Compiling async-io v2.2.2
[INFO] [stderr]    Compiling bzip2-sys v0.1.11+1.0.8
[INFO] [stderr]    Compiling lzma-sys v0.1.20
[INFO] [stderr]    Compiling zeroize_derive v1.4.2
[INFO] [stderr]    Compiling tokio-macros v2.2.0
[INFO] [stderr]    Compiling serde_derive v1.0.194
[INFO] [stderr]    Compiling futures-macro v0.3.30
[INFO] [stderr]    Compiling darling_macro v0.14.4
[INFO] [stderr]    Compiling curve25519-dalek-derive v0.1.1
[INFO] [stderr]    Compiling async-channel v2.1.1
[INFO] [stderr]    Compiling tokio v1.35.1
[INFO] [stderr]    Compiling socket2 v0.4.10
[INFO] [stderr]    Compiling zeroize v1.7.0
[INFO] [stderr]    Compiling darling v0.14.4
[INFO] [stderr]    Compiling futures-util v0.3.30
[INFO] [stderr]    Compiling shlex v1.2.0
[INFO] [stderr]    Compiling der v0.7.8
[INFO] [stderr]    Compiling derive_builder_core v0.12.0
[INFO] [stderr]    Compiling zstd-safe v7.0.0
[INFO] [stderr]    Compiling smallvec v1.11.2
[INFO] [stderr]    Compiling zerocopy v0.7.32
[INFO] [stderr]    Compiling crypto-common v0.1.6
[INFO] [stderr]    Compiling block-buffer v0.10.4
[INFO] [stderr]    Compiling digest v0.10.7
[INFO] [stderr]    Compiling spki v0.7.3
[INFO] [stderr]    Compiling inout v0.1.3
[INFO] [stderr]    Compiling cipher v0.4.4
[INFO] [stderr]    Compiling pkcs8 v0.10.2
[INFO] [stderr]    Compiling hmac v0.12.1
[INFO] [stderr]    Compiling signature v2.2.0
[INFO] [stderr]    Compiling crypto-bigint v0.5.5
[INFO] [stderr]    Compiling hkdf v0.12.4
[INFO] [stderr]    Compiling sec1 v0.7.3
[INFO] [stderr]    Compiling digest v0.9.0
[INFO] [stderr]    Compiling rfc6979 v0.4.0
[INFO] [stderr]    Compiling sha2 v0.10.8
[INFO] [stderr]    Compiling block-buffer v0.9.0
[INFO] [stderr]    Compiling crypto-mac v0.11.1
[INFO] [stderr]    Compiling crc24 v0.1.6
[INFO] [stderr]    Compiling rustversion v1.0.14
[INFO] [stderr]    Compiling hmac v0.11.0
[INFO] [stderr]    Compiling sha2 v0.9.9
[INFO] [stderr]    Compiling md-5 v0.9.1
[INFO] [stderr]    Compiling pkcs1 v0.7.5
[INFO] [stderr]    Compiling ed25519 v2.2.3
[INFO] [stderr]    Compiling derive_builder_macro v0.12.0
[INFO] [stderr]    Compiling futures-executor v0.3.30
[INFO] [stderr]    Compiling elliptic-curve v0.13.8
[INFO] [stderr]    Compiling futures v0.3.30
[INFO] [stderr]    Compiling rustls-native-certs v0.6.3
[INFO] [stderr]    Compiling blocking v1.5.1
[INFO] [stderr]    Compiling primeorder v0.13.6
[INFO] [stderr]    Compiling ecdsa v0.16.9
[INFO] [stderr]    Compiling thiserror-impl v1.0.56
[INFO] [stderr]    Compiling async-signal v0.2.5
[INFO] [stderr]    Compiling tokio-util v0.7.10
[INFO] [stderr]    Compiling flate2 v1.0.28
[INFO] [stderr]    Compiling async-executor v1.8.0
[INFO] [stderr]    Compiling rusoto_core v0.48.0
[INFO] [stderr]    Compiling event-listener v3.1.0
[INFO] [stderr]    Compiling keccak v0.1.4
[INFO] [stderr]    Compiling serde v1.0.194
[INFO] [stderr]    Compiling safemem v0.3.3
[INFO] [stderr]    Compiling async-process v1.8.1
[INFO] [stderr]    Compiling buffer-redux v1.0.0
[INFO] [stderr]    Compiling sha3 v0.10.8
[INFO] [stderr]    Compiling nom v7.1.3
[INFO] [stderr]    Compiling h2 v0.3.22
[INFO] [stderr]    Compiling async-global-executor v2.4.1
[INFO] [stderr]    Compiling p384 v0.13.0
[INFO] [stderr]    Compiling p256 v0.13.2
[INFO] [stderr]    Compiling thiserror v1.0.56
[INFO] [stderr]    Compiling derive_builder v0.12.0
[INFO] [stderr]    Compiling hashbrown v0.13.2
[INFO] [stderr]    Compiling ed25519-dalek v2.1.0
[INFO] [stderr]    Compiling x25519-dalek v2.0.0
[INFO] [stderr]    Compiling twofish v0.7.1
[INFO] [stderr]    Compiling camellia v0.1.0
[INFO] [stderr]    Compiling cfb-mode v0.8.2
[INFO] [stderr]    Compiling des v0.8.1
[INFO] [stderr]    Compiling aes v0.8.3
[INFO] [stderr]    Compiling idea v0.5.1
[INFO] [stderr]    Compiling cast5 v0.11.1
[INFO] [stderr]    Compiling blowfish v0.9.1
[INFO] [stderr]    Compiling md-5 v0.10.6
[INFO] [stderr]    Compiling sha1 v0.10.6
[INFO] [stderr]    Compiling ripemd v0.1.3
[INFO] [stderr]    Compiling block-padding v0.3.3
[INFO] [stderr]    Compiling pin-project-internal v1.1.3
[INFO] [stderr]    Compiling num-derive v0.4.1
[INFO] [stderr]    Compiling async-channel v1.9.0
[INFO] [stderr]    Compiling chrono v0.4.31
[INFO] [stderr]    Compiling serde_json v1.0.111
[INFO] [stderr]    Compiling hyper v0.14.28
[INFO] [stderr]    Compiling kv-log-macro v1.0.7
[INFO] [stderr]    Compiling filetime v0.2.23
[INFO] [stderr]    Compiling rsa v0.9.6
[INFO] [stderr]    Compiling core2 v0.4.0
[INFO] [stderr]    Compiling bstr v1.9.0
[INFO] [stderr]    Compiling xml-rs v0.8.19
[INFO] [stderr]    Compiling bitfield v0.14.0
[INFO] [stderr]    Compiling rle-decode-fast v1.0.3
[INFO] [stderr]    Compiling libflate_lz77 v2.0.0
[INFO] [stderr]    Compiling strum_macros v0.25.3
[INFO] [stderr]    Compiling pin-project v1.1.3
[INFO] [stderr]    Compiling async-std v1.12.0
[INFO] [stderr]    Compiling serde_urlencoded v0.7.1
[INFO] [stderr]    Compiling charset v0.1.3
[INFO] [stderr]    Compiling pgp v0.10.2
[INFO] [stderr]    Compiling sha-1 v0.10.1
[INFO] [stderr]    Compiling xattr v1.2.0
[INFO] [stderr]    Compiling xattr v0.2.3
[INFO] [stderr]    Compiling dary_heap v0.3.6
[INFO] [stderr]    Compiling webpki-roots v0.25.3
[INFO] [stderr]    Compiling adler32 v1.2.0
[INFO] [stderr]    Compiling rusoto_credential v0.48.0
[INFO] [stderr]    Compiling data-encoding v2.5.0
[INFO] [stderr]    Compiling quoted_printable v0.4.8
[INFO] [stderr]    Compiling mailparse v0.14.0
[INFO] [stderr]    Compiling rusoto_signature v0.48.0
[INFO] [stderr]    Compiling libflate v2.0.0
[INFO] [stderr]    Compiling tar v0.4.40
[INFO] [stderr]    Compiling os_str_bytes v6.6.1
[INFO] [stderr]    Compiling strum v0.25.0
[INFO] [stderr]    Compiling async-tar v0.4.2
[INFO] [stderr]    Compiling simple-file-manifest v0.11.0
[INFO] [stderr]    Compiling ar v0.9.0
[INFO] [stderr]    Compiling pgp-cleartext v0.10.0
[INFO] [stderr]    Compiling bzip2 v0.4.4
[INFO] [stderr]    Compiling sct v0.7.1
[INFO] [stderr]    Compiling webpki v0.22.4
[INFO] [stderr]    Compiling rustls-webpki v0.101.7
[INFO] [stderr]    Compiling xz2 v0.1.7
[INFO] [stderr]    Compiling zstd v0.13.0
[INFO] [stderr]    Compiling tokio-rustls v0.23.4
[INFO] [stderr]    Compiling async-compression v0.4.5
[INFO] [stderr]    Compiling hyper-rustls v0.23.2
[INFO] [stderr]    Compiling tokio-rustls v0.24.1
[INFO] [stderr]    Compiling hyper-rustls v0.24.2
[INFO] [stderr]    Compiling reqwest v0.11.23
[INFO] [stderr]    Compiling rusoto_s3 v0.48.0
[INFO] [stderr]    Compiling debian-packaging v0.17.0 (/opt/rustwide/workdir)
[INFO] [stderr]     Finished dev [unoptimized + debuginfo] target(s) in 1m 19s
[INFO] running `Command { std: "docker" "inspect" "6f484af6ff89f0f9a59cf03e0172f5645ae59a8393e0fd1e344143d39d5cb5f2", kill_on_drop: false }`
[INFO] running `Command { std: "docker" "rm" "-f" "6f484af6ff89f0f9a59cf03e0172f5645ae59a8393e0fd1e344143d39d5cb5f2", kill_on_drop: false }`
[INFO] [stdout] 6f484af6ff89f0f9a59cf03e0172f5645ae59a8393e0fd1e344143d39d5cb5f2
[INFO] running `Command { std: "docker" "create" "-v" "/var/lib/crater-agent-workspace/builds/worker-1-tc1/target:/opt/rustwide/target:rw,Z" "-v" "/var/lib/crater-agent-workspace/builds/worker-1-tc1/source:/opt/rustwide/workdir:ro,Z" "-v" "/var/lib/crater-agent-workspace/cargo-home:/opt/rustwide/cargo-home:ro,Z" "-v" "/var/lib/crater-agent-workspace/rustup-home:/opt/rustwide/rustup-home:ro,Z" "-e" "SOURCE_DIR=/opt/rustwide/workdir" "-e" "CARGO_TARGET_DIR=/opt/rustwide/target" "-e" "CARGO_INCREMENTAL=0" "-e" "RUST_BACKTRACE=full" "-e" "RUSTFLAGS=--cap-lints=warn" "-e" "RUSTDOCFLAGS=--cap-lints=warn" "-e" "CARGO_HOME=/opt/rustwide/cargo-home" "-e" "RUSTUP_HOME=/opt/rustwide/rustup-home" "-w" "/opt/rustwide/workdir" "-m" "1610612736" "--user" "0:0" "--network" "none" "ghcr.io/rust-lang/crates-build-env/linux@sha256:2788e3201cd34a07e3172128adcd8b3090168a8e3bcc40d7c032b9dda1df7d1c" "/opt/rustwide/cargo-home/bin/cargo" "+1.75.0" "test" "--frozen" "--no-run" "--message-format=json", kill_on_drop: false }`
[INFO] [stdout] ca5e4882b53c0e360f9a6139a590ef552bb424b8996fa906584dab57b6cd829d
[INFO] running `Command { std: "docker" "start" "-a" "ca5e4882b53c0e360f9a6139a590ef552bb424b8996fa906584dab57b6cd829d", kill_on_drop: false }`
[INFO] [stderr]    Compiling rustix v0.38.28
[INFO] [stderr]    Compiling indoc v2.0.4
[INFO] [stderr]    Compiling polling v3.3.1
[INFO] [stderr]    Compiling xattr v1.2.0
[INFO] [stderr]    Compiling tempfile v3.9.0
[INFO] [stderr]    Compiling tar v0.4.40
[INFO] [stderr]    Compiling async-io v2.2.2
[INFO] [stderr]    Compiling async-signal v0.2.5
[INFO] [stderr]    Compiling async-global-executor v2.4.1
[INFO] [stderr]    Compiling async-process v1.8.1
[INFO] [stderr]    Compiling async-std v1.12.0
[INFO] [stderr]    Compiling async-tar v0.4.2
[INFO] [stderr]    Compiling debian-packaging v0.17.0 (/opt/rustwide/workdir)
[INFO] [stderr]     Finished test [unoptimized + debuginfo] target(s) in 18.94s
[INFO] running `Command { std: "docker" "inspect" "ca5e4882b53c0e360f9a6139a590ef552bb424b8996fa906584dab57b6cd829d", kill_on_drop: false }`
[INFO] running `Command { std: "docker" "rm" "-f" "ca5e4882b53c0e360f9a6139a590ef552bb424b8996fa906584dab57b6cd829d", kill_on_drop: false }`
[INFO] [stdout] ca5e4882b53c0e360f9a6139a590ef552bb424b8996fa906584dab57b6cd829d
[INFO] running `Command { std: "docker" "create" "-v" "/var/lib/crater-agent-workspace/builds/worker-1-tc1/target:/opt/rustwide/target:rw,Z" "-v" "/var/lib/crater-agent-workspace/builds/worker-1-tc1/source:/opt/rustwide/workdir:ro,Z" "-v" "/var/lib/crater-agent-workspace/cargo-home:/opt/rustwide/cargo-home:ro,Z" "-v" "/var/lib/crater-agent-workspace/rustup-home:/opt/rustwide/rustup-home:ro,Z" "-e" "SOURCE_DIR=/opt/rustwide/workdir" "-e" "CARGO_TARGET_DIR=/opt/rustwide/target" "-e" "CARGO_INCREMENTAL=0" "-e" "RUST_BACKTRACE=full" "-e" "RUSTFLAGS=--cap-lints=warn" "-e" "RUSTDOCFLAGS=--cap-lints=warn" "-e" "CARGO_HOME=/opt/rustwide/cargo-home" "-e" "RUSTUP_HOME=/opt/rustwide/rustup-home" "-w" "/opt/rustwide/workdir" "-m" "1610612736" "--user" "0:0" "--network" "none" "ghcr.io/rust-lang/crates-build-env/linux@sha256:2788e3201cd34a07e3172128adcd8b3090168a8e3bcc40d7c032b9dda1df7d1c" "/opt/rustwide/cargo-home/bin/cargo" "+1.75.0" "test" "--frozen", kill_on_drop: false }`
[INFO] [stdout] f20adb746b50117cacac2455ac53fb31142e37f439c7e5512ae6444abc84d687
[INFO] running `Command { std: "docker" "start" "-a" "f20adb746b50117cacac2455ac53fb31142e37f439c7e5512ae6444abc84d687", kill_on_drop: false }`
[INFO] [stderr]     Finished test [unoptimized + debuginfo] target(s) in 0.27s
[INFO] [stderr]      Running unittests src/lib.rs (/opt/rustwide/target/debug/deps/debian_packaging-b135f2f6f360e005)
[INFO] [stdout] 
[INFO] [stdout] running 31 tests
[INFO] [stdout] test deb::builder::tests::test_write_control_tar_simple ... ok
[INFO] [stdout] test control::tests::control_paragraph_field_semantics ... ok
[INFO] [stdout] test control::tests::parse_paragraph_release ... ok
[INFO] [stdout] test binary_package_list::test::find_package ... ok
[INFO] [stdout] test control::tests::test_parse_system_lists ... ok
[INFO] [stdout] test changelog::tests::test_write ... ok
[INFO] [stdout] test dependency::test::satisfies_architecture_constraints ... ok
[INFO] [stdout] test deb::builder::tests::test_write_data_tar_one_file ... ok
[INFO] [stdout] test dependency::test::parse_depends ... ok
[INFO] [stdout] test deb::builder::tests::test_write_data_tar_long_path ... ok
[INFO] [stdout] test deb::builder::tests::test_write_deb ... ok
[INFO] [stdout] test debian_source_control::test::parse_cleartext_armored ... ok
[INFO] [stdout] test package_version::test::compare_version ... ok
[INFO] [stdout] test package_version::test::parse ... ok
[INFO] [stdout] test dependency::test::satisfies_version_constraints ... ok
[INFO] [stdout] test package_version::test::test_lexical_compare ... ok
[INFO] [stdout] test package_version::test::format ... ok
[INFO] [stdout] test package_version::test::test_compare_component ... ok
[INFO] [stdout] test repository::builder::test::pool_layout_paths ... ok
[INFO] [stdout] test repository::http::test::bullseye_contents ... FAILED
[INFO] [stdout] test repository::http::test::bullseye_sources ... FAILED
[INFO] [stdout] test repository::http::test::bullseye_release ... FAILED
[INFO] [stdout] test repository::copier::test::bullseye_copy ... FAILED
[INFO] [stdout] test repository::release::test::bad_signature_rejection ... ok
[INFO] [stdout] test repository::release::test::focal_release ... ok
[INFO] [stdout] test signing_key::test::all_distro_signing_keys ... ok
[INFO] [stdout] test repository::release::test::parse_bullseye_inrelease ... ok
[INFO] [stdout] test repository::release::test::parse_bullseye_release ... ok
[INFO] [stdout] test repository::builder::test::bullseye_binary_packages_reader ... FAILED
[INFO] [stdout] test signing_key::test::key_creation ... ok
[INFO] [stdout] test repository::builder::tests::publish_empty ... ok
[INFO] [stdout] 
[INFO] [stdout] failures:
[INFO] [stdout] 
[INFO] [stdout] ---- repository::http::test::bullseye_contents stdout ----
[INFO] [stdout] Error: RepositoryIoPath("dists/bullseye/InRelease", Custom { kind: Other, error: "error sending HTTP request: reqwest::Error { kind: Request, url: Url { scheme: \"http\", cannot_be_a_base: false, username: \"\", password: None, host: Some(Domain(\"snapshot.debian.org\")), port: None, path: \"/archive/debian/20211120T085721Z/dists/bullseye/InRelease\", query: None, fragment: None }, source: hyper::Error(Connect, ConnectError(\"dns error\", Custom { kind: Uncategorized, error: \"failed to lookup address information: Temporary failure in name resolution\" })) }" })
[INFO] [stdout] 
[INFO] [stdout] ---- repository::http::test::bullseye_sources stdout ----
[INFO] [stdout] Error: RepositoryIoPath("dists/bullseye/InRelease", Custom { kind: Other, error: "error sending HTTP request: reqwest::Error { kind: Request, url: Url { scheme: \"http\", cannot_be_a_base: false, username: \"\", password: None, host: Some(Domain(\"snapshot.debian.org\")), port: None, path: \"/archive/debian/20211120T085721Z/dists/bullseye/InRelease\", query: None, fragment: None }, source: hyper::Error(Connect, ConnectError(\"dns error\", Custom { kind: Uncategorized, error: \"failed to lookup address information: Temporary failure in name resolution\" })) }" })
[INFO] [stdout] 
[INFO] [stdout] ---- repository::http::test::bullseye_release stdout ----
[INFO] [stdout] Error: RepositoryIoPath("dists/bullseye/InRelease", Custom { kind: Other, error: "error sending HTTP request: reqwest::Error { kind: Request, url: Url { scheme: \"http\", cannot_be_a_base: false, username: \"\", password: None, host: Some(Domain(\"snapshot.debian.org\")), port: None, path: \"/archive/debian/20211120T085721Z/dists/bullseye/InRelease\", query: None, fragment: None }, source: hyper::Error(Connect, ConnectError(\"dns error\", Custom { kind: Uncategorized, error: \"failed to lookup address information: Temporary failure in name resolution\" })) }" })
[INFO] [stdout] 
[INFO] [stdout] ---- repository::copier::test::bullseye_copy stdout ----
[INFO] [stdout] Error: RepositoryIoPath("dists/bullseye/InRelease", Custom { kind: Other, error: "error sending HTTP request: reqwest::Error { kind: Request, url: Url { scheme: \"http\", cannot_be_a_base: false, username: \"\", password: None, host: Some(Domain(\"snapshot.debian.org\")), port: None, path: \"/archive/debian/20211120T085721Z/dists/bullseye/InRelease\", query: None, fragment: None }, source: hyper::Error(Connect, ConnectError(\"dns error\", Custom { kind: Uncategorized, error: \"failed to lookup address information: Temporary failure in name resolution\" })) }" })
[INFO] [stdout] 
[INFO] [stdout] ---- repository::builder::test::bullseye_binary_packages_reader stdout ----
[INFO] [stdout] thread 'repository::builder::test::bullseye_binary_packages_reader' panicked at src/repository/builder.rs:1215:61:
[INFO] [stdout] called `Result::unwrap()` on an `Err` value: RepositoryIoPath("dists/bullseye/InRelease", Custom { kind: Other, error: "error sending HTTP request: reqwest::Error { kind: Request, url: Url { scheme: \"http\", cannot_be_a_base: false, username: \"\", password: None, host: Some(Domain(\"snapshot.debian.org\")), port: None, path: \"/archive/debian/20211120T085721Z/dists/bullseye/InRelease\", query: None, fragment: None }, source: hyper::Error(Connect, ConnectError(\"dns error\", Custom { kind: Uncategorized, error: \"failed to lookup address information: Temporary failure in name resolution\" })) }" })
[INFO] [stdout] stack backtrace:
[INFO] [stdout]    0:     0x55ffeaa7f8ac - std::backtrace_rs::backtrace::libunwind::trace::ha637c64ce894333a
[INFO] [stdout]                                at /rustc/82e1608dfa6e0b5569232559e3d385fea5a93112/library/std/src/../../backtrace/src/backtrace/libunwind.rs:104:5
[INFO] [stdout]    1:     0x55ffeaa7f8ac - std::backtrace_rs::backtrace::trace_unsynchronized::h47f62dea28e0c88d
[INFO] [stdout]                                at /rustc/82e1608dfa6e0b5569232559e3d385fea5a93112/library/std/src/../../backtrace/src/backtrace/mod.rs:66:5
[INFO] [stdout]    2:     0x55ffeaa7f8ac - std::sys_common::backtrace::_print_fmt::h9eef0abe20ede486
[INFO] [stdout]                                at /rustc/82e1608dfa6e0b5569232559e3d385fea5a93112/library/std/src/sys_common/backtrace.rs:67:5
[INFO] [stdout]    3:     0x55ffeaa7f8ac - <std::sys_common::backtrace::_print::DisplayBacktrace as core::fmt::Display>::fmt::hed7f999df88cc644
[INFO] [stdout]                                at /rustc/82e1608dfa6e0b5569232559e3d385fea5a93112/library/std/src/sys_common/backtrace.rs:44:22
[INFO] [stdout]    4:     0x55ffeaaae5d0 - core::fmt::rt::Argument::fmt::h1539a9308b8d058d
[INFO] [stdout]                                at /rustc/82e1608dfa6e0b5569232559e3d385fea5a93112/library/core/src/fmt/rt.rs:142:9
[INFO] [stdout]    5:     0x55ffeaaae5d0 - core::fmt::write::h3a39390d8560d9c9
[INFO] [stdout]                                at /rustc/82e1608dfa6e0b5569232559e3d385fea5a93112/library/core/src/fmt/mod.rs:1120:17
[INFO] [stdout]    6:     0x55ffeaa7c17f - std::io::Write::write_fmt::h040b369f3a0f9cbc
[INFO] [stdout]                                at /rustc/82e1608dfa6e0b5569232559e3d385fea5a93112/library/std/src/io/mod.rs:1762:15
[INFO] [stdout]    7:     0x55ffeaa7f694 - std::sys_common::backtrace::_print::h894006fb5c6f3d45
[INFO] [stdout]                                at /rustc/82e1608dfa6e0b5569232559e3d385fea5a93112/library/std/src/sys_common/backtrace.rs:47:5
[INFO] [stdout]    8:     0x55ffeaa7f694 - std::sys_common::backtrace::print::h23a2d212c6fff936
[INFO] [stdout]                                at /rustc/82e1608dfa6e0b5569232559e3d385fea5a93112/library/std/src/sys_common/backtrace.rs:34:9
[INFO] [stdout]    9:     0x55ffeaa81357 - std::panicking::default_hook::{{closure}}::h8a1d2ee00185001a
[INFO] [stdout]   10:     0x55ffeaa81043 - std::panicking::default_hook::h6038f2eba384e475
[INFO] [stdout]                                at /rustc/82e1608dfa6e0b5569232559e3d385fea5a93112/library/std/src/panicking.rs:289:9
[INFO] [stdout]   11:     0x55ffe9cec6d7 - <alloc::boxed::Box<F,A> as core::ops::function::Fn<Args>>::call::h0ad024c9bdc6d768
[INFO] [stdout]                                at /rustc/82e1608dfa6e0b5569232559e3d385fea5a93112/library/alloc/src/boxed.rs:2021:9
[INFO] [stdout]   12:     0x55ffe9cec6d7 - test::test_main::{{closure}}::h7500b54257359db6
[INFO] [stdout]                                at /rustc/82e1608dfa6e0b5569232559e3d385fea5a93112/library/test/src/lib.rs:138:21
[INFO] [stdout]   13:     0x55ffeaa81968 - <alloc::boxed::Box<F,A> as core::ops::function::Fn<Args>>::call::h1f8f335eaa9cfaee
[INFO] [stdout]                                at /rustc/82e1608dfa6e0b5569232559e3d385fea5a93112/library/alloc/src/boxed.rs:2021:9
[INFO] [stdout]   14:     0x55ffeaa81968 - std::panicking::rust_panic_with_hook::h2b5517d590cab22e
[INFO] [stdout]                                at /rustc/82e1608dfa6e0b5569232559e3d385fea5a93112/library/std/src/panicking.rs:783:13
[INFO] [stdout]   15:     0x55ffeaa816be - std::panicking::begin_panic_handler::{{closure}}::h233112c06e0ef43e
[INFO] [stdout]                                at /rustc/82e1608dfa6e0b5569232559e3d385fea5a93112/library/std/src/panicking.rs:657:13
[INFO] [stdout]   16:     0x55ffeaa7fd76 - std::sys_common::backtrace::__rust_end_short_backtrace::h6e893f24d7ebbff8
[INFO] [stdout]                                at /rustc/82e1608dfa6e0b5569232559e3d385fea5a93112/library/std/src/sys_common/backtrace.rs:170:18
[INFO] [stdout]   17:     0x55ffeaa81422 - rust_begin_unwind
[INFO] [stdout]                                at /rustc/82e1608dfa6e0b5569232559e3d385fea5a93112/library/std/src/panicking.rs:645:5
[INFO] [stdout]   18:     0x55ffe99bd935 - core::panicking::panic_fmt::hbf0e066aabfa482c
[INFO] [stdout]                                at /rustc/82e1608dfa6e0b5569232559e3d385fea5a93112/library/core/src/panicking.rs:72:14
[INFO] [stdout]   19:     0x55ffe99bdf63 - core::result::unwrap_failed::hddb4fea594200c52
[INFO] [stdout]                                at /rustc/82e1608dfa6e0b5569232559e3d385fea5a93112/library/core/src/result.rs:1653:5
[INFO] [stdout]   20:     0x55ffe9c09d83 - core::result::Result<T,E>::unwrap::h2b17ec4f64ec01fb
[INFO] [stdout]                                at /rustc/82e1608dfa6e0b5569232559e3d385fea5a93112/library/core/src/result.rs:1077:23
[INFO] [stdout]   21:     0x55ffe9a80646 - debian_packaging::repository::builder::test::bullseye_binary_packages_reader::{{closure}}::h1b7530ecbc9bde65
[INFO] [stdout]                                at /opt/rustwide/workdir/src/repository/builder.rs:1215:23
[INFO] [stdout]   22:     0x55ffe9afd12d - <core::pin::Pin<P> as core::future::future::Future>::poll::h55bc552d04e45922
[INFO] [stdout]                                at /rustc/82e1608dfa6e0b5569232559e3d385fea5a93112/library/core/src/future/future.rs:125:9
[INFO] [stdout]   23:     0x55ffe9afd3ba - <core::pin::Pin<P> as core::future::future::Future>::poll::hc90801144e688a5a
[INFO] [stdout]                                at /rustc/82e1608dfa6e0b5569232559e3d385fea5a93112/library/core/src/future/future.rs:125:9
[INFO] [stdout]   24:     0x55ffe9c2c453 - tokio::runtime::scheduler::current_thread::CoreGuard::block_on::{{closure}}::{{closure}}::{{closure}}::ha4ccd563158b248d
[INFO] [stdout]                                at /opt/rustwide/cargo-home/registry/src/index.crates.io-6f17d22bba15001f/tokio-1.35.1/src/runtime/scheduler/current_thread/mod.rs:665:57
[INFO] [stdout]   25:     0x55ffe9c2c36f - tokio::runtime::coop::with_budget::h101a234eb0a8603a
[INFO] [stdout]                                at /opt/rustwide/cargo-home/registry/src/index.crates.io-6f17d22bba15001f/tokio-1.35.1/src/runtime/coop.rs:107:5
[INFO] [stdout]   26:     0x55ffe9c2c36f - tokio::runtime::coop::budget::h640569013294f242
[INFO] [stdout]                                at /opt/rustwide/cargo-home/registry/src/index.crates.io-6f17d22bba15001f/tokio-1.35.1/src/runtime/coop.rs:73:5
[INFO] [stdout]   27:     0x55ffe9c2c36f - tokio::runtime::scheduler::current_thread::CoreGuard::block_on::{{closure}}::{{closure}}::h3264c14487836ed6
[INFO] [stdout]                                at /opt/rustwide/cargo-home/registry/src/index.crates.io-6f17d22bba15001f/tokio-1.35.1/src/runtime/scheduler/current_thread/mod.rs:665:25
[INFO] [stdout]   28:     0x55ffe9c2ae5d - tokio::runtime::scheduler::current_thread::Context::enter::he14aa622f4145fda
[INFO] [stdout]                                at /opt/rustwide/cargo-home/registry/src/index.crates.io-6f17d22bba15001f/tokio-1.35.1/src/runtime/scheduler/current_thread/mod.rs:410:19
[INFO] [stdout]   29:     0x55ffe9c2baae - tokio::runtime::scheduler::current_thread::CoreGuard::block_on::{{closure}}::h1fc3beca87988589
[INFO] [stdout]                                at /opt/rustwide/cargo-home/registry/src/index.crates.io-6f17d22bba15001f/tokio-1.35.1/src/runtime/scheduler/current_thread/mod.rs:664:36
[INFO] [stdout]   30:     0x55ffe9c2b782 - tokio::runtime::scheduler::current_thread::CoreGuard::enter::{{closure}}::h75aa5b24a411ddea
[INFO] [stdout]                                at /opt/rustwide/cargo-home/registry/src/index.crates.io-6f17d22bba15001f/tokio-1.35.1/src/runtime/scheduler/current_thread/mod.rs:743:68
[INFO] [stdout]   31:     0x55ffe9c2a2aa - tokio::runtime::context::scoped::Scoped<T>::set::hf4536786744b970b
[INFO] [stdout]                                at /opt/rustwide/cargo-home/registry/src/index.crates.io-6f17d22bba15001f/tokio-1.35.1/src/runtime/context/scoped.rs:40:9
[INFO] [stdout]   32:     0x55ffe9bb3a2a - tokio::runtime::context::set_scheduler::{{closure}}::h082eef6216d644b2
[INFO] [stdout]                                at /opt/rustwide/cargo-home/registry/src/index.crates.io-6f17d22bba15001f/tokio-1.35.1/src/runtime/context.rs:176:26
[INFO] [stdout]   33:     0x55ffe9a7196e - std::thread::local::LocalKey<T>::try_with::h5d6f92255fb8cb7a
[INFO] [stdout]                                at /rustc/82e1608dfa6e0b5569232559e3d385fea5a93112/library/std/src/thread/local.rs:270:16
[INFO] [stdout]   34:     0x55ffe9a7114c - std::thread::local::LocalKey<T>::with::h6e1030f61431e8bc
[INFO] [stdout]                                at /rustc/82e1608dfa6e0b5569232559e3d385fea5a93112/library/std/src/thread/local.rs:246:9
[INFO] [stdout]   35:     0x55ffe9bb39d1 - tokio::runtime::context::set_scheduler::h651ab6f917df8e2b
[INFO] [stdout]                                at /opt/rustwide/cargo-home/registry/src/index.crates.io-6f17d22bba15001f/tokio-1.35.1/src/runtime/context.rs:176:9
[INFO] [stdout]   36:     0x55ffe9c2b4ae - tokio::runtime::scheduler::current_thread::CoreGuard::enter::haa125fd0ce898011
[INFO] [stdout]                                at /opt/rustwide/cargo-home/registry/src/index.crates.io-6f17d22bba15001f/tokio-1.35.1/src/runtime/scheduler/current_thread/mod.rs:743:27
[INFO] [stdout]   37:     0x55ffe9c2b7c2 - tokio::runtime::scheduler::current_thread::CoreGuard::block_on::hbdd31d5daf685977
[INFO] [stdout]                                at /opt/rustwide/cargo-home/registry/src/index.crates.io-6f17d22bba15001f/tokio-1.35.1/src/runtime/scheduler/current_thread/mod.rs:652:19
[INFO] [stdout]   38:     0x55ffe9c2a4df - tokio::runtime::scheduler::current_thread::CurrentThread::block_on::{{closure}}::h577998748ac4a76e
[INFO] [stdout]                                at /opt/rustwide/cargo-home/registry/src/index.crates.io-6f17d22bba15001f/tokio-1.35.1/src/runtime/scheduler/current_thread/mod.rs:175:28
[INFO] [stdout]   39:     0x55ffe9b572d1 - tokio::runtime::context::runtime::enter_runtime::h43bec8e586acb3f2
[INFO] [stdout]                                at /opt/rustwide/cargo-home/registry/src/index.crates.io-6f17d22bba15001f/tokio-1.35.1/src/runtime/context/runtime.rs:65:16
[INFO] [stdout]   40:     0x55ffe9c2a3d8 - tokio::runtime::scheduler::current_thread::CurrentThread::block_on::h3e38dc975ad8646e
[INFO] [stdout]                                at /opt/rustwide/cargo-home/registry/src/index.crates.io-6f17d22bba15001f/tokio-1.35.1/src/runtime/scheduler/current_thread/mod.rs:167:9
[INFO] [stdout]   41:     0x55ffe9a4b8ca - tokio::runtime::runtime::Runtime::block_on::h729cf674ef0cdc9a
[INFO] [stdout]                                at /opt/rustwide/cargo-home/registry/src/index.crates.io-6f17d22bba15001f/tokio-1.35.1/src/runtime/runtime.rs:348:47
[INFO] [stdout]   42:     0x55ffe9a801f6 - debian_packaging::repository::builder::test::bullseye_binary_packages_reader::hc63f296c0162f7e4
[INFO] [stdout]                                at /opt/rustwide/workdir/src/repository/builder.rs:1318:9
[INFO] [stdout]   43:     0x55ffe9a8005d - debian_packaging::repository::builder::test::bullseye_binary_packages_reader::{{closure}}::hd00b4e2fe80803cc
[INFO] [stdout]                                at /opt/rustwide/workdir/src/repository/builder.rs:1213:51
[INFO] [stdout]   44:     0x55ffe9b9b016 - core::ops::function::FnOnce::call_once::h7a2c2c4e5283ddb0
[INFO] [stdout]                                at /rustc/82e1608dfa6e0b5569232559e3d385fea5a93112/library/core/src/ops/function.rs:250:5
[INFO] [stdout]   45:     0x55ffe9cf1d2f - core::ops::function::FnOnce::call_once::h2b5d431d5046312d
[INFO] [stdout]                                at /rustc/82e1608dfa6e0b5569232559e3d385fea5a93112/library/core/src/ops/function.rs:250:5
[INFO] [stdout]   46:     0x55ffe9cf1d2f - test::__rust_begin_short_backtrace::h7714669af176e207
[INFO] [stdout]                                at /rustc/82e1608dfa6e0b5569232559e3d385fea5a93112/library/test/src/lib.rs:628:18
[INFO] [stdout]   47:     0x55ffe9cf0d45 - test::run_test_in_process::{{closure}}::h85218797dcbcec12
[INFO] [stdout]                                at /rustc/82e1608dfa6e0b5569232559e3d385fea5a93112/library/test/src/lib.rs:651:60
[INFO] [stdout]   48:     0x55ffe9cf0d45 - <core::panic::unwind_safe::AssertUnwindSafe<F> as core::ops::function::FnOnce<()>>::call_once::h76c106ea31c14d7b
[INFO] [stdout]                                at /rustc/82e1608dfa6e0b5569232559e3d385fea5a93112/library/core/src/panic/unwind_safe.rs:272:9
[INFO] [stdout]   49:     0x55ffe9cf0d45 - std::panicking::try::do_call::h3bd5d0f6620ee946
[INFO] [stdout]                                at /rustc/82e1608dfa6e0b5569232559e3d385fea5a93112/library/std/src/panicking.rs:552:40
[INFO] [stdout]   50:     0x55ffe9cf0d45 - std::panicking::try::h232e535e4744fe31
[INFO] [stdout]                                at /rustc/82e1608dfa6e0b5569232559e3d385fea5a93112/library/std/src/panicking.rs:516:19
[INFO] [stdout]   51:     0x55ffe9cf0d45 - std::panic::catch_unwind::h3ce3bd6ca8dbac68
[INFO] [stdout]                                at /rustc/82e1608dfa6e0b5569232559e3d385fea5a93112/library/std/src/panic.rs:142:14
[INFO] [stdout]   52:     0x55ffe9cf0d45 - test::run_test_in_process::hc97b257c9621286a
[INFO] [stdout]                                at /rustc/82e1608dfa6e0b5569232559e3d385fea5a93112/library/test/src/lib.rs:651:27
[INFO] [stdout]   53:     0x55ffe9cf0d45 - test::run_test::{{closure}}::h2aa798823a438d38
[INFO] [stdout]                                at /rustc/82e1608dfa6e0b5569232559e3d385fea5a93112/library/test/src/lib.rs:574:43
[INFO] [stdout]   54:     0x55ffe9cb9006 - test::run_test::{{closure}}::h87d231c78fb59832
[INFO] [stdout]                                at /rustc/82e1608dfa6e0b5569232559e3d385fea5a93112/library/test/src/lib.rs:602:41
[INFO] [stdout]   55:     0x55ffe9cb9006 - std::sys_common::backtrace::__rust_begin_short_backtrace::he6df152596625789
[INFO] [stdout]                                at /rustc/82e1608dfa6e0b5569232559e3d385fea5a93112/library/std/src/sys_common/backtrace.rs:154:18
[INFO] [stdout]   56:     0x55ffe9cbe0b7 - std::thread::Builder::spawn_unchecked_::{{closure}}::{{closure}}::ha94be15d1e0acf36
[INFO] [stdout]                                at /rustc/82e1608dfa6e0b5569232559e3d385fea5a93112/library/std/src/thread/mod.rs:529:17
[INFO] [stdout]   57:     0x55ffe9cbe0b7 - <core::panic::unwind_safe::AssertUnwindSafe<F> as core::ops::function::FnOnce<()>>::call_once::h9dc6bd6372f16606
[INFO] [stdout]                                at /rustc/82e1608dfa6e0b5569232559e3d385fea5a93112/library/core/src/panic/unwind_safe.rs:272:9
[INFO] [stdout]   58:     0x55ffe9cbe0b7 - std::panicking::try::do_call::h9057517f80303cd4
[INFO] [stdout]                                at /rustc/82e1608dfa6e0b5569232559e3d385fea5a93112/library/std/src/panicking.rs:552:40
[INFO] [stdout]   59:     0x55ffe9cbe0b7 - std::panicking::try::he3a30b11ee45340c
[INFO] [stdout]                                at /rustc/82e1608dfa6e0b5569232559e3d385fea5a93112/library/std/src/panicking.rs:516:19
[INFO] [stdout]   60:     0x55ffe9cbe0b7 - std::panic::catch_unwind::h410458cfd3528b8b
[INFO] [stdout]                                at /rustc/82e1608dfa6e0b5569232559e3d385fea5a93112/library/std/src/panic.rs:142:14
[INFO] [stdout]   61:     0x55ffe9cbe0b7 - std::thread::Builder::spawn_unchecked_::{{closure}}::h72ac3bdb567b737b
[INFO] [stdout]                                at /rustc/82e1608dfa6e0b5569232559e3d385fea5a93112/library/std/src/thread/mod.rs:528:30
[INFO] [stdout]   62:     0x55ffe9cbe0b7 - core::ops::function::FnOnce::call_once{{vtable.shim}}::h38f34da3654a8344
[INFO] [stdout]                                at /rustc/82e1608dfa6e0b5569232559e3d385fea5a93112/library/core/src/ops/function.rs:250:5
[INFO] [stdout]   63:     0x55ffeaa870b5 - <alloc::boxed::Box<F,A> as core::ops::function::FnOnce<Args>>::call_once::hc7eafaff61e32df9
[INFO] [stdout]                                at /rustc/82e1608dfa6e0b5569232559e3d385fea5a93112/library/alloc/src/boxed.rs:2007:9
[INFO] [stdout]   64:     0x55ffeaa870b5 - <alloc::boxed::Box<F,A> as core::ops::function::FnOnce<Args>>::call_once::h6ba4a5de48dd2304
[INFO] [stdout]                                at /rustc/82e1608dfa6e0b5569232559e3d385fea5a93112/library/alloc/src/boxed.rs:2007:9
[INFO] [stdout]   65:     0x55ffeaa870b5 - std::sys::unix::thread::Thread::new::thread_start::he469335aef763e45
[INFO] [stdout]                                at /rustc/82e1608dfa6e0b5569232559e3d385fea5a93112/library/std/src/sys/unix/thread.rs:108:17
[INFO] [stdout]   66:     0x7f841a7b8ac3 - <unknown>
[INFO] [stdout]   67:     0x7f841a849bf4 - __clone
[INFO] [stdout]   68:                0x0 - <unknown>
[INFO] [stdout] 
[INFO] [stdout] 
[INFO] [stdout] failures:
[INFO] [stdout]     repository::builder::test::bullseye_binary_packages_reader
[INFO] [stdout]     repository::copier::test::bullseye_copy
[INFO] [stdout]     repository::http::test::bullseye_contents
[INFO] [stdout]     repository::http::test::bullseye_release
[INFO] [stdout]     repository::http::test::bullseye_sources
[INFO] [stdout] 
[INFO] [stdout] test result: FAILED. 26 passed; 5 failed; 0 ignored; 0 measured; 0 filtered out; finished in 8.74s
[INFO] [stdout] 
[INFO] [stderr] error: test failed, to rerun pass `--lib`
[INFO] running `Command { std: "docker" "inspect" "f20adb746b50117cacac2455ac53fb31142e37f439c7e5512ae6444abc84d687", kill_on_drop: false }`
[INFO] running `Command { std: "docker" "rm" "-f" "f20adb746b50117cacac2455ac53fb31142e37f439c7e5512ae6444abc84d687", kill_on_drop: false }`
[INFO] [stdout] f20adb746b50117cacac2455ac53fb31142e37f439c7e5512ae6444abc84d687
[INFO] testing debian-packaging-0.17.0 against beta-2023-12-22 for beta-1.76-1
[INFO] extracting crate debian-packaging 0.17.0 into /workspace/builds/worker-1-tc2/source
[INFO] validating manifest of crates.io crate debian-packaging 0.17.0 on toolchain beta-2023-12-22
[INFO] running `Command { std: CARGO_HOME="/workspace/cargo-home" RUSTUP_HOME="/workspace/rustup-home" "/workspace/cargo-home/bin/cargo" "+beta-2023-12-22" "metadata" "--manifest-path" "Cargo.toml" "--no-deps", kill_on_drop: false }`
[INFO] started tweaking crates.io crate debian-packaging 0.17.0
[INFO] finished tweaking crates.io crate debian-packaging 0.17.0
[INFO] tweaked toml for crates.io crate debian-packaging 0.17.0 written to /workspace/builds/worker-1-tc2/source/Cargo.toml
[INFO] running `Command { std: CARGO_HOME="/workspace/cargo-home" RUSTUP_HOME="/workspace/rustup-home" "/workspace/cargo-home/bin/cargo" "+beta-2023-12-22" "generate-lockfile" "--manifest-path" "Cargo.toml", kill_on_drop: false }`
[INFO] [stderr]     Updating crates.io index
[INFO] running `Command { std: CARGO_HOME="/workspace/cargo-home" RUSTUP_HOME="/workspace/rustup-home" "/workspace/cargo-home/bin/cargo" "+beta-2023-12-22" "fetch" "--manifest-path" "Cargo.toml", kill_on_drop: false }`
[INFO] running `Command { std: "docker" "create" "-v" "/var/lib/crater-agent-workspace/builds/worker-1-tc2/target:/opt/rustwide/target:rw,Z" "-v" "/var/lib/crater-agent-workspace/builds/worker-1-tc2/source:/opt/rustwide/workdir:ro,Z" "-v" "/var/lib/crater-agent-workspace/cargo-home:/opt/rustwide/cargo-home:ro,Z" "-v" "/var/lib/crater-agent-workspace/rustup-home:/opt/rustwide/rustup-home:ro,Z" "-e" "SOURCE_DIR=/opt/rustwide/workdir" "-e" "CARGO_TARGET_DIR=/opt/rustwide/target" "-e" "CARGO_HOME=/opt/rustwide/cargo-home" "-e" "RUSTUP_HOME=/opt/rustwide/rustup-home" "-w" "/opt/rustwide/workdir" "-m" "1610612736" "--user" "0:0" "--network" "none" "ghcr.io/rust-lang/crates-build-env/linux@sha256:2788e3201cd34a07e3172128adcd8b3090168a8e3bcc40d7c032b9dda1df7d1c" "/opt/rustwide/cargo-home/bin/cargo" "+beta-2023-12-22" "metadata" "--no-deps" "--format-version=1", kill_on_drop: false }`
[INFO] [stdout] a9a25dcb8d338c8129e7bc46c8e28cc9f01ae940348cbfd2db95461223f7dc71
[INFO] running `Command { std: "docker" "start" "-a" "a9a25dcb8d338c8129e7bc46c8e28cc9f01ae940348cbfd2db95461223f7dc71", kill_on_drop: false }`
[INFO] running `Command { std: "docker" "inspect" "a9a25dcb8d338c8129e7bc46c8e28cc9f01ae940348cbfd2db95461223f7dc71", kill_on_drop: false }`
[INFO] running `Command { std: "docker" "rm" "-f" "a9a25dcb8d338c8129e7bc46c8e28cc9f01ae940348cbfd2db95461223f7dc71", kill_on_drop: false }`
[INFO] [stdout] a9a25dcb8d338c8129e7bc46c8e28cc9f01ae940348cbfd2db95461223f7dc71
[INFO] running `Command { std: "docker" "create" "-v" "/var/lib/crater-agent-workspace/builds/worker-1-tc2/target:/opt/rustwide/target:rw,Z" "-v" "/var/lib/crater-agent-workspace/builds/worker-1-tc2/source:/opt/rustwide/workdir:ro,Z" "-v" "/var/lib/crater-agent-workspace/cargo-home:/opt/rustwide/cargo-home:ro,Z" "-v" "/var/lib/crater-agent-workspace/rustup-home:/opt/rustwide/rustup-home:ro,Z" "-e" "SOURCE_DIR=/opt/rustwide/workdir" "-e" "CARGO_TARGET_DIR=/opt/rustwide/target" "-e" "CARGO_INCREMENTAL=0" "-e" "RUST_BACKTRACE=full" "-e" "RUSTFLAGS=--cap-lints=warn" "-e" "RUSTDOCFLAGS=--cap-lints=warn" "-e" "CARGO_HOME=/opt/rustwide/cargo-home" "-e" "RUSTUP_HOME=/opt/rustwide/rustup-home" "-w" "/opt/rustwide/workdir" "-m" "1610612736" "--user" "0:0" "--network" "none" "ghcr.io/rust-lang/crates-build-env/linux@sha256:2788e3201cd34a07e3172128adcd8b3090168a8e3bcc40d7c032b9dda1df7d1c" "/opt/rustwide/cargo-home/bin/cargo" "+beta-2023-12-22" "build" "--frozen" "--message-format=json", kill_on_drop: false }`
[INFO] [stdout] 1e9bb47f8207e9debe992f9aad6e18067531cf78935a88cf65a186f6d27f81ed
[INFO] running `Command { std: "docker" "start" "-a" "1e9bb47f8207e9debe992f9aad6e18067531cf78935a88cf65a186f6d27f81ed", kill_on_drop: false }`
[INFO] [stderr]    Compiling generic-array v0.14.7
[INFO] [stderr]    Compiling subtle v2.4.1
[INFO] [stderr]    Compiling const-oid v0.9.6
[INFO] [stderr]    Compiling futures-io v0.3.30
[INFO] [stderr]    Compiling syn v2.0.48
[INFO] [stderr]    Compiling jobserver v0.1.27
[INFO] [stderr]    Compiling getrandom v0.2.11
[INFO] [stderr]    Compiling value-bag v1.4.3
[INFO] [stderr]    Compiling parking v2.2.0
[INFO] [stderr]    Compiling rand_core v0.6.4
[INFO] [stderr]    Compiling concurrent-queue v2.4.0
[INFO] [stderr]    Compiling cpufeatures v0.2.12
[INFO] [stderr]    Compiling libm v0.2.8
[INFO] [stderr]    Compiling cc v1.0.83
[INFO] [stderr]    Compiling log v0.4.20
[INFO] [stderr]    Compiling base64ct v1.6.0
[INFO] [stderr]    Compiling num-traits v0.2.17
[INFO] [stderr]    Compiling spin v0.9.8
[INFO] [stderr]    Compiling untrusted v0.9.0
[INFO] [stderr]    Compiling futures-channel v0.3.30
[INFO] [stderr]    Compiling event-listener v4.0.2
[INFO] [stderr]    Compiling pem-rfc7468 v0.7.0
[INFO] [stderr]    Compiling rustix v0.38.28
[INFO] [stderr]    Compiling linux-raw-sys v0.4.12
[INFO] [stderr]    Compiling event-listener-strategy v0.4.0
[INFO] [stderr]    Compiling syn v1.0.109
[INFO] [stderr]    Compiling futures-lite v2.1.0
[INFO] [stderr]    Compiling async-lock v3.2.0
[INFO] [stderr]    Compiling ff v0.13.0
[INFO] [stderr]    Compiling ident_case v1.0.1
[INFO] [stderr]    Compiling base16ct v0.2.0
[INFO] [stderr]    Compiling strsim v0.10.0
[INFO] [stderr]    Compiling group v0.13.0
[INFO] [stderr]    Compiling ring v0.17.7
[INFO] [stderr]    Compiling ring v0.16.20
[INFO] [stderr]    Compiling platforms v3.3.0
[INFO] [stderr]    Compiling iana-time-zone v0.1.59
[INFO] [stderr]    Compiling io-lifetimes v1.0.11
[INFO] [stderr]    Compiling curve25519-dalek v4.1.1
[INFO] [stderr]    Compiling zstd-sys v2.0.9+zstd.1.5.5
[INFO] [stderr]    Compiling lazy_static v1.4.0
[INFO] [stderr]    Compiling polling v2.8.0
[INFO] [stderr]    Compiling num-iter v0.1.43
[INFO] [stderr]    Compiling event-listener v2.5.3
[INFO] [stderr]    Compiling rustls v0.20.9
[INFO] [stderr]    Compiling byteorder v1.5.0
[INFO] [stderr]    Compiling async-trait v0.1.77
[INFO] [stderr]    Compiling rustix v0.37.27
[INFO] [stderr]    Compiling rand_chacha v0.3.1
[INFO] [stderr]    Compiling num-integer v0.1.45
[INFO] [stderr]    Compiling rustls-pemfile v1.0.4
[INFO] [stderr]    Compiling dirs-sys-next v0.1.2
[INFO] [stderr]    Compiling async-io v1.13.0
[INFO] [stderr]    Compiling ahash v0.8.7
[INFO] [stderr]    Compiling rustls v0.21.10
[INFO] [stderr]    Compiling num-bigint-dig v0.8.4
[INFO] [stderr]    Compiling atomic-waker v1.1.2
[INFO] [stderr]    Compiling waker-fn v1.1.1
[INFO] [stderr]    Compiling fastrand v1.9.0
[INFO] [stderr]    Compiling async-task v4.7.0
[INFO] [stderr]    Compiling linux-raw-sys v0.3.8
[INFO] [stderr]    Compiling miniz_oxide v0.7.1
[INFO] [stderr]    Compiling futures-lite v1.13.0
[INFO] [stderr]    Compiling piper v0.2.1
[INFO] [stderr]    Compiling darling_core v0.14.4
[INFO] [stderr]    Compiling dirs-next v2.0.0
[INFO] [stderr]    Compiling polling v3.3.1
[INFO] [stderr]    Compiling async-io v2.2.2
[INFO] [stderr]    Compiling rand v0.8.5
[INFO] [stderr]    Compiling async-lock v2.8.0
[INFO] [stderr]    Compiling zeroize_derive v1.4.2
[INFO] [stderr]    Compiling serde_derive v1.0.194
[INFO] [stderr]    Compiling tokio-macros v2.2.0
[INFO] [stderr]    Compiling futures-macro v0.3.30
[INFO] [stderr]    Compiling curve25519-dalek-derive v0.1.1
[INFO] [stderr]    Compiling lzma-sys v0.1.20
[INFO] [stderr]    Compiling darling_macro v0.14.4
[INFO] [stderr]    Compiling zeroize v1.7.0
[INFO] [stderr]    Compiling bzip2-sys v0.1.11+1.0.8
[INFO] [stderr]    Compiling tokio v1.35.1
[INFO] [stderr]    Compiling der v0.7.8
[INFO] [stderr]    Compiling async-channel v2.1.1
[INFO] [stderr]    Compiling socket2 v0.4.10
[INFO] [stderr]    Compiling darling v0.14.4
[INFO] [stderr]    Compiling futures-util v0.3.30
[INFO] [stderr]    Compiling crypto-common v0.1.6
[INFO] [stderr]    Compiling block-buffer v0.10.4
[INFO] [stderr]    Compiling digest v0.10.7
[INFO] [stderr]    Compiling inout v0.1.3
[INFO] [stderr]    Compiling crypto-bigint v0.5.5
[INFO] [stderr]    Compiling cipher v0.4.4
[INFO] [stderr]    Compiling hmac v0.12.1
[INFO] [stderr]    Compiling signature v2.2.0
[INFO] [stderr]    Compiling hkdf v0.12.4
[INFO] [stderr]    Compiling digest v0.9.0
[INFO] [stderr]    Compiling rfc6979 v0.4.0
[INFO] [stderr]    Compiling sha2 v0.10.8
[INFO] [stderr]    Compiling block-buffer v0.9.0
[INFO] [stderr]    Compiling crypto-mac v0.11.1
[INFO] [stderr]    Compiling derive_builder_core v0.12.0
[INFO] [stderr]    Compiling spki v0.7.3
[INFO] [stderr]    Compiling pkcs8 v0.10.2
[INFO] [stderr]    Compiling sec1 v0.7.3
[INFO] [stderr]    Compiling rustversion v1.0.14
[INFO] [stderr]    Compiling smallvec v1.11.2
[INFO] [stderr]    Compiling zerocopy v0.7.32
[INFO] [stderr]    Compiling zstd-safe v7.0.0
[INFO] [stderr]    Compiling elliptic-curve v0.13.8
[INFO] [stderr]    Compiling shlex v1.2.0
[INFO] [stderr]    Compiling crc24 v0.1.6
[INFO] [stderr]    Compiling primeorder v0.13.6
[INFO] [stderr]    Compiling ecdsa v0.16.9
[INFO] [stderr]    Compiling serde v1.0.194
[INFO] [stderr]    Compiling rustls-native-certs v0.6.3
[INFO] [stderr]    Compiling derive_builder_macro v0.12.0
[INFO] [stderr]    Compiling pkcs1 v0.7.5
[INFO] [stderr]    Compiling hmac v0.11.0
[INFO] [stderr]    Compiling md-5 v0.9.1
[INFO] [stderr]    Compiling sha2 v0.9.9
[INFO] [stderr]    Compiling ed25519 v2.2.3
[INFO] [stderr]    Compiling blocking v1.5.1
[INFO] [stderr]    Compiling thiserror-impl v1.0.56
[INFO] [stderr]    Compiling futures-executor v0.3.30
[INFO] [stderr]    Compiling async-signal v0.2.5
[INFO] [stderr]    Compiling tokio-util v0.7.10
[INFO] [stderr]    Compiling futures v0.3.30
[INFO] [stderr]    Compiling flate2 v1.0.28
[INFO] [stderr]    Compiling async-executor v1.8.0
[INFO] [stderr]    Compiling rusoto_core v0.48.0
[INFO] [stderr]    Compiling event-listener v3.1.0
[INFO] [stderr]    Compiling safemem v0.3.3
[INFO] [stderr]    Compiling keccak v0.1.4
[INFO] [stderr]    Compiling h2 v0.3.22
[INFO] [stderr]    Compiling nom v7.1.3
[INFO] [stderr]    Compiling buffer-redux v1.0.0
[INFO] [stderr]    Compiling sha3 v0.10.8
[INFO] [stderr]    Compiling async-process v1.8.1
[INFO] [stderr]    Compiling async-global-executor v2.4.1
[INFO] [stderr]    Compiling derive_builder v0.12.0
[INFO] [stderr]    Compiling ed25519-dalek v2.1.0
[INFO] [stderr]    Compiling p256 v0.13.2
[INFO] [stderr]    Compiling thiserror v1.0.56
[INFO] [stderr]    Compiling p384 v0.13.0
[INFO] [stderr]    Compiling hashbrown v0.13.2
[INFO] [stderr]    Compiling chrono v0.4.31
[INFO] [stderr]    Compiling serde_json v1.0.111
[INFO] [stderr]    Compiling x25519-dalek v2.0.0
[INFO] [stderr]    Compiling cfb-mode v0.8.2
[INFO] [stderr]    Compiling camellia v0.1.0
[INFO] [stderr]    Compiling idea v0.5.1
[INFO] [stderr]    Compiling cast5 v0.11.1
[INFO] [stderr]    Compiling aes v0.8.3
[INFO] [stderr]    Compiling blowfish v0.9.1
[INFO] [stderr]    Compiling des v0.8.1
[INFO] [stderr]    Compiling hyper v0.14.28
[INFO] [stderr]    Compiling rsa v0.9.6
[INFO] [stderr]    Compiling twofish v0.7.1
[INFO] [stderr]    Compiling ripemd v0.1.3
[INFO] [stderr]    Compiling md-5 v0.10.6
[INFO] [stderr]    Compiling sha1 v0.10.6
[INFO] [stderr]    Compiling block-padding v0.3.3
[INFO] [stderr]    Compiling pin-project-internal v1.1.3
[INFO] [stderr]    Compiling num-derive v0.4.1
[INFO] [stderr]    Compiling async-channel v1.9.0
[INFO] [stderr]    Compiling kv-log-macro v1.0.7
[INFO] [stderr]    Compiling filetime v0.2.23
[INFO] [stderr]    Compiling bstr v1.9.0
[INFO] [stderr]    Compiling core2 v0.4.0
[INFO] [stderr]    Compiling bitfield v0.14.0
[INFO] [stderr]    Compiling xml-rs v0.8.19
[INFO] [stderr]    Compiling rle-decode-fast v1.0.3
[INFO] [stderr]    Compiling libflate_lz77 v2.0.0
[INFO] [stderr]    Compiling strum_macros v0.25.3
[INFO] [stderr]    Compiling async-std v1.12.0
[INFO] [stderr]    Compiling serde_urlencoded v0.7.1
[INFO] [stderr]    Compiling charset v0.1.3
[INFO] [stderr]    Compiling sha-1 v0.10.1
[INFO] [stderr]    Compiling xattr v1.2.0
[INFO] [stderr]    Compiling rusoto_credential v0.48.0
[INFO] [stderr]    Compiling xattr v0.2.3
[INFO] [stderr]    Compiling pgp v0.10.2
[INFO] [stderr]    Compiling quoted_printable v0.4.8
[INFO] [stderr]    Compiling pin-project v1.1.3
[INFO] [stderr]    Compiling dary_heap v0.3.6
[INFO] [stderr]    Compiling data-encoding v2.5.0
[INFO] [stderr]    Compiling webpki-roots v0.25.3
[INFO] [stderr]    Compiling adler32 v1.2.0
[INFO] [stderr]    Compiling tar v0.4.40
[INFO] [stderr]    Compiling libflate v2.0.0
[INFO] [stderr]    Compiling strum v0.25.0
[INFO] [stderr]    Compiling rusoto_signature v0.48.0
[INFO] [stderr]    Compiling async-tar v0.4.2
[INFO] [stderr]    Compiling mailparse v0.14.0
[INFO] [stderr]    Compiling os_str_bytes v6.6.1
[INFO] [stderr]    Compiling ar v0.9.0
[INFO] [stderr]    Compiling simple-file-manifest v0.11.0
[INFO] [stderr]    Compiling pgp-cleartext v0.10.0
[INFO] [stderr]    Compiling bzip2 v0.4.4
[INFO] [stderr]    Compiling sct v0.7.1
[INFO] [stderr]    Compiling webpki v0.22.4
[INFO] [stderr]    Compiling rustls-webpki v0.101.7
[INFO] [stderr]    Compiling xz2 v0.1.7
[INFO] [stderr]    Compiling zstd v0.13.0
[INFO] [stderr]    Compiling async-compression v0.4.5
[INFO] [stderr]    Compiling tokio-rustls v0.23.4
[INFO] [stderr]    Compiling hyper-rustls v0.23.2
[INFO] [stderr]    Compiling tokio-rustls v0.24.1
[INFO] [stderr]    Compiling hyper-rustls v0.24.2
[INFO] [stderr]    Compiling reqwest v0.11.23
[INFO] [stderr]    Compiling rusoto_s3 v0.48.0
[INFO] [stderr]    Compiling debian-packaging v0.17.0 (/opt/rustwide/workdir)
[INFO] [stderr]     Finished dev [unoptimized + debuginfo] target(s) in 2m 06s
[INFO] running `Command { std: "docker" "inspect" "1e9bb47f8207e9debe992f9aad6e18067531cf78935a88cf65a186f6d27f81ed", kill_on_drop: false }`
[INFO] running `Command { std: "docker" "rm" "-f" "1e9bb47f8207e9debe992f9aad6e18067531cf78935a88cf65a186f6d27f81ed", kill_on_drop: false }`
[INFO] [stdout] 1e9bb47f8207e9debe992f9aad6e18067531cf78935a88cf65a186f6d27f81ed
[INFO] running `Command { std: "docker" "create" "-v" "/var/lib/crater-agent-workspace/builds/worker-1-tc2/target:/opt/rustwide/target:rw,Z" "-v" "/var/lib/crater-agent-workspace/builds/worker-1-tc2/source:/opt/rustwide/workdir:ro,Z" "-v" "/var/lib/crater-agent-workspace/cargo-home:/opt/rustwide/cargo-home:ro,Z" "-v" "/var/lib/crater-agent-workspace/rustup-home:/opt/rustwide/rustup-home:ro,Z" "-e" "SOURCE_DIR=/opt/rustwide/workdir" "-e" "CARGO_TARGET_DIR=/opt/rustwide/target" "-e" "CARGO_INCREMENTAL=0" "-e" "RUST_BACKTRACE=full" "-e" "RUSTFLAGS=--cap-lints=warn" "-e" "RUSTDOCFLAGS=--cap-lints=warn" "-e" "CARGO_HOME=/opt/rustwide/cargo-home" "-e" "RUSTUP_HOME=/opt/rustwide/rustup-home" "-w" "/opt/rustwide/workdir" "-m" "1610612736" "--user" "0:0" "--network" "none" "ghcr.io/rust-lang/crates-build-env/linux@sha256:2788e3201cd34a07e3172128adcd8b3090168a8e3bcc40d7c032b9dda1df7d1c" "/opt/rustwide/cargo-home/bin/cargo" "+beta-2023-12-22" "test" "--frozen" "--no-run" "--message-format=json", kill_on_drop: false }`
[INFO] [stdout] adf8c223f4f1418bb43c98b910c26ead76af3cb5068992f4a2527d6b161f8bf9
[INFO] running `Command { std: "docker" "start" "-a" "adf8c223f4f1418bb43c98b910c26ead76af3cb5068992f4a2527d6b161f8bf9", kill_on_drop: false }`
[INFO] [stderr]    Compiling rustix v0.38.28
[INFO] [stderr]    Compiling indoc v2.0.4
[INFO] [stderr]    Compiling polling v3.3.1
[INFO] [stderr]    Compiling xattr v1.2.0
[INFO] [stderr]    Compiling tempfile v3.9.0
[INFO] [stderr]    Compiling tar v0.4.40
[INFO] [stderr]    Compiling async-io v2.2.2
[INFO] [stderr]    Compiling async-signal v0.2.5
[INFO] [stderr]    Compiling async-global-executor v2.4.1
[INFO] [stderr]    Compiling async-process v1.8.1
[INFO] [stderr]    Compiling async-std v1.12.0
[INFO] [stderr]    Compiling async-tar v0.4.2
[INFO] [stderr]    Compiling debian-packaging v0.17.0 (/opt/rustwide/workdir)
[INFO] [stderr]     Finished test [unoptimized + debuginfo] target(s) in 38.77s
[INFO] running `Command { std: "docker" "inspect" "adf8c223f4f1418bb43c98b910c26ead76af3cb5068992f4a2527d6b161f8bf9", kill_on_drop: false }`
[INFO] running `Command { std: "docker" "rm" "-f" "adf8c223f4f1418bb43c98b910c26ead76af3cb5068992f4a2527d6b161f8bf9", kill_on_drop: false }`
[INFO] [stdout] adf8c223f4f1418bb43c98b910c26ead76af3cb5068992f4a2527d6b161f8bf9
[INFO] running `Command { std: "docker" "create" "-v" "/var/lib/crater-agent-workspace/builds/worker-1-tc2/target:/opt/rustwide/target:rw,Z" "-v" "/var/lib/crater-agent-workspace/builds/worker-1-tc2/source:/opt/rustwide/workdir:ro,Z" "-v" "/var/lib/crater-agent-workspace/cargo-home:/opt/rustwide/cargo-home:ro,Z" "-v" "/var/lib/crater-agent-workspace/rustup-home:/opt/rustwide/rustup-home:ro,Z" "-e" "SOURCE_DIR=/opt/rustwide/workdir" "-e" "CARGO_TARGET_DIR=/opt/rustwide/target" "-e" "CARGO_INCREMENTAL=0" "-e" "RUST_BACKTRACE=full" "-e" "RUSTFLAGS=--cap-lints=warn" "-e" "RUSTDOCFLAGS=--cap-lints=warn" "-e" "CARGO_HOME=/opt/rustwide/cargo-home" "-e" "RUSTUP_HOME=/opt/rustwide/rustup-home" "-w" "/opt/rustwide/workdir" "-m" "1610612736" "--user" "0:0" "--network" "none" "ghcr.io/rust-lang/crates-build-env/linux@sha256:2788e3201cd34a07e3172128adcd8b3090168a8e3bcc40d7c032b9dda1df7d1c" "/opt/rustwide/cargo-home/bin/cargo" "+beta-2023-12-22" "test" "--frozen", kill_on_drop: false }`
[INFO] [stdout] be3c14b273e85fb7269f523b6e1ba1bcd696bd99c5ea6e759f7b755b57ca94da
[INFO] running `Command { std: "docker" "start" "-a" "be3c14b273e85fb7269f523b6e1ba1bcd696bd99c5ea6e759f7b755b57ca94da", kill_on_drop: false }`
[INFO] [stderr]     Finished test [unoptimized + debuginfo] target(s) in 0.44s
[INFO] [stderr]      Running unittests src/lib.rs (/opt/rustwide/target/debug/deps/debian_packaging-6040702b6118d55f)
[INFO] [stdout] 
[INFO] [stdout] running 31 tests
[INFO] [stdout] test binary_package_list::test::find_package ... ok
[INFO] [stdout] test changelog::tests::test_write ... ok
[INFO] [stdout] test control::tests::control_paragraph_field_semantics ... ok
[INFO] [stdout] test deb::builder::tests::test_write_data_tar_one_file ... ok
[INFO] [stdout] test deb::builder::tests::test_write_data_tar_long_path ... ok
[INFO] [stdout] test deb::builder::tests::test_write_control_tar_simple ... ok
[INFO] [stdout] test control::tests::parse_paragraph_release ... ok
[INFO] [stdout] test control::tests::test_parse_system_lists ... ok
[INFO] [stdout] test deb::builder::tests::test_write_deb ... ok
[INFO] [stdout] test package_version::test::format ... ok
[INFO] [stdout] test package_version::test::test_compare_component ... ok
[INFO] [stdout] test package_version::test::test_lexical_compare ... ok
[INFO] [stdout] test package_version::test::compare_version ... ok
[INFO] [stdout] test package_version::test::parse ... ok
[INFO] [stdout] test dependency::test::satisfies_version_constraints ... ok
[INFO] [stdout] test dependency::test::parse_depends ... ok
[INFO] [stdout] test debian_source_control::test::parse_cleartext_armored ... ok
[INFO] [stdout] test repository::builder::test::pool_layout_paths ... ok
[INFO] [stdout] test repository::copier::test::bullseye_copy ... FAILED
[INFO] [stdout] test repository::http::test::bullseye_sources ... FAILED
[INFO] [stdout] test repository::http::test::bullseye_release ... FAILED
[INFO] [stdout] test repository::release::test::focal_release ... ok
[INFO] [stdout] test dependency::test::satisfies_architecture_constraints ... ok
[INFO] [stdout] test repository::http::test::bullseye_contents ... FAILED
[INFO] [stdout] test repository::release::test::bad_signature_rejection ... ok
[INFO] [stdout] test signing_key::test::all_distro_signing_keys ... ok
[INFO] [stdout] test repository::release::test::parse_bullseye_inrelease ... ok
[INFO] [stdout] test repository::release::test::parse_bullseye_release ... ok
[INFO] [stdout] test repository::builder::test::bullseye_binary_packages_reader ... FAILED
[INFO] [stdout] test repository::builder::tests::publish_empty ... ok
[INFO] [stdout] test signing_key::test::key_creation ... ok
[INFO] [stdout] 
[INFO] [stdout] failures:
[INFO] [stdout] 
[INFO] [stdout] ---- repository::copier::test::bullseye_copy stdout ----
[INFO] [stdout] Error: RepositoryIoPath("dists/bullseye/InRelease", Custom { kind: Other, error: "error sending HTTP request: reqwest::Error { kind: Request, url: Url { scheme: \"http\", cannot_be_a_base: false, username: \"\", password: None, host: Some(Domain(\"snapshot.debian.org\")), port: None, path: \"/archive/debian/20211120T085721Z/dists/bullseye/InRelease\", query: None, fragment: None }, source: hyper::Error(Connect, ConnectError(\"dns error\", Custom { kind: Uncategorized, error: \"failed to lookup address information: Temporary failure in name resolution\" })) }" })
[INFO] [stdout] 
[INFO] [stdout] ---- repository::http::test::bullseye_sources stdout ----
[INFO] [stdout] Error: RepositoryIoPath("dists/bullseye/InRelease", Custom { kind: Other, error: "error sending HTTP request: reqwest::Error { kind: Request, url: Url { scheme: \"http\", cannot_be_a_base: false, username: \"\", password: None, host: Some(Domain(\"snapshot.debian.org\")), port: None, path: \"/archive/debian/20211120T085721Z/dists/bullseye/InRelease\", query: None, fragment: None }, source: hyper::Error(Connect, ConnectError(\"dns error\", Custom { kind: Uncategorized, error: \"failed to lookup address information: Temporary failure in name resolution\" })) }" })
[INFO] [stdout] 
[INFO] [stdout] ---- repository::http::test::bullseye_release stdout ----
[INFO] [stdout] Error: RepositoryIoPath("dists/bullseye/InRelease", Custom { kind: Other, error: "error sending HTTP request: reqwest::Error { kind: Request, url: Url { scheme: \"http\", cannot_be_a_base: false, username: \"\", password: None, host: Some(Domain(\"snapshot.debian.org\")), port: None, path: \"/archive/debian/20211120T085721Z/dists/bullseye/InRelease\", query: None, fragment: None }, source: hyper::Error(Connect, ConnectError(\"dns error\", Custom { kind: Uncategorized, error: \"failed to lookup address information: Temporary failure in name resolution\" })) }" })
[INFO] [stdout] 
[INFO] [stdout] ---- repository::http::test::bullseye_contents stdout ----
[INFO] [stdout] Error: RepositoryIoPath("dists/bullseye/InRelease", Custom { kind: Other, error: "error sending HTTP request: reqwest::Error { kind: Request, url: Url { scheme: \"http\", cannot_be_a_base: false, username: \"\", password: None, host: Some(Domain(\"snapshot.debian.org\")), port: None, path: \"/archive/debian/20211120T085721Z/dists/bullseye/InRelease\", query: None, fragment: None }, source: hyper::Error(Connect, ConnectError(\"dns error\", Custom { kind: Uncategorized, error: \"failed to lookup address information: Temporary failure in name resolution\" })) }" })
[INFO] [stdout] 
[INFO] [stdout] ---- repository::builder::test::bullseye_binary_packages_reader stdout ----
[INFO] [stdout] thread 'repository::builder::test::bullseye_binary_packages_reader' panicked at src/repository/builder.rs:1215:61:
[INFO] [stdout] called `Result::unwrap()` on an `Err` value: RepositoryIoPath("dists/bullseye/InRelease", Custom { kind: Other, error: "error sending HTTP request: reqwest::Error { kind: Request, url: Url { scheme: \"http\", cannot_be_a_base: false, username: \"\", password: None, host: Some(Domain(\"snapshot.debian.org\")), port: None, path: \"/archive/debian/20211120T085721Z/dists/bullseye/InRelease\", query: None, fragment: None }, source: hyper::Error(Connect, ConnectError(\"dns error\", Custom { kind: Uncategorized, error: \"failed to lookup address information: Temporary failure in name resolution\" })) }" })
[INFO] [stdout] stack backtrace:
[INFO] [stdout]    0:     0x55b7025df456 - std::backtrace_rs::backtrace::libunwind::trace::h261606ad26a499c1
[INFO] [stdout]                                at /rustc/0e09125c6c3c2fd70d7de961bcf0e51575235fad/library/std/src/../../backtrace/src/backtrace/libunwind.rs:104:5
[INFO] [stdout]    1:     0x55b7025df456 - std::backtrace_rs::backtrace::trace_unsynchronized::hd183f0625477fb28
[INFO] [stdout]                                at /rustc/0e09125c6c3c2fd70d7de961bcf0e51575235fad/library/std/src/../../backtrace/src/backtrace/mod.rs:66:5
[INFO] [stdout]    2:     0x55b7025df456 - std::sys_common::backtrace::_print_fmt::hd7f8fef21b4eda67
[INFO] [stdout]                                at /rustc/0e09125c6c3c2fd70d7de961bcf0e51575235fad/library/std/src/sys_common/backtrace.rs:68:5
[INFO] [stdout]    3:     0x55b7025df456 - <std::sys_common::backtrace::_print::DisplayBacktrace as core::fmt::Display>::fmt::h623d9b51f2f453f1
[INFO] [stdout]                                at /rustc/0e09125c6c3c2fd70d7de961bcf0e51575235fad/library/std/src/sys_common/backtrace.rs:44:22
[INFO] [stdout]    4:     0x55b70260d410 - core::fmt::rt::Argument::fmt::h9f417ac76a86f368
[INFO] [stdout]                                at /rustc/0e09125c6c3c2fd70d7de961bcf0e51575235fad/library/core/src/fmt/rt.rs:142:9
[INFO] [stdout]    5:     0x55b70260d410 - core::fmt::write::hc9b6faf4ac2aeff7
[INFO] [stdout]                                at /rustc/0e09125c6c3c2fd70d7de961bcf0e51575235fad/library/core/src/fmt/mod.rs:1120:17
[INFO] [stdout]    6:     0x55b7025dbcdf - std::io::Write::write_fmt::he04625a3a989fec3
[INFO] [stdout]                                at /rustc/0e09125c6c3c2fd70d7de961bcf0e51575235fad/library/std/src/io/mod.rs:1810:15
[INFO] [stdout]    7:     0x55b7025df234 - std::sys_common::backtrace::_print::hd5d66399c7df88a2
[INFO] [stdout]                                at /rustc/0e09125c6c3c2fd70d7de961bcf0e51575235fad/library/std/src/sys_common/backtrace.rs:47:5
[INFO] [stdout]    8:     0x55b7025df234 - std::sys_common::backtrace::print::he81ed2da642d37e5
[INFO] [stdout]                                at /rustc/0e09125c6c3c2fd70d7de961bcf0e51575235fad/library/std/src/sys_common/backtrace.rs:34:9
[INFO] [stdout]    9:     0x55b7025e0fa7 - std::panicking::default_hook::{{closure}}::h85773f4fa117163d
[INFO] [stdout]   10:     0x55b7025e0c8d - std::panicking::default_hook::h6a1694a91d09b278
[INFO] [stdout]                                at /rustc/0e09125c6c3c2fd70d7de961bcf0e51575235fad/library/std/src/panicking.rs:289:9
[INFO] [stdout]   11:     0x55b701850a57 - <alloc::boxed::Box<F,A> as core::ops::function::Fn<Args>>::call::h616ac37fa3cd6c8f
[INFO] [stdout]                                at /rustc/0e09125c6c3c2fd70d7de961bcf0e51575235fad/library/alloc/src/boxed.rs:2029:9
[INFO] [stdout]   12:     0x55b701850a57 - test::test_main::{{closure}}::h00d84697cefdcbb6
[INFO] [stdout]                                at /rustc/0e09125c6c3c2fd70d7de961bcf0e51575235fad/library/test/src/lib.rs:138:21
[INFO] [stdout]   13:     0x55b7025e15c6 - <alloc::boxed::Box<F,A> as core::ops::function::Fn<Args>>::call::hcb3fe3b9bb537ba8
[INFO] [stdout]                                at /rustc/0e09125c6c3c2fd70d7de961bcf0e51575235fad/library/alloc/src/boxed.rs:2029:9
[INFO] [stdout]   14:     0x55b7025e15c6 - std::panicking::rust_panic_with_hook::h0a7ad96e90f7145b
[INFO] [stdout]                                at /rustc/0e09125c6c3c2fd70d7de961bcf0e51575235fad/library/std/src/panicking.rs:783:13
[INFO] [stdout]   15:     0x55b7025e1312 - std::panicking::begin_panic_handler::{{closure}}::h7919090525c6485e
[INFO] [stdout]                                at /rustc/0e09125c6c3c2fd70d7de961bcf0e51575235fad/library/std/src/panicking.rs:657:13
[INFO] [stdout]   16:     0x55b7025df956 - std::sys_common::backtrace::__rust_end_short_backtrace::hf3289479464f7dfe
[INFO] [stdout]                                at /rustc/0e09125c6c3c2fd70d7de961bcf0e51575235fad/library/std/src/sys_common/backtrace.rs:171:18
[INFO] [stdout]   17:     0x55b7025e1070 - rust_begin_unwind
[INFO] [stdout]                                at /rustc/0e09125c6c3c2fd70d7de961bcf0e51575235fad/library/std/src/panicking.rs:645:5
[INFO] [stdout]   18:     0x55b70151d945 - core::panicking::panic_fmt::hcc9f77c5c132af55
[INFO] [stdout]                                at /rustc/0e09125c6c3c2fd70d7de961bcf0e51575235fad/library/core/src/panicking.rs:72:14
[INFO] [stdout]   19:     0x55b70151df83 - core::result::unwrap_failed::hbe14f498be1452f9
[INFO] [stdout]                                at /rustc/0e09125c6c3c2fd70d7de961bcf0e51575235fad/library/core/src/result.rs:1649:5
[INFO] [stdout]   20:     0x55b70179a0b3 - core::result::Result<T,E>::unwrap::h8566465dbfdef856
[INFO] [stdout]                                at /rustc/0e09125c6c3c2fd70d7de961bcf0e51575235fad/library/core/src/result.rs:1073:23
[INFO] [stdout]   21:     0x55b70177df60 - debian_packaging::repository::builder::test::bullseye_binary_packages_reader::{{closure}}::h3fbf41902bbd5aa9
[INFO] [stdout]                                at /opt/rustwide/workdir/src/repository/builder.rs:1215:23
[INFO] [stdout]   22:     0x55b7017a480d - <core::pin::Pin<P> as core::future::future::Future>::poll::h873f41ad32430abd
[INFO] [stdout]                                at /rustc/0e09125c6c3c2fd70d7de961bcf0e51575235fad/library/core/src/future/future.rs:124:9
[INFO] [stdout]   23:     0x55b7017a486a - <core::pin::Pin<P> as core::future::future::Future>::poll::h9230e9587c92cc37
[INFO] [stdout]                                at /rustc/0e09125c6c3c2fd70d7de961bcf0e51575235fad/library/core/src/future/future.rs:124:9
[INFO] [stdout]   24:     0x55b7015b9b23 - tokio::runtime::scheduler::current_thread::CoreGuard::block_on::{{closure}}::{{closure}}::{{closure}}::h6e4d1e150c0a72b3
[INFO] [stdout]                                at /opt/rustwide/cargo-home/registry/src/index.crates.io-6f17d22bba15001f/tokio-1.35.1/src/runtime/scheduler/current_thread/mod.rs:665:57
[INFO] [stdout]   25:     0x55b7015b9a3f - tokio::runtime::coop::with_budget::hb7ec07c8252998de
[INFO] [stdout]                                at /opt/rustwide/cargo-home/registry/src/index.crates.io-6f17d22bba15001f/tokio-1.35.1/src/runtime/coop.rs:107:5
[INFO] [stdout]   26:     0x55b7015b9a3f - tokio::runtime::coop::budget::hff1ac1dd4dee05c0
[INFO] [stdout]                                at /opt/rustwide/cargo-home/registry/src/index.crates.io-6f17d22bba15001f/tokio-1.35.1/src/runtime/coop.rs:73:5
[INFO] [stdout]   27:     0x55b7015b9a3f - tokio::runtime::scheduler::current_thread::CoreGuard::block_on::{{closure}}::{{closure}}::h04ce1ce33529ebef
[INFO] [stdout]                                at /opt/rustwide/cargo-home/registry/src/index.crates.io-6f17d22bba15001f/tokio-1.35.1/src/runtime/scheduler/current_thread/mod.rs:665:25
[INFO] [stdout]   28:     0x55b7015b824d - tokio::runtime::scheduler::current_thread::Context::enter::h9f29529c8ec5a48f
[INFO] [stdout]                                at /opt/rustwide/cargo-home/registry/src/index.crates.io-6f17d22bba15001f/tokio-1.35.1/src/runtime/scheduler/current_thread/mod.rs:410:19
[INFO] [stdout]   29:     0x55b7015b918e - tokio::runtime::scheduler::current_thread::CoreGuard::block_on::{{closure}}::hca899327352447c6
[INFO] [stdout]                                at /opt/rustwide/cargo-home/registry/src/index.crates.io-6f17d22bba15001f/tokio-1.35.1/src/runtime/scheduler/current_thread/mod.rs:664:36
[INFO] [stdout]   30:     0x55b7015b8e62 - tokio::runtime::scheduler::current_thread::CoreGuard::enter::{{closure}}::hfca10ef76f9221e3
[INFO] [stdout]                                at /opt/rustwide/cargo-home/registry/src/index.crates.io-6f17d22bba15001f/tokio-1.35.1/src/runtime/scheduler/current_thread/mod.rs:743:68
[INFO] [stdout]   31:     0x55b70169704a - tokio::runtime::context::scoped::Scoped<T>::set::h5a51f7a26e362133
[INFO] [stdout]                                at /opt/rustwide/cargo-home/registry/src/index.crates.io-6f17d22bba15001f/tokio-1.35.1/src/runtime/context/scoped.rs:40:9
[INFO] [stdout]   32:     0x55b701634a6a - tokio::runtime::context::set_scheduler::{{closure}}::h51b626cb1606e972
[INFO] [stdout]                                at /opt/rustwide/cargo-home/registry/src/index.crates.io-6f17d22bba15001f/tokio-1.35.1/src/runtime/context.rs:176:26
[INFO] [stdout]   33:     0x55b7017924fe - std::thread::local::LocalKey<T>::try_with::h712af0a3627bb3e2
[INFO] [stdout]                                at /rustc/0e09125c6c3c2fd70d7de961bcf0e51575235fad/library/std/src/thread/local.rs:270:16
[INFO] [stdout]   34:     0x55b701791cec - std::thread::local::LocalKey<T>::with::h162b1d2dd2345675
[INFO] [stdout]                                at /rustc/0e09125c6c3c2fd70d7de961bcf0e51575235fad/library/std/src/thread/local.rs:246:9
[INFO] [stdout]   35:     0x55b701634a11 - tokio::runtime::context::set_scheduler::hd5df1a3eb21f5584
[INFO] [stdout]                                at /opt/rustwide/cargo-home/registry/src/index.crates.io-6f17d22bba15001f/tokio-1.35.1/src/runtime/context.rs:176:9
[INFO] [stdout]   36:     0x55b7015b8b8e - tokio::runtime::scheduler::current_thread::CoreGuard::enter::h9a2f124cb0e19fa1
[INFO] [stdout]                                at /opt/rustwide/cargo-home/registry/src/index.crates.io-6f17d22bba15001f/tokio-1.35.1/src/runtime/scheduler/current_thread/mod.rs:743:27
[INFO] [stdout]   37:     0x55b7015b8ea2 - tokio::runtime::scheduler::current_thread::CoreGuard::block_on::hb8b0110dd6bc9f7a
[INFO] [stdout]                                at /opt/rustwide/cargo-home/registry/src/index.crates.io-6f17d22bba15001f/tokio-1.35.1/src/runtime/scheduler/current_thread/mod.rs:652:19
[INFO] [stdout]   38:     0x55b7015b7bcf - tokio::runtime::scheduler::current_thread::CurrentThread::block_on::{{closure}}::h5ff787a410f211be
[INFO] [stdout]                                at /opt/rustwide/cargo-home/registry/src/index.crates.io-6f17d22bba15001f/tokio-1.35.1/src/runtime/scheduler/current_thread/mod.rs:175:28
[INFO] [stdout]   39:     0x55b70159ce11 - tokio::runtime::context::runtime::enter_runtime::h4c5adaf7ff786f07
[INFO] [stdout]                                at /opt/rustwide/cargo-home/registry/src/index.crates.io-6f17d22bba15001f/tokio-1.35.1/src/runtime/context/runtime.rs:65:16
[INFO] [stdout]   40:     0x55b7015b7ac6 - tokio::runtime::scheduler::current_thread::CurrentThread::block_on::h28c72b583f74d661
[INFO] [stdout]                                at /opt/rustwide/cargo-home/registry/src/index.crates.io-6f17d22bba15001f/tokio-1.35.1/src/runtime/scheduler/current_thread/mod.rs:167:9
[INFO] [stdout]   41:     0x55b7015d700a - tokio::runtime::runtime::Runtime::block_on::h4ea9e66f441d3e03
[INFO] [stdout]                                at /opt/rustwide/cargo-home/registry/src/index.crates.io-6f17d22bba15001f/tokio-1.35.1/src/runtime/runtime.rs:348:47
[INFO] [stdout]   42:     0x55b70177db16 - debian_packaging::repository::builder::test::bullseye_binary_packages_reader::h647e228b21e9ee0c
[INFO] [stdout]                                at /opt/rustwide/workdir/src/repository/builder.rs:1318:9
[INFO] [stdout]   43:     0x55b70177d97d - debian_packaging::repository::builder::test::bullseye_binary_packages_reader::{{closure}}::h8ebf335e622deab7
[INFO] [stdout]                                at /opt/rustwide/workdir/src/repository/builder.rs:1213:51
[INFO] [stdout]   44:     0x55b7016cbae6 - core::ops::function::FnOnce::call_once::h47146a37724e5666
[INFO] [stdout]                                at /rustc/0e09125c6c3c2fd70d7de961bcf0e51575235fad/library/core/src/ops/function.rs:250:5
[INFO] [stdout]   45:     0x55b70185632f - core::ops::function::FnOnce::call_once::hd64d26f405258157
[INFO] [stdout]                                at /rustc/0e09125c6c3c2fd70d7de961bcf0e51575235fad/library/core/src/ops/function.rs:250:5
[INFO] [stdout]   46:     0x55b70185632f - test::__rust_begin_short_backtrace::he21b0b7a6d731bf9
[INFO] [stdout]                                at /rustc/0e09125c6c3c2fd70d7de961bcf0e51575235fad/library/test/src/lib.rs:627:18
[INFO] [stdout]   47:     0x55b7018550b1 - test::run_test_in_process::{{closure}}::hf5c73986d7bdfde2
[INFO] [stdout]                                at /rustc/0e09125c6c3c2fd70d7de961bcf0e51575235fad/library/test/src/lib.rs:650:60
[INFO] [stdout]   48:     0x55b7018550b1 - <core::panic::unwind_safe::AssertUnwindSafe<F> as core::ops::function::FnOnce<()>>::call_once::h330011ad032aadc0
[INFO] [stdout]                                at /rustc/0e09125c6c3c2fd70d7de961bcf0e51575235fad/library/core/src/panic/unwind_safe.rs:272:9
[INFO] [stdout]   49:     0x55b7018550b1 - std::panicking::try::do_call::he61b0a958b795a41
[INFO] [stdout]                                at /rustc/0e09125c6c3c2fd70d7de961bcf0e51575235fad/library/std/src/panicking.rs:552:40
[INFO] [stdout]   50:     0x55b7018550b1 - std::panicking::try::h7309da130f906eb7
[INFO] [stdout]                                at /rustc/0e09125c6c3c2fd70d7de961bcf0e51575235fad/library/std/src/panicking.rs:516:19
[INFO] [stdout]   51:     0x55b7018550b1 - std::panic::catch_unwind::hc5c3a06fdaf0a92a
[INFO] [stdout]                                at /rustc/0e09125c6c3c2fd70d7de961bcf0e51575235fad/library/std/src/panic.rs:142:14
[INFO] [stdout]   52:     0x55b7018550b1 - test::run_test_in_process::h7e7b7c71c3324e0f
[INFO] [stdout]                                at /rustc/0e09125c6c3c2fd70d7de961bcf0e51575235fad/library/test/src/lib.rs:650:27
[INFO] [stdout]   53:     0x55b7018550b1 - test::run_test::{{closure}}::h1f509f28f5cf20b1
[INFO] [stdout]                                at /rustc/0e09125c6c3c2fd70d7de961bcf0e51575235fad/library/test/src/lib.rs:573:43
[INFO] [stdout]   54:     0x55b70181c3e6 - test::run_test::{{closure}}::h1754218abf443f6d
[INFO] [stdout]                                at /rustc/0e09125c6c3c2fd70d7de961bcf0e51575235fad/library/test/src/lib.rs:601:41
[INFO] [stdout]   55:     0x55b70181c3e6 - std::sys_common::backtrace::__rust_begin_short_backtrace::h2ee174b9d5954948
[INFO] [stdout]                                at /rustc/0e09125c6c3c2fd70d7de961bcf0e51575235fad/library/std/src/sys_common/backtrace.rs:155:18
[INFO] [stdout]   56:     0x55b701821447 - std::thread::Builder::spawn_unchecked_::{{closure}}::{{closure}}::hf60bee9c1a17ef09
[INFO] [stdout]                                at /rustc/0e09125c6c3c2fd70d7de961bcf0e51575235fad/library/std/src/thread/mod.rs:529:17
[INFO] [stdout]   57:     0x55b701821447 - <core::panic::unwind_safe::AssertUnwindSafe<F> as core::ops::function::FnOnce<()>>::call_once::h33d0dddec5216160
[INFO] [stdout]                                at /rustc/0e09125c6c3c2fd70d7de961bcf0e51575235fad/library/core/src/panic/unwind_safe.rs:272:9
[INFO] [stdout]   58:     0x55b701821447 - std::panicking::try::do_call::h144b3048b546f835
[INFO] [stdout]                                at /rustc/0e09125c6c3c2fd70d7de961bcf0e51575235fad/library/std/src/panicking.rs:552:40
[INFO] [stdout]   59:     0x55b701821447 - std::panicking::try::h978244d04646189f
[INFO] [stdout]                                at /rustc/0e09125c6c3c2fd70d7de961bcf0e51575235fad/library/std/src/panicking.rs:516:19
[INFO] [stdout]   60:     0x55b701821447 - std::panic::catch_unwind::hdf436369d188fe86
[INFO] [stdout]                                at /rustc/0e09125c6c3c2fd70d7de961bcf0e51575235fad/library/std/src/panic.rs:142:14
[INFO] [stdout]   61:     0x55b701821447 - std::thread::Builder::spawn_unchecked_::{{closure}}::h87329cbdd33c79ec
[INFO] [stdout]                                at /rustc/0e09125c6c3c2fd70d7de961bcf0e51575235fad/library/std/src/thread/mod.rs:528:30
[INFO] [stdout]   62:     0x55b701821447 - core::ops::function::FnOnce::call_once{{vtable.shim}}::h401abbe67897d450
[INFO] [stdout]                                at /rustc/0e09125c6c3c2fd70d7de961bcf0e51575235fad/library/core/src/ops/function.rs:250:5
[INFO] [stdout]   63:     0x55b7025e6d35 - <alloc::boxed::Box<F,A> as core::ops::function::FnOnce<Args>>::call_once::h5d7c8f150ab9c84c
[INFO] [stdout]                                at /rustc/0e09125c6c3c2fd70d7de961bcf0e51575235fad/library/alloc/src/boxed.rs:2015:9
[INFO] [stdout]   64:     0x55b7025e6d35 - <alloc::boxed::Box<F,A> as core::ops::function::FnOnce<Args>>::call_once::h570d5b005c242c15
[INFO] [stdout]                                at /rustc/0e09125c6c3c2fd70d7de961bcf0e51575235fad/library/alloc/src/boxed.rs:2015:9
[INFO] [stdout]   65:     0x55b7025e6d35 - std::sys::unix::thread::Thread::new::thread_start::h36b0a20c0b2361ad
[INFO] [stdout]                                at /rustc/0e09125c6c3c2fd70d7de961bcf0e51575235fad/library/std/src/sys/unix/thread.rs:108:17
[INFO] [stdout]   66:     0x7f6da87ddac3 - <unknown>
[INFO] [stdout]   67:     0x7f6da886ebf4 - __clone
[INFO] [stdout]   68:                0x0 - <unknown>
[INFO] [stdout] 
[INFO] [stdout] 
[INFO] [stdout] failures:
[INFO] [stdout]     repository::builder::test::bullseye_binary_packages_reader
[INFO] [stdout]     repository::copier::test::bullseye_copy
[INFO] [stdout]     repository::http::test::bullseye_contents
[INFO] [stdout]     repository::http::test::bullseye_release
[INFO] [stdout]     repository::http::test::bullseye_sources
[INFO] [stdout] 
[INFO] [stdout] test result: FAILED. 26 passed; 5 failed; 0 ignored; 0 measured; 0 filtered out; finished in 13.36s
[INFO] [stdout] 
[INFO] [stderr] error: test failed, to rerun pass `--lib`
[INFO] running `Command { std: "docker" "inspect" "be3c14b273e85fb7269f523b6e1ba1bcd696bd99c5ea6e759f7b755b57ca94da", kill_on_drop: false }`
[INFO] running `Command { std: "docker" "rm" "-f" "be3c14b273e85fb7269f523b6e1ba1bcd696bd99c5ea6e759f7b755b57ca94da", kill_on_drop: false }`
[INFO] [stdout] be3c14b273e85fb7269f523b6e1ba1bcd696bd99c5ea6e759f7b755b57ca94da
