[INFO] fetching crate debcontrol-struct-with-oma-decontrol 0.3.1...
[INFO] testing debcontrol-struct-with-oma-decontrol-0.3.1 against 1.75.0 for beta-1.76-1
[INFO] extracting crate debcontrol-struct-with-oma-decontrol 0.3.1 into /workspace/builds/worker-7-tc1/source
[INFO] validating manifest of crates.io crate debcontrol-struct-with-oma-decontrol 0.3.1 on toolchain 1.75.0
[INFO] running `Command { std: CARGO_HOME="/workspace/cargo-home" RUSTUP_HOME="/workspace/rustup-home" "/workspace/cargo-home/bin/cargo" "+1.75.0" "metadata" "--manifest-path" "Cargo.toml" "--no-deps", kill_on_drop: false }`
[INFO] started tweaking crates.io crate debcontrol-struct-with-oma-decontrol 0.3.1
[INFO] finished tweaking crates.io crate debcontrol-struct-with-oma-decontrol 0.3.1
[INFO] tweaked toml for crates.io crate debcontrol-struct-with-oma-decontrol 0.3.1 written to /workspace/builds/worker-7-tc1/source/Cargo.toml
[INFO] crate crates.io crate debcontrol-struct-with-oma-decontrol 0.3.1 already has a lockfile, it will not be regenerated
[INFO] running `Command { std: CARGO_HOME="/workspace/cargo-home" RUSTUP_HOME="/workspace/rustup-home" "/workspace/cargo-home/bin/cargo" "+1.75.0" "fetch" "--manifest-path" "Cargo.toml", kill_on_drop: false }`
[INFO] [stderr]     Updating crates.io index
[INFO] [stderr]  Downloading crates ...
[INFO] [stderr]   Downloaded oma-debcontrol v0.3.0
[INFO] [stderr]   Downloaded debcontrol_struct_derive v0.3.1
[INFO] running `Command { std: "docker" "create" "-v" "/var/lib/crater-agent-workspace/builds/worker-7-tc1/target:/opt/rustwide/target:rw,Z" "-v" "/var/lib/crater-agent-workspace/builds/worker-7-tc1/source:/opt/rustwide/workdir:ro,Z" "-v" "/var/lib/crater-agent-workspace/cargo-home:/opt/rustwide/cargo-home:ro,Z" "-v" "/var/lib/crater-agent-workspace/rustup-home:/opt/rustwide/rustup-home:ro,Z" "-e" "SOURCE_DIR=/opt/rustwide/workdir" "-e" "CARGO_TARGET_DIR=/opt/rustwide/target" "-e" "CARGO_HOME=/opt/rustwide/cargo-home" "-e" "RUSTUP_HOME=/opt/rustwide/rustup-home" "-w" "/opt/rustwide/workdir" "-m" "1610612736" "--user" "0:0" "--network" "none" "ghcr.io/rust-lang/crates-build-env/linux@sha256:2788e3201cd34a07e3172128adcd8b3090168a8e3bcc40d7c032b9dda1df7d1c" "/opt/rustwide/cargo-home/bin/cargo" "+1.75.0" "metadata" "--no-deps" "--format-version=1", kill_on_drop: false }`
[INFO] [stdout] 61350a40340037ab4476c99797d19d22fa2592fe5cebe7db40a8669179dca8ab
[INFO] running `Command { std: "docker" "start" "-a" "61350a40340037ab4476c99797d19d22fa2592fe5cebe7db40a8669179dca8ab", kill_on_drop: false }`
[INFO] running `Command { std: "docker" "inspect" "61350a40340037ab4476c99797d19d22fa2592fe5cebe7db40a8669179dca8ab", kill_on_drop: false }`
[INFO] running `Command { std: "docker" "rm" "-f" "61350a40340037ab4476c99797d19d22fa2592fe5cebe7db40a8669179dca8ab", kill_on_drop: false }`
[INFO] [stdout] 61350a40340037ab4476c99797d19d22fa2592fe5cebe7db40a8669179dca8ab
[INFO] running `Command { std: "docker" "create" "-v" "/var/lib/crater-agent-workspace/builds/worker-7-tc1/target:/opt/rustwide/target:rw,Z" "-v" "/var/lib/crater-agent-workspace/builds/worker-7-tc1/source:/opt/rustwide/workdir:ro,Z" "-v" "/var/lib/crater-agent-workspace/cargo-home:/opt/rustwide/cargo-home:ro,Z" "-v" "/var/lib/crater-agent-workspace/rustup-home:/opt/rustwide/rustup-home:ro,Z" "-e" "SOURCE_DIR=/opt/rustwide/workdir" "-e" "CARGO_TARGET_DIR=/opt/rustwide/target" "-e" "CARGO_INCREMENTAL=0" "-e" "RUST_BACKTRACE=full" "-e" "RUSTFLAGS=--cap-lints=warn" "-e" "RUSTDOCFLAGS=--cap-lints=warn" "-e" "CARGO_HOME=/opt/rustwide/cargo-home" "-e" "RUSTUP_HOME=/opt/rustwide/rustup-home" "-w" "/opt/rustwide/workdir" "-m" "1610612736" "--user" "0:0" "--network" "none" "ghcr.io/rust-lang/crates-build-env/linux@sha256:2788e3201cd34a07e3172128adcd8b3090168a8e3bcc40d7c032b9dda1df7d1c" "/opt/rustwide/cargo-home/bin/cargo" "+1.75.0" "build" "--frozen" "--message-format=json", kill_on_drop: false }`
[INFO] [stdout] ebf68c7122d4d888dc193d12ae71e3ce7beac58c54e1ea982811bc4fdeb5705e
[INFO] running `Command { std: "docker" "start" "-a" "ebf68c7122d4d888dc193d12ae71e3ce7beac58c54e1ea982811bc4fdeb5705e", kill_on_drop: false }`
[INFO] [stderr]    Compiling proc-macro2 v1.0.69
[INFO] [stderr]    Compiling syn v1.0.109
[INFO] [stderr]    Compiling memchr v2.6.4
[INFO] [stderr]    Compiling minimal-lexical v0.2.1
[INFO] [stderr]    Compiling nom v7.1.3
[INFO] [stderr]    Compiling quote v1.0.33
[INFO] [stderr]    Compiling oma-debcontrol v0.3.0
[INFO] [stderr]    Compiling debcontrol_struct_derive v0.3.1
[INFO] [stderr]    Compiling debcontrol-struct-with-oma-decontrol v0.3.1 (/opt/rustwide/workdir)
[INFO] [stderr]     Finished dev [unoptimized + debuginfo] target(s) in 2.18s
[INFO] running `Command { std: "docker" "inspect" "ebf68c7122d4d888dc193d12ae71e3ce7beac58c54e1ea982811bc4fdeb5705e", kill_on_drop: false }`
[INFO] running `Command { std: "docker" "rm" "-f" "ebf68c7122d4d888dc193d12ae71e3ce7beac58c54e1ea982811bc4fdeb5705e", kill_on_drop: false }`
[INFO] [stdout] ebf68c7122d4d888dc193d12ae71e3ce7beac58c54e1ea982811bc4fdeb5705e
[INFO] running `Command { std: "docker" "create" "-v" "/var/lib/crater-agent-workspace/builds/worker-7-tc1/target:/opt/rustwide/target:rw,Z" "-v" "/var/lib/crater-agent-workspace/builds/worker-7-tc1/source:/opt/rustwide/workdir:ro,Z" "-v" "/var/lib/crater-agent-workspace/cargo-home:/opt/rustwide/cargo-home:ro,Z" "-v" "/var/lib/crater-agent-workspace/rustup-home:/opt/rustwide/rustup-home:ro,Z" "-e" "SOURCE_DIR=/opt/rustwide/workdir" "-e" "CARGO_TARGET_DIR=/opt/rustwide/target" "-e" "CARGO_INCREMENTAL=0" "-e" "RUST_BACKTRACE=full" "-e" "RUSTFLAGS=--cap-lints=warn" "-e" "RUSTDOCFLAGS=--cap-lints=warn" "-e" "CARGO_HOME=/opt/rustwide/cargo-home" "-e" "RUSTUP_HOME=/opt/rustwide/rustup-home" "-w" "/opt/rustwide/workdir" "-m" "1610612736" "--user" "0:0" "--network" "none" "ghcr.io/rust-lang/crates-build-env/linux@sha256:2788e3201cd34a07e3172128adcd8b3090168a8e3bcc40d7c032b9dda1df7d1c" "/opt/rustwide/cargo-home/bin/cargo" "+1.75.0" "test" "--frozen" "--no-run" "--message-format=json", kill_on_drop: false }`
[INFO] [stdout] 6a1b9f952f92400c46791fb433f833cf8a6456e808df8d8cee673d2808a24810
[INFO] running `Command { std: "docker" "start" "-a" "6a1b9f952f92400c46791fb433f833cf8a6456e808df8d8cee673d2808a24810", kill_on_drop: false }`
[INFO] [stderr]    Compiling debcontrol-struct-with-oma-decontrol v0.3.1 (/opt/rustwide/workdir)
[INFO] [stderr]     Finished test [unoptimized + debuginfo] target(s) in 0.28s
[INFO] running `Command { std: "docker" "inspect" "6a1b9f952f92400c46791fb433f833cf8a6456e808df8d8cee673d2808a24810", kill_on_drop: false }`
[INFO] running `Command { std: "docker" "rm" "-f" "6a1b9f952f92400c46791fb433f833cf8a6456e808df8d8cee673d2808a24810", kill_on_drop: false }`
[INFO] [stdout] 6a1b9f952f92400c46791fb433f833cf8a6456e808df8d8cee673d2808a24810
[INFO] running `Command { std: "docker" "create" "-v" "/var/lib/crater-agent-workspace/builds/worker-7-tc1/target:/opt/rustwide/target:rw,Z" "-v" "/var/lib/crater-agent-workspace/builds/worker-7-tc1/source:/opt/rustwide/workdir:ro,Z" "-v" "/var/lib/crater-agent-workspace/cargo-home:/opt/rustwide/cargo-home:ro,Z" "-v" "/var/lib/crater-agent-workspace/rustup-home:/opt/rustwide/rustup-home:ro,Z" "-e" "SOURCE_DIR=/opt/rustwide/workdir" "-e" "CARGO_TARGET_DIR=/opt/rustwide/target" "-e" "CARGO_INCREMENTAL=0" "-e" "RUST_BACKTRACE=full" "-e" "RUSTFLAGS=--cap-lints=warn" "-e" "RUSTDOCFLAGS=--cap-lints=warn" "-e" "CARGO_HOME=/opt/rustwide/cargo-home" "-e" "RUSTUP_HOME=/opt/rustwide/rustup-home" "-w" "/opt/rustwide/workdir" "-m" "1610612736" "--user" "0:0" "--network" "none" "ghcr.io/rust-lang/crates-build-env/linux@sha256:2788e3201cd34a07e3172128adcd8b3090168a8e3bcc40d7c032b9dda1df7d1c" "/opt/rustwide/cargo-home/bin/cargo" "+1.75.0" "test" "--frozen", kill_on_drop: false }`
[INFO] [stdout] 616f019dca46ef55bbaff562d8f39ea62aff1cbebe2eb5346ebeea81980ffa91
[INFO] running `Command { std: "docker" "start" "-a" "616f019dca46ef55bbaff562d8f39ea62aff1cbebe2eb5346ebeea81980ffa91", kill_on_drop: false }`
[INFO] [stderr]     Finished test [unoptimized + debuginfo] target(s) in 0.01s
[INFO] [stderr]      Running unittests src/lib.rs (/opt/rustwide/target/debug/deps/debcontrol_struct_with_oma_decontrol-da270b2ac47e9b3f)
[INFO] [stdout] 
[INFO] [stdout] running 10 tests
[INFO] [stdout] test derive::test_parse_derived ... ok
[INFO] [stdout] test derive::test_parse_derived_bogus ... ok
[INFO] [stdout] test derive::test_parse_derived_extended ... ok
[INFO] [stdout] test derive::test_to_paragraph ... ok
[INFO] [stdout] test derive::test_to_paragraph_extended ... ok
[INFO] [stdout] test manual::test_parse_standalone_license ... ok
[INFO] [stdout] test manual::test_parse_standalone_license_bogus ... ok
[INFO] [stdout] test manual::test_parse_standalone_license_extended ... ok
[INFO] [stdout] test manual::test_to_paragraph ... ok
[INFO] [stdout] test manual::test_to_paragraph_extended ... ok
[INFO] [stdout] 
[INFO] [stdout] test result: ok. 10 passed; 0 failed; 0 ignored; 0 measured; 0 filtered out; finished in 0.00s
[INFO] [stdout] 
[INFO] [stderr]    Doc-tests debcontrol-struct-with-oma-decontrol
[INFO] [stdout] 
[INFO] [stdout] running 1 test
[INFO] [stdout] test src/lib.rs - (line 9) ... FAILED
[INFO] [stdout] 
[INFO] [stdout] failures:
[INFO] [stdout] 
[INFO] [stdout] ---- src/lib.rs - (line 9) stdout ----
[INFO] [stdout] error[E0432]: unresolved import `debcontrol_struct`
[INFO] [stdout]  --> src/lib.rs:11:5
[INFO] [stdout]   |
[INFO] [stdout] 4 | use debcontrol_struct::DebControl;
[INFO] [stdout]   |     ^^^^^^^^^^^^^^^^^ use of undeclared crate or module `debcontrol_struct`
[INFO] [stdout] 
[INFO] [stdout] error: cannot determine resolution for the derive macro `DebControl`
[INFO] [stdout]  --> src/lib.rs:13:10
[INFO] [stdout]   |
[INFO] [stdout] 6 | #[derive(DebControl)]
[INFO] [stdout]   |          ^^^^^^^^^^
[INFO] [stdout]   |
[INFO] [stdout]   = note: import resolution is stuck, try simplifying macro imports
[INFO] [stdout] 
[INFO] [stdout] error[E0599]: no function or associated item named `from_paragraph` found for struct `DerivedStruct` in the current scope
[INFO] [stdout]   --> src/lib.rs:25:30
[INFO] [stdout]    |
[INFO] [stdout] 7  | struct DerivedStruct {
[INFO] [stdout]    | -------------------- function or associated item `from_paragraph` not found for this struct
[INFO] [stdout] ...
[INFO] [stdout] 18 | let derived = DerivedStruct::from_paragraph(&input).unwrap();
[INFO] [stdout]    |                              ^^^^^^^^^^^^^^ function or associated item not found in `DerivedStruct`
[INFO] [stdout]    |
[INFO] [stdout]    = help: items from traits can only be used if the trait is implemented and in scope
[INFO] [stdout]    = note: the following trait defines an item `from_paragraph`, perhaps you need to implement it:
[INFO] [stdout]            candidate #1: `debcontrol_struct_with_oma_decontrol::DebControl`
[INFO] [stdout] 
[INFO] [stdout] error: aborting due to 3 previous errors
[INFO] [stdout] 
[INFO] [stdout] Some errors have detailed explanations: E0432, E0599.
[INFO] [stdout] For more information about an error, try `rustc --explain E0432`.
[INFO] [stdout] Couldn't compile the test.
[INFO] [stdout] 
[INFO] [stdout] failures:
[INFO] [stdout]     src/lib.rs - (line 9)
[INFO] [stdout] 
[INFO] [stdout] test result: FAILED. 0 passed; 1 failed; 0 ignored; 0 measured; 0 filtered out; finished in 0.08s
[INFO] [stdout] 
[INFO] [stderr] error: doctest failed, to rerun pass `--doc`
[INFO] running `Command { std: "docker" "inspect" "616f019dca46ef55bbaff562d8f39ea62aff1cbebe2eb5346ebeea81980ffa91", kill_on_drop: false }`
[INFO] running `Command { std: "docker" "rm" "-f" "616f019dca46ef55bbaff562d8f39ea62aff1cbebe2eb5346ebeea81980ffa91", kill_on_drop: false }`
[INFO] [stdout] 616f019dca46ef55bbaff562d8f39ea62aff1cbebe2eb5346ebeea81980ffa91
