[INFO] fetching crate deadpool-sqlite 0.7.0...
[INFO] testing deadpool-sqlite-0.7.0 against 1.75.0 for beta-1.76-1
[INFO] extracting crate deadpool-sqlite 0.7.0 into /workspace/builds/worker-2-tc1/source
[INFO] validating manifest of crates.io crate deadpool-sqlite 0.7.0 on toolchain 1.75.0
[INFO] running `Command { std: CARGO_HOME="/workspace/cargo-home" RUSTUP_HOME="/workspace/rustup-home" "/workspace/cargo-home/bin/cargo" "+1.75.0" "metadata" "--manifest-path" "Cargo.toml" "--no-deps", kill_on_drop: false }`
[INFO] started tweaking crates.io crate deadpool-sqlite 0.7.0
[INFO] finished tweaking crates.io crate deadpool-sqlite 0.7.0
[INFO] tweaked toml for crates.io crate deadpool-sqlite 0.7.0 written to /workspace/builds/worker-2-tc1/source/Cargo.toml
[INFO] running `Command { std: CARGO_HOME="/workspace/cargo-home" RUSTUP_HOME="/workspace/rustup-home" "/workspace/cargo-home/bin/cargo" "+1.75.0" "generate-lockfile" "--manifest-path" "Cargo.toml", kill_on_drop: false }`
[INFO] [stderr]     Updating crates.io index
[INFO] running `Command { std: CARGO_HOME="/workspace/cargo-home" RUSTUP_HOME="/workspace/rustup-home" "/workspace/cargo-home/bin/cargo" "+1.75.0" "fetch" "--manifest-path" "Cargo.toml", kill_on_drop: false }`
[INFO] [stderr]  Downloading crates ...
[INFO] [stderr]   Downloaded deadpool-sync v0.1.2
[INFO] [stderr]   Downloaded fallible-streaming-iterator v0.1.9
[INFO] [stderr]   Downloaded dlv-list v0.3.0
[INFO] [stderr]   Downloaded ordered-multimap v0.4.3
[INFO] [stderr]   Downloaded rust-ini v0.18.0
[INFO] [stderr]   Downloaded json5 v0.4.1
[INFO] [stderr]   Downloaded ron v0.7.1
[INFO] [stderr]   Downloaded deadpool v0.10.0
[INFO] [stderr]   Downloaded config v0.13.4
[INFO] [stderr]   Downloaded rusqlite v0.30.0
[INFO] running `Command { std: "docker" "create" "-v" "/var/lib/crater-agent-workspace/builds/worker-2-tc1/target:/opt/rustwide/target:rw,Z" "-v" "/var/lib/crater-agent-workspace/builds/worker-2-tc1/source:/opt/rustwide/workdir:ro,Z" "-v" "/var/lib/crater-agent-workspace/cargo-home:/opt/rustwide/cargo-home:ro,Z" "-v" "/var/lib/crater-agent-workspace/rustup-home:/opt/rustwide/rustup-home:ro,Z" "-e" "SOURCE_DIR=/opt/rustwide/workdir" "-e" "CARGO_TARGET_DIR=/opt/rustwide/target" "-e" "CARGO_HOME=/opt/rustwide/cargo-home" "-e" "RUSTUP_HOME=/opt/rustwide/rustup-home" "-w" "/opt/rustwide/workdir" "-m" "1610612736" "--user" "0:0" "--network" "none" "ghcr.io/rust-lang/crates-build-env/linux@sha256:2788e3201cd34a07e3172128adcd8b3090168a8e3bcc40d7c032b9dda1df7d1c" "/opt/rustwide/cargo-home/bin/cargo" "+1.75.0" "metadata" "--no-deps" "--format-version=1", kill_on_drop: false }`
[INFO] [stdout] 83ff59b36c2249dede54f810b40bf527ac8fa212cc59d228d645dfc253c201f0
[INFO] running `Command { std: "docker" "start" "-a" "83ff59b36c2249dede54f810b40bf527ac8fa212cc59d228d645dfc253c201f0", kill_on_drop: false }`
[INFO] running `Command { std: "docker" "inspect" "83ff59b36c2249dede54f810b40bf527ac8fa212cc59d228d645dfc253c201f0", kill_on_drop: false }`
[INFO] running `Command { std: "docker" "rm" "-f" "83ff59b36c2249dede54f810b40bf527ac8fa212cc59d228d645dfc253c201f0", kill_on_drop: false }`
[INFO] [stdout] 83ff59b36c2249dede54f810b40bf527ac8fa212cc59d228d645dfc253c201f0
[INFO] running `Command { std: "docker" "create" "-v" "/var/lib/crater-agent-workspace/builds/worker-2-tc1/target:/opt/rustwide/target:rw,Z" "-v" "/var/lib/crater-agent-workspace/builds/worker-2-tc1/source:/opt/rustwide/workdir:ro,Z" "-v" "/var/lib/crater-agent-workspace/cargo-home:/opt/rustwide/cargo-home:ro,Z" "-v" "/var/lib/crater-agent-workspace/rustup-home:/opt/rustwide/rustup-home:ro,Z" "-e" "SOURCE_DIR=/opt/rustwide/workdir" "-e" "CARGO_TARGET_DIR=/opt/rustwide/target" "-e" "CARGO_INCREMENTAL=0" "-e" "RUST_BACKTRACE=full" "-e" "RUSTFLAGS=--cap-lints=warn" "-e" "RUSTDOCFLAGS=--cap-lints=warn" "-e" "CARGO_HOME=/opt/rustwide/cargo-home" "-e" "RUSTUP_HOME=/opt/rustwide/rustup-home" "-w" "/opt/rustwide/workdir" "-m" "1610612736" "--user" "0:0" "--network" "none" "ghcr.io/rust-lang/crates-build-env/linux@sha256:2788e3201cd34a07e3172128adcd8b3090168a8e3bcc40d7c032b9dda1df7d1c" "/opt/rustwide/cargo-home/bin/cargo" "+1.75.0" "build" "--frozen" "--message-format=json", kill_on_drop: false }`
[INFO] [stdout] 057b16bf51c39c52d323bf9b8566cd0d4c86939e3b4d44f4007d89f3d7ac6ef9
[INFO] running `Command { std: "docker" "start" "-a" "057b16bf51c39c52d323bf9b8566cd0d4c86939e3b4d44f4007d89f3d7ac6ef9", kill_on_drop: false }`
[INFO] [stderr]    Compiling version_check v0.9.4
[INFO] [stderr]    Compiling libc v0.2.151
[INFO] [stderr]    Compiling pkg-config v0.3.28
[INFO] [stderr]    Compiling once_cell v1.19.0
[INFO] [stderr]    Compiling pin-project-lite v0.2.13
[INFO] [stderr]    Compiling zerocopy v0.7.32
[INFO] [stderr]    Compiling vcpkg v0.2.15
[INFO] [stderr]    Compiling allocator-api2 v0.2.16
[INFO] [stderr]    Compiling tokio v1.35.1
[INFO] [stderr]    Compiling async-trait v0.1.77
[INFO] [stderr]    Compiling syn v2.0.48
[INFO] [stderr]    Compiling ahash v0.8.7
[INFO] [stderr]    Compiling fallible-iterator v0.3.0
[INFO] [stderr]    Compiling smallvec v1.11.2
[INFO] [stderr]    Compiling hashbrown v0.14.3
[INFO] [stderr]    Compiling bitflags v2.4.1
[INFO] [stderr]    Compiling fallible-streaming-iterator v0.1.9
[INFO] [stderr]    Compiling libsqlite3-sys v0.27.0
[INFO] [stderr]    Compiling num_cpus v1.16.0
[INFO] [stderr]    Compiling hashlink v0.8.4
[INFO] [stderr]    Compiling rusqlite v0.30.0
[INFO] [stderr]    Compiling deadpool-runtime v0.1.3
[INFO] [stderr]    Compiling deadpool-sync v0.1.2
[INFO] [stderr]    Compiling deadpool v0.10.0
[INFO] [stderr]    Compiling deadpool-sqlite v0.7.0 (/opt/rustwide/workdir)
[INFO] [stderr]     Finished dev [unoptimized + debuginfo] target(s) in 15.69s
[INFO] running `Command { std: "docker" "inspect" "057b16bf51c39c52d323bf9b8566cd0d4c86939e3b4d44f4007d89f3d7ac6ef9", kill_on_drop: false }`
[INFO] running `Command { std: "docker" "rm" "-f" "057b16bf51c39c52d323bf9b8566cd0d4c86939e3b4d44f4007d89f3d7ac6ef9", kill_on_drop: false }`
[INFO] [stdout] 057b16bf51c39c52d323bf9b8566cd0d4c86939e3b4d44f4007d89f3d7ac6ef9
[INFO] running `Command { std: "docker" "create" "-v" "/var/lib/crater-agent-workspace/builds/worker-2-tc1/target:/opt/rustwide/target:rw,Z" "-v" "/var/lib/crater-agent-workspace/builds/worker-2-tc1/source:/opt/rustwide/workdir:ro,Z" "-v" "/var/lib/crater-agent-workspace/cargo-home:/opt/rustwide/cargo-home:ro,Z" "-v" "/var/lib/crater-agent-workspace/rustup-home:/opt/rustwide/rustup-home:ro,Z" "-e" "SOURCE_DIR=/opt/rustwide/workdir" "-e" "CARGO_TARGET_DIR=/opt/rustwide/target" "-e" "CARGO_INCREMENTAL=0" "-e" "RUST_BACKTRACE=full" "-e" "RUSTFLAGS=--cap-lints=warn" "-e" "RUSTDOCFLAGS=--cap-lints=warn" "-e" "CARGO_HOME=/opt/rustwide/cargo-home" "-e" "RUSTUP_HOME=/opt/rustwide/rustup-home" "-w" "/opt/rustwide/workdir" "-m" "1610612736" "--user" "0:0" "--network" "none" "ghcr.io/rust-lang/crates-build-env/linux@sha256:2788e3201cd34a07e3172128adcd8b3090168a8e3bcc40d7c032b9dda1df7d1c" "/opt/rustwide/cargo-home/bin/cargo" "+1.75.0" "test" "--frozen" "--no-run" "--message-format=json", kill_on_drop: false }`
[INFO] [stdout] 0ac608daa9333d3c0ac96ad0324b6cd1eb7e9d6cde2ec352561a00772d548ec7
[INFO] running `Command { std: "docker" "start" "-a" "0ac608daa9333d3c0ac96ad0324b6cd1eb7e9d6cde2ec352561a00772d548ec7", kill_on_drop: false }`
[INFO] [stderr]    Compiling thiserror v1.0.56
[INFO] [stderr]    Compiling memchr v2.7.1
[INFO] [stderr]    Compiling serde v1.0.194
[INFO] [stderr]    Compiling ahash v0.7.7
[INFO] [stderr]    Compiling ucd-trie v0.1.6
[INFO] [stderr]    Compiling getrandom v0.2.11
[INFO] [stderr]    Compiling thiserror-impl v1.0.56
[INFO] [stderr]    Compiling serde_derive v1.0.194
[INFO] [stderr]    Compiling tokio-macros v2.2.0
[INFO] [stderr]    Compiling once_cell v1.19.0
[INFO] [stderr]    Compiling dlv-list v0.3.0
[INFO] [stderr]    Compiling minimal-lexical v0.2.1
[INFO] [stderr]    Compiling base64 v0.13.1
[INFO] [stderr]    Compiling hashbrown v0.12.3
[INFO] [stderr]    Compiling linked-hash-map v0.5.6
[INFO] [stderr]    Compiling pathdiff v0.2.1
[INFO] [stderr]    Compiling dotenv v0.15.0
[INFO] [stderr]    Compiling yaml-rust v0.4.5
[INFO] [stderr]    Compiling nom v7.1.3
[INFO] [stderr]    Compiling tokio v1.35.1
[INFO] [stderr]    Compiling ordered-multimap v0.4.3
[INFO] [stderr]    Compiling rust-ini v0.18.0
[INFO] [stderr]    Compiling pest v2.7.6
[INFO] [stderr]    Compiling pest_meta v2.7.6
[INFO] [stderr]    Compiling deadpool-runtime v0.1.3
[INFO] [stderr]    Compiling deadpool v0.10.0
[INFO] [stderr]    Compiling deadpool-sync v0.1.2
[INFO] [stderr]    Compiling deadpool-sqlite v0.7.0 (/opt/rustwide/workdir)
[INFO] [stderr]    Compiling pest_generator v2.7.6
[INFO] [stderr]    Compiling pest_derive v2.7.6
[INFO] [stderr]    Compiling serde_json v1.0.111
[INFO] [stderr]    Compiling toml v0.5.11
[INFO] [stderr]    Compiling ron v0.7.1
[INFO] [stderr]    Compiling json5 v0.4.1
[INFO] [stderr]    Compiling config v0.13.4
[INFO] [stderr]     Finished test [unoptimized + debuginfo] target(s) in 29.07s
[INFO] running `Command { std: "docker" "inspect" "0ac608daa9333d3c0ac96ad0324b6cd1eb7e9d6cde2ec352561a00772d548ec7", kill_on_drop: false }`
[INFO] running `Command { std: "docker" "rm" "-f" "0ac608daa9333d3c0ac96ad0324b6cd1eb7e9d6cde2ec352561a00772d548ec7", kill_on_drop: false }`
[INFO] [stdout] 0ac608daa9333d3c0ac96ad0324b6cd1eb7e9d6cde2ec352561a00772d548ec7
[INFO] running `Command { std: "docker" "create" "-v" "/var/lib/crater-agent-workspace/builds/worker-2-tc1/target:/opt/rustwide/target:rw,Z" "-v" "/var/lib/crater-agent-workspace/builds/worker-2-tc1/source:/opt/rustwide/workdir:ro,Z" "-v" "/var/lib/crater-agent-workspace/cargo-home:/opt/rustwide/cargo-home:ro,Z" "-v" "/var/lib/crater-agent-workspace/rustup-home:/opt/rustwide/rustup-home:ro,Z" "-e" "SOURCE_DIR=/opt/rustwide/workdir" "-e" "CARGO_TARGET_DIR=/opt/rustwide/target" "-e" "CARGO_INCREMENTAL=0" "-e" "RUST_BACKTRACE=full" "-e" "RUSTFLAGS=--cap-lints=warn" "-e" "RUSTDOCFLAGS=--cap-lints=warn" "-e" "CARGO_HOME=/opt/rustwide/cargo-home" "-e" "RUSTUP_HOME=/opt/rustwide/rustup-home" "-w" "/opt/rustwide/workdir" "-m" "1610612736" "--user" "0:0" "--network" "none" "ghcr.io/rust-lang/crates-build-env/linux@sha256:2788e3201cd34a07e3172128adcd8b3090168a8e3bcc40d7c032b9dda1df7d1c" "/opt/rustwide/cargo-home/bin/cargo" "+1.75.0" "test" "--frozen", kill_on_drop: false }`
[INFO] [stdout] 361d72bf65f37954bd031fd10174673587c636d530a854613039c414a2a78d63
[INFO] running `Command { std: "docker" "start" "-a" "361d72bf65f37954bd031fd10174673587c636d530a854613039c414a2a78d63", kill_on_drop: false }`
[INFO] [stderr]     Finished test [unoptimized + debuginfo] target(s) in 0.10s
[INFO] [stderr]      Running unittests src/lib.rs (/opt/rustwide/target/debug/deps/deadpool_sqlite-19f603dff094cd81)
[INFO] [stdout] 
[INFO] [stdout] running 0 tests
[INFO] [stdout] 
[INFO] [stdout] test result: ok. 0 passed; 0 failed; 0 ignored; 0 measured; 0 filtered out; finished in 0.00s
[INFO] [stdout] 
[INFO] [stderr]      Running tests/sqlite.rs (/opt/rustwide/target/debug/deps/sqlite-217c3a2f152876f4)
[INFO] [stdout] 
[INFO] [stdout] running 2 tests
[INFO] [stdout] test basic ... ok
[INFO] [stdout] test panic ... ok
[INFO] [stdout] 
[INFO] [stdout] test result: ok. 2 passed; 0 failed; 0 ignored; 0 measured; 0 filtered out; finished in 0.05s
[INFO] [stdout] 
[INFO] [stderr]    Doc-tests deadpool-sqlite
[INFO] [stdout] 
[INFO] [stdout] running 2 tests
[INFO] [stdout] test src/config.rs - config::Config (line 17) ... FAILED
[INFO] [stdout] test src/lib.rs - (line 22) ... ok
[INFO] [stdout] 
[INFO] [stdout] failures:
[INFO] [stdout] 
[INFO] [stdout] ---- src/config.rs - config::Config (line 17) stdout ----
[INFO] [stdout] error[E0432]: unresolved import `serde_1`
[INFO] [stdout]  --> src/config.rs:19:5
[INFO] [stdout]   |
[INFO] [stdout] 5 | use serde_1 as serde;
[INFO] [stdout]   |     ^^^^^^^^^^^^^^^^ no external crate `serde_1`
[INFO] [stdout] 
[INFO] [stdout] error: cannot determine resolution for the derive macro `serde::Deserialize`
[INFO] [stdout]  --> src/config.rs:21:10
[INFO] [stdout]   |
[INFO] [stdout] 7 | #[derive(serde::Deserialize, serde::Serialize)]
[INFO] [stdout]   |          ^^^^^^^^^^^^^^^^^^
[INFO] [stdout]   |
[INFO] [stdout]   = note: import resolution is stuck, try simplifying macro imports
[INFO] [stdout] 
[INFO] [stdout] error: cannot determine resolution for the derive macro `serde::Serialize`
[INFO] [stdout]  --> src/config.rs:21:30
[INFO] [stdout]   |
[INFO] [stdout] 7 | #[derive(serde::Deserialize, serde::Serialize)]
[INFO] [stdout]   |                              ^^^^^^^^^^^^^^^^
[INFO] [stdout]   |
[INFO] [stdout]   = note: import resolution is stuck, try simplifying macro imports
[INFO] [stdout] 
[INFO] [stdout] error: cannot determine resolution for the attribute macro `serde`
[INFO] [stdout]  --> src/config.rs:22:3
[INFO] [stdout]   |
[INFO] [stdout] 8 | #[serde(crate = "serde_1")]
[INFO] [stdout]   |   ^^^^^
[INFO] [stdout]   |
[INFO] [stdout]   = note: import resolution is stuck, try simplifying macro imports
[INFO] [stdout] 
[INFO] [stdout] error[E0277]: the trait bound `_doctest_main_src_config_rs_17_0::Config: serde::de::Deserialize<'_>` is not satisfied
[INFO] [stdout]    --> src/config.rs:31:16
[INFO] [stdout]     |
[INFO] [stdout] 17  |            cfg.try_deserialize()
[INFO] [stdout]     |                ^^^^^^^^^^^^^^^ the trait `serde::de::Deserialize<'_>` is not implemented for `_doctest_main_src_config_rs_17_0::Config`
[INFO] [stdout]     |
[INFO] [stdout]     = help: the following other types implement trait `serde::de::Deserialize<'de>`:
[INFO] [stdout]               bool
[INFO] [stdout]               char
[INFO] [stdout]               isize
[INFO] [stdout]               i8
[INFO] [stdout]               i16
[INFO] [stdout]               i32
[INFO] [stdout]               i64
[INFO] [stdout]               i128
[INFO] [stdout]             and 142 others
[INFO] [stdout] note: required by a bound in `config::Config::try_deserialize`
[INFO] [stdout]    --> /opt/rustwide/cargo-home/registry/src/index.crates.io-6f17d22bba15001f/config-0.13.4/src/config.rs:193:36
[INFO] [stdout]     |
[INFO] [stdout] 193 |     pub fn try_deserialize<'de, T: Deserialize<'de>>(self) -> Result<T> {
[INFO] [stdout]     |                                    ^^^^^^^^^^^^^^^^ required by this bound in `Config::try_deserialize`
[INFO] [stdout] 
[INFO] [stdout] error: aborting due to 5 previous errors
[INFO] [stdout] 
[INFO] [stdout] Some errors have detailed explanations: E0277, E0432.
[INFO] [stdout] For more information about an error, try `rustc --explain E0277`.
[INFO] [stdout] Couldn't compile the test.
[INFO] [stdout] 
[INFO] [stdout] failures:
[INFO] [stdout]     src/config.rs - config::Config (line 17)
[INFO] [stdout] 
[INFO] [stdout] test result: FAILED. 1 passed; 1 failed; 0 ignored; 0 measured; 0 filtered out; finished in 0.90s
[INFO] [stdout] 
[INFO] [stderr] error: doctest failed, to rerun pass `--doc`
[INFO] running `Command { std: "docker" "inspect" "361d72bf65f37954bd031fd10174673587c636d530a854613039c414a2a78d63", kill_on_drop: false }`
[INFO] running `Command { std: "docker" "rm" "-f" "361d72bf65f37954bd031fd10174673587c636d530a854613039c414a2a78d63", kill_on_drop: false }`
[INFO] [stdout] 361d72bf65f37954bd031fd10174673587c636d530a854613039c414a2a78d63
