[INFO] fetching crate dbstruct 0.4.1...
[INFO] testing dbstruct-0.4.1 against 1.75.0 for beta-1.76-1
[INFO] extracting crate dbstruct 0.4.1 into /workspace/builds/worker-3-tc1/source
[INFO] validating manifest of crates.io crate dbstruct 0.4.1 on toolchain 1.75.0
[INFO] running `Command { std: CARGO_HOME="/workspace/cargo-home" RUSTUP_HOME="/workspace/rustup-home" "/workspace/cargo-home/bin/cargo" "+1.75.0" "metadata" "--manifest-path" "Cargo.toml" "--no-deps", kill_on_drop: false }`
[INFO] started tweaking crates.io crate dbstruct 0.4.1
[INFO] finished tweaking crates.io crate dbstruct 0.4.1
[INFO] tweaked toml for crates.io crate dbstruct 0.4.1 written to /workspace/builds/worker-3-tc1/source/Cargo.toml
[INFO] crate crates.io crate dbstruct 0.4.1 already has a lockfile, it will not be regenerated
[INFO] running `Command { std: CARGO_HOME="/workspace/cargo-home" RUSTUP_HOME="/workspace/rustup-home" "/workspace/cargo-home/bin/cargo" "+1.75.0" "fetch" "--manifest-path" "Cargo.toml", kill_on_drop: false }`
[INFO] [stderr]     Updating crates.io index
[INFO] [stderr]  Downloading crates ...
[INFO] [stderr]   Downloaded dbstruct-derive v0.2.0
[INFO] [stderr]   Downloaded rocksdb v0.21.0
[INFO] [stderr]   Downloaded prettyplease v0.2.12
[INFO] [stderr]   Downloaded basic-toml v0.1.4
[INFO] [stderr]   Downloaded bindgen v0.65.1
[INFO] [stderr]   Downloaded lz4-sys v1.9.4
[INFO] [stderr]   Downloaded trybuild v1.0.82
[INFO] [stderr]   Downloaded librocksdb-sys v0.11.0+8.1.1
[INFO] running `Command { std: "docker" "create" "-v" "/var/lib/crater-agent-workspace/builds/worker-3-tc1/target:/opt/rustwide/target:rw,Z" "-v" "/var/lib/crater-agent-workspace/builds/worker-3-tc1/source:/opt/rustwide/workdir:ro,Z" "-v" "/var/lib/crater-agent-workspace/cargo-home:/opt/rustwide/cargo-home:ro,Z" "-v" "/var/lib/crater-agent-workspace/rustup-home:/opt/rustwide/rustup-home:ro,Z" "-e" "SOURCE_DIR=/opt/rustwide/workdir" "-e" "CARGO_TARGET_DIR=/opt/rustwide/target" "-e" "CARGO_HOME=/opt/rustwide/cargo-home" "-e" "RUSTUP_HOME=/opt/rustwide/rustup-home" "-w" "/opt/rustwide/workdir" "-m" "1610612736" "--user" "0:0" "--network" "none" "ghcr.io/rust-lang/crates-build-env/linux@sha256:2788e3201cd34a07e3172128adcd8b3090168a8e3bcc40d7c032b9dda1df7d1c" "/opt/rustwide/cargo-home/bin/cargo" "+1.75.0" "metadata" "--no-deps" "--format-version=1", kill_on_drop: false }`
[INFO] [stdout] bac750a80c7eb63816c2be48d8a4f379be9f7530a1458489a1239f01fb03e768
[INFO] running `Command { std: "docker" "start" "-a" "bac750a80c7eb63816c2be48d8a4f379be9f7530a1458489a1239f01fb03e768", kill_on_drop: false }`
[INFO] running `Command { std: "docker" "inspect" "bac750a80c7eb63816c2be48d8a4f379be9f7530a1458489a1239f01fb03e768", kill_on_drop: false }`
[INFO] running `Command { std: "docker" "rm" "-f" "bac750a80c7eb63816c2be48d8a4f379be9f7530a1458489a1239f01fb03e768", kill_on_drop: false }`
[INFO] [stdout] bac750a80c7eb63816c2be48d8a4f379be9f7530a1458489a1239f01fb03e768
[INFO] running `Command { std: "docker" "create" "-v" "/var/lib/crater-agent-workspace/builds/worker-3-tc1/target:/opt/rustwide/target:rw,Z" "-v" "/var/lib/crater-agent-workspace/builds/worker-3-tc1/source:/opt/rustwide/workdir:ro,Z" "-v" "/var/lib/crater-agent-workspace/cargo-home:/opt/rustwide/cargo-home:ro,Z" "-v" "/var/lib/crater-agent-workspace/rustup-home:/opt/rustwide/rustup-home:ro,Z" "-e" "SOURCE_DIR=/opt/rustwide/workdir" "-e" "CARGO_TARGET_DIR=/opt/rustwide/target" "-e" "CARGO_INCREMENTAL=0" "-e" "RUST_BACKTRACE=full" "-e" "RUSTFLAGS=--cap-lints=warn" "-e" "RUSTDOCFLAGS=--cap-lints=warn" "-e" "CARGO_HOME=/opt/rustwide/cargo-home" "-e" "RUSTUP_HOME=/opt/rustwide/rustup-home" "-w" "/opt/rustwide/workdir" "-m" "1610612736" "--user" "0:0" "--network" "none" "ghcr.io/rust-lang/crates-build-env/linux@sha256:2788e3201cd34a07e3172128adcd8b3090168a8e3bcc40d7c032b9dda1df7d1c" "/opt/rustwide/cargo-home/bin/cargo" "+1.75.0" "build" "--frozen" "--message-format=json", kill_on_drop: false }`
[INFO] [stdout] 2f69bab8ba8f22e165f75aa008536d6e7127b61cd18989ffe1b8a3fea11b44d6
[INFO] running `Command { std: "docker" "start" "-a" "2f69bab8ba8f22e165f75aa008536d6e7127b61cd18989ffe1b8a3fea11b44d6", kill_on_drop: false }`
[INFO] [stderr]    Compiling proc-macro2 v1.0.66
[INFO] [stderr]    Compiling unicode-ident v1.0.11
[INFO] [stderr]    Compiling autocfg v1.1.0
[INFO] [stderr]    Compiling version_check v0.9.4
[INFO] [stderr]    Compiling libc v0.2.147
[INFO] [stderr]    Compiling parking_lot_core v0.8.6
[INFO] [stderr]    Compiling scopeguard v1.2.0
[INFO] [stderr]    Compiling syn v1.0.109
[INFO] [stderr]    Compiling crossbeam-utils v0.8.16
[INFO] [stderr]    Compiling instant v0.1.12
[INFO] [stderr]    Compiling crc32fast v1.3.2
[INFO] [stderr]    Compiling serde v1.0.183
[INFO] [stderr]    Compiling proc-macro-error-attr v1.0.4
[INFO] [stderr]    Compiling proc-macro-error v1.0.4
[INFO] [stderr]    Compiling memoffset v0.9.0
[INFO] [stderr]    Compiling lock_api v0.4.10
[INFO] [stderr]    Compiling crossbeam-epoch v0.9.15
[INFO] [stderr]    Compiling smallvec v1.11.0
[INFO] [stderr]    Compiling thiserror v1.0.44
[INFO] [stderr]    Compiling either v1.9.0
[INFO] [stderr]    Compiling byteorder v1.4.3
[INFO] [stderr]    Compiling serde_derive v1.0.183
[INFO] [stderr]    Compiling once_cell v1.18.0
[INFO] [stderr]    Compiling quote v1.0.32
[INFO] [stderr]    Compiling fxhash v0.2.1
[INFO] [stderr]    Compiling tracing-core v0.1.31
[INFO] [stderr]    Compiling syn v2.0.28
[INFO] [stderr]    Compiling fs2 v0.4.3
[INFO] [stderr]    Compiling parking_lot v0.11.2
[INFO] [stderr]    Compiling itertools v0.11.0
[INFO] [stderr]    Compiling log v0.4.19
[INFO] [stderr]    Compiling pin-project-lite v0.2.12
[INFO] [stderr]    Compiling sled v0.34.7
[INFO] [stderr]    Compiling bincode v1.3.3
[INFO] [stderr]    Compiling thiserror-impl v1.0.44
[INFO] [stderr]    Compiling tracing-attributes v0.1.26
[INFO] [stderr]    Compiling dbstruct-derive v0.2.0
[INFO] [stderr]    Compiling tracing v0.1.37
[INFO] [stderr]    Compiling dbstruct v0.4.1 (/opt/rustwide/workdir)
[INFO] [stderr]     Finished dev [unoptimized + debuginfo] target(s) in 15.05s
[INFO] running `Command { std: "docker" "inspect" "2f69bab8ba8f22e165f75aa008536d6e7127b61cd18989ffe1b8a3fea11b44d6", kill_on_drop: false }`
[INFO] running `Command { std: "docker" "rm" "-f" "2f69bab8ba8f22e165f75aa008536d6e7127b61cd18989ffe1b8a3fea11b44d6", kill_on_drop: false }`
[INFO] [stdout] 2f69bab8ba8f22e165f75aa008536d6e7127b61cd18989ffe1b8a3fea11b44d6
[INFO] running `Command { std: "docker" "create" "-v" "/var/lib/crater-agent-workspace/builds/worker-3-tc1/target:/opt/rustwide/target:rw,Z" "-v" "/var/lib/crater-agent-workspace/builds/worker-3-tc1/source:/opt/rustwide/workdir:ro,Z" "-v" "/var/lib/crater-agent-workspace/cargo-home:/opt/rustwide/cargo-home:ro,Z" "-v" "/var/lib/crater-agent-workspace/rustup-home:/opt/rustwide/rustup-home:ro,Z" "-e" "SOURCE_DIR=/opt/rustwide/workdir" "-e" "CARGO_TARGET_DIR=/opt/rustwide/target" "-e" "CARGO_INCREMENTAL=0" "-e" "RUST_BACKTRACE=full" "-e" "RUSTFLAGS=--cap-lints=warn" "-e" "RUSTDOCFLAGS=--cap-lints=warn" "-e" "CARGO_HOME=/opt/rustwide/cargo-home" "-e" "RUSTUP_HOME=/opt/rustwide/rustup-home" "-w" "/opt/rustwide/workdir" "-m" "1610612736" "--user" "0:0" "--network" "none" "ghcr.io/rust-lang/crates-build-env/linux@sha256:2788e3201cd34a07e3172128adcd8b3090168a8e3bcc40d7c032b9dda1df7d1c" "/opt/rustwide/cargo-home/bin/cargo" "+1.75.0" "test" "--frozen" "--no-run" "--message-format=json", kill_on_drop: false }`
[INFO] [stdout] 052c4192b67b3bdd44331508f6df11a9ddf69a82de36375feae48d2dea9d9e1a
[INFO] running `Command { std: "docker" "start" "-a" "052c4192b67b3bdd44331508f6df11a9ddf69a82de36375feae48d2dea9d9e1a", kill_on_drop: false }`
[INFO] [stderr]    Compiling tracing-core v0.1.31
[INFO] [stderr]    Compiling log v0.4.19
[INFO] [stderr]    Compiling regex-syntax v0.6.29
[INFO] [stderr]    Compiling regex-syntax v0.7.4
[INFO] [stderr]    Compiling lazy_static v1.4.0
[INFO] [stderr]    Compiling serde_json v1.0.104
[INFO] [stderr]    Compiling overload v0.1.1
[INFO] [stderr]    Compiling ryu v1.0.15
[INFO] [stderr]    Compiling trybuild v1.0.82
[INFO] [stderr]    Compiling itoa v1.0.9
[INFO] [stderr]    Compiling sled v0.34.7
[INFO] [stderr]    Compiling nu-ansi-term v0.46.0
[INFO] [stderr]    Compiling sharded-slab v0.1.4
[INFO] [stderr]    Compiling rand v0.4.6
[INFO] [stderr]    Compiling tracing v0.1.37
[INFO] [stderr]    Compiling tracing-log v0.1.3
[INFO] [stderr]    Compiling basic-toml v0.1.4
[INFO] [stderr]    Compiling thread_local v1.1.7
[INFO] [stderr]    Compiling remove_dir_all v0.5.3
[INFO] [stderr]    Compiling glob v0.3.1
[INFO] [stderr]    Compiling termcolor v1.2.0
[INFO] [stderr]    Compiling tempdir v0.3.7
[INFO] [stderr]    Compiling regex-automata v0.3.6
[INFO] [stderr]    Compiling regex-automata v0.1.10
[INFO] [stderr]    Compiling dbstruct v0.4.1 (/opt/rustwide/workdir)
[INFO] [stderr]    Compiling matchers v0.1.0
[INFO] [stderr]    Compiling regex v1.9.3
[INFO] [stderr]    Compiling tracing-subscriber v0.3.17
[INFO] [stderr]     Finished test [unoptimized + debuginfo] target(s) in 24.17s
[INFO] running `Command { std: "docker" "inspect" "052c4192b67b3bdd44331508f6df11a9ddf69a82de36375feae48d2dea9d9e1a", kill_on_drop: false }`
[INFO] running `Command { std: "docker" "rm" "-f" "052c4192b67b3bdd44331508f6df11a9ddf69a82de36375feae48d2dea9d9e1a", kill_on_drop: false }`
[INFO] [stdout] 052c4192b67b3bdd44331508f6df11a9ddf69a82de36375feae48d2dea9d9e1a
[INFO] running `Command { std: "docker" "create" "-v" "/var/lib/crater-agent-workspace/builds/worker-3-tc1/target:/opt/rustwide/target:rw,Z" "-v" "/var/lib/crater-agent-workspace/builds/worker-3-tc1/source:/opt/rustwide/workdir:ro,Z" "-v" "/var/lib/crater-agent-workspace/cargo-home:/opt/rustwide/cargo-home:ro,Z" "-v" "/var/lib/crater-agent-workspace/rustup-home:/opt/rustwide/rustup-home:ro,Z" "-e" "SOURCE_DIR=/opt/rustwide/workdir" "-e" "CARGO_TARGET_DIR=/opt/rustwide/target" "-e" "CARGO_INCREMENTAL=0" "-e" "RUST_BACKTRACE=full" "-e" "RUSTFLAGS=--cap-lints=warn" "-e" "RUSTDOCFLAGS=--cap-lints=warn" "-e" "CARGO_HOME=/opt/rustwide/cargo-home" "-e" "RUSTUP_HOME=/opt/rustwide/rustup-home" "-w" "/opt/rustwide/workdir" "-m" "1610612736" "--user" "0:0" "--network" "none" "ghcr.io/rust-lang/crates-build-env/linux@sha256:2788e3201cd34a07e3172128adcd8b3090168a8e3bcc40d7c032b9dda1df7d1c" "/opt/rustwide/cargo-home/bin/cargo" "+1.75.0" "test" "--frozen", kill_on_drop: false }`
[INFO] [stdout] 4392f2ee17e879cf21edff1a9e275094f6a1e55f1c4dfc74f2bd00d0ddb2cf8a
[INFO] running `Command { std: "docker" "start" "-a" "4392f2ee17e879cf21edff1a9e275094f6a1e55f1c4dfc74f2bd00d0ddb2cf8a", kill_on_drop: false }`
[INFO] [stderr]     Finished test [unoptimized + debuginfo] target(s) in 0.08s
[INFO] [stderr]      Running unittests src/lib.rs (/opt/rustwide/target/debug/deps/dbstruct-ff1cd66ac6d68571)
[INFO] [stdout] 
[INFO] [stdout] running 17 tests
[INFO] [stdout] test stores::btreemap::tests::get_lt ... ok
[INFO] [stdout] test wrapper::vec::iterator::tests::pop_during_iter ... ok
[INFO] [stdout] test wrapper::map::extend::tests::iter_one_item::without_error ... ok
[INFO] [stdout] test stores::btreemap::tests::get_then_insert ... ok
[INFO] [stdout] test wrapper::map::iterator::tests::iterator_visits_all_elements ... ok
[INFO] [stdout] test wrapper::vec::iterator::tests::push_post_iter ... ok
[INFO] [stdout] test wrapper::vec::iterator::tests::trivial ... ok
[INFO] [stdout] test stores::btreemap::tests::get_gt ... ok
[INFO] [stdout] test stores::hashmap::tests::get_then_insert ... ok
[INFO] [stdout] test wrapper::vec::tests::given_2_long_vec::third_pop_is_none ... ok
[INFO] [stdout] test wrapper::vec::tests::given_2_long_vec::element_pop_in_the_right_order ... ok
[INFO] [stdout] test wrapper::vec::tests::given_empty_vec::len_is_zero ... ok
[INFO] [stdout] test wrapper::vec::iterator::tests::pop_post_iter_is_seen ... ok
[INFO] [stdout] test wrapper::vec::tests::given_empty_vec::push_increases_the_len ... ok
[INFO] [stdout] test wrapper::vec::tests::given_empty_vec::pop_return_none ... ok
[INFO] [stdout] test wrapper::map::extend::tests::iter_one_item::while_db_errors ... ok
[INFO] [stdout] test wrapper::vec::extend::tests::error ... ok
[INFO] [stdout] 
[INFO] [stdout] test result: ok. 17 passed; 0 failed; 0 ignored; 0 measured; 0 filtered out; finished in 0.07s
[INFO] [stdout] 
[INFO] [stderr]      Running tests/default_trait.rs (/opt/rustwide/target/debug/deps/default_trait-ebd5d92103c393d4)
[INFO] [stdout] 
[INFO] [stdout] running 1 test
[INFO] [stderr]      Running tests/persistance.rs (/opt/rustwide/target/debug/deps/persistance-c69888f7eea45b1f)
[INFO] [stdout] test main ... ok
[INFO] [stdout] 
[INFO] [stdout] test result: ok. 1 passed; 0 failed; 0 ignored; 0 measured; 0 filtered out; finished in 0.01s
[INFO] [stdout] 
[INFO] [stdout] 
[INFO] [stdout] running 1 test
[INFO] [stdout] test persistance ... ok
[INFO] [stdout] 
[INFO] [stdout] test result: ok. 1 passed; 0 failed; 0 ignored; 0 measured; 0 filtered out; finished in 0.19s
[INFO] [stdout] 
[INFO] [stderr]      Running tests/setup_tracing.rs (/opt/rustwide/target/debug/deps/setup_tracing-911d01e074c02539)
[INFO] [stdout] 
[INFO] [stdout] running 0 tests
[INFO] [stdout] 
[INFO] [stdout] test result: ok. 0 passed; 0 failed; 0 ignored; 0 measured; 0 filtered out; finished in 0.00s
[INFO] [stdout] 
[INFO] [stderr]      Running tests/simple_field.rs (/opt/rustwide/target/debug/deps/simple_field-330fd6a4859afc90)
[INFO] [stdout] 
[INFO] [stdout] running 2 tests
[INFO] [stdout] test btreemap_backend ... ok
[INFO] [stdout] test sled_backend ... ok
[INFO] [stdout] 
[INFO] [stdout] test result: ok. 2 passed; 0 failed; 0 ignored; 0 measured; 0 filtered out; finished in 0.16s
[INFO] [stdout] 
[INFO] [stderr]      Running tests/ui.rs (/opt/rustwide/target/debug/deps/ui-1631a270863197fd)
[INFO] [stdout] 
[INFO] [stdout] running 1 test
[INFO] [stderr]    Compiling proc-macro2 v1.0.66
[INFO] [stderr]    Compiling unicode-ident v1.0.11
[INFO] [stderr]    Compiling autocfg v1.1.0
[INFO] [stderr]     Checking cfg-if v1.0.0
[INFO] [stderr]    Compiling libc v0.2.147
[INFO] [stderr]    Compiling version_check v0.9.4
[INFO] [stderr]     Checking once_cell v1.18.0
[INFO] [stderr]    Compiling thiserror v1.0.44
[INFO] [stderr]    Compiling crossbeam-utils v0.8.16
[INFO] [stderr]    Compiling parking_lot_core v0.8.6
[INFO] [stderr]     Checking smallvec v1.11.0
[INFO] [stderr]     Checking scopeguard v1.2.0
[INFO] [stderr]    Compiling syn v1.0.109
[INFO] [stderr]     Checking tracing-core v0.1.31
[INFO] [stderr]     Checking instant v0.1.12
[INFO] [stderr]     Checking log v0.4.19
[INFO] [stderr]    Compiling serde v1.0.183
[INFO] [stderr]    Compiling crc32fast v1.3.2
[INFO] [stderr]    Compiling memoffset v0.9.0
[INFO] [stderr]    Compiling proc-macro-error-attr v1.0.4
[INFO] [stderr]    Compiling lock_api v0.4.10
[INFO] [stderr]    Compiling proc-macro-error v1.0.4
[INFO] [stderr]    Compiling crossbeam-epoch v0.9.15
[INFO] [stderr]    Compiling quote v1.0.32
[INFO] [stderr]    Compiling syn v2.0.28
[INFO] [stderr]     Checking lazy_static v1.4.0
[INFO] [stderr]     Checking regex-syntax v0.7.4
[INFO] [stderr]    Compiling either v1.9.0
[INFO] [stderr]     Checking pin-project-lite v0.2.12
[INFO] [stderr]     Checking regex-syntax v0.6.29
[INFO] [stderr]    Compiling serde_derive v1.0.183
[INFO] [stderr]     Checking byteorder v1.4.3
[INFO] [stderr]     Checking parking_lot v0.11.2
[INFO] [stderr]     Checking fxhash v0.2.1
[INFO] [stderr]    Compiling itertools v0.11.0
[INFO] [stderr]     Checking fs2 v0.4.3
[INFO] [stderr]     Checking overload v0.1.1
[INFO] [stderr]     Checking sled v0.34.7
[INFO] [stderr]     Checking nu-ansi-term v0.46.0
[INFO] [stderr]     Checking rand v0.4.6
[INFO] [stderr]     Checking tracing-log v0.1.3
[INFO] [stderr]     Checking sharded-slab v0.1.4
[INFO] [stderr]     Checking thread_local v1.1.7
[INFO] [stderr]     Checking remove_dir_all v0.5.3
[INFO] [stderr]     Checking tempdir v0.3.7
[INFO] [stderr]     Checking regex-automata v0.3.6
[INFO] [stderr]     Checking regex-automata v0.1.10
[INFO] [stderr]     Checking matchers v0.1.0
[INFO] [stderr]     Checking regex v1.9.3
[INFO] [stderr]     Checking bincode v1.3.3
[INFO] [stderr]    Compiling thiserror-impl v1.0.44
[INFO] [stderr]    Compiling tracing-attributes v0.1.26
[INFO] [stderr]     Checking tracing v0.1.37
[INFO] [stderr]    Compiling dbstruct-derive v0.2.0
[INFO] [stderr]     Checking tracing-subscriber v0.3.17
[INFO] [stderr]     Checking dbstruct v0.4.1 (/opt/rustwide/workdir)
[INFO] [stderr]     Checking dbstruct-tests v0.0.0 (/opt/rustwide/target/tests/trybuild/dbstruct)
[INFO] [stderr]     Finished dev [unoptimized + debuginfo] target(s) in 27.03s
[INFO] [stderr] 
[INFO] [stderr] 
[INFO] [stderr] test tests/ui/annotation_is_wong.rs ... ok
[INFO] [stderr] test tests/ui/attribute_does_not_exist.rs ... ok
[INFO] [stderr] test tests/ui/db_misses_traits.rs ... ok
[INFO] [stderr] test tests/ui/db_option_misses_value.rs ... ok
[INFO] [stderr] test tests/ui/db_option_missing.rs ... ok
[INFO] [stderr] test tests/ui/invalid_attribute_syntax.rs ... ok
[INFO] [stderr] test tests/ui/invalid_db_value.rs ... ok
[INFO] [stderr] test tests/ui/item_is_not_a_struct.rs ... ok
[INFO] [stderr] test tests/ui/map_missing_serialize.rs ... mismatch
[INFO] [stderr] 
[INFO] [stderr] EXPECTED:
[INFO] [stderr] ┈┈┈┈┈┈┈┈┈┈┈┈┈┈┈┈┈┈┈┈┈┈┈┈┈┈┈┈┈┈┈┈┈┈┈┈┈┈┈┈┈┈┈┈┈┈┈┈┈┈┈┈┈┈┈┈┈┈┈┈
[INFO] [stderr] error[E0277]: the trait bound `CustomKeyType: serde::ser::Serialize` is not satisfied
[INFO] [stderr]  --> tests/ui/map_missing_serialize.rs:9:5
[INFO] [stderr]   |
[INFO] [stderr] 9 |     #[dbstruct::dbstruct(db=sled)]
[INFO] [stderr]   |     ^^^^^^^^^^^^^^^^^^^^^^^^^^^^^^ the trait `serde::ser::Serialize` is not implemented for `CustomKeyType`
[INFO] [stderr]   |
[INFO] [stderr]   = help: the following other types implement trait `serde::ser::Serialize`:
[INFO] [stderr]             &'a T
[INFO] [stderr]             &'a mut T
[INFO] [stderr]             ()
[INFO] [stderr]             (T0, T1)
[INFO] [stderr]             (T0, T1, T2)
[INFO] [stderr]             (T0, T1, T2, T3)
[INFO] [stderr]             (T0, T1, T2, T3, T4)
[INFO] [stderr]             (T0, T1, T2, T3, T4, T5)
[INFO] [stderr]           and $N others
[INFO] [stderr] note: required by a bound in `dbstruct::wrapper::Map`
[INFO] [stderr]  --> src/wrapper/map.rs
[INFO] [stderr]   |
[INFO] [stderr]   | pub struct Map<'a, Key, Value, DS>
[INFO] [stderr]   |            --- required by a bound in this struct
[INFO] [stderr]   | where
[INFO] [stderr]   |     Key: Serialize,
[INFO] [stderr]   |          ^^^^^^^^^ required by this bound in `Map`
[INFO] [stderr]   = note: this error originates in the attribute macro `dbstruct::dbstruct` (in Nightly builds, run with -Z macro-backtrace for more info)
[INFO] [stderr] 
[INFO] [stderr] error[E0277]: the trait bound `CustomValType: serde::ser::Serialize` is not satisfied
[INFO] [stderr]  --> tests/ui/map_missing_serialize.rs:9:5
[INFO] [stderr]   |
[INFO] [stderr] 9 |     #[dbstruct::dbstruct(db=sled)]
[INFO] [stderr]   |     ^^^^^^^^^^^^^^^^^^^^^^^^^^^^^^ the trait `serde::ser::Serialize` is not implemented for `CustomValType`
[INFO] [stderr]   |
[INFO] [stderr]   = help: the following other types implement trait `serde::ser::Serialize`:
[INFO] [stderr]             &'a T
[INFO] [stderr]             &'a mut T
[INFO] [stderr]             ()
[INFO] [stderr]             (T0, T1)
[INFO] [stderr]             (T0, T1, T2)
[INFO] [stderr]             (T0, T1, T2, T3)
[INFO] [stderr]             (T0, T1, T2, T3, T4)
[INFO] [stderr]             (T0, T1, T2, T3, T4, T5)
[INFO] [stderr]           and $N others
[INFO] [stderr] note: required by a bound in `dbstruct::wrapper::Map`
[INFO] [stderr]  --> src/wrapper/map.rs
[INFO] [stderr]   |
[INFO] [stderr]   | pub struct Map<'a, Key, Value, DS>
[INFO] [stderr]   |            --- required by a bound in this struct
[INFO] [stderr] ...
[INFO] [stderr]   |     Value: Serialize + DeserializeOwned,
[INFO] [stderr]   |            ^^^^^^^^^ required by this bound in `Map`
[INFO] [stderr]   = note: this error originates in the attribute macro `dbstruct::dbstruct` (in Nightly builds, run with -Z macro-backtrace for more info)
[INFO] [stderr] 
[INFO] [stderr] error[E0277]: the trait bound `for<'de> CustomValType: serde::de::Deserialize<'de>` is not satisfied
[INFO] [stderr]  --> tests/ui/map_missing_serialize.rs:9:5
[INFO] [stderr]   |
[INFO] [stderr] 9 |     #[dbstruct::dbstruct(db=sled)]
[INFO] [stderr]   |     ^^^^^^^^^^^^^^^^^^^^^^^^^^^^^^ the trait `for<'de> serde::de::Deserialize<'de>` is not implemented for `CustomValType`
[INFO] [stderr]   |
[INFO] [stderr]   = help: the following other types implement trait `serde::de::Deserialize<'de>`:
[INFO] [stderr]             &'a Path
[INFO] [stderr]             &'a [u8]
[INFO] [stderr]             &'a str
[INFO] [stderr]             ()
[INFO] [stderr]             (T0, T1)
[INFO] [stderr]             (T0, T1, T2)
[INFO] [stderr]             (T0, T1, T2, T3)
[INFO] [stderr]             (T0, T1, T2, T3, T4)
[INFO] [stderr]           and $N others
[INFO] [stderr]   = note: required for `CustomValType` to implement `serde::de::DeserializeOwned`
[INFO] [stderr] note: required by a bound in `dbstruct::wrapper::Map`
[INFO] [stderr]  --> src/wrapper/map.rs
[INFO] [stderr]   |
[INFO] [stderr]   | pub struct Map<'a, Key, Value, DS>
[INFO] [stderr]   |            --- required by a bound in this struct
[INFO] [stderr] ...
[INFO] [stderr]   |     Value: Serialize + DeserializeOwned,
[INFO] [stderr]   |                        ^^^^^^^^^^^^^^^^ required by this bound in `Map`
[INFO] [stderr]   = note: this error originates in the attribute macro `dbstruct::dbstruct` (in Nightly builds, run with -Z macro-backtrace for more info)
[INFO] [stderr] ┈┈┈┈┈┈┈┈┈┈┈┈┈┈┈┈┈┈┈┈┈┈┈┈┈┈┈┈┈┈┈┈┈┈┈┈┈┈┈┈┈┈┈┈┈┈┈┈┈┈┈┈┈┈┈┈┈┈┈┈
[INFO] [stderr] 
[INFO] [stderr] ACTUAL OUTPUT:
[INFO] [stderr] ┈┈┈┈┈┈┈┈┈┈┈┈┈┈┈┈┈┈┈┈┈┈┈┈┈┈┈┈┈┈┈┈┈┈┈┈┈┈┈┈┈┈┈┈┈┈┈┈┈┈┈┈┈┈┈┈┈┈┈┈
[INFO] [stderr] error[E0277]: the trait bound `CustomKeyType: serde::ser::Serialize` is not satisfied
[INFO] [stderr]  --> tests/ui/map_missing_serialize.rs:9:5
[INFO] [stderr]   |
[INFO] [stderr] 9 |     #[dbstruct::dbstruct(db=sled)]
[INFO] [stderr]   |     ^^^^^^^^^^^^^^^^^^^^^^^^^^^^^^ the trait `serde::ser::Serialize` is not implemented for `CustomKeyType`
[INFO] [stderr]   |
[INFO] [stderr]   = help: the following other types implement trait `serde::ser::Serialize`:
[INFO] [stderr]             bool
[INFO] [stderr]             char
[INFO] [stderr]             isize
[INFO] [stderr]             i8
[INFO] [stderr]             i16
[INFO] [stderr]             i32
[INFO] [stderr]             i64
[INFO] [stderr]             i128
[INFO] [stderr]           and $N others
[INFO] [stderr] note: required by a bound in `dbstruct::wrapper::Map`
[INFO] [stderr]  --> src/wrapper/map.rs
[INFO] [stderr]   |
[INFO] [stderr]   | pub struct Map<'a, Key, Value, DS>
[INFO] [stderr]   |            --- required by a bound in this struct
[INFO] [stderr]   | where
[INFO] [stderr]   |     Key: Serialize,
[INFO] [stderr]   |          ^^^^^^^^^ required by this bound in `Map`
[INFO] [stderr]   = note: this error originates in the attribute macro `dbstruct::dbstruct` (in Nightly builds, run with -Z macro-backtrace for more info)
[INFO] [stderr] 
[INFO] [stderr] error[E0277]: the trait bound `CustomValType: serde::ser::Serialize` is not satisfied
[INFO] [stderr]  --> tests/ui/map_missing_serialize.rs:9:5
[INFO] [stderr]   |
[INFO] [stderr] 9 |     #[dbstruct::dbstruct(db=sled)]
[INFO] [stderr]   |     ^^^^^^^^^^^^^^^^^^^^^^^^^^^^^^ the trait `serde::ser::Serialize` is not implemented for `CustomValType`
[INFO] [stderr]   |
[INFO] [stderr]   = help: the following other types implement trait `serde::ser::Serialize`:
[INFO] [stderr]             bool
[INFO] [stderr]             char
[INFO] [stderr]             isize
[INFO] [stderr]             i8
[INFO] [stderr]             i16
[INFO] [stderr]             i32
[INFO] [stderr]             i64
[INFO] [stderr]             i128
[INFO] [stderr]           and $N others
[INFO] [stderr] note: required by a bound in `dbstruct::wrapper::Map`
[INFO] [stderr]  --> src/wrapper/map.rs
[INFO] [stderr]   |
[INFO] [stderr]   | pub struct Map<'a, Key, Value, DS>
[INFO] [stderr]   |            --- required by a bound in this struct
[INFO] [stderr] ...
[INFO] [stderr]   |     Value: Serialize + DeserializeOwned,
[INFO] [stderr]   |            ^^^^^^^^^ required by this bound in `Map`
[INFO] [stderr]   = note: this error originates in the attribute macro `dbstruct::dbstruct` (in Nightly builds, run with -Z macro-backtrace for more info)
[INFO] [stderr] 
[INFO] [stderr] error[E0277]: the trait bound `for<'de> CustomValType: serde::de::Deserialize<'de>` is not satisfied
[INFO] [stderr]  --> tests/ui/map_missing_serialize.rs:9:5
[INFO] [stderr]   |
[INFO] [stderr] 9 |     #[dbstruct::dbstruct(db=sled)]
[INFO] [stderr]   |     ^^^^^^^^^^^^^^^^^^^^^^^^^^^^^^ the trait `for<'de> serde::de::Deserialize<'de>` is not implemented for `CustomValType`
[INFO] [stderr]   |
[INFO] [stderr]   = help: the following other types implement trait `serde::de::Deserialize<'de>`:
[INFO] [stderr]             bool
[INFO] [stderr]             char
[INFO] [stderr]             isize
[INFO] [stderr]             i8
[INFO] [stderr]             i16
[INFO] [stderr]             i32
[INFO] [stderr]             i64
[INFO] [stderr]             i128
[INFO] [stderr]           and $N others
[INFO] [stderr]   = note: required for `CustomValType` to implement `serde::de::DeserializeOwned`
[INFO] [stderr] note: required by a bound in `dbstruct::wrapper::Map`
[INFO] [stderr]  --> src/wrapper/map.rs
[INFO] [stderr]   |
[INFO] [stderr]   | pub struct Map<'a, Key, Value, DS>
[INFO] [stderr]   |            --- required by a bound in this struct
[INFO] [stderr] ...
[INFO] [stderr]   |     Value: Serialize + DeserializeOwned,
[INFO] [stderr]   |                        ^^^^^^^^^^^^^^^^ required by this bound in `Map`
[INFO] [stderr]   = note: this error originates in the attribute macro `dbstruct::dbstruct` (in Nightly builds, run with -Z macro-backtrace for more info)
[INFO] [stderr] ┈┈┈┈┈┈┈┈┈┈┈┈┈┈┈┈┈┈┈┈┈┈┈┈┈┈┈┈┈┈┈┈┈┈┈┈┈┈┈┈┈┈┈┈┈┈┈┈┈┈┈┈┈┈┈┈┈┈┈┈
[INFO] [stderr] note: If the actual output is the correct output you can bless it by rerunning
[INFO] [stderr]       your test with the environment variable TRYBUILD=overwrite
[INFO] [stderr] 
[INFO] [stderr] test tests/ui/missing_db_option.rs ... ok
[INFO] [stderr] test tests/ui/multiple_backends.rs ... ok
[INFO] [stderr] test tests/ui/not_a_db_backend.rs ... ok
[INFO] [stderr] test tests/ui/trait_is_missing.rs ... mismatch
[INFO] [stderr] 
[INFO] [stderr] EXPECTED:
[INFO] [stderr] ┈┈┈┈┈┈┈┈┈┈┈┈┈┈┈┈┈┈┈┈┈┈┈┈┈┈┈┈┈┈┈┈┈┈┈┈┈┈┈┈┈┈┈┈┈┈┈┈┈┈┈┈┈┈┈┈┈┈┈┈
[INFO] [stderr] error[E0277]: the trait bound `CustomType: serde::ser::Serialize` is not satisfied
[INFO] [stderr]   --> tests/ui/trait_is_missing.rs:10:12
[INFO] [stderr]    |
[INFO] [stderr] 10 |     field: CustomType,
[INFO] [stderr]    |            ^^^^^^^^^^ the trait `serde::ser::Serialize` is not implemented for `CustomType`
[INFO] [stderr]    |
[INFO] [stderr]    = help: the following other types implement trait `serde::ser::Serialize`:
[INFO] [stderr]              &'a T
[INFO] [stderr]              &'a mut T
[INFO] [stderr]              ()
[INFO] [stderr]              (T0, T1)
[INFO] [stderr]              (T0, T1, T2)
[INFO] [stderr]              (T0, T1, T2, T3)
[INFO] [stderr]              (T0, T1, T2, T3, T4)
[INFO] [stderr]              (T0, T1, T2, T3, T4, T5)
[INFO] [stderr]            and $N others
[INFO] [stderr] note: required by a bound in `DefaultTrait`
[INFO] [stderr]   --> src/wrapper/default_trait.rs
[INFO] [stderr]    |
[INFO] [stderr]    | pub struct DefaultTrait<T, DS>
[INFO] [stderr]    |            ------------ required by a bound in this struct
[INFO] [stderr]    | where
[INFO] [stderr]    |     T: Serialize + DeserializeOwned + Default,
[INFO] [stderr]    |        ^^^^^^^^^ required by this bound in `DefaultTrait`
[INFO] [stderr] 
[INFO] [stderr] error[E0277]: the trait bound `CustomType: Default` is not satisfied
[INFO] [stderr]   --> tests/ui/trait_is_missing.rs:10:12
[INFO] [stderr]    |
[INFO] [stderr] 10 |     field: CustomType,
[INFO] [stderr]    |            ^^^^^^^^^^ the trait `Default` is not implemented for `CustomType`
[INFO] [stderr]    |
[INFO] [stderr] note: required by a bound in `DefaultTrait`
[INFO] [stderr]   --> src/wrapper/default_trait.rs
[INFO] [stderr]    |
[INFO] [stderr]    | pub struct DefaultTrait<T, DS>
[INFO] [stderr]    |            ------------ required by a bound in this struct
[INFO] [stderr]    | where
[INFO] [stderr]    |     T: Serialize + DeserializeOwned + Default,
[INFO] [stderr]    |                                       ^^^^^^^ required by this bound in `DefaultTrait`
[INFO] [stderr] help: consider annotating `CustomType` with `#[derive(Default)]`
[INFO] [stderr]    |
[INFO] [stderr] 3  + #[derive(Default)]
[INFO] [stderr] 4  | struct CustomType {
[INFO] [stderr]    |
[INFO] [stderr] 
[INFO] [stderr] error[E0277]: the trait bound `for<'de> CustomType: serde::de::Deserialize<'de>` is not satisfied
[INFO] [stderr]   --> tests/ui/trait_is_missing.rs:10:12
[INFO] [stderr]    |
[INFO] [stderr] 10 |     field: CustomType,
[INFO] [stderr]    |            ^^^^^^^^^^ the trait `for<'de> serde::de::Deserialize<'de>` is not implemented for `CustomType`
[INFO] [stderr]    |
[INFO] [stderr]    = help: the following other types implement trait `serde::de::Deserialize<'de>`:
[INFO] [stderr]              &'a Path
[INFO] [stderr]              &'a [u8]
[INFO] [stderr]              &'a str
[INFO] [stderr]              ()
[INFO] [stderr]              (T0, T1)
[INFO] [stderr]              (T0, T1, T2)
[INFO] [stderr]              (T0, T1, T2, T3)
[INFO] [stderr]              (T0, T1, T2, T3, T4)
[INFO] [stderr]            and $N others
[INFO] [stderr]    = note: required for `CustomType` to implement `serde::de::DeserializeOwned`
[INFO] [stderr] note: required by a bound in `DefaultTrait`
[INFO] [stderr]   --> src/wrapper/default_trait.rs
[INFO] [stderr]    |
[INFO] [stderr]    | pub struct DefaultTrait<T, DS>
[INFO] [stderr]    |            ------------ required by a bound in this struct
[INFO] [stderr]    | where
[INFO] [stderr]    |     T: Serialize + DeserializeOwned + Default,
[INFO] [stderr]    |                    ^^^^^^^^^^^^^^^^ required by this bound in `DefaultTrait`
[INFO] [stderr] ┈┈┈┈┈┈┈┈┈┈┈┈┈┈┈┈┈┈┈┈┈┈┈┈┈┈┈┈┈┈┈┈┈┈┈┈┈┈┈┈┈┈┈┈┈┈┈┈┈┈┈┈┈┈┈┈┈┈┈┈
[INFO] [stderr] 
[INFO] [stderr] ACTUAL OUTPUT:
[INFO] [stderr] ┈┈┈┈┈┈┈┈┈┈┈┈┈┈┈┈┈┈┈┈┈┈┈┈┈┈┈┈┈┈┈┈┈┈┈┈┈┈┈┈┈┈┈┈┈┈┈┈┈┈┈┈┈┈┈┈┈┈┈┈
[INFO] [stderr] error[E0277]: the trait bound `CustomType: serde::ser::Serialize` is not satisfied
[INFO] [stderr]   --> tests/ui/trait_is_missing.rs:10:12
[INFO] [stderr]    |
[INFO] [stderr] 10 |     field: CustomType,
[INFO] [stderr]    |            ^^^^^^^^^^ the trait `serde::ser::Serialize` is not implemented for `CustomType`
[INFO] [stderr]    |
[INFO] [stderr]    = help: the following other types implement trait `serde::ser::Serialize`:
[INFO] [stderr]              bool
[INFO] [stderr]              char
[INFO] [stderr]              isize
[INFO] [stderr]              i8
[INFO] [stderr]              i16
[INFO] [stderr]              i32
[INFO] [stderr]              i64
[INFO] [stderr]              i128
[INFO] [stderr]            and $N others
[INFO] [stderr] note: required by a bound in `DefaultTrait`
[INFO] [stderr]   --> src/wrapper/default_trait.rs
[INFO] [stderr]    |
[INFO] [stderr]    | pub struct DefaultTrait<T, DS>
[INFO] [stderr]    |            ------------ required by a bound in this struct
[INFO] [stderr]    | where
[INFO] [stderr]    |     T: Serialize + DeserializeOwned + Default,
[INFO] [stderr]    |        ^^^^^^^^^ required by this bound in `DefaultTrait`
[INFO] [stderr] 
[INFO] [stderr] error[E0277]: the trait bound `CustomType: Default` is not satisfied
[INFO] [stderr]   --> tests/ui/trait_is_missing.rs:10:12
[INFO] [stderr]    |
[INFO] [stderr] 10 |     field: CustomType,
[INFO] [stderr]    |            ^^^^^^^^^^ the trait `Default` is not implemented for `CustomType`
[INFO] [stderr]    |
[INFO] [stderr] note: required by a bound in `DefaultTrait`
[INFO] [stderr]   --> src/wrapper/default_trait.rs
[INFO] [stderr]    |
[INFO] [stderr]    | pub struct DefaultTrait<T, DS>
[INFO] [stderr]    |            ------------ required by a bound in this struct
[INFO] [stderr]    | where
[INFO] [stderr]    |     T: Serialize + DeserializeOwned + Default,
[INFO] [stderr]    |                                       ^^^^^^^ required by this bound in `DefaultTrait`
[INFO] [stderr] help: consider annotating `CustomType` with `#[derive(Default)]`
[INFO] [stderr]    |
[INFO] [stderr] 3  + #[derive(Default)]
[INFO] [stderr] 4  | struct CustomType {
[INFO] [stderr]    |
[INFO] [stderr] 
[INFO] [stderr] error[E0277]: the trait bound `for<'de> CustomType: serde::de::Deserialize<'de>` is not satisfied
[INFO] [stderr]   --> tests/ui/trait_is_missing.rs:10:12
[INFO] [stderr]    |
[INFO] [stderr] 10 |     field: CustomType,
[INFO] [stderr]    |            ^^^^^^^^^^ the trait `for<'de> serde::de::Deserialize<'de>` is not implemented for `CustomType`
[INFO] [stderr]    |
[INFO] [stderr]    = help: the following other types implement trait `serde::de::Deserialize<'de>`:
[INFO] [stderr]              bool
[INFO] [stderr]              char
[INFO] [stderr]              isize
[INFO] [stderr]              i8
[INFO] [stderr]              i16
[INFO] [stderr]              i32
[INFO] [stderr]              i64
[INFO] [stderr]              i128
[INFO] [stderr]            and $N others
[INFO] [stderr]    = note: required for `CustomType` to implement `serde::de::DeserializeOwned`
[INFO] [stderr] note: required by a bound in `DefaultTrait`
[INFO] [stderr]   --> src/wrapper/default_trait.rs
[INFO] [stderr]    |
[INFO] [stderr]    | pub struct DefaultTrait<T, DS>
[INFO] [stderr]    |            ------------ required by a bound in this struct
[INFO] [stderr]    | where
[INFO] [stderr]    |     T: Serialize + DeserializeOwned + Default,
[INFO] [stderr]    |                    ^^^^^^^^^^^^^^^^ required by this bound in `DefaultTrait`
[INFO] [stderr] ┈┈┈┈┈┈┈┈┈┈┈┈┈┈┈┈┈┈┈┈┈┈┈┈┈┈┈┈┈┈┈┈┈┈┈┈┈┈┈┈┈┈┈┈┈┈┈┈┈┈┈┈┈┈┈┈┈┈┈┈
[INFO] [stderr] note: If the actual output is the correct output you can bless it by rerunning
[INFO] [stderr]       your test with the environment variable TRYBUILD=overwrite
[INFO] [stderr] 
[INFO] [stderr] test tests/ui/unknown_option.rs ... ok
[INFO] [stderr] 
[INFO] [stderr] 
[INFO] [stdout] test ui ... FAILED
[INFO] [stdout] 
[INFO] [stdout] failures:
[INFO] [stdout] 
[INFO] [stdout] ---- ui stdout ----
[INFO] [stdout] thread 'ui' panicked at /opt/rustwide/cargo-home/registry/src/index.crates.io-6f17d22bba15001f/trybuild-1.0.82/src/run.rs:101:13:
[INFO] [stdout] 2 of 14 tests failed
[INFO] [stdout] stack backtrace:
[INFO] [stdout]    0:     0x557535748bec - std::backtrace_rs::backtrace::libunwind::trace::ha637c64ce894333a
[INFO] [stdout]                                at /rustc/82e1608dfa6e0b5569232559e3d385fea5a93112/library/std/src/../../backtrace/src/backtrace/libunwind.rs:104:5
[INFO] [stdout]    1:     0x557535748bec - std::backtrace_rs::backtrace::trace_unsynchronized::h47f62dea28e0c88d
[INFO] [stdout]                                at /rustc/82e1608dfa6e0b5569232559e3d385fea5a93112/library/std/src/../../backtrace/src/backtrace/mod.rs:66:5
[INFO] [stdout]    2:     0x557535748bec - std::sys_common::backtrace::_print_fmt::h9eef0abe20ede486
[INFO] [stdout]                                at /rustc/82e1608dfa6e0b5569232559e3d385fea5a93112/library/std/src/sys_common/backtrace.rs:67:5
[INFO] [stdout]    3:     0x557535748bec - <std::sys_common::backtrace::_print::DisplayBacktrace as core::fmt::Display>::fmt::hed7f999df88cc644
[INFO] [stdout]                                at /rustc/82e1608dfa6e0b5569232559e3d385fea5a93112/library/std/src/sys_common/backtrace.rs:44:22
[INFO] [stdout]    4:     0x557535774fd0 - core::fmt::rt::Argument::fmt::h1539a9308b8d058d
[INFO] [stdout]                                at /rustc/82e1608dfa6e0b5569232559e3d385fea5a93112/library/core/src/fmt/rt.rs:142:9
[INFO] [stdout]    5:     0x557535774fd0 - core::fmt::write::h3a39390d8560d9c9
[INFO] [stdout]                                at /rustc/82e1608dfa6e0b5569232559e3d385fea5a93112/library/core/src/fmt/mod.rs:1120:17
[INFO] [stdout]    6:     0x557535745a9f - std::io::Write::write_fmt::h040b369f3a0f9cbc
[INFO] [stdout]                                at /rustc/82e1608dfa6e0b5569232559e3d385fea5a93112/library/std/src/io/mod.rs:1762:15
[INFO] [stdout]    7:     0x5575357489d4 - std::sys_common::backtrace::_print::h894006fb5c6f3d45
[INFO] [stdout]                                at /rustc/82e1608dfa6e0b5569232559e3d385fea5a93112/library/std/src/sys_common/backtrace.rs:47:5
[INFO] [stdout]    8:     0x5575357489d4 - std::sys_common::backtrace::print::h23a2d212c6fff936
[INFO] [stdout]                                at /rustc/82e1608dfa6e0b5569232559e3d385fea5a93112/library/std/src/sys_common/backtrace.rs:34:9
[INFO] [stdout]    9:     0x55753574a697 - std::panicking::default_hook::{{closure}}::h8a1d2ee00185001a
[INFO] [stdout]   10:     0x55753574a383 - std::panicking::default_hook::h6038f2eba384e475
[INFO] [stdout]                                at /rustc/82e1608dfa6e0b5569232559e3d385fea5a93112/library/std/src/panicking.rs:289:9
[INFO] [stdout]   11:     0x557535718e87 - <alloc::boxed::Box<F,A> as core::ops::function::Fn<Args>>::call::h0ad024c9bdc6d768
[INFO] [stdout]                                at /rustc/82e1608dfa6e0b5569232559e3d385fea5a93112/library/alloc/src/boxed.rs:2021:9
[INFO] [stdout]   12:     0x557535718e87 - test::test_main::{{closure}}::h7500b54257359db6
[INFO] [stdout]                                at /rustc/82e1608dfa6e0b5569232559e3d385fea5a93112/library/test/src/lib.rs:138:21
[INFO] [stdout]   13:     0x55753574aca8 - <alloc::boxed::Box<F,A> as core::ops::function::Fn<Args>>::call::h1f8f335eaa9cfaee
[INFO] [stdout]                                at /rustc/82e1608dfa6e0b5569232559e3d385fea5a93112/library/alloc/src/boxed.rs:2021:9
[INFO] [stdout]   14:     0x55753574aca8 - std::panicking::rust_panic_with_hook::h2b5517d590cab22e
[INFO] [stdout]                                at /rustc/82e1608dfa6e0b5569232559e3d385fea5a93112/library/std/src/panicking.rs:783:13
[INFO] [stdout]   15:     0x55753574a9fe - std::panicking::begin_panic_handler::{{closure}}::h233112c06e0ef43e
[INFO] [stdout]                                at /rustc/82e1608dfa6e0b5569232559e3d385fea5a93112/library/std/src/panicking.rs:657:13
[INFO] [stdout]   16:     0x5575357490b6 - std::sys_common::backtrace::__rust_end_short_backtrace::h6e893f24d7ebbff8
[INFO] [stdout]                                at /rustc/82e1608dfa6e0b5569232559e3d385fea5a93112/library/std/src/sys_common/backtrace.rs:170:18
[INFO] [stdout]   17:     0x55753574a762 - rust_begin_unwind
[INFO] [stdout]                                at /rustc/82e1608dfa6e0b5569232559e3d385fea5a93112/library/std/src/panicking.rs:645:5
[INFO] [stdout]   18:     0x5575354fafc5 - core::panicking::panic_fmt::hbf0e066aabfa482c
[INFO] [stdout]                                at /rustc/82e1608dfa6e0b5569232559e3d385fea5a93112/library/core/src/panicking.rs:72:14
[INFO] [stdout]   19:     0x557535508bcb - trybuild::run::<impl trybuild::Runner>::run::ha364251bfd72fa54
[INFO] [stdout]                                at /opt/rustwide/cargo-home/registry/src/index.crates.io-6f17d22bba15001f/trybuild-1.0.82/src/run.rs:101:13
[INFO] [stdout]   20:     0x55753550e288 - <trybuild::TestCases as core::ops::drop::Drop>::drop::h8fdc40e1842437ba
[INFO] [stdout]                                at /opt/rustwide/cargo-home/registry/src/index.crates.io-6f17d22bba15001f/trybuild-1.0.82/src/lib.rs:315:13
[INFO] [stdout]   21:     0x5575354fbbc7 - core::ptr::drop_in_place<trybuild::TestCases>::h20abef6417a08f9c
[INFO] [stdout]                                at /rustc/82e1608dfa6e0b5569232559e3d385fea5a93112/library/core/src/ptr/mod.rs:498:1
[INFO] [stdout]   22:     0x5575354fcb53 - ui::ui::h5eca323e87234662
[INFO] [stdout]                                at /opt/rustwide/workdir/tests/ui.rs:5:1
[INFO] [stdout]   23:     0x5575354fcae7 - ui::ui::{{closure}}::hc88f53baf9819cdb
[INFO] [stdout]                                at /opt/rustwide/workdir/tests/ui.rs:2:8
[INFO] [stdout]   24:     0x5575354fbb26 - core::ops::function::FnOnce::call_once::h161e4f53a16d227c
[INFO] [stdout]                                at /rustc/82e1608dfa6e0b5569232559e3d385fea5a93112/library/core/src/ops/function.rs:250:5
[INFO] [stdout]   25:     0x55753571e4df - core::ops::function::FnOnce::call_once::h2b5d431d5046312d
[INFO] [stdout]                                at /rustc/82e1608dfa6e0b5569232559e3d385fea5a93112/library/core/src/ops/function.rs:250:5
[INFO] [stdout]   26:     0x55753571e4df - test::__rust_begin_short_backtrace::h7714669af176e207
[INFO] [stdout]                                at /rustc/82e1608dfa6e0b5569232559e3d385fea5a93112/library/test/src/lib.rs:628:18
[INFO] [stdout]   27:     0x55753571d4f5 - test::run_test_in_process::{{closure}}::h85218797dcbcec12
[INFO] [stdout]                                at /rustc/82e1608dfa6e0b5569232559e3d385fea5a93112/library/test/src/lib.rs:651:60
[INFO] [stdout]   28:     0x55753571d4f5 - <core::panic::unwind_safe::AssertUnwindSafe<F> as core::ops::function::FnOnce<()>>::call_once::h76c106ea31c14d7b
[INFO] [stdout]                                at /rustc/82e1608dfa6e0b5569232559e3d385fea5a93112/library/core/src/panic/unwind_safe.rs:272:9
[INFO] [stdout]   29:     0x55753571d4f5 - std::panicking::try::do_call::h3bd5d0f6620ee946
[INFO] [stdout]                                at /rustc/82e1608dfa6e0b5569232559e3d385fea5a93112/library/std/src/panicking.rs:552:40
[INFO] [stdout]   30:     0x55753571d4f5 - std::panicking::try::h232e535e4744fe31
[INFO] [stdout]                                at /rustc/82e1608dfa6e0b5569232559e3d385fea5a93112/library/std/src/panicking.rs:516:19
[INFO] [stdout]   31:     0x55753571d4f5 - std::panic::catch_unwind::h3ce3bd6ca8dbac68
[INFO] [stdout]                                at /rustc/82e1608dfa6e0b5569232559e3d385fea5a93112/library/std/src/panic.rs:142:14
[INFO] [stdout]   32:     0x55753571d4f5 - test::run_test_in_process::hc97b257c9621286a
[INFO] [stdout]                                at /rustc/82e1608dfa6e0b5569232559e3d385fea5a93112/library/test/src/lib.rs:651:27
[INFO] [stdout]   33:     0x55753571d4f5 - test::run_test::{{closure}}::h2aa798823a438d38
[INFO] [stdout]                                at /rustc/82e1608dfa6e0b5569232559e3d385fea5a93112/library/test/src/lib.rs:574:43
[INFO] [stdout]   34:     0x5575356e57b6 - test::run_test::{{closure}}::h87d231c78fb59832
[INFO] [stdout]                                at /rustc/82e1608dfa6e0b5569232559e3d385fea5a93112/library/test/src/lib.rs:602:41
[INFO] [stdout]   35:     0x5575356e57b6 - std::sys_common::backtrace::__rust_begin_short_backtrace::he6df152596625789
[INFO] [stdout]                                at /rustc/82e1608dfa6e0b5569232559e3d385fea5a93112/library/std/src/sys_common/backtrace.rs:154:18
[INFO] [stdout]   36:     0x5575356ea867 - std::thread::Builder::spawn_unchecked_::{{closure}}::{{closure}}::ha94be15d1e0acf36
[INFO] [stdout]                                at /rustc/82e1608dfa6e0b5569232559e3d385fea5a93112/library/std/src/thread/mod.rs:529:17
[INFO] [stdout]   37:     0x5575356ea867 - <core::panic::unwind_safe::AssertUnwindSafe<F> as core::ops::function::FnOnce<()>>::call_once::h9dc6bd6372f16606
[INFO] [stdout]                                at /rustc/82e1608dfa6e0b5569232559e3d385fea5a93112/library/core/src/panic/unwind_safe.rs:272:9
[INFO] [stdout]   38:     0x5575356ea867 - std::panicking::try::do_call::h9057517f80303cd4
[INFO] [stdout]                                at /rustc/82e1608dfa6e0b5569232559e3d385fea5a93112/library/std/src/panicking.rs:552:40
[INFO] [stdout]   39:     0x5575356ea867 - std::panicking::try::he3a30b11ee45340c
[INFO] [stdout]                                at /rustc/82e1608dfa6e0b5569232559e3d385fea5a93112/library/std/src/panicking.rs:516:19
[INFO] [stdout]   40:     0x5575356ea867 - std::panic::catch_unwind::h410458cfd3528b8b
[INFO] [stdout]                                at /rustc/82e1608dfa6e0b5569232559e3d385fea5a93112/library/std/src/panic.rs:142:14
[INFO] [stdout]   41:     0x5575356ea867 - std::thread::Builder::spawn_unchecked_::{{closure}}::h72ac3bdb567b737b
[INFO] [stdout]                                at /rustc/82e1608dfa6e0b5569232559e3d385fea5a93112/library/std/src/thread/mod.rs:528:30
[INFO] [stdout]   42:     0x5575356ea867 - core::ops::function::FnOnce::call_once{{vtable.shim}}::h38f34da3654a8344
[INFO] [stdout]                                at /rustc/82e1608dfa6e0b5569232559e3d385fea5a93112/library/core/src/ops/function.rs:250:5
[INFO] [stdout]   43:     0x557535750885 - <alloc::boxed::Box<F,A> as core::ops::function::FnOnce<Args>>::call_once::hc7eafaff61e32df9
[INFO] [stdout]                                at /rustc/82e1608dfa6e0b5569232559e3d385fea5a93112/library/alloc/src/boxed.rs:2007:9
[INFO] [stdout]   44:     0x557535750885 - <alloc::boxed::Box<F,A> as core::ops::function::FnOnce<Args>>::call_once::h6ba4a5de48dd2304
[INFO] [stdout]                                at /rustc/82e1608dfa6e0b5569232559e3d385fea5a93112/library/alloc/src/boxed.rs:2007:9
[INFO] [stdout]   45:     0x557535750885 - std::sys::unix::thread::Thread::new::thread_start::he469335aef763e45
[INFO] [stdout]                                at /rustc/82e1608dfa6e0b5569232559e3d385fea5a93112/library/std/src/sys/unix/thread.rs:108:17
[INFO] [stdout]   46:     0x7fdf5fb39ac3 - <unknown>
[INFO] [stdout]   47:     0x7fdf5fbcabf4 - __clone
[INFO] [stdout]   48:                0x0 - <unknown>
[INFO] [stdout] 
[INFO] [stdout] 
[INFO] [stdout] failures:
[INFO] [stdout]     ui
[INFO] [stdout] 
[INFO] [stdout] test result: FAILED. 0 passed; 1 failed; 0 ignored; 0 measured; 0 filtered out; finished in 30.92s
[INFO] [stdout] 
[INFO] [stderr] error: test failed, to rerun pass `--test ui`
[INFO] running `Command { std: "docker" "inspect" "4392f2ee17e879cf21edff1a9e275094f6a1e55f1c4dfc74f2bd00d0ddb2cf8a", kill_on_drop: false }`
[INFO] running `Command { std: "docker" "rm" "-f" "4392f2ee17e879cf21edff1a9e275094f6a1e55f1c4dfc74f2bd00d0ddb2cf8a", kill_on_drop: false }`
[INFO] [stdout] 4392f2ee17e879cf21edff1a9e275094f6a1e55f1c4dfc74f2bd00d0ddb2cf8a
[INFO] testing dbstruct-0.4.1 against beta-2023-12-22 for beta-1.76-1
[INFO] extracting crate dbstruct 0.4.1 into /workspace/builds/worker-3-tc2/source
[INFO] validating manifest of crates.io crate dbstruct 0.4.1 on toolchain beta-2023-12-22
[INFO] running `Command { std: CARGO_HOME="/workspace/cargo-home" RUSTUP_HOME="/workspace/rustup-home" "/workspace/cargo-home/bin/cargo" "+beta-2023-12-22" "metadata" "--manifest-path" "Cargo.toml" "--no-deps", kill_on_drop: false }`
[INFO] started tweaking crates.io crate dbstruct 0.4.1
[INFO] finished tweaking crates.io crate dbstruct 0.4.1
[INFO] tweaked toml for crates.io crate dbstruct 0.4.1 written to /workspace/builds/worker-3-tc2/source/Cargo.toml
[INFO] crate crates.io crate dbstruct 0.4.1 already has a lockfile, it will not be regenerated
[INFO] running `Command { std: CARGO_HOME="/workspace/cargo-home" RUSTUP_HOME="/workspace/rustup-home" "/workspace/cargo-home/bin/cargo" "+beta-2023-12-22" "fetch" "--manifest-path" "Cargo.toml", kill_on_drop: false }`
[INFO] running `Command { std: "docker" "create" "-v" "/var/lib/crater-agent-workspace/builds/worker-3-tc2/target:/opt/rustwide/target:rw,Z" "-v" "/var/lib/crater-agent-workspace/builds/worker-3-tc2/source:/opt/rustwide/workdir:ro,Z" "-v" "/var/lib/crater-agent-workspace/cargo-home:/opt/rustwide/cargo-home:ro,Z" "-v" "/var/lib/crater-agent-workspace/rustup-home:/opt/rustwide/rustup-home:ro,Z" "-e" "SOURCE_DIR=/opt/rustwide/workdir" "-e" "CARGO_TARGET_DIR=/opt/rustwide/target" "-e" "CARGO_HOME=/opt/rustwide/cargo-home" "-e" "RUSTUP_HOME=/opt/rustwide/rustup-home" "-w" "/opt/rustwide/workdir" "-m" "1610612736" "--user" "0:0" "--network" "none" "ghcr.io/rust-lang/crates-build-env/linux@sha256:2788e3201cd34a07e3172128adcd8b3090168a8e3bcc40d7c032b9dda1df7d1c" "/opt/rustwide/cargo-home/bin/cargo" "+beta-2023-12-22" "metadata" "--no-deps" "--format-version=1", kill_on_drop: false }`
[INFO] [stdout] c962f85451984ce7dced7db7a69e418f848b428a9671a14046a73cd46aeba63e
[INFO] running `Command { std: "docker" "start" "-a" "c962f85451984ce7dced7db7a69e418f848b428a9671a14046a73cd46aeba63e", kill_on_drop: false }`
[INFO] running `Command { std: "docker" "inspect" "c962f85451984ce7dced7db7a69e418f848b428a9671a14046a73cd46aeba63e", kill_on_drop: false }`
[INFO] running `Command { std: "docker" "rm" "-f" "c962f85451984ce7dced7db7a69e418f848b428a9671a14046a73cd46aeba63e", kill_on_drop: false }`
[INFO] [stdout] c962f85451984ce7dced7db7a69e418f848b428a9671a14046a73cd46aeba63e
[INFO] running `Command { std: "docker" "create" "-v" "/var/lib/crater-agent-workspace/builds/worker-3-tc2/target:/opt/rustwide/target:rw,Z" "-v" "/var/lib/crater-agent-workspace/builds/worker-3-tc2/source:/opt/rustwide/workdir:ro,Z" "-v" "/var/lib/crater-agent-workspace/cargo-home:/opt/rustwide/cargo-home:ro,Z" "-v" "/var/lib/crater-agent-workspace/rustup-home:/opt/rustwide/rustup-home:ro,Z" "-e" "SOURCE_DIR=/opt/rustwide/workdir" "-e" "CARGO_TARGET_DIR=/opt/rustwide/target" "-e" "CARGO_INCREMENTAL=0" "-e" "RUST_BACKTRACE=full" "-e" "RUSTFLAGS=--cap-lints=warn" "-e" "RUSTDOCFLAGS=--cap-lints=warn" "-e" "CARGO_HOME=/opt/rustwide/cargo-home" "-e" "RUSTUP_HOME=/opt/rustwide/rustup-home" "-w" "/opt/rustwide/workdir" "-m" "1610612736" "--user" "0:0" "--network" "none" "ghcr.io/rust-lang/crates-build-env/linux@sha256:2788e3201cd34a07e3172128adcd8b3090168a8e3bcc40d7c032b9dda1df7d1c" "/opt/rustwide/cargo-home/bin/cargo" "+beta-2023-12-22" "build" "--frozen" "--message-format=json", kill_on_drop: false }`
[INFO] [stdout] b979aaab74421a34227ab90382b768a02a298154a219af61ba3766f0dab02b34
[INFO] running `Command { std: "docker" "start" "-a" "b979aaab74421a34227ab90382b768a02a298154a219af61ba3766f0dab02b34", kill_on_drop: false }`
[INFO] [stderr]    Compiling proc-macro2 v1.0.66
[INFO] [stderr]    Compiling unicode-ident v1.0.11
[INFO] [stderr]    Compiling autocfg v1.1.0
[INFO] [stderr]    Compiling version_check v0.9.4
[INFO] [stderr]    Compiling libc v0.2.147
[INFO] [stderr]    Compiling syn v1.0.109
[INFO] [stderr]    Compiling scopeguard v1.2.0
[INFO] [stderr]    Compiling crossbeam-utils v0.8.16
[INFO] [stderr]    Compiling parking_lot_core v0.8.6
[INFO] [stderr]    Compiling instant v0.1.12
[INFO] [stderr]    Compiling serde v1.0.183
[INFO] [stderr]    Compiling smallvec v1.11.0
[INFO] [stderr]    Compiling proc-macro-error-attr v1.0.4
[INFO] [stderr]    Compiling proc-macro-error v1.0.4
[INFO] [stderr]    Compiling memoffset v0.9.0
[INFO] [stderr]    Compiling lock_api v0.4.10
[INFO] [stderr]    Compiling crossbeam-epoch v0.9.15
[INFO] [stderr]    Compiling crc32fast v1.3.2
[INFO] [stderr]    Compiling thiserror v1.0.44
[INFO] [stderr]    Compiling serde_derive v1.0.183
[INFO] [stderr]    Compiling once_cell v1.18.0
[INFO] [stderr]    Compiling either v1.9.0
[INFO] [stderr]    Compiling quote v1.0.32
[INFO] [stderr]    Compiling byteorder v1.4.3
[INFO] [stderr]    Compiling itertools v0.11.0
[INFO] [stderr]    Compiling syn v2.0.28
[INFO] [stderr]    Compiling fxhash v0.2.1
[INFO] [stderr]    Compiling fs2 v0.4.3
[INFO] [stderr]    Compiling parking_lot v0.11.2
[INFO] [stderr]    Compiling tracing-core v0.1.31
[INFO] [stderr]    Compiling log v0.4.19
[INFO] [stderr]    Compiling pin-project-lite v0.2.12
[INFO] [stderr]    Compiling sled v0.34.7
[INFO] [stderr]    Compiling bincode v1.3.3
[INFO] [stderr]    Compiling thiserror-impl v1.0.44
[INFO] [stderr]    Compiling tracing-attributes v0.1.26
[INFO] [stderr]    Compiling dbstruct-derive v0.2.0
[INFO] [stderr]    Compiling tracing v0.1.37
[INFO] [stderr]    Compiling dbstruct v0.4.1 (/opt/rustwide/workdir)
[INFO] [stderr]     Finished dev [unoptimized + debuginfo] target(s) in 23.38s
[INFO] running `Command { std: "docker" "inspect" "b979aaab74421a34227ab90382b768a02a298154a219af61ba3766f0dab02b34", kill_on_drop: false }`
[INFO] running `Command { std: "docker" "rm" "-f" "b979aaab74421a34227ab90382b768a02a298154a219af61ba3766f0dab02b34", kill_on_drop: false }`
[INFO] [stdout] b979aaab74421a34227ab90382b768a02a298154a219af61ba3766f0dab02b34
[INFO] running `Command { std: "docker" "create" "-v" "/var/lib/crater-agent-workspace/builds/worker-3-tc2/target:/opt/rustwide/target:rw,Z" "-v" "/var/lib/crater-agent-workspace/builds/worker-3-tc2/source:/opt/rustwide/workdir:ro,Z" "-v" "/var/lib/crater-agent-workspace/cargo-home:/opt/rustwide/cargo-home:ro,Z" "-v" "/var/lib/crater-agent-workspace/rustup-home:/opt/rustwide/rustup-home:ro,Z" "-e" "SOURCE_DIR=/opt/rustwide/workdir" "-e" "CARGO_TARGET_DIR=/opt/rustwide/target" "-e" "CARGO_INCREMENTAL=0" "-e" "RUST_BACKTRACE=full" "-e" "RUSTFLAGS=--cap-lints=warn" "-e" "RUSTDOCFLAGS=--cap-lints=warn" "-e" "CARGO_HOME=/opt/rustwide/cargo-home" "-e" "RUSTUP_HOME=/opt/rustwide/rustup-home" "-w" "/opt/rustwide/workdir" "-m" "1610612736" "--user" "0:0" "--network" "none" "ghcr.io/rust-lang/crates-build-env/linux@sha256:2788e3201cd34a07e3172128adcd8b3090168a8e3bcc40d7c032b9dda1df7d1c" "/opt/rustwide/cargo-home/bin/cargo" "+beta-2023-12-22" "test" "--frozen" "--no-run" "--message-format=json", kill_on_drop: false }`
[INFO] [stdout] 8c8f79af1443de2ff8bdf941d893e64b86caf594eb5d286886ca854adf23a604
[INFO] running `Command { std: "docker" "start" "-a" "8c8f79af1443de2ff8bdf941d893e64b86caf594eb5d286886ca854adf23a604", kill_on_drop: false }`
[INFO] [stderr]    Compiling tracing-core v0.1.31
[INFO] [stderr]    Compiling log v0.4.19
[INFO] [stderr]    Compiling serde_json v1.0.104
[INFO] [stderr]    Compiling lazy_static v1.4.0
[INFO] [stderr]    Compiling regex-syntax v0.7.4
[INFO] [stderr]    Compiling regex-syntax v0.6.29
[INFO] [stderr]    Compiling overload v0.1.1
[INFO] [stderr]    Compiling ryu v1.0.15
[INFO] [stderr]    Compiling itoa v1.0.9
[INFO] [stderr]    Compiling trybuild v1.0.82
[INFO] [stderr]    Compiling sled v0.34.7
[INFO] [stderr]    Compiling nu-ansi-term v0.46.0
[INFO] [stderr]    Compiling sharded-slab v0.1.4
[INFO] [stderr]    Compiling rand v0.4.6
[INFO] [stderr]    Compiling tracing v0.1.37
[INFO] [stderr]    Compiling tracing-log v0.1.3
[INFO] [stderr]    Compiling basic-toml v0.1.4
[INFO] [stderr]    Compiling thread_local v1.1.7
[INFO] [stderr]    Compiling remove_dir_all v0.5.3
[INFO] [stderr]    Compiling glob v0.3.1
[INFO] [stderr]    Compiling termcolor v1.2.0
[INFO] [stderr]    Compiling tempdir v0.3.7
[INFO] [stderr]    Compiling regex-automata v0.3.6
[INFO] [stderr]    Compiling regex-automata v0.1.10
[INFO] [stderr]    Compiling matchers v0.1.0
[INFO] [stderr]    Compiling dbstruct v0.4.1 (/opt/rustwide/workdir)
[INFO] [stderr]    Compiling regex v1.9.3
[INFO] [stderr]    Compiling tracing-subscriber v0.3.17
[INFO] [stderr]     Finished test [unoptimized + debuginfo] target(s) in 28.68s
[INFO] running `Command { std: "docker" "inspect" "8c8f79af1443de2ff8bdf941d893e64b86caf594eb5d286886ca854adf23a604", kill_on_drop: false }`
[INFO] running `Command { std: "docker" "rm" "-f" "8c8f79af1443de2ff8bdf941d893e64b86caf594eb5d286886ca854adf23a604", kill_on_drop: false }`
[INFO] [stdout] 8c8f79af1443de2ff8bdf941d893e64b86caf594eb5d286886ca854adf23a604
[INFO] running `Command { std: "docker" "create" "-v" "/var/lib/crater-agent-workspace/builds/worker-3-tc2/target:/opt/rustwide/target:rw,Z" "-v" "/var/lib/crater-agent-workspace/builds/worker-3-tc2/source:/opt/rustwide/workdir:ro,Z" "-v" "/var/lib/crater-agent-workspace/cargo-home:/opt/rustwide/cargo-home:ro,Z" "-v" "/var/lib/crater-agent-workspace/rustup-home:/opt/rustwide/rustup-home:ro,Z" "-e" "SOURCE_DIR=/opt/rustwide/workdir" "-e" "CARGO_TARGET_DIR=/opt/rustwide/target" "-e" "CARGO_INCREMENTAL=0" "-e" "RUST_BACKTRACE=full" "-e" "RUSTFLAGS=--cap-lints=warn" "-e" "RUSTDOCFLAGS=--cap-lints=warn" "-e" "CARGO_HOME=/opt/rustwide/cargo-home" "-e" "RUSTUP_HOME=/opt/rustwide/rustup-home" "-w" "/opt/rustwide/workdir" "-m" "1610612736" "--user" "0:0" "--network" "none" "ghcr.io/rust-lang/crates-build-env/linux@sha256:2788e3201cd34a07e3172128adcd8b3090168a8e3bcc40d7c032b9dda1df7d1c" "/opt/rustwide/cargo-home/bin/cargo" "+beta-2023-12-22" "test" "--frozen", kill_on_drop: false }`
[INFO] [stdout] a72771d2dbb86ddab64037ad0d7c1e6a3aa511a5054b74a7377573a7882eabaf
[INFO] running `Command { std: "docker" "start" "-a" "a72771d2dbb86ddab64037ad0d7c1e6a3aa511a5054b74a7377573a7882eabaf", kill_on_drop: false }`
[INFO] [stderr]     Finished test [unoptimized + debuginfo] target(s) in 0.08s
[INFO] [stderr]      Running unittests src/lib.rs (/opt/rustwide/target/debug/deps/dbstruct-13d5ee8e401d3b61)
[INFO] [stdout] 
[INFO] [stdout] running 17 tests
[INFO] [stdout] test stores::hashmap::tests::get_then_insert ... ok
[INFO] [stdout] test wrapper::map::extend::tests::iter_one_item::without_error ... ok
[INFO] [stdout] test wrapper::map::iterator::tests::iterator_visits_all_elements ... ok
[INFO] [stdout] test wrapper::vec::iterator::tests::pop_post_iter_is_seen ... ok
[INFO] [stdout] test stores::btreemap::tests::get_lt ... ok
[INFO] [stdout] test stores::btreemap::tests::get_then_insert ... ok
[INFO] [stdout] test wrapper::vec::iterator::tests::trivial ... ok
[INFO] [stdout] test wrapper::vec::iterator::tests::push_post_iter ... ok
[INFO] [stdout] test wrapper::vec::tests::given_2_long_vec::third_pop_is_none ... ok
[INFO] [stdout] test wrapper::vec::tests::given_2_long_vec::element_pop_in_the_right_order ... ok
[INFO] [stdout] test wrapper::vec::tests::given_empty_vec::len_is_zero ... ok
[INFO] [stdout] test stores::btreemap::tests::get_gt ... ok
[INFO] [stdout] test wrapper::vec::iterator::tests::pop_during_iter ... ok
[INFO] [stdout] test wrapper::vec::tests::given_empty_vec::push_increases_the_len ... ok
[INFO] [stdout] test wrapper::vec::tests::given_empty_vec::pop_return_none ... ok
[INFO] [stdout] test wrapper::map::extend::tests::iter_one_item::while_db_errors ... ok
[INFO] [stdout] test wrapper::vec::extend::tests::error ... ok
[INFO] [stdout] 
[INFO] [stdout] test result: ok. 17 passed; 0 failed; 0 ignored; 0 measured; 0 filtered out; finished in 0.07s
[INFO] [stdout] 
[INFO] [stderr]      Running tests/default_trait.rs (/opt/rustwide/target/debug/deps/default_trait-f947f2ac1c93a5c1)
[INFO] [stdout] 
[INFO] [stdout] running 1 test
[INFO] [stdout] test main ... ok
[INFO] [stdout] 
[INFO] [stdout] test result: ok. 1 passed; 0 failed; 0 ignored; 0 measured; 0 filtered out; finished in 0.01s
[INFO] [stdout] 
[INFO] [stderr]      Running tests/persistance.rs (/opt/rustwide/target/debug/deps/persistance-0ac3a40c05ec660f)
[INFO] [stdout] 
[INFO] [stdout] running 1 test
[INFO] [stdout] test persistance ... ok
[INFO] [stdout] 
[INFO] [stdout] test result: ok. 1 passed; 0 failed; 0 ignored; 0 measured; 0 filtered out; finished in 0.14s
[INFO] [stdout] 
[INFO] [stderr]      Running tests/setup_tracing.rs (/opt/rustwide/target/debug/deps/setup_tracing-a7210cc359237fc2)
[INFO] [stdout] 
[INFO] [stdout] running 0 tests
[INFO] [stdout] 
[INFO] [stdout] test result: ok. 0 passed; 0 failed; 0 ignored; 0 measured; 0 filtered out; finished in 0.00s
[INFO] [stdout] 
[INFO] [stderr]      Running tests/simple_field.rs (/opt/rustwide/target/debug/deps/simple_field-e44d44bbba1bf70b)
[INFO] [stdout] 
[INFO] [stdout] running 2 tests
[INFO] [stdout] test btreemap_backend ... ok
[INFO] [stdout] test sled_backend ... ok
[INFO] [stdout] 
[INFO] [stdout] test result: ok. 2 passed; 0 failed; 0 ignored; 0 measured; 0 filtered out; finished in 0.11s
[INFO] [stdout] 
[INFO] [stderr]      Running tests/ui.rs (/opt/rustwide/target/debug/deps/ui-a863534c7d55514c)
[INFO] [stdout] 
[INFO] [stdout] running 1 test
[INFO] [stderr]    Compiling proc-macro2 v1.0.66
[INFO] [stderr]    Compiling unicode-ident v1.0.11
[INFO] [stderr]    Compiling autocfg v1.1.0
[INFO] [stderr]     Checking cfg-if v1.0.0
[INFO] [stderr]    Compiling libc v0.2.147
[INFO] [stderr]    Compiling version_check v0.9.4
[INFO] [stderr]     Checking once_cell v1.18.0
[INFO] [stderr]    Compiling thiserror v1.0.44
[INFO] [stderr]     Checking scopeguard v1.2.0
[INFO] [stderr]    Compiling parking_lot_core v0.8.6
[INFO] [stderr]     Checking smallvec v1.11.0
[INFO] [stderr]    Compiling crossbeam-utils v0.8.16
[INFO] [stderr]    Compiling syn v1.0.109
[INFO] [stderr]     Checking tracing-core v0.1.31
[INFO] [stderr]    Compiling proc-macro-error-attr v1.0.4
[INFO] [stderr]    Compiling proc-macro-error v1.0.4
[INFO] [stderr]    Compiling lock_api v0.4.10
[INFO] [stderr]    Compiling memoffset v0.9.0
[INFO] [stderr]    Compiling crossbeam-epoch v0.9.15
[INFO] [stderr]     Checking instant v0.1.12
[INFO] [stderr]     Checking log v0.4.19
[INFO] [stderr]    Compiling crc32fast v1.3.2
[INFO] [stderr]    Compiling serde v1.0.183
[INFO] [stderr]    Compiling quote v1.0.32
[INFO] [stderr]     Checking byteorder v1.4.3
[INFO] [stderr]    Compiling either v1.9.0
[INFO] [stderr]     Checking pin-project-lite v0.2.12
[INFO] [stderr]    Compiling serde_derive v1.0.183
[INFO] [stderr]    Compiling syn v2.0.28
[INFO] [stderr]     Checking lazy_static v1.4.0
[INFO] [stderr]     Checking regex-syntax v0.6.29
[INFO] [stderr]     Checking regex-syntax v0.7.4
[INFO] [stderr]     Checking fs2 v0.4.3
[INFO] [stderr]     Checking fxhash v0.2.1
[INFO] [stderr]     Checking parking_lot v0.11.2
[INFO] [stderr]    Compiling itertools v0.11.0
[INFO] [stderr]     Checking overload v0.1.1
[INFO] [stderr]     Checking sled v0.34.7
[INFO] [stderr]     Checking nu-ansi-term v0.46.0
[INFO] [stderr]     Checking rand v0.4.6
[INFO] [stderr]     Checking regex-automata v0.3.6
[INFO] [stderr]     Checking sharded-slab v0.1.4
[INFO] [stderr]     Checking tracing-log v0.1.3
[INFO] [stderr]     Checking thread_local v1.1.7
[INFO] [stderr]     Checking regex-automata v0.1.10
[INFO] [stderr]     Checking remove_dir_all v0.5.3
[INFO] [stderr]     Checking tempdir v0.3.7
[INFO] [stderr]     Checking matchers v0.1.0
[INFO] [stderr]     Checking bincode v1.3.3
[INFO] [stderr]     Checking regex v1.9.3
[INFO] [stderr]    Compiling thiserror-impl v1.0.44
[INFO] [stderr]    Compiling tracing-attributes v0.1.26
[INFO] [stderr]    Compiling dbstruct-derive v0.2.0
[INFO] [stderr]     Checking tracing v0.1.37
[INFO] [stderr]     Checking tracing-subscriber v0.3.17
[INFO] [stderr]     Checking dbstruct v0.4.1 (/opt/rustwide/workdir)
[INFO] [stderr]     Checking dbstruct-tests v0.0.0 (/opt/rustwide/target/tests/trybuild/dbstruct)
[INFO] [stderr]     Finished dev [unoptimized + debuginfo] target(s) in 24.05s
[INFO] [stderr] 
[INFO] [stderr] 
[INFO] [stderr] test tests/ui/annotation_is_wong.rs ... ok
[INFO] [stderr] test tests/ui/attribute_does_not_exist.rs ... ok
[INFO] [stderr] test tests/ui/db_misses_traits.rs ... ok
[INFO] [stderr] test tests/ui/db_option_misses_value.rs ... ok
[INFO] [stderr] test tests/ui/db_option_missing.rs ... ok
[INFO] [stderr] test tests/ui/invalid_attribute_syntax.rs ... ok
[INFO] [stderr] test tests/ui/invalid_db_value.rs ... ok
[INFO] [stderr] test tests/ui/item_is_not_a_struct.rs ... ok
[INFO] [stderr] test tests/ui/map_missing_serialize.rs ... mismatch
[INFO] [stderr] 
[INFO] [stderr] EXPECTED:
[INFO] [stderr] ┈┈┈┈┈┈┈┈┈┈┈┈┈┈┈┈┈┈┈┈┈┈┈┈┈┈┈┈┈┈┈┈┈┈┈┈┈┈┈┈┈┈┈┈┈┈┈┈┈┈┈┈┈┈┈┈┈┈┈┈
[INFO] [stderr] error[E0277]: the trait bound `CustomKeyType: serde::ser::Serialize` is not satisfied
[INFO] [stderr]  --> tests/ui/map_missing_serialize.rs:9:5
[INFO] [stderr]   |
[INFO] [stderr] 9 |     #[dbstruct::dbstruct(db=sled)]
[INFO] [stderr]   |     ^^^^^^^^^^^^^^^^^^^^^^^^^^^^^^ the trait `serde::ser::Serialize` is not implemented for `CustomKeyType`
[INFO] [stderr]   |
[INFO] [stderr]   = help: the following other types implement trait `serde::ser::Serialize`:
[INFO] [stderr]             &'a T
[INFO] [stderr]             &'a mut T
[INFO] [stderr]             ()
[INFO] [stderr]             (T0, T1)
[INFO] [stderr]             (T0, T1, T2)
[INFO] [stderr]             (T0, T1, T2, T3)
[INFO] [stderr]             (T0, T1, T2, T3, T4)
[INFO] [stderr]             (T0, T1, T2, T3, T4, T5)
[INFO] [stderr]           and $N others
[INFO] [stderr] note: required by a bound in `dbstruct::wrapper::Map`
[INFO] [stderr]  --> src/wrapper/map.rs
[INFO] [stderr]   |
[INFO] [stderr]   | pub struct Map<'a, Key, Value, DS>
[INFO] [stderr]   |            --- required by a bound in this struct
[INFO] [stderr]   | where
[INFO] [stderr]   |     Key: Serialize,
[INFO] [stderr]   |          ^^^^^^^^^ required by this bound in `Map`
[INFO] [stderr]   = note: this error originates in the attribute macro `dbstruct::dbstruct` (in Nightly builds, run with -Z macro-backtrace for more info)
[INFO] [stderr] 
[INFO] [stderr] error[E0277]: the trait bound `CustomValType: serde::ser::Serialize` is not satisfied
[INFO] [stderr]  --> tests/ui/map_missing_serialize.rs:9:5
[INFO] [stderr]   |
[INFO] [stderr] 9 |     #[dbstruct::dbstruct(db=sled)]
[INFO] [stderr]   |     ^^^^^^^^^^^^^^^^^^^^^^^^^^^^^^ the trait `serde::ser::Serialize` is not implemented for `CustomValType`
[INFO] [stderr]   |
[INFO] [stderr]   = help: the following other types implement trait `serde::ser::Serialize`:
[INFO] [stderr]             &'a T
[INFO] [stderr]             &'a mut T
[INFO] [stderr]             ()
[INFO] [stderr]             (T0, T1)
[INFO] [stderr]             (T0, T1, T2)
[INFO] [stderr]             (T0, T1, T2, T3)
[INFO] [stderr]             (T0, T1, T2, T3, T4)
[INFO] [stderr]             (T0, T1, T2, T3, T4, T5)
[INFO] [stderr]           and $N others
[INFO] [stderr] note: required by a bound in `dbstruct::wrapper::Map`
[INFO] [stderr]  --> src/wrapper/map.rs
[INFO] [stderr]   |
[INFO] [stderr]   | pub struct Map<'a, Key, Value, DS>
[INFO] [stderr]   |            --- required by a bound in this struct
[INFO] [stderr] ...
[INFO] [stderr]   |     Value: Serialize + DeserializeOwned,
[INFO] [stderr]   |            ^^^^^^^^^ required by this bound in `Map`
[INFO] [stderr]   = note: this error originates in the attribute macro `dbstruct::dbstruct` (in Nightly builds, run with -Z macro-backtrace for more info)
[INFO] [stderr] 
[INFO] [stderr] error[E0277]: the trait bound `for<'de> CustomValType: serde::de::Deserialize<'de>` is not satisfied
[INFO] [stderr]  --> tests/ui/map_missing_serialize.rs:9:5
[INFO] [stderr]   |
[INFO] [stderr] 9 |     #[dbstruct::dbstruct(db=sled)]
[INFO] [stderr]   |     ^^^^^^^^^^^^^^^^^^^^^^^^^^^^^^ the trait `for<'de> serde::de::Deserialize<'de>` is not implemented for `CustomValType`
[INFO] [stderr]   |
[INFO] [stderr]   = help: the following other types implement trait `serde::de::Deserialize<'de>`:
[INFO] [stderr]             &'a Path
[INFO] [stderr]             &'a [u8]
[INFO] [stderr]             &'a str
[INFO] [stderr]             ()
[INFO] [stderr]             (T0, T1)
[INFO] [stderr]             (T0, T1, T2)
[INFO] [stderr]             (T0, T1, T2, T3)
[INFO] [stderr]             (T0, T1, T2, T3, T4)
[INFO] [stderr]           and $N others
[INFO] [stderr]   = note: required for `CustomValType` to implement `serde::de::DeserializeOwned`
[INFO] [stderr] note: required by a bound in `dbstruct::wrapper::Map`
[INFO] [stderr]  --> src/wrapper/map.rs
[INFO] [stderr]   |
[INFO] [stderr]   | pub struct Map<'a, Key, Value, DS>
[INFO] [stderr]   |            --- required by a bound in this struct
[INFO] [stderr] ...
[INFO] [stderr]   |     Value: Serialize + DeserializeOwned,
[INFO] [stderr]   |                        ^^^^^^^^^^^^^^^^ required by this bound in `Map`
[INFO] [stderr]   = note: this error originates in the attribute macro `dbstruct::dbstruct` (in Nightly builds, run with -Z macro-backtrace for more info)
[INFO] [stderr] ┈┈┈┈┈┈┈┈┈┈┈┈┈┈┈┈┈┈┈┈┈┈┈┈┈┈┈┈┈┈┈┈┈┈┈┈┈┈┈┈┈┈┈┈┈┈┈┈┈┈┈┈┈┈┈┈┈┈┈┈
[INFO] [stderr] 
[INFO] [stderr] ACTUAL OUTPUT:
[INFO] [stderr] ┈┈┈┈┈┈┈┈┈┈┈┈┈┈┈┈┈┈┈┈┈┈┈┈┈┈┈┈┈┈┈┈┈┈┈┈┈┈┈┈┈┈┈┈┈┈┈┈┈┈┈┈┈┈┈┈┈┈┈┈
[INFO] [stderr] error[E0277]: the trait bound `CustomKeyType: serde::ser::Serialize` is not satisfied
[INFO] [stderr]  --> tests/ui/map_missing_serialize.rs:9:5
[INFO] [stderr]   |
[INFO] [stderr] 9 |     #[dbstruct::dbstruct(db=sled)]
[INFO] [stderr]   |     ^^^^^^^^^^^^^^^^^^^^^^^^^^^^^^ the trait `serde::ser::Serialize` is not implemented for `CustomKeyType`
[INFO] [stderr]   |
[INFO] [stderr]   = help: the following other types implement trait `serde::ser::Serialize`:
[INFO] [stderr]             bool
[INFO] [stderr]             char
[INFO] [stderr]             isize
[INFO] [stderr]             i8
[INFO] [stderr]             i16
[INFO] [stderr]             i32
[INFO] [stderr]             i64
[INFO] [stderr]             i128
[INFO] [stderr]           and $N others
[INFO] [stderr] note: required by a bound in `dbstruct::wrapper::Map`
[INFO] [stderr]  --> src/wrapper/map.rs
[INFO] [stderr]   |
[INFO] [stderr]   | pub struct Map<'a, Key, Value, DS>
[INFO] [stderr]   |            --- required by a bound in this struct
[INFO] [stderr]   | where
[INFO] [stderr]   |     Key: Serialize,
[INFO] [stderr]   |          ^^^^^^^^^ required by this bound in `Map`
[INFO] [stderr]   = note: this error originates in the attribute macro `dbstruct::dbstruct` (in Nightly builds, run with -Z macro-backtrace for more info)
[INFO] [stderr] 
[INFO] [stderr] error[E0277]: the trait bound `CustomValType: serde::ser::Serialize` is not satisfied
[INFO] [stderr]  --> tests/ui/map_missing_serialize.rs:9:5
[INFO] [stderr]   |
[INFO] [stderr] 9 |     #[dbstruct::dbstruct(db=sled)]
[INFO] [stderr]   |     ^^^^^^^^^^^^^^^^^^^^^^^^^^^^^^ the trait `serde::ser::Serialize` is not implemented for `CustomValType`
[INFO] [stderr]   |
[INFO] [stderr]   = help: the following other types implement trait `serde::ser::Serialize`:
[INFO] [stderr]             bool
[INFO] [stderr]             char
[INFO] [stderr]             isize
[INFO] [stderr]             i8
[INFO] [stderr]             i16
[INFO] [stderr]             i32
[INFO] [stderr]             i64
[INFO] [stderr]             i128
[INFO] [stderr]           and $N others
[INFO] [stderr] note: required by a bound in `dbstruct::wrapper::Map`
[INFO] [stderr]  --> src/wrapper/map.rs
[INFO] [stderr]   |
[INFO] [stderr]   | pub struct Map<'a, Key, Value, DS>
[INFO] [stderr]   |            --- required by a bound in this struct
[INFO] [stderr] ...
[INFO] [stderr]   |     Value: Serialize + DeserializeOwned,
[INFO] [stderr]   |            ^^^^^^^^^ required by this bound in `Map`
[INFO] [stderr]   = note: this error originates in the attribute macro `dbstruct::dbstruct` (in Nightly builds, run with -Z macro-backtrace for more info)
[INFO] [stderr] 
[INFO] [stderr] error[E0277]: the trait bound `for<'de> CustomValType: serde::de::Deserialize<'de>` is not satisfied
[INFO] [stderr]  --> tests/ui/map_missing_serialize.rs:9:5
[INFO] [stderr]   |
[INFO] [stderr] 9 |     #[dbstruct::dbstruct(db=sled)]
[INFO] [stderr]   |     ^^^^^^^^^^^^^^^^^^^^^^^^^^^^^^ the trait `for<'de> serde::de::Deserialize<'de>` is not implemented for `CustomValType`
[INFO] [stderr]   |
[INFO] [stderr]   = help: the following other types implement trait `serde::de::Deserialize<'de>`:
[INFO] [stderr]             bool
[INFO] [stderr]             char
[INFO] [stderr]             isize
[INFO] [stderr]             i8
[INFO] [stderr]             i16
[INFO] [stderr]             i32
[INFO] [stderr]             i64
[INFO] [stderr]             i128
[INFO] [stderr]           and $N others
[INFO] [stderr]   = note: required for `CustomValType` to implement `serde::de::DeserializeOwned`
[INFO] [stderr] note: required by a bound in `dbstruct::wrapper::Map`
[INFO] [stderr]  --> src/wrapper/map.rs
[INFO] [stderr]   |
[INFO] [stderr]   | pub struct Map<'a, Key, Value, DS>
[INFO] [stderr]   |            --- required by a bound in this struct
[INFO] [stderr] ...
[INFO] [stderr]   |     Value: Serialize + DeserializeOwned,
[INFO] [stderr]   |                        ^^^^^^^^^^^^^^^^ required by this bound in `Map`
[INFO] [stderr]   = note: this error originates in the attribute macro `dbstruct::dbstruct` (in Nightly builds, run with -Z macro-backtrace for more info)
[INFO] [stderr] ┈┈┈┈┈┈┈┈┈┈┈┈┈┈┈┈┈┈┈┈┈┈┈┈┈┈┈┈┈┈┈┈┈┈┈┈┈┈┈┈┈┈┈┈┈┈┈┈┈┈┈┈┈┈┈┈┈┈┈┈
[INFO] [stderr] note: If the actual output is the correct output you can bless it by rerunning
[INFO] [stderr]       your test with the environment variable TRYBUILD=overwrite
[INFO] [stderr] 
[INFO] [stderr] test tests/ui/missing_db_option.rs ... ok
[INFO] [stderr] test tests/ui/multiple_backends.rs ... ok
[INFO] [stderr] test tests/ui/not_a_db_backend.rs ... ok
[INFO] [stderr] test tests/ui/trait_is_missing.rs ... mismatch
[INFO] [stderr] 
[INFO] [stderr] EXPECTED:
[INFO] [stderr] ┈┈┈┈┈┈┈┈┈┈┈┈┈┈┈┈┈┈┈┈┈┈┈┈┈┈┈┈┈┈┈┈┈┈┈┈┈┈┈┈┈┈┈┈┈┈┈┈┈┈┈┈┈┈┈┈┈┈┈┈
[INFO] [stderr] error[E0277]: the trait bound `CustomType: serde::ser::Serialize` is not satisfied
[INFO] [stderr]   --> tests/ui/trait_is_missing.rs:10:12
[INFO] [stderr]    |
[INFO] [stderr] 10 |     field: CustomType,
[INFO] [stderr]    |            ^^^^^^^^^^ the trait `serde::ser::Serialize` is not implemented for `CustomType`
[INFO] [stderr]    |
[INFO] [stderr]    = help: the following other types implement trait `serde::ser::Serialize`:
[INFO] [stderr]              &'a T
[INFO] [stderr]              &'a mut T
[INFO] [stderr]              ()
[INFO] [stderr]              (T0, T1)
[INFO] [stderr]              (T0, T1, T2)
[INFO] [stderr]              (T0, T1, T2, T3)
[INFO] [stderr]              (T0, T1, T2, T3, T4)
[INFO] [stderr]              (T0, T1, T2, T3, T4, T5)
[INFO] [stderr]            and $N others
[INFO] [stderr] note: required by a bound in `DefaultTrait`
[INFO] [stderr]   --> src/wrapper/default_trait.rs
[INFO] [stderr]    |
[INFO] [stderr]    | pub struct DefaultTrait<T, DS>
[INFO] [stderr]    |            ------------ required by a bound in this struct
[INFO] [stderr]    | where
[INFO] [stderr]    |     T: Serialize + DeserializeOwned + Default,
[INFO] [stderr]    |        ^^^^^^^^^ required by this bound in `DefaultTrait`
[INFO] [stderr] 
[INFO] [stderr] error[E0277]: the trait bound `CustomType: Default` is not satisfied
[INFO] [stderr]   --> tests/ui/trait_is_missing.rs:10:12
[INFO] [stderr]    |
[INFO] [stderr] 10 |     field: CustomType,
[INFO] [stderr]    |            ^^^^^^^^^^ the trait `Default` is not implemented for `CustomType`
[INFO] [stderr]    |
[INFO] [stderr] note: required by a bound in `DefaultTrait`
[INFO] [stderr]   --> src/wrapper/default_trait.rs
[INFO] [stderr]    |
[INFO] [stderr]    | pub struct DefaultTrait<T, DS>
[INFO] [stderr]    |            ------------ required by a bound in this struct
[INFO] [stderr]    | where
[INFO] [stderr]    |     T: Serialize + DeserializeOwned + Default,
[INFO] [stderr]    |                                       ^^^^^^^ required by this bound in `DefaultTrait`
[INFO] [stderr] help: consider annotating `CustomType` with `#[derive(Default)]`
[INFO] [stderr]    |
[INFO] [stderr] 3  + #[derive(Default)]
[INFO] [stderr] 4  | struct CustomType {
[INFO] [stderr]    |
[INFO] [stderr] 
[INFO] [stderr] error[E0277]: the trait bound `for<'de> CustomType: serde::de::Deserialize<'de>` is not satisfied
[INFO] [stderr]   --> tests/ui/trait_is_missing.rs:10:12
[INFO] [stderr]    |
[INFO] [stderr] 10 |     field: CustomType,
[INFO] [stderr]    |            ^^^^^^^^^^ the trait `for<'de> serde::de::Deserialize<'de>` is not implemented for `CustomType`
[INFO] [stderr]    |
[INFO] [stderr]    = help: the following other types implement trait `serde::de::Deserialize<'de>`:
[INFO] [stderr]              &'a Path
[INFO] [stderr]              &'a [u8]
[INFO] [stderr]              &'a str
[INFO] [stderr]              ()
[INFO] [stderr]              (T0, T1)
[INFO] [stderr]              (T0, T1, T2)
[INFO] [stderr]              (T0, T1, T2, T3)
[INFO] [stderr]              (T0, T1, T2, T3, T4)
[INFO] [stderr]            and $N others
[INFO] [stderr]    = note: required for `CustomType` to implement `serde::de::DeserializeOwned`
[INFO] [stderr] note: required by a bound in `DefaultTrait`
[INFO] [stderr]   --> src/wrapper/default_trait.rs
[INFO] [stderr]    |
[INFO] [stderr]    | pub struct DefaultTrait<T, DS>
[INFO] [stderr]    |            ------------ required by a bound in this struct
[INFO] [stderr]    | where
[INFO] [stderr]    |     T: Serialize + DeserializeOwned + Default,
[INFO] [stderr]    |                    ^^^^^^^^^^^^^^^^ required by this bound in `DefaultTrait`
[INFO] [stderr] ┈┈┈┈┈┈┈┈┈┈┈┈┈┈┈┈┈┈┈┈┈┈┈┈┈┈┈┈┈┈┈┈┈┈┈┈┈┈┈┈┈┈┈┈┈┈┈┈┈┈┈┈┈┈┈┈┈┈┈┈
[INFO] [stderr] 
[INFO] [stderr] ACTUAL OUTPUT:
[INFO] [stderr] ┈┈┈┈┈┈┈┈┈┈┈┈┈┈┈┈┈┈┈┈┈┈┈┈┈┈┈┈┈┈┈┈┈┈┈┈┈┈┈┈┈┈┈┈┈┈┈┈┈┈┈┈┈┈┈┈┈┈┈┈
[INFO] [stderr] error[E0277]: the trait bound `CustomType: serde::ser::Serialize` is not satisfied
[INFO] [stderr]   --> tests/ui/trait_is_missing.rs:10:12
[INFO] [stderr]    |
[INFO] [stderr] 10 |     field: CustomType,
[INFO] [stderr]    |            ^^^^^^^^^^ the trait `serde::ser::Serialize` is not implemented for `CustomType`
[INFO] [stderr]    |
[INFO] [stderr]    = help: the following other types implement trait `serde::ser::Serialize`:
[INFO] [stderr]              bool
[INFO] [stderr]              char
[INFO] [stderr]              isize
[INFO] [stderr]              i8
[INFO] [stderr]              i16
[INFO] [stderr]              i32
[INFO] [stderr]              i64
[INFO] [stderr]              i128
[INFO] [stderr]            and $N others
[INFO] [stderr] note: required by a bound in `DefaultTrait`
[INFO] [stderr]   --> src/wrapper/default_trait.rs
[INFO] [stderr]    |
[INFO] [stderr]    | pub struct DefaultTrait<T, DS>
[INFO] [stderr]    |            ------------ required by a bound in this struct
[INFO] [stderr]    | where
[INFO] [stderr]    |     T: Serialize + DeserializeOwned + Default,
[INFO] [stderr]    |        ^^^^^^^^^ required by this bound in `DefaultTrait`
[INFO] [stderr] 
[INFO] [stderr] error[E0277]: the trait bound `CustomType: Default` is not satisfied
[INFO] [stderr]   --> tests/ui/trait_is_missing.rs:10:12
[INFO] [stderr]    |
[INFO] [stderr] 10 |     field: CustomType,
[INFO] [stderr]    |            ^^^^^^^^^^ the trait `Default` is not implemented for `CustomType`
[INFO] [stderr]    |
[INFO] [stderr] note: required by a bound in `DefaultTrait`
[INFO] [stderr]   --> src/wrapper/default_trait.rs
[INFO] [stderr]    |
[INFO] [stderr]    | pub struct DefaultTrait<T, DS>
[INFO] [stderr]    |            ------------ required by a bound in this struct
[INFO] [stderr]    | where
[INFO] [stderr]    |     T: Serialize + DeserializeOwned + Default,
[INFO] [stderr]    |                                       ^^^^^^^ required by this bound in `DefaultTrait`
[INFO] [stderr] help: consider annotating `CustomType` with `#[derive(Default)]`
[INFO] [stderr]    |
[INFO] [stderr] 3  + #[derive(Default)]
[INFO] [stderr] 4  | struct CustomType {
[INFO] [stderr]    |
[INFO] [stderr] 
[INFO] [stderr] error[E0277]: the trait bound `for<'de> CustomType: serde::de::Deserialize<'de>` is not satisfied
[INFO] [stderr]   --> tests/ui/trait_is_missing.rs:10:12
[INFO] [stderr]    |
[INFO] [stderr] 10 |     field: CustomType,
[INFO] [stderr]    |            ^^^^^^^^^^ the trait `for<'de> serde::de::Deserialize<'de>` is not implemented for `CustomType`
[INFO] [stderr]    |
[INFO] [stderr]    = help: the following other types implement trait `serde::de::Deserialize<'de>`:
[INFO] [stderr]              bool
[INFO] [stderr]              char
[INFO] [stderr]              isize
[INFO] [stderr]              i8
[INFO] [stderr]              i16
[INFO] [stderr]              i32
[INFO] [stderr]              i64
[INFO] [stderr]              i128
[INFO] [stderr]            and $N others
[INFO] [stderr]    = note: required for `CustomType` to implement `serde::de::DeserializeOwned`
[INFO] [stderr] note: required by a bound in `DefaultTrait`
[INFO] [stderr]   --> src/wrapper/default_trait.rs
[INFO] [stderr]    |
[INFO] [stderr]    | pub struct DefaultTrait<T, DS>
[INFO] [stderr]    |            ------------ required by a bound in this struct
[INFO] [stderr]    | where
[INFO] [stderr]    |     T: Serialize + DeserializeOwned + Default,
[INFO] [stderr]    |                    ^^^^^^^^^^^^^^^^ required by this bound in `DefaultTrait`
[INFO] [stderr] ┈┈┈┈┈┈┈┈┈┈┈┈┈┈┈┈┈┈┈┈┈┈┈┈┈┈┈┈┈┈┈┈┈┈┈┈┈┈┈┈┈┈┈┈┈┈┈┈┈┈┈┈┈┈┈┈┈┈┈┈
[INFO] [stderr] note: If the actual output is the correct output you can bless it by rerunning
[INFO] [stderr]       your test with the environment variable TRYBUILD=overwrite
[INFO] [stderr] 
[INFO] [stderr] test tests/ui/unknown_option.rs ... ok
[INFO] [stderr] 
[INFO] [stderr] 
[INFO] [stdout] test ui ... FAILED
[INFO] [stdout] 
[INFO] [stdout] failures:
[INFO] [stdout] 
[INFO] [stdout] ---- ui stdout ----
[INFO] [stdout] thread 'ui' panicked at /opt/rustwide/cargo-home/registry/src/index.crates.io-6f17d22bba15001f/trybuild-1.0.82/src/run.rs:101:13:
[INFO] [stdout] 2 of 14 tests failed
[INFO] [stdout] stack backtrace:
[INFO] [stdout]    0:     0x55866d7dcd56 - std::backtrace_rs::backtrace::libunwind::trace::h261606ad26a499c1
[INFO] [stdout]                                at /rustc/0e09125c6c3c2fd70d7de961bcf0e51575235fad/library/std/src/../../backtrace/src/backtrace/libunwind.rs:104:5
[INFO] [stdout]    1:     0x55866d7dcd56 - std::backtrace_rs::backtrace::trace_unsynchronized::hd183f0625477fb28
[INFO] [stdout]                                at /rustc/0e09125c6c3c2fd70d7de961bcf0e51575235fad/library/std/src/../../backtrace/src/backtrace/mod.rs:66:5
[INFO] [stdout]    2:     0x55866d7dcd56 - std::sys_common::backtrace::_print_fmt::hd7f8fef21b4eda67
[INFO] [stdout]                                at /rustc/0e09125c6c3c2fd70d7de961bcf0e51575235fad/library/std/src/sys_common/backtrace.rs:68:5
[INFO] [stdout]    3:     0x55866d7dcd56 - <std::sys_common::backtrace::_print::DisplayBacktrace as core::fmt::Display>::fmt::h623d9b51f2f453f1
[INFO] [stdout]                                at /rustc/0e09125c6c3c2fd70d7de961bcf0e51575235fad/library/std/src/sys_common/backtrace.rs:44:22
[INFO] [stdout]    4:     0x55866d808450 - core::fmt::rt::Argument::fmt::h9f417ac76a86f368
[INFO] [stdout]                                at /rustc/0e09125c6c3c2fd70d7de961bcf0e51575235fad/library/core/src/fmt/rt.rs:142:9
[INFO] [stdout]    5:     0x55866d808450 - core::fmt::write::hc9b6faf4ac2aeff7
[INFO] [stdout]                                at /rustc/0e09125c6c3c2fd70d7de961bcf0e51575235fad/library/core/src/fmt/mod.rs:1120:17
[INFO] [stdout]    6:     0x55866d7d9d4f - std::io::Write::write_fmt::he04625a3a989fec3
[INFO] [stdout]                                at /rustc/0e09125c6c3c2fd70d7de961bcf0e51575235fad/library/std/src/io/mod.rs:1810:15
[INFO] [stdout]    7:     0x55866d7dcb34 - std::sys_common::backtrace::_print::hd5d66399c7df88a2
[INFO] [stdout]                                at /rustc/0e09125c6c3c2fd70d7de961bcf0e51575235fad/library/std/src/sys_common/backtrace.rs:47:5
[INFO] [stdout]    8:     0x55866d7dcb34 - std::sys_common::backtrace::print::he81ed2da642d37e5
[INFO] [stdout]                                at /rustc/0e09125c6c3c2fd70d7de961bcf0e51575235fad/library/std/src/sys_common/backtrace.rs:34:9
[INFO] [stdout]    9:     0x55866d7de8a7 - std::panicking::default_hook::{{closure}}::h85773f4fa117163d
[INFO] [stdout]   10:     0x55866d7de58d - std::panicking::default_hook::h6a1694a91d09b278
[INFO] [stdout]                                at /rustc/0e09125c6c3c2fd70d7de961bcf0e51575235fad/library/std/src/panicking.rs:289:9
[INFO] [stdout]   11:     0x55866d7ac797 - <alloc::boxed::Box<F,A> as core::ops::function::Fn<Args>>::call::h616ac37fa3cd6c8f
[INFO] [stdout]                                at /rustc/0e09125c6c3c2fd70d7de961bcf0e51575235fad/library/alloc/src/boxed.rs:2029:9
[INFO] [stdout]   12:     0x55866d7ac797 - test::test_main::{{closure}}::h00d84697cefdcbb6
[INFO] [stdout]                                at /rustc/0e09125c6c3c2fd70d7de961bcf0e51575235fad/library/test/src/lib.rs:138:21
[INFO] [stdout]   13:     0x55866d7deec6 - <alloc::boxed::Box<F,A> as core::ops::function::Fn<Args>>::call::hcb3fe3b9bb537ba8
[INFO] [stdout]                                at /rustc/0e09125c6c3c2fd70d7de961bcf0e51575235fad/library/alloc/src/boxed.rs:2029:9
[INFO] [stdout]   14:     0x55866d7deec6 - std::panicking::rust_panic_with_hook::h0a7ad96e90f7145b
[INFO] [stdout]                                at /rustc/0e09125c6c3c2fd70d7de961bcf0e51575235fad/library/std/src/panicking.rs:783:13
[INFO] [stdout]   15:     0x55866d7dec12 - std::panicking::begin_panic_handler::{{closure}}::h7919090525c6485e
[INFO] [stdout]                                at /rustc/0e09125c6c3c2fd70d7de961bcf0e51575235fad/library/std/src/panicking.rs:657:13
[INFO] [stdout]   16:     0x55866d7dd256 - std::sys_common::backtrace::__rust_end_short_backtrace::hf3289479464f7dfe
[INFO] [stdout]                                at /rustc/0e09125c6c3c2fd70d7de961bcf0e51575235fad/library/std/src/sys_common/backtrace.rs:171:18
[INFO] [stdout]   17:     0x55866d7de970 - rust_begin_unwind
[INFO] [stdout]                                at /rustc/0e09125c6c3c2fd70d7de961bcf0e51575235fad/library/std/src/panicking.rs:645:5
[INFO] [stdout]   18:     0x55866d588fc5 - core::panicking::panic_fmt::hcc9f77c5c132af55
[INFO] [stdout]                                at /rustc/0e09125c6c3c2fd70d7de961bcf0e51575235fad/library/core/src/panicking.rs:72:14
[INFO] [stdout]   19:     0x55866d598129 - trybuild::run::<impl trybuild::Runner>::run::h2eb717c9ffd8b7e5
[INFO] [stdout]                                at /opt/rustwide/cargo-home/registry/src/index.crates.io-6f17d22bba15001f/trybuild-1.0.82/src/run.rs:101:13
[INFO] [stdout]   20:     0x55866d59d7e8 - <trybuild::TestCases as core::ops::drop::Drop>::drop::h9ca39bb946432e73
[INFO] [stdout]                                at /opt/rustwide/cargo-home/registry/src/index.crates.io-6f17d22bba15001f/trybuild-1.0.82/src/lib.rs:315:13
[INFO] [stdout]   21:     0x55866d589bd7 - core::ptr::drop_in_place<trybuild::TestCases>::hb0721e28eb7a6178
[INFO] [stdout]                                at /rustc/0e09125c6c3c2fd70d7de961bcf0e51575235fad/library/core/src/ptr/mod.rs:507:1
[INFO] [stdout]   22:     0x55866d58ab73 - ui::ui::he8a11503c7e3b8c1
[INFO] [stdout]                                at /opt/rustwide/workdir/tests/ui.rs:5:1
[INFO] [stdout]   23:     0x55866d58ab07 - ui::ui::{{closure}}::he6f3c29cfff365c3
[INFO] [stdout]                                at /opt/rustwide/workdir/tests/ui.rs:2:8
[INFO] [stdout]   24:     0x55866d589b86 - core::ops::function::FnOnce::call_once::h9cc7c6dc677b4162
[INFO] [stdout]                                at /rustc/0e09125c6c3c2fd70d7de961bcf0e51575235fad/library/core/src/ops/function.rs:250:5
[INFO] [stdout]   25:     0x55866d7b206f - core::ops::function::FnOnce::call_once::hd64d26f405258157
[INFO] [stdout]                                at /rustc/0e09125c6c3c2fd70d7de961bcf0e51575235fad/library/core/src/ops/function.rs:250:5
[INFO] [stdout]   26:     0x55866d7b206f - test::__rust_begin_short_backtrace::he21b0b7a6d731bf9
[INFO] [stdout]                                at /rustc/0e09125c6c3c2fd70d7de961bcf0e51575235fad/library/test/src/lib.rs:627:18
[INFO] [stdout]   27:     0x55866d7b0df1 - test::run_test_in_process::{{closure}}::hf5c73986d7bdfde2
[INFO] [stdout]                                at /rustc/0e09125c6c3c2fd70d7de961bcf0e51575235fad/library/test/src/lib.rs:650:60
[INFO] [stdout]   28:     0x55866d7b0df1 - <core::panic::unwind_safe::AssertUnwindSafe<F> as core::ops::function::FnOnce<()>>::call_once::h330011ad032aadc0
[INFO] [stdout]                                at /rustc/0e09125c6c3c2fd70d7de961bcf0e51575235fad/library/core/src/panic/unwind_safe.rs:272:9
[INFO] [stdout]   29:     0x55866d7b0df1 - std::panicking::try::do_call::he61b0a958b795a41
[INFO] [stdout]                                at /rustc/0e09125c6c3c2fd70d7de961bcf0e51575235fad/library/std/src/panicking.rs:552:40
[INFO] [stdout]   30:     0x55866d7b0df1 - std::panicking::try::h7309da130f906eb7
[INFO] [stdout]                                at /rustc/0e09125c6c3c2fd70d7de961bcf0e51575235fad/library/std/src/panicking.rs:516:19
[INFO] [stdout]   31:     0x55866d7b0df1 - std::panic::catch_unwind::hc5c3a06fdaf0a92a
[INFO] [stdout]                                at /rustc/0e09125c6c3c2fd70d7de961bcf0e51575235fad/library/std/src/panic.rs:142:14
[INFO] [stdout]   32:     0x55866d7b0df1 - test::run_test_in_process::h7e7b7c71c3324e0f
[INFO] [stdout]                                at /rustc/0e09125c6c3c2fd70d7de961bcf0e51575235fad/library/test/src/lib.rs:650:27
[INFO] [stdout]   33:     0x55866d7b0df1 - test::run_test::{{closure}}::h1f509f28f5cf20b1
[INFO] [stdout]                                at /rustc/0e09125c6c3c2fd70d7de961bcf0e51575235fad/library/test/src/lib.rs:573:43
[INFO] [stdout]   34:     0x55866d778126 - test::run_test::{{closure}}::h1754218abf443f6d
[INFO] [stdout]                                at /rustc/0e09125c6c3c2fd70d7de961bcf0e51575235fad/library/test/src/lib.rs:601:41
[INFO] [stdout]   35:     0x55866d778126 - std::sys_common::backtrace::__rust_begin_short_backtrace::h2ee174b9d5954948
[INFO] [stdout]                                at /rustc/0e09125c6c3c2fd70d7de961bcf0e51575235fad/library/std/src/sys_common/backtrace.rs:155:18
[INFO] [stdout]   36:     0x55866d77d187 - std::thread::Builder::spawn_unchecked_::{{closure}}::{{closure}}::hf60bee9c1a17ef09
[INFO] [stdout]                                at /rustc/0e09125c6c3c2fd70d7de961bcf0e51575235fad/library/std/src/thread/mod.rs:529:17
[INFO] [stdout]   37:     0x55866d77d187 - <core::panic::unwind_safe::AssertUnwindSafe<F> as core::ops::function::FnOnce<()>>::call_once::h33d0dddec5216160
[INFO] [stdout]                                at /rustc/0e09125c6c3c2fd70d7de961bcf0e51575235fad/library/core/src/panic/unwind_safe.rs:272:9
[INFO] [stdout]   38:     0x55866d77d187 - std::panicking::try::do_call::h144b3048b546f835
[INFO] [stdout]                                at /rustc/0e09125c6c3c2fd70d7de961bcf0e51575235fad/library/std/src/panicking.rs:552:40
[INFO] [stdout]   39:     0x55866d77d187 - std::panicking::try::h978244d04646189f
[INFO] [stdout]                                at /rustc/0e09125c6c3c2fd70d7de961bcf0e51575235fad/library/std/src/panicking.rs:516:19
[INFO] [stdout]   40:     0x55866d77d187 - std::panic::catch_unwind::hdf436369d188fe86
[INFO] [stdout]                                at /rustc/0e09125c6c3c2fd70d7de961bcf0e51575235fad/library/std/src/panic.rs:142:14
[INFO] [stdout]   41:     0x55866d77d187 - std::thread::Builder::spawn_unchecked_::{{closure}}::h87329cbdd33c79ec
[INFO] [stdout]                                at /rustc/0e09125c6c3c2fd70d7de961bcf0e51575235fad/library/std/src/thread/mod.rs:528:30
[INFO] [stdout]   42:     0x55866d77d187 - core::ops::function::FnOnce::call_once{{vtable.shim}}::h401abbe67897d450
[INFO] [stdout]                                at /rustc/0e09125c6c3c2fd70d7de961bcf0e51575235fad/library/core/src/ops/function.rs:250:5
[INFO] [stdout]   43:     0x55866d7e4af5 - <alloc::boxed::Box<F,A> as core::ops::function::FnOnce<Args>>::call_once::h5d7c8f150ab9c84c
[INFO] [stdout]                                at /rustc/0e09125c6c3c2fd70d7de961bcf0e51575235fad/library/alloc/src/boxed.rs:2015:9
[INFO] [stdout]   44:     0x55866d7e4af5 - <alloc::boxed::Box<F,A> as core::ops::function::FnOnce<Args>>::call_once::h570d5b005c242c15
[INFO] [stdout]                                at /rustc/0e09125c6c3c2fd70d7de961bcf0e51575235fad/library/alloc/src/boxed.rs:2015:9
[INFO] [stdout]   45:     0x55866d7e4af5 - std::sys::unix::thread::Thread::new::thread_start::h36b0a20c0b2361ad
[INFO] [stdout]                                at /rustc/0e09125c6c3c2fd70d7de961bcf0e51575235fad/library/std/src/sys/unix/thread.rs:108:17
[INFO] [stdout]   46:     0x7fdf66309ac3 - <unknown>
[INFO] [stdout]   47:     0x7fdf6639abf4 - __clone
[INFO] [stdout]   48:                0x0 - <unknown>
[INFO] [stdout] 
[INFO] [stdout] 
[INFO] [stdout] failures:
[INFO] [stdout]     ui
[INFO] [stdout] 
[INFO] [stdout] test result: FAILED. 0 passed; 1 failed; 0 ignored; 0 measured; 0 filtered out; finished in 27.83s
[INFO] [stdout] 
[INFO] [stderr] error: test failed, to rerun pass `--test ui`
[INFO] running `Command { std: "docker" "inspect" "a72771d2dbb86ddab64037ad0d7c1e6a3aa511a5054b74a7377573a7882eabaf", kill_on_drop: false }`
[INFO] running `Command { std: "docker" "rm" "-f" "a72771d2dbb86ddab64037ad0d7c1e6a3aa511a5054b74a7377573a7882eabaf", kill_on_drop: false }`
[INFO] [stdout] a72771d2dbb86ddab64037ad0d7c1e6a3aa511a5054b74a7377573a7882eabaf
