[INFO] fetching crate databake 0.1.7...
[INFO] testing databake-0.1.7 against 1.75.0 for beta-1.76-1
[INFO] extracting crate databake 0.1.7 into /workspace/builds/worker-1-tc1/source
[INFO] validating manifest of crates.io crate databake 0.1.7 on toolchain 1.75.0
[INFO] running `Command { std: CARGO_HOME="/workspace/cargo-home" RUSTUP_HOME="/workspace/rustup-home" "/workspace/cargo-home/bin/cargo" "+1.75.0" "metadata" "--manifest-path" "Cargo.toml" "--no-deps", kill_on_drop: false }`
[INFO] started tweaking crates.io crate databake 0.1.7
[INFO] finished tweaking crates.io crate databake 0.1.7
[INFO] tweaked toml for crates.io crate databake 0.1.7 written to /workspace/builds/worker-1-tc1/source/Cargo.toml
[INFO] running `Command { std: CARGO_HOME="/workspace/cargo-home" RUSTUP_HOME="/workspace/rustup-home" "/workspace/cargo-home/bin/cargo" "+1.75.0" "generate-lockfile" "--manifest-path" "Cargo.toml", kill_on_drop: false }`
[INFO] [stderr]     Updating crates.io index
[INFO] running `Command { std: CARGO_HOME="/workspace/cargo-home" RUSTUP_HOME="/workspace/rustup-home" "/workspace/cargo-home/bin/cargo" "+1.75.0" "fetch" "--manifest-path" "Cargo.toml", kill_on_drop: false }`
[INFO] [stderr]  Downloading crates ...
[INFO] [stderr]   Downloaded databake-derive v0.1.7
[INFO] running `Command { std: "docker" "create" "-v" "/var/lib/crater-agent-workspace/builds/worker-1-tc1/target:/opt/rustwide/target:rw,Z" "-v" "/var/lib/crater-agent-workspace/builds/worker-1-tc1/source:/opt/rustwide/workdir:ro,Z" "-v" "/var/lib/crater-agent-workspace/cargo-home:/opt/rustwide/cargo-home:ro,Z" "-v" "/var/lib/crater-agent-workspace/rustup-home:/opt/rustwide/rustup-home:ro,Z" "-e" "SOURCE_DIR=/opt/rustwide/workdir" "-e" "CARGO_TARGET_DIR=/opt/rustwide/target" "-e" "CARGO_HOME=/opt/rustwide/cargo-home" "-e" "RUSTUP_HOME=/opt/rustwide/rustup-home" "-w" "/opt/rustwide/workdir" "-m" "1610612736" "--user" "0:0" "--network" "none" "ghcr.io/rust-lang/crates-build-env/linux@sha256:2788e3201cd34a07e3172128adcd8b3090168a8e3bcc40d7c032b9dda1df7d1c" "/opt/rustwide/cargo-home/bin/cargo" "+1.75.0" "metadata" "--no-deps" "--format-version=1", kill_on_drop: false }`
[INFO] [stdout] 9b8fc7d2ff74c384ebfdb4a0374e8d3727d0977c4fd80cd49293c02e91f8a85a
[INFO] running `Command { std: "docker" "start" "-a" "9b8fc7d2ff74c384ebfdb4a0374e8d3727d0977c4fd80cd49293c02e91f8a85a", kill_on_drop: false }`
[INFO] running `Command { std: "docker" "inspect" "9b8fc7d2ff74c384ebfdb4a0374e8d3727d0977c4fd80cd49293c02e91f8a85a", kill_on_drop: false }`
[INFO] running `Command { std: "docker" "rm" "-f" "9b8fc7d2ff74c384ebfdb4a0374e8d3727d0977c4fd80cd49293c02e91f8a85a", kill_on_drop: false }`
[INFO] [stdout] 9b8fc7d2ff74c384ebfdb4a0374e8d3727d0977c4fd80cd49293c02e91f8a85a
[INFO] running `Command { std: "docker" "create" "-v" "/var/lib/crater-agent-workspace/builds/worker-1-tc1/target:/opt/rustwide/target:rw,Z" "-v" "/var/lib/crater-agent-workspace/builds/worker-1-tc1/source:/opt/rustwide/workdir:ro,Z" "-v" "/var/lib/crater-agent-workspace/cargo-home:/opt/rustwide/cargo-home:ro,Z" "-v" "/var/lib/crater-agent-workspace/rustup-home:/opt/rustwide/rustup-home:ro,Z" "-e" "SOURCE_DIR=/opt/rustwide/workdir" "-e" "CARGO_TARGET_DIR=/opt/rustwide/target" "-e" "CARGO_INCREMENTAL=0" "-e" "RUST_BACKTRACE=full" "-e" "RUSTFLAGS=--cap-lints=warn" "-e" "RUSTDOCFLAGS=--cap-lints=warn" "-e" "CARGO_HOME=/opt/rustwide/cargo-home" "-e" "RUSTUP_HOME=/opt/rustwide/rustup-home" "-w" "/opt/rustwide/workdir" "-m" "1610612736" "--user" "0:0" "--network" "none" "ghcr.io/rust-lang/crates-build-env/linux@sha256:2788e3201cd34a07e3172128adcd8b3090168a8e3bcc40d7c032b9dda1df7d1c" "/opt/rustwide/cargo-home/bin/cargo" "+1.75.0" "build" "--frozen" "--message-format=json", kill_on_drop: false }`
[INFO] [stdout] ab5046572dc02a60881457c95e342f30eefea62a7199ef7e9cdd6f4fd4a499c0
[INFO] running `Command { std: "docker" "start" "-a" "ab5046572dc02a60881457c95e342f30eefea62a7199ef7e9cdd6f4fd4a499c0", kill_on_drop: false }`
[INFO] [stderr]    Compiling proc-macro2 v1.0.75
[INFO] [stderr]    Compiling unicode-ident v1.0.12
[INFO] [stderr]    Compiling quote v1.0.35
[INFO] [stderr]    Compiling databake v0.1.7 (/opt/rustwide/workdir)
[INFO] [stderr]     Finished dev [unoptimized + debuginfo] target(s) in 0.72s
[INFO] running `Command { std: "docker" "inspect" "ab5046572dc02a60881457c95e342f30eefea62a7199ef7e9cdd6f4fd4a499c0", kill_on_drop: false }`
[INFO] running `Command { std: "docker" "rm" "-f" "ab5046572dc02a60881457c95e342f30eefea62a7199ef7e9cdd6f4fd4a499c0", kill_on_drop: false }`
[INFO] [stdout] ab5046572dc02a60881457c95e342f30eefea62a7199ef7e9cdd6f4fd4a499c0
[INFO] running `Command { std: "docker" "create" "-v" "/var/lib/crater-agent-workspace/builds/worker-1-tc1/target:/opt/rustwide/target:rw,Z" "-v" "/var/lib/crater-agent-workspace/builds/worker-1-tc1/source:/opt/rustwide/workdir:ro,Z" "-v" "/var/lib/crater-agent-workspace/cargo-home:/opt/rustwide/cargo-home:ro,Z" "-v" "/var/lib/crater-agent-workspace/rustup-home:/opt/rustwide/rustup-home:ro,Z" "-e" "SOURCE_DIR=/opt/rustwide/workdir" "-e" "CARGO_TARGET_DIR=/opt/rustwide/target" "-e" "CARGO_INCREMENTAL=0" "-e" "RUST_BACKTRACE=full" "-e" "RUSTFLAGS=--cap-lints=warn" "-e" "RUSTDOCFLAGS=--cap-lints=warn" "-e" "CARGO_HOME=/opt/rustwide/cargo-home" "-e" "RUSTUP_HOME=/opt/rustwide/rustup-home" "-w" "/opt/rustwide/workdir" "-m" "1610612736" "--user" "0:0" "--network" "none" "ghcr.io/rust-lang/crates-build-env/linux@sha256:2788e3201cd34a07e3172128adcd8b3090168a8e3bcc40d7c032b9dda1df7d1c" "/opt/rustwide/cargo-home/bin/cargo" "+1.75.0" "test" "--frozen" "--no-run" "--message-format=json", kill_on_drop: false }`
[INFO] [stdout] 565b8ffa1c99d04c155c4483bb98e06c7e9c7c914f9fd7d570ca8c7672caf84e
[INFO] running `Command { std: "docker" "start" "-a" "565b8ffa1c99d04c155c4483bb98e06c7e9c7c914f9fd7d570ca8c7672caf84e", kill_on_drop: false }`
[INFO] [stderr]    Compiling databake v0.1.7 (/opt/rustwide/workdir)
[INFO] [stderr]     Finished test [unoptimized + debuginfo] target(s) in 0.61s
[INFO] running `Command { std: "docker" "inspect" "565b8ffa1c99d04c155c4483bb98e06c7e9c7c914f9fd7d570ca8c7672caf84e", kill_on_drop: false }`
[INFO] running `Command { std: "docker" "rm" "-f" "565b8ffa1c99d04c155c4483bb98e06c7e9c7c914f9fd7d570ca8c7672caf84e", kill_on_drop: false }`
[INFO] [stdout] 565b8ffa1c99d04c155c4483bb98e06c7e9c7c914f9fd7d570ca8c7672caf84e
[INFO] running `Command { std: "docker" "create" "-v" "/var/lib/crater-agent-workspace/builds/worker-1-tc1/target:/opt/rustwide/target:rw,Z" "-v" "/var/lib/crater-agent-workspace/builds/worker-1-tc1/source:/opt/rustwide/workdir:ro,Z" "-v" "/var/lib/crater-agent-workspace/cargo-home:/opt/rustwide/cargo-home:ro,Z" "-v" "/var/lib/crater-agent-workspace/rustup-home:/opt/rustwide/rustup-home:ro,Z" "-e" "SOURCE_DIR=/opt/rustwide/workdir" "-e" "CARGO_TARGET_DIR=/opt/rustwide/target" "-e" "CARGO_INCREMENTAL=0" "-e" "RUST_BACKTRACE=full" "-e" "RUSTFLAGS=--cap-lints=warn" "-e" "RUSTDOCFLAGS=--cap-lints=warn" "-e" "CARGO_HOME=/opt/rustwide/cargo-home" "-e" "RUSTUP_HOME=/opt/rustwide/rustup-home" "-w" "/opt/rustwide/workdir" "-m" "1610612736" "--user" "0:0" "--network" "none" "ghcr.io/rust-lang/crates-build-env/linux@sha256:2788e3201cd34a07e3172128adcd8b3090168a8e3bcc40d7c032b9dda1df7d1c" "/opt/rustwide/cargo-home/bin/cargo" "+1.75.0" "test" "--frozen", kill_on_drop: false }`
[INFO] [stdout] d0b39c9c5ad47658b15a43c3e3d81850804aa0c29cca8ac86e5f6d5a3221535f
[INFO] running `Command { std: "docker" "start" "-a" "d0b39c9c5ad47658b15a43c3e3d81850804aa0c29cca8ac86e5f6d5a3221535f", kill_on_drop: false }`
[INFO] [stderr]     Finished test [unoptimized + debuginfo] target(s) in 0.00s
[INFO] [stderr]      Running unittests src/lib.rs (/opt/rustwide/target/debug/deps/databake-ccfc105168cace95)
[INFO] [stdout] 
[INFO] [stdout] running 15 tests
[INFO] [stdout] test alloc::btree_map ... ok
[INFO] [stdout] test alloc::cow ... ok
[INFO] [stdout] test alloc::btree_set ... ok
[INFO] [stdout] test alloc::hash_set ... ok
[INFO] [stdout] test alloc::hash_map ... ok
[INFO] [stdout] test alloc::string ... ok
[INFO] [stdout] test alloc::rc ... ok
[INFO] [stdout] test alloc::vec ... ok
[INFO] [stdout] test primitives::array ... ok
[INFO] [stdout] test primitives::literal ... ok
[INFO] [stdout] test primitives::option ... ok
[INFO] [stdout] test primitives::r#ref ... ok
[INFO] [stdout] test primitives::result ... ok
[INFO] [stdout] test primitives::slice ... ok
[INFO] [stdout] test primitives::tuple ... ok
[INFO] [stdout] 
[INFO] [stdout] test result: ok. 15 passed; 0 failed; 0 ignored; 0 measured; 0 filtered out; finished in 0.00s
[INFO] [stdout] 
[INFO] [stderr]    Doc-tests databake
[INFO] [stdout] 
[INFO] [stdout] running 6 tests
[INFO] [stdout] test src/lib.rs - test_bake (line 147) - compile ... ok
[INFO] [stdout] test src/lib.rs - (line 27) ... FAILED
[INFO] [stdout] test src/lib.rs - (line 46) - compile ... FAILED
[INFO] [stdout] test src/lib.rs - (line 11) ... ok
[INFO] [stdout] test src/lib.rs - test_bake (line 136) ... ok
[INFO] [stdout] test src/lib.rs - test_bake (line 126) ... ok
[INFO] [stdout] 
[INFO] [stdout] failures:
[INFO] [stdout] 
[INFO] [stdout] ---- src/lib.rs - (line 27) stdout ----
[INFO] [stdout] error: cannot find derive macro `Bake` in this scope
[INFO] [stdout]   --> src/lib.rs:39:10
[INFO] [stdout]    |
[INFO] [stdout] 15 | #[derive(Bake)]
[INFO] [stdout]    |          ^^^^
[INFO] [stdout]    |
[INFO] [stdout] note: `Bake` is imported here, but it is only a trait, without a derive macro
[INFO] [stdout]   --> src/lib.rs:29:5
[INFO] [stdout]    |
[INFO] [stdout] 5  | use databake::*;
[INFO] [stdout]    |     ^^^^^^^^^^^
[INFO] [stdout] 
[INFO] [stdout] error: cannot find attribute `databake` in this scope
[INFO] [stdout]   --> src/lib.rs:40:3
[INFO] [stdout]    |
[INFO] [stdout] 16 | #[databake(path = my_crate)]
[INFO] [stdout]    |   ^^^^^^^^
[INFO] [stdout]    |
[INFO] [stdout] note: `databake` is imported here, but it is a crate, not an attribute
[INFO] [stdout]   --> src/lib.rs:27:1
[INFO] [stdout]    |
[INFO] [stdout] 3  | extern crate r#databake;
[INFO] [stdout]    | ^^^^^^^^^^^^^^^^^^^^^^^^
[INFO] [stdout] 
[INFO] [stdout] error: cannot find derive macro `Bake` in this scope
[INFO] [stdout]  --> src/lib.rs:31:10
[INFO] [stdout]   |
[INFO] [stdout] 7 | #[derive(Bake)]
[INFO] [stdout]   |          ^^^^
[INFO] [stdout]   |
[INFO] [stdout] note: `Bake` is imported here, but it is only a trait, without a derive macro
[INFO] [stdout]  --> src/lib.rs:29:5
[INFO] [stdout]   |
[INFO] [stdout] 5 | use databake::*;
[INFO] [stdout]   |     ^^^^^^^^^^^
[INFO] [stdout] 
[INFO] [stdout] error: cannot find attribute `databake` in this scope
[INFO] [stdout]  --> src/lib.rs:32:3
[INFO] [stdout]   |
[INFO] [stdout] 8 | #[databake(path = my_crate)]
[INFO] [stdout]   |   ^^^^^^^^
[INFO] [stdout]   |
[INFO] [stdout] note: `databake` is imported here, but it is a crate, not an attribute
[INFO] [stdout]  --> src/lib.rs:27:1
[INFO] [stdout]   |
[INFO] [stdout] 3 | extern crate r#databake;
[INFO] [stdout]   | ^^^^^^^^^^^^^^^^^^^^^^^^
[INFO] [stdout] 
[INFO] [stdout] error: aborting due to 4 previous errors
[INFO] [stdout] 
[INFO] [stdout] Couldn't compile the test.
[INFO] [stdout] ---- src/lib.rs - (line 46) stdout ----
[INFO] [stdout] error: cannot find derive macro `Bake` in this scope
[INFO] [stdout]  --> src/lib.rs:50:10
[INFO] [stdout]   |
[INFO] [stdout] 6 | #[derive(Bake)]
[INFO] [stdout]   |          ^^^^
[INFO] [stdout]   |
[INFO] [stdout] note: `Bake` is imported here, but it is only a trait, without a derive macro
[INFO] [stdout]  --> src/lib.rs:49:5
[INFO] [stdout]   |
[INFO] [stdout] 5 | use databake::*;
[INFO] [stdout]   |     ^^^^^^^^^^^
[INFO] [stdout] 
[INFO] [stdout] error: cannot find attribute `databake` in this scope
[INFO] [stdout]  --> src/lib.rs:51:3
[INFO] [stdout]   |
[INFO] [stdout] 7 | #[databake(path = my_crate)]
[INFO] [stdout]   |   ^^^^^^^^
[INFO] [stdout]   |
[INFO] [stdout] note: `databake` is imported here, but it is a crate, not an attribute
[INFO] [stdout]  --> src/lib.rs:48:1
[INFO] [stdout]   |
[INFO] [stdout] 4 | extern crate r#databake;
[INFO] [stdout]   | ^^^^^^^^^^^^^^^^^^^^^^^^
[INFO] [stdout] 
[INFO] [stdout] error: cannot find derive macro `Bake` in this scope
[INFO] [stdout]   --> src/lib.rs:57:10
[INFO] [stdout]    |
[INFO] [stdout] 13 | #[derive(Bake)]
[INFO] [stdout]    |          ^^^^
[INFO] [stdout]    |
[INFO] [stdout] note: `Bake` is imported here, but it is only a trait, without a derive macro
[INFO] [stdout]   --> src/lib.rs:49:5
[INFO] [stdout]    |
[INFO] [stdout] 5  | use databake::*;
[INFO] [stdout]    |     ^^^^^^^^^^^
[INFO] [stdout] 
[INFO] [stdout] error: cannot find attribute `databake` in this scope
[INFO] [stdout]   --> src/lib.rs:58:3
[INFO] [stdout]    |
[INFO] [stdout] 14 | #[databake(path = my_crate)]
[INFO] [stdout]    |   ^^^^^^^^
[INFO] [stdout]    |
[INFO] [stdout] note: `databake` is imported here, but it is a crate, not an attribute
[INFO] [stdout]   --> src/lib.rs:48:1
[INFO] [stdout]    |
[INFO] [stdout] 4  | extern crate r#databake;
[INFO] [stdout]    | ^^^^^^^^^^^^^^^^^^^^^^^^
[INFO] [stdout] 
[INFO] [stdout] error[E0277]: the trait bound `AnotherOne: databake::Bake` is not satisfied
[INFO] [stdout]   --> src/lib.rs:61:1
[INFO] [stdout]    |
[INFO] [stdout] 17 | / test_bake!(
[INFO] [stdout] 18 | |     AnotherOne,
[INFO] [stdout] 19 | |     const: crate::AnotherOne(
[INFO] [stdout] 20 | |         crate::MyStruct {
[INFO] [stdout] ...  |
[INFO] [stdout] 27 | |     my_crate,
[INFO] [stdout] 28 | | );
[INFO] [stdout]    | | ^
[INFO] [stdout]    | | |
[INFO] [stdout]    | |_the trait `databake::Bake` is not implemented for `AnotherOne`
[INFO] [stdout]    |   required by a bound introduced by this call
[INFO] [stdout]    |
[INFO] [stdout]    = help: the following other types implement trait `databake::Bake`:
[INFO] [stdout]              bool
[INFO] [stdout]              char
[INFO] [stdout]              isize
[INFO] [stdout]              i8
[INFO] [stdout]              i16
[INFO] [stdout]              i32
[INFO] [stdout]              i64
[INFO] [stdout]              i128
[INFO] [stdout]            and 35 others
[INFO] [stdout]    = note: this error originates in the macro `$crate::test_bake` which comes from the expansion of the macro `test_bake` (in Nightly builds, run with -Z macro-backtrace for more info)
[INFO] [stdout] 
[INFO] [stdout] error: aborting due to 5 previous errors
[INFO] [stdout] 
[INFO] [stdout] For more information about this error, try `rustc --explain E0277`.
[INFO] [stdout] Couldn't compile the test.
[INFO] [stdout] 
[INFO] [stdout] failures:
[INFO] [stdout]     src/lib.rs - (line 27)
[INFO] [stdout]     src/lib.rs - (line 46)
[INFO] [stdout] 
[INFO] [stdout] test result: FAILED. 4 passed; 2 failed; 0 ignored; 0 measured; 0 filtered out; finished in 0.25s
[INFO] [stdout] 
[INFO] [stderr] error: doctest failed, to rerun pass `--doc`
[INFO] running `Command { std: "docker" "inspect" "d0b39c9c5ad47658b15a43c3e3d81850804aa0c29cca8ac86e5f6d5a3221535f", kill_on_drop: false }`
[INFO] running `Command { std: "docker" "rm" "-f" "d0b39c9c5ad47658b15a43c3e3d81850804aa0c29cca8ac86e5f6d5a3221535f", kill_on_drop: false }`
[INFO] [stdout] d0b39c9c5ad47658b15a43c3e3d81850804aa0c29cca8ac86e5f6d5a3221535f
