[INFO] fetching crate data-utility-belt 0.1.5...
[INFO] testing data-utility-belt-0.1.5 against 1.75.0 for beta-1.76-1
[INFO] extracting crate data-utility-belt 0.1.5 into /workspace/builds/worker-1-tc1/source
[INFO] validating manifest of crates.io crate data-utility-belt 0.1.5 on toolchain 1.75.0
[INFO] running `Command { std: CARGO_HOME="/workspace/cargo-home" RUSTUP_HOME="/workspace/rustup-home" "/workspace/cargo-home/bin/cargo" "+1.75.0" "metadata" "--manifest-path" "Cargo.toml" "--no-deps", kill_on_drop: false }`
[INFO] started tweaking crates.io crate data-utility-belt 0.1.5
[INFO] finished tweaking crates.io crate data-utility-belt 0.1.5
[INFO] tweaked toml for crates.io crate data-utility-belt 0.1.5 written to /workspace/builds/worker-1-tc1/source/Cargo.toml
[INFO] running `Command { std: CARGO_HOME="/workspace/cargo-home" RUSTUP_HOME="/workspace/rustup-home" "/workspace/cargo-home/bin/cargo" "+1.75.0" "generate-lockfile" "--manifest-path" "Cargo.toml", kill_on_drop: false }`
[INFO] [stderr]     Updating crates.io index
[INFO] running `Command { std: CARGO_HOME="/workspace/cargo-home" RUSTUP_HOME="/workspace/rustup-home" "/workspace/cargo-home/bin/cargo" "+1.75.0" "fetch" "--manifest-path" "Cargo.toml", kill_on_drop: false }`
[INFO] running `Command { std: "docker" "create" "-v" "/var/lib/crater-agent-workspace/builds/worker-1-tc1/target:/opt/rustwide/target:rw,Z" "-v" "/var/lib/crater-agent-workspace/builds/worker-1-tc1/source:/opt/rustwide/workdir:ro,Z" "-v" "/var/lib/crater-agent-workspace/cargo-home:/opt/rustwide/cargo-home:ro,Z" "-v" "/var/lib/crater-agent-workspace/rustup-home:/opt/rustwide/rustup-home:ro,Z" "-e" "SOURCE_DIR=/opt/rustwide/workdir" "-e" "CARGO_TARGET_DIR=/opt/rustwide/target" "-e" "CARGO_HOME=/opt/rustwide/cargo-home" "-e" "RUSTUP_HOME=/opt/rustwide/rustup-home" "-w" "/opt/rustwide/workdir" "-m" "1610612736" "--user" "0:0" "--network" "none" "ghcr.io/rust-lang/crates-build-env/linux@sha256:2788e3201cd34a07e3172128adcd8b3090168a8e3bcc40d7c032b9dda1df7d1c" "/opt/rustwide/cargo-home/bin/cargo" "+1.75.0" "metadata" "--no-deps" "--format-version=1", kill_on_drop: false }`
[INFO] [stdout] 28bdb39d8dc1b7bd09938fd1c089a60472ca3888758798c3d0f5e00f8b69aedf
[INFO] running `Command { std: "docker" "start" "-a" "28bdb39d8dc1b7bd09938fd1c089a60472ca3888758798c3d0f5e00f8b69aedf", kill_on_drop: false }`
[INFO] running `Command { std: "docker" "inspect" "28bdb39d8dc1b7bd09938fd1c089a60472ca3888758798c3d0f5e00f8b69aedf", kill_on_drop: false }`
[INFO] running `Command { std: "docker" "rm" "-f" "28bdb39d8dc1b7bd09938fd1c089a60472ca3888758798c3d0f5e00f8b69aedf", kill_on_drop: false }`
[INFO] [stdout] 28bdb39d8dc1b7bd09938fd1c089a60472ca3888758798c3d0f5e00f8b69aedf
[INFO] running `Command { std: "docker" "create" "-v" "/var/lib/crater-agent-workspace/builds/worker-1-tc1/target:/opt/rustwide/target:rw,Z" "-v" "/var/lib/crater-agent-workspace/builds/worker-1-tc1/source:/opt/rustwide/workdir:ro,Z" "-v" "/var/lib/crater-agent-workspace/cargo-home:/opt/rustwide/cargo-home:ro,Z" "-v" "/var/lib/crater-agent-workspace/rustup-home:/opt/rustwide/rustup-home:ro,Z" "-e" "SOURCE_DIR=/opt/rustwide/workdir" "-e" "CARGO_TARGET_DIR=/opt/rustwide/target" "-e" "CARGO_INCREMENTAL=0" "-e" "RUST_BACKTRACE=full" "-e" "RUSTFLAGS=--cap-lints=warn" "-e" "RUSTDOCFLAGS=--cap-lints=warn" "-e" "CARGO_HOME=/opt/rustwide/cargo-home" "-e" "RUSTUP_HOME=/opt/rustwide/rustup-home" "-w" "/opt/rustwide/workdir" "-m" "1610612736" "--user" "0:0" "--network" "none" "ghcr.io/rust-lang/crates-build-env/linux@sha256:2788e3201cd34a07e3172128adcd8b3090168a8e3bcc40d7c032b9dda1df7d1c" "/opt/rustwide/cargo-home/bin/cargo" "+1.75.0" "build" "--frozen" "--message-format=json", kill_on_drop: false }`
[INFO] [stdout] 36f2f65597a4dca29aa0fdfd14146c10b94b489a2cd52085d00c0d0c534f5fc7
[INFO] running `Command { std: "docker" "start" "-a" "36f2f65597a4dca29aa0fdfd14146c10b94b489a2cd52085d00c0d0c534f5fc7", kill_on_drop: false }`
[INFO] [stderr]    Compiling libc v0.2.151
[INFO] [stderr]    Compiling memchr v2.7.1
[INFO] [stderr]    Compiling serde v1.0.194
[INFO] [stderr]    Compiling unicode-width v0.1.11
[INFO] [stderr]    Compiling serde_json v1.0.111
[INFO] [stderr]    Compiling regex-syntax v0.8.2
[INFO] [stderr]    Compiling bitflags v1.3.2
[INFO] [stderr]    Compiling vec_map v0.8.2
[INFO] [stderr]    Compiling itoa v1.0.10
[INFO] [stderr]    Compiling strsim v0.8.0
[INFO] [stderr]    Compiling ryu v1.0.16
[INFO] [stderr]    Compiling ansi_term v0.12.1
[INFO] [stderr]    Compiling lazy_static v1.4.0
[INFO] [stderr]    Compiling textwrap v0.11.0
[INFO] [stderr]    Compiling aho-corasick v1.1.2
[INFO] [stderr]    Compiling atty v0.2.14
[INFO] [stderr]    Compiling clap v2.34.0
[INFO] [stderr]    Compiling regex-automata v0.4.3
[INFO] [stderr]    Compiling regex v1.10.2
[INFO] [stderr]    Compiling data-utility-belt v0.1.5 (/opt/rustwide/workdir)
[INFO] [stdout] warning: unused import: `Map`
[INFO] [stdout]  --> src/is_different.rs:1:24
[INFO] [stdout]   |
[INFO] [stdout] 1 | use serde_json::{json, Map, Value};
[INFO] [stdout]   |                        ^^^
[INFO] [stdout]   |
[INFO] [stdout]   = note: `#[warn(unused_imports)]` on by default
[INFO] [stdout] 
[INFO] [stdout] 
[INFO] [stdout] warning: unused import: `std::convert::TryFrom`
[INFO] [stdout]  --> src/is_different.rs:2:5
[INFO] [stdout]   |
[INFO] [stdout] 2 | use std::convert::TryFrom;
[INFO] [stdout]   |     ^^^^^^^^^^^^^^^^^^^^^
[INFO] [stdout] 
[INFO] [stdout] 
[INFO] [stdout] warning: unused imports: `Write`, `self`
[INFO] [stdout]  --> src/is_different.rs:3:15
[INFO] [stdout]   |
[INFO] [stdout] 3 | use std::io::{self, Write};
[INFO] [stdout]   |               ^^^^  ^^^^^
[INFO] [stdout] 
[INFO] [stdout] 
[INFO] [stdout] warning: unused variable: `tmp_object_differences_pointer`
[INFO] [stdout]    --> src/is_different.rs:109:17
[INFO] [stdout]     |
[INFO] [stdout] 109 |         let mut tmp_object_differences_pointer = &object_differences;
[INFO] [stdout]     |                 ^^^^^^^^^^^^^^^^^^^^^^^^^^^^^^ help: if this is intentional, prefix it with an underscore: `_tmp_object_differences_pointer`
[INFO] [stdout]     |
[INFO] [stdout]     = note: `#[warn(unused_variables)]` on by default
[INFO] [stdout] 
[INFO] [stdout] 
[INFO] [stdout] warning: variable does not need to be mutable
[INFO] [stdout]   --> src/is_different.rs:14:9
[INFO] [stdout]    |
[INFO] [stdout] 14 |     let mut pointer = &parent_pointer.to_owned();
[INFO] [stdout]    |         ----^^^^^^^
[INFO] [stdout]    |         |
[INFO] [stdout]    |         help: remove this `mut`
[INFO] [stdout]    |
[INFO] [stdout]    = note: `#[warn(unused_mut)]` on by default
[INFO] [stdout] 
[INFO] [stdout] 
[INFO] [stdout] warning: variable does not need to be mutable
[INFO] [stdout]    --> src/is_different.rs:109:13
[INFO] [stdout]     |
[INFO] [stdout] 109 |         let mut tmp_object_differences_pointer = &object_differences;
[INFO] [stdout]     |             ----^^^^^^^^^^^^^^^^^^^^^^^^^^^^^^
[INFO] [stdout]     |             |
[INFO] [stdout]     |             help: remove this `mut`
[INFO] [stdout] 
[INFO] [stdout] 
[INFO] [stdout] warning: unused variable: `o_c`
[INFO] [stdout]    --> src/main.rs:232:13
[INFO] [stdout]     |
[INFO] [stdout] 232 |         let o_c: Map<String, Value> = parsed_object_compare.as_object().unwrap().clone();
[INFO] [stdout]     |             ^^^ help: if this is intentional, prefix it with an underscore: `_o_c`
[INFO] [stdout] 
[INFO] [stdout] 
[INFO] [stdout] warning: variable does not need to be mutable
[INFO] [stdout]    --> src/main.rs:239:17
[INFO] [stdout]     |
[INFO] [stdout] 239 |             let mut parent_key: Vec<String> = Vec::new();
[INFO] [stdout]     |                 ----^^^^^^^^^^
[INFO] [stdout]     |                 |
[INFO] [stdout]     |                 help: remove this `mut`
[INFO] [stdout] 
[INFO] [stdout] 
[INFO] [stdout] warning: 8 warnings emitted
[INFO] [stdout] 
[INFO] [stdout] 
[INFO] [stderr]     Finished dev [unoptimized + debuginfo] target(s) in 5.34s
[INFO] running `Command { std: "docker" "inspect" "36f2f65597a4dca29aa0fdfd14146c10b94b489a2cd52085d00c0d0c534f5fc7", kill_on_drop: false }`
[INFO] running `Command { std: "docker" "rm" "-f" "36f2f65597a4dca29aa0fdfd14146c10b94b489a2cd52085d00c0d0c534f5fc7", kill_on_drop: false }`
[INFO] [stdout] 36f2f65597a4dca29aa0fdfd14146c10b94b489a2cd52085d00c0d0c534f5fc7
[INFO] running `Command { std: "docker" "create" "-v" "/var/lib/crater-agent-workspace/builds/worker-1-tc1/target:/opt/rustwide/target:rw,Z" "-v" "/var/lib/crater-agent-workspace/builds/worker-1-tc1/source:/opt/rustwide/workdir:ro,Z" "-v" "/var/lib/crater-agent-workspace/cargo-home:/opt/rustwide/cargo-home:ro,Z" "-v" "/var/lib/crater-agent-workspace/rustup-home:/opt/rustwide/rustup-home:ro,Z" "-e" "SOURCE_DIR=/opt/rustwide/workdir" "-e" "CARGO_TARGET_DIR=/opt/rustwide/target" "-e" "CARGO_INCREMENTAL=0" "-e" "RUST_BACKTRACE=full" "-e" "RUSTFLAGS=--cap-lints=warn" "-e" "RUSTDOCFLAGS=--cap-lints=warn" "-e" "CARGO_HOME=/opt/rustwide/cargo-home" "-e" "RUSTUP_HOME=/opt/rustwide/rustup-home" "-w" "/opt/rustwide/workdir" "-m" "1610612736" "--user" "0:0" "--network" "none" "ghcr.io/rust-lang/crates-build-env/linux@sha256:2788e3201cd34a07e3172128adcd8b3090168a8e3bcc40d7c032b9dda1df7d1c" "/opt/rustwide/cargo-home/bin/cargo" "+1.75.0" "test" "--frozen" "--no-run" "--message-format=json", kill_on_drop: false }`
[INFO] [stdout] 8820f4823b5ca9fad8a1848ce3c099aeb9b174fda693076fbcf7a9138dddcd2c
[INFO] running `Command { std: "docker" "start" "-a" "8820f4823b5ca9fad8a1848ce3c099aeb9b174fda693076fbcf7a9138dddcd2c", kill_on_drop: false }`
[INFO] [stderr]    Compiling data-utility-belt v0.1.5 (/opt/rustwide/workdir)
[INFO] [stdout] warning: unused import: `Map`
[INFO] [stdout]  --> src/is_different.rs:1:24
[INFO] [stdout]   |
[INFO] [stdout] 1 | use serde_json::{json, Map, Value};
[INFO] [stdout]   |                        ^^^
[INFO] [stdout]   |
[INFO] [stdout]   = note: `#[warn(unused_imports)]` on by default
[INFO] [stdout] 
[INFO] [stdout] 
[INFO] [stdout] warning: unused import: `std::convert::TryFrom`
[INFO] [stdout]  --> src/is_different.rs:2:5
[INFO] [stdout]   |
[INFO] [stdout] 2 | use std::convert::TryFrom;
[INFO] [stdout]   |     ^^^^^^^^^^^^^^^^^^^^^
[INFO] [stdout] 
[INFO] [stdout] 
[INFO] [stdout] warning: unused imports: `Write`, `self`
[INFO] [stdout]  --> src/is_different.rs:3:15
[INFO] [stdout]   |
[INFO] [stdout] 3 | use std::io::{self, Write};
[INFO] [stdout]   |               ^^^^  ^^^^^
[INFO] [stdout] 
[INFO] [stdout] 
[INFO] [stdout] warning: unused variable: `tmp_object_differences_pointer`
[INFO] [stdout]    --> src/is_different.rs:109:17
[INFO] [stdout]     |
[INFO] [stdout] 109 |         let mut tmp_object_differences_pointer = &object_differences;
[INFO] [stdout]     |                 ^^^^^^^^^^^^^^^^^^^^^^^^^^^^^^ help: if this is intentional, prefix it with an underscore: `_tmp_object_differences_pointer`
[INFO] [stdout]     |
[INFO] [stdout]     = note: `#[warn(unused_variables)]` on by default
[INFO] [stdout] 
[INFO] [stdout] 
[INFO] [stdout] warning: variable does not need to be mutable
[INFO] [stdout]   --> src/is_different.rs:14:9
[INFO] [stdout]    |
[INFO] [stdout] 14 |     let mut pointer = &parent_pointer.to_owned();
[INFO] [stdout]    |         ----^^^^^^^
[INFO] [stdout]    |         |
[INFO] [stdout]    |         help: remove this `mut`
[INFO] [stdout]    |
[INFO] [stdout]    = note: `#[warn(unused_mut)]` on by default
[INFO] [stdout] 
[INFO] [stdout] 
[INFO] [stdout] warning: variable does not need to be mutable
[INFO] [stdout]    --> src/is_different.rs:109:13
[INFO] [stdout]     |
[INFO] [stdout] 109 |         let mut tmp_object_differences_pointer = &object_differences;
[INFO] [stdout]     |             ----^^^^^^^^^^^^^^^^^^^^^^^^^^^^^^
[INFO] [stdout]     |             |
[INFO] [stdout]     |             help: remove this `mut`
[INFO] [stdout] 
[INFO] [stdout] 
[INFO] [stdout] warning: variable does not need to be mutable
[INFO] [stdout]    --> src/is_different.rs:279:9
[INFO] [stdout]     |
[INFO] [stdout] 279 |     let mut o = json!({ "array":[4] });
[INFO] [stdout]     |         ----^
[INFO] [stdout]     |         |
[INFO] [stdout]     |         help: remove this `mut`
[INFO] [stdout] 
[INFO] [stdout] 
[INFO] [stdout] warning: variable does not need to be mutable
[INFO] [stdout]    --> src/is_different.rs:280:9
[INFO] [stdout]     |
[INFO] [stdout] 280 |     let mut o_c = json!({"array": [1] });
[INFO] [stdout]     |         ----^^^
[INFO] [stdout]     |         |
[INFO] [stdout]     |         help: remove this `mut`
[INFO] [stdout] 
[INFO] [stdout] 
[INFO] [stdout] warning: variable does not need to be mutable
[INFO] [stdout]    --> src/is_different.rs:296:9
[INFO] [stdout]     |
[INFO] [stdout] 296 |     let mut result = json!({
[INFO] [stdout]     |         ----^^^^^^
[INFO] [stdout]     |         |
[INFO] [stdout]     |         help: remove this `mut`
[INFO] [stdout] 
[INFO] [stdout] 
[INFO] [stdout] warning: unused variable: `o_c`
[INFO] [stdout]    --> src/main.rs:232:13
[INFO] [stdout]     |
[INFO] [stdout] 232 |         let o_c: Map<String, Value> = parsed_object_compare.as_object().unwrap().clone();
[INFO] [stdout]     |             ^^^ help: if this is intentional, prefix it with an underscore: `_o_c`
[INFO] [stdout] 
[INFO] [stdout] 
[INFO] [stdout] warning: variable does not need to be mutable
[INFO] [stdout]    --> src/main.rs:239:17
[INFO] [stdout]     |
[INFO] [stdout] 239 |             let mut parent_key: Vec<String> = Vec::new();
[INFO] [stdout]     |                 ----^^^^^^^^^^
[INFO] [stdout]     |                 |
[INFO] [stdout]     |                 help: remove this `mut`
[INFO] [stdout] 
[INFO] [stdout] 
[INFO] [stdout] warning: 11 warnings emitted
[INFO] [stdout] 
[INFO] [stdout] 
[INFO] [stderr]     Finished test [unoptimized + debuginfo] target(s) in 1.20s
[INFO] running `Command { std: "docker" "inspect" "8820f4823b5ca9fad8a1848ce3c099aeb9b174fda693076fbcf7a9138dddcd2c", kill_on_drop: false }`
[INFO] running `Command { std: "docker" "rm" "-f" "8820f4823b5ca9fad8a1848ce3c099aeb9b174fda693076fbcf7a9138dddcd2c", kill_on_drop: false }`
[INFO] [stdout] 8820f4823b5ca9fad8a1848ce3c099aeb9b174fda693076fbcf7a9138dddcd2c
[INFO] running `Command { std: "docker" "create" "-v" "/var/lib/crater-agent-workspace/builds/worker-1-tc1/target:/opt/rustwide/target:rw,Z" "-v" "/var/lib/crater-agent-workspace/builds/worker-1-tc1/source:/opt/rustwide/workdir:ro,Z" "-v" "/var/lib/crater-agent-workspace/cargo-home:/opt/rustwide/cargo-home:ro,Z" "-v" "/var/lib/crater-agent-workspace/rustup-home:/opt/rustwide/rustup-home:ro,Z" "-e" "SOURCE_DIR=/opt/rustwide/workdir" "-e" "CARGO_TARGET_DIR=/opt/rustwide/target" "-e" "CARGO_INCREMENTAL=0" "-e" "RUST_BACKTRACE=full" "-e" "RUSTFLAGS=--cap-lints=warn" "-e" "RUSTDOCFLAGS=--cap-lints=warn" "-e" "CARGO_HOME=/opt/rustwide/cargo-home" "-e" "RUSTUP_HOME=/opt/rustwide/rustup-home" "-w" "/opt/rustwide/workdir" "-m" "1610612736" "--user" "0:0" "--network" "none" "ghcr.io/rust-lang/crates-build-env/linux@sha256:2788e3201cd34a07e3172128adcd8b3090168a8e3bcc40d7c032b9dda1df7d1c" "/opt/rustwide/cargo-home/bin/cargo" "+1.75.0" "test" "--frozen", kill_on_drop: false }`
[INFO] [stdout] 4e679ea5f89f639308eae819bf3835c076faeb637d2917e66d851cfec6a1663e
[INFO] running `Command { std: "docker" "start" "-a" "4e679ea5f89f639308eae819bf3835c076faeb637d2917e66d851cfec6a1663e", kill_on_drop: false }`
[INFO] [stderr] warning: unused import: `Map`
[INFO] [stderr]  --> src/is_different.rs:1:24
[INFO] [stderr]   |
[INFO] [stderr] 1 | use serde_json::{json, Map, Value};
[INFO] [stderr]   |                        ^^^
[INFO] [stderr]   |
[INFO] [stderr]   = note: `#[warn(unused_imports)]` on by default
[INFO] [stderr] 
[INFO] [stderr] warning: unused import: `std::convert::TryFrom`
[INFO] [stderr]  --> src/is_different.rs:2:5
[INFO] [stderr]   |
[INFO] [stderr] 2 | use std::convert::TryFrom;
[INFO] [stderr]   |     ^^^^^^^^^^^^^^^^^^^^^
[INFO] [stderr] 
[INFO] [stderr] warning: unused imports: `Write`, `self`
[INFO] [stderr]  --> src/is_different.rs:3:15
[INFO] [stderr]   |
[INFO] [stderr] 3 | use std::io::{self, Write};
[INFO] [stderr]   |               ^^^^  ^^^^^
[INFO] [stderr] 
[INFO] [stderr] warning: unused variable: `tmp_object_differences_pointer`
[INFO] [stderr]    --> src/is_different.rs:109:17
[INFO] [stderr]     |
[INFO] [stderr] 109 |         let mut tmp_object_differences_pointer = &object_differences;
[INFO] [stderr]     |                 ^^^^^^^^^^^^^^^^^^^^^^^^^^^^^^ help: if this is intentional, prefix it with an underscore: `_tmp_object_differences_pointer`
[INFO] [stderr]     |
[INFO] [stderr]     = note: `#[warn(unused_variables)]` on by default
[INFO] [stderr] 
[INFO] [stderr] warning: variable does not need to be mutable
[INFO] [stderr]   --> src/is_different.rs:14:9
[INFO] [stderr]    |
[INFO] [stderr] 14 |     let mut pointer = &parent_pointer.to_owned();
[INFO] [stderr]    |         ----^^^^^^^
[INFO] [stderr]    |         |
[INFO] [stderr]    |         help: remove this `mut`
[INFO] [stderr]    |
[INFO] [stderr]    = note: `#[warn(unused_mut)]` on by default
[INFO] [stderr] 
[INFO] [stderr] warning: variable does not need to be mutable
[INFO] [stderr]    --> src/is_different.rs:109:13
[INFO] [stderr]     |
[INFO] [stderr] 109 |         let mut tmp_object_differences_pointer = &object_differences;
[INFO] [stderr]     |             ----^^^^^^^^^^^^^^^^^^^^^^^^^^^^^^
[INFO] [stderr]     |             |
[INFO] [stderr]     |             help: remove this `mut`
[INFO] [stderr] 
[INFO] [stderr] warning: variable does not need to be mutable
[INFO] [stderr]    --> src/is_different.rs:279:9
[INFO] [stderr]     |
[INFO] [stderr] 279 |     let mut o = json!({ "array":[4] });
[INFO] [stderr]     |         ----^
[INFO] [stderr]     |         |
[INFO] [stderr]     |         help: remove this `mut`
[INFO] [stderr] 
[INFO] [stderr] warning: variable does not need to be mutable
[INFO] [stderr]    --> src/is_different.rs:280:9
[INFO] [stderr]     |
[INFO] [stderr] 280 |     let mut o_c = json!({"array": [1] });
[INFO] [stderr]     |         ----^^^
[INFO] [stderr]     |         |
[INFO] [stderr]     |         help: remove this `mut`
[INFO] [stderr] 
[INFO] [stderr] warning: variable does not need to be mutable
[INFO] [stderr]    --> src/is_different.rs:296:9
[INFO] [stderr]     |
[INFO] [stderr] 296 |     let mut result = json!({
[INFO] [stderr]     |         ----^^^^^^
[INFO] [stderr]     |         |
[INFO] [stderr]     |         help: remove this `mut`
[INFO] [stderr] 
[INFO] [stderr] warning: unused variable: `o_c`
[INFO] [stderr]    --> src/main.rs:232:13
[INFO] [stderr]     |
[INFO] [stderr] 232 |         let o_c: Map<String, Value> = parsed_object_compare.as_object().unwrap().clone();
[INFO] [stderr]     |             ^^^ help: if this is intentional, prefix it with an underscore: `_o_c`
[INFO] [stderr] 
[INFO] [stderr] warning: variable does not need to be mutable
[INFO] [stderr]    --> src/main.rs:239:17
[INFO] [stderr]     |
[INFO] [stderr] 239 |             let mut parent_key: Vec<String> = Vec::new();
[INFO] [stderr]     |                 ----^^^^^^^^^^
[INFO] [stderr]     |                 |
[INFO] [stderr]     |                 help: remove this `mut`
[INFO] [stderr] 
[INFO] [stderr] warning: `data-utility-belt` (bin "data-utility-belt" test) generated 11 warnings (run `cargo fix --bin "data-utility-belt" --tests` to apply 11 suggestions)
[INFO] [stderr]     Finished test [unoptimized + debuginfo] target(s) in 0.04s
[INFO] [stderr]      Running unittests src/main.rs (/opt/rustwide/target/debug/deps/data_utility_belt-f15dc256540829a2)
[INFO] [stdout] 
[INFO] [stdout] running 1 test
[INFO] [stdout] test is_different::should_error_array_with_different_values_of_same_type ... FAILED
[INFO] [stdout] 
[INFO] [stdout] failures:
[INFO] [stdout] 
[INFO] [stdout] ---- is_different::should_error_array_with_different_values_of_same_type stdout ----
[INFO] [stdout] Object {}
[INFO] [stdout] IS DIFFERENT INITIAL: 
[INFO] [stdout] 	POINTER: "/array"
[INFO] [stdout] 	OBJECT: Object {"array": Array [Number(4)]}
[INFO] [stdout] 
[INFO] [stdout] 	OBJECTS: 
[INFO] [stdout] 		original:Some(Array [Number(4)])
[INFO] [stdout]  		to compare:Some(Array [Number(1)])
[INFO] [stdout] 
[INFO] [stdout] 			IS ARRAY!
[INFO] [stdout] 			ARRAY IS DIFFERENT
[INFO] [stdout] 			Array iteration:
[INFO] [stdout] 				i: 0
[INFO] [stdout] 				Number(4)
[INFO] [stdout] IS DIFFERENT INITIAL: 
[INFO] [stdout] 	POINTER: "/array/0"
[INFO] [stdout] 	OBJECT: Object {"array": Array [Number(4)]}
[INFO] [stdout] 
[INFO] [stdout] 	OBJECTS: 
[INFO] [stdout] 		original:Some(Number(4))
[INFO] [stdout]  		to compare:Some(Number(1))
[INFO] [stdout] 
[INFO] [stdout] 	Comparing value		
[INFO] [stdout]                 Key(s): [], "array"		
[INFO] [stdout]                 Pointer: "/array/0"		
[INFO] [stdout]                 Object: Object {"array": Array [Number(4)]},		
[INFO] [stdout]                 Object to compare: Object {"array": Array [Number(1)]}		
[INFO] [stdout]                 Value(s)Array [Number(4)], Array [Number(1)]
[INFO] [stdout]                 object_differences: Object {}
[INFO] [stdout]                 
[INFO] [stdout] 
[INFO] [stdout] 	Pointer collect: ["", "array", "0"]
[INFO] [stdout]                 from value: Object {"V": Object {}}
[INFO] [stdout] 	Current pointer before iteration: "/"
[INFO] [stdout] 	Pointer collect iterate:
[INFO] [stdout]                     iter_pointer: ""
[INFO] [stdout]                     index: 0 
[INFO] [stdout] 	Current pointer inside loop: "/"
[INFO] [stdout] 	Iterator length is 0: ""
[INFO] [stdout] 	Current object_differences Object {}
[INFO] [stdout] 	Current pointer inside loop: "/"
[INFO] [stdout] 	Iterator length is greater than 0: ""
[INFO] [stdout] 	Current object_differences Object {}
[INFO] [stdout] 		Current pointer inside loop after pushing i: "/" 
[INFO] [stdout] 
[INFO] [stdout] 
[INFO] [stdout] 		current_value_in_tmp_differences_pointer: None
[INFO] [stdout] 
[INFO] [stdout] 
[INFO] [stdout] 		previous_pointer: "/"
[INFO] [stdout] 
[INFO] [stdout] 
[INFO] [stdout] 		current_value_in_tmp_differences_pointer is NONE: None
[INFO] [stdout] 	Object_differences after inserting i Object {}
[INFO] [stdout] 	Pointer collect iterate:
[INFO] [stdout]                     iter_pointer: "array"
[INFO] [stdout]                     index: 5 
[INFO] [stdout] 	Current pointer inside loop: "/"
[INFO] [stdout] 	Iterator length is greater than 0: "array"
[INFO] [stdout] 	Current object_differences Object {}
[INFO] [stdout] 		Current pointer inside loop after pushing i: "/array" 
[INFO] [stdout] 
[INFO] [stdout] 
[INFO] [stdout] 		current_value_in_tmp_differences_pointer: None
[INFO] [stdout] 
[INFO] [stdout] 
[INFO] [stdout] 		previous_pointer: "/"
[INFO] [stdout] 
[INFO] [stdout] 
[INFO] [stdout] 		current_value_in_tmp_differences_pointer is NONE: None
[INFO] [stdout] 	Object_differences after inserting i Object {"array": Object {}}
[INFO] [stdout] 	Pointer collect iterate:
[INFO] [stdout]                     iter_pointer: "0"
[INFO] [stdout]                     index: 1 
[INFO] [stdout] 	Current pointer inside loop: "/array"
[INFO] [stdout] 	Iterator length is greater than 0: "0"
[INFO] [stdout] 	Current object_differences Object {"array": Object {}}
[INFO] [stdout] 		Current pointer inside loop after pushing i: "/array/0" 
[INFO] [stdout] 
[INFO] [stdout] 
[INFO] [stdout] 		current_value_in_tmp_differences_pointer: None
[INFO] [stdout] 
[INFO] [stdout] 
[INFO] [stdout] 		previous_pointer: "/array"
[INFO] [stdout] 
[INFO] [stdout] 
[INFO] [stdout] 		current_value_in_tmp_differences_pointer is NONE: None
[INFO] [stdout] Object_differences after inserting i with index 2 :Object {"array": Null}
[INFO] [stdout] 	Object_differences after inserting i Object {"array": Null}
[INFO] [stdout] 	Comparing value		
[INFO] [stdout]                 Key(s): [], "array"		
[INFO] [stdout]                 Pointer: "/array"		
[INFO] [stdout]                 Object: Object {"array": Array [Number(4)]},		
[INFO] [stdout]                 Object to compare: Object {"array": Array [Number(1)]}		
[INFO] [stdout]                 Value(s)Array [Number(4)], Array [Number(1)]
[INFO] [stdout]                 object_differences: Object {"array": Null}
[INFO] [stdout]                 
[INFO] [stdout] 	Object differences value: Null
[INFO] [stdout] 
[INFO] [stdout] 
[INFO] [stdout] 	Pointer collect: ["", "array"]
[INFO] [stdout]                 from value: Object {"V": Object {}, "array": Null}
[INFO] [stdout] 	Current pointer before iteration: "/"
[INFO] [stdout] 	Pointer collect iterate:
[INFO] [stdout]                     iter_pointer: ""
[INFO] [stdout]                     index: 0 
[INFO] [stdout] 	Current pointer inside loop: "/"
[INFO] [stdout] 	Iterator length is 0: ""
[INFO] [stdout] 	Current object_differences Object {"array": Null}
[INFO] [stdout] 	Current pointer inside loop: "/"
[INFO] [stdout] 	Iterator length is greater than 0: ""
[INFO] [stdout] 	Current object_differences Object {"array": Null}
[INFO] [stdout] 		Current pointer inside loop after pushing i: "/" 
[INFO] [stdout] 
[INFO] [stdout] 
[INFO] [stdout] 		current_value_in_tmp_differences_pointer: None
[INFO] [stdout] 
[INFO] [stdout] 
[INFO] [stdout] 		previous_pointer: "/"
[INFO] [stdout] 
[INFO] [stdout] 
[INFO] [stdout] 		current_value_in_tmp_differences_pointer is NONE: None
[INFO] [stdout] 	Object_differences after inserting i Object {"array": Null}
[INFO] [stdout] 	Pointer collect iterate:
[INFO] [stdout]                     iter_pointer: "array"
[INFO] [stdout]                     index: 5 
[INFO] [stdout] 	Current pointer inside loop: "/"
[INFO] [stdout] 	Iterator length is greater than 0: "array"
[INFO] [stdout] 	Current object_differences Object {"array": Null}
[INFO] [stdout] 		Current pointer inside loop after pushing i: "/array" 
[INFO] [stdout] 
[INFO] [stdout] 
[INFO] [stdout] 		current_value_in_tmp_differences_pointer: None
[INFO] [stdout] 
[INFO] [stdout] 
[INFO] [stdout] 		previous_pointer: "/"
[INFO] [stdout] 
[INFO] [stdout] 
[INFO] [stdout] 		current_value_in_tmp_differences_pointer is NONE: None
[INFO] [stdout] 	Object_differences after inserting i Object {"array": Object {}}
[INFO] [stdout] Object {"array": Object {}}, Object {"array": Array [Number(4), Number(1)]}
[INFO] [stdout] thread 'is_different::should_error_array_with_different_values_of_same_type' panicked at src/is_different.rs:301:5:
[INFO] [stdout] assertion `left == right` failed
[INFO] [stdout]   left: Object {"array": Object {}}
[INFO] [stdout]  right: Object {"array": Array [Number(4), Number(1)]}
[INFO] [stdout] stack backtrace:
[INFO] [stdout]    0:     0x55e39416066c - std::backtrace_rs::backtrace::libunwind::trace::ha637c64ce894333a
[INFO] [stdout]                                at /rustc/82e1608dfa6e0b5569232559e3d385fea5a93112/library/std/src/../../backtrace/src/backtrace/libunwind.rs:104:5
[INFO] [stdout]    1:     0x55e39416066c - std::backtrace_rs::backtrace::trace_unsynchronized::h47f62dea28e0c88d
[INFO] [stdout]                                at /rustc/82e1608dfa6e0b5569232559e3d385fea5a93112/library/std/src/../../backtrace/src/backtrace/mod.rs:66:5
[INFO] [stdout]    2:     0x55e39416066c - std::sys_common::backtrace::_print_fmt::h9eef0abe20ede486
[INFO] [stdout]                                at /rustc/82e1608dfa6e0b5569232559e3d385fea5a93112/library/std/src/sys_common/backtrace.rs:67:5
[INFO] [stdout]    3:     0x55e39416066c - <std::sys_common::backtrace::_print::DisplayBacktrace as core::fmt::Display>::fmt::hed7f999df88cc644
[INFO] [stdout]                                at /rustc/82e1608dfa6e0b5569232559e3d385fea5a93112/library/std/src/sys_common/backtrace.rs:44:22
[INFO] [stdout]    4:     0x55e39418a4f0 - core::fmt::rt::Argument::fmt::h1539a9308b8d058d
[INFO] [stdout]                                at /rustc/82e1608dfa6e0b5569232559e3d385fea5a93112/library/core/src/fmt/rt.rs:142:9
[INFO] [stdout]    5:     0x55e39418a4f0 - core::fmt::write::h3a39390d8560d9c9
[INFO] [stdout]                                at /rustc/82e1608dfa6e0b5569232559e3d385fea5a93112/library/core/src/fmt/mod.rs:1120:17
[INFO] [stdout]    6:     0x55e39415e01f - std::io::Write::write_fmt::h040b369f3a0f9cbc
[INFO] [stdout]                                at /rustc/82e1608dfa6e0b5569232559e3d385fea5a93112/library/std/src/io/mod.rs:1762:15
[INFO] [stdout]    7:     0x55e394160454 - std::sys_common::backtrace::_print::h894006fb5c6f3d45
[INFO] [stdout]                                at /rustc/82e1608dfa6e0b5569232559e3d385fea5a93112/library/std/src/sys_common/backtrace.rs:47:5
[INFO] [stdout]    8:     0x55e394160454 - std::sys_common::backtrace::print::h23a2d212c6fff936
[INFO] [stdout]                                at /rustc/82e1608dfa6e0b5569232559e3d385fea5a93112/library/std/src/sys_common/backtrace.rs:34:9
[INFO] [stdout]    9:     0x55e394162117 - std::panicking::default_hook::{{closure}}::h8a1d2ee00185001a
[INFO] [stdout]   10:     0x55e394161e03 - std::panicking::default_hook::h6038f2eba384e475
[INFO] [stdout]                                at /rustc/82e1608dfa6e0b5569232559e3d385fea5a93112/library/std/src/panicking.rs:289:9
[INFO] [stdout]   11:     0x55e39410b2b7 - <alloc::boxed::Box<F,A> as core::ops::function::Fn<Args>>::call::h0ad024c9bdc6d768
[INFO] [stdout]                                at /rustc/82e1608dfa6e0b5569232559e3d385fea5a93112/library/alloc/src/boxed.rs:2021:9
[INFO] [stdout]   12:     0x55e39410b2b7 - test::test_main::{{closure}}::h7500b54257359db6
[INFO] [stdout]                                at /rustc/82e1608dfa6e0b5569232559e3d385fea5a93112/library/test/src/lib.rs:138:21
[INFO] [stdout]   13:     0x55e394162728 - <alloc::boxed::Box<F,A> as core::ops::function::Fn<Args>>::call::h1f8f335eaa9cfaee
[INFO] [stdout]                                at /rustc/82e1608dfa6e0b5569232559e3d385fea5a93112/library/alloc/src/boxed.rs:2021:9
[INFO] [stdout]   14:     0x55e394162728 - std::panicking::rust_panic_with_hook::h2b5517d590cab22e
[INFO] [stdout]                                at /rustc/82e1608dfa6e0b5569232559e3d385fea5a93112/library/std/src/panicking.rs:783:13
[INFO] [stdout]   15:     0x55e39416247e - std::panicking::begin_panic_handler::{{closure}}::h233112c06e0ef43e
[INFO] [stdout]                                at /rustc/82e1608dfa6e0b5569232559e3d385fea5a93112/library/std/src/panicking.rs:657:13
[INFO] [stdout]   16:     0x55e394160b36 - std::sys_common::backtrace::__rust_end_short_backtrace::h6e893f24d7ebbff8
[INFO] [stdout]                                at /rustc/82e1608dfa6e0b5569232559e3d385fea5a93112/library/std/src/sys_common/backtrace.rs:170:18
[INFO] [stdout]   17:     0x55e3941621e2 - rust_begin_unwind
[INFO] [stdout]                                at /rustc/82e1608dfa6e0b5569232559e3d385fea5a93112/library/std/src/panicking.rs:645:5
[INFO] [stdout]   18:     0x55e3940cacf5 - core::panicking::panic_fmt::hbf0e066aabfa482c
[INFO] [stdout]                                at /rustc/82e1608dfa6e0b5569232559e3d385fea5a93112/library/core/src/panicking.rs:72:14
[INFO] [stdout]   19:     0x55e3940cb10b - core::panicking::assert_failed_inner::h0bba8b7c26ee4492
[INFO] [stdout]   20:     0x55e3940cc95e - core::panicking::assert_failed::h31504961e0e03c9f
[INFO] [stdout]                                at /rustc/82e1608dfa6e0b5569232559e3d385fea5a93112/library/core/src/panicking.rs:279:5
[INFO] [stdout]   21:     0x55e3940d2c2b - data_utility_belt::is_different::should_error_array_with_different_values_of_same_type::hcf63eae4b185fd47
[INFO] [stdout]                                at /opt/rustwide/workdir/src/is_different.rs:301:5
[INFO] [stdout]   22:     0x55e3940d2057 - data_utility_belt::is_different::should_error_array_with_different_values_of_same_type::{{closure}}::h26e43f1e7a6d6a36
[INFO] [stdout]                                at /opt/rustwide/workdir/src/is_different.rs:277:63
[INFO] [stdout]   23:     0x55e3940cbd56 - core::ops::function::FnOnce::call_once::h120fcea60b822b4e
[INFO] [stdout]                                at /rustc/82e1608dfa6e0b5569232559e3d385fea5a93112/library/core/src/ops/function.rs:250:5
[INFO] [stdout]   24:     0x55e39411090f - core::ops::function::FnOnce::call_once::h2b5d431d5046312d
[INFO] [stdout]                                at /rustc/82e1608dfa6e0b5569232559e3d385fea5a93112/library/core/src/ops/function.rs:250:5
[INFO] [stdout]   25:     0x55e39411090f - test::__rust_begin_short_backtrace::h7714669af176e207
[INFO] [stdout]                                at /rustc/82e1608dfa6e0b5569232559e3d385fea5a93112/library/test/src/lib.rs:628:18
[INFO] [stdout]   26:     0x55e39410f925 - test::run_test_in_process::{{closure}}::h85218797dcbcec12
[INFO] [stdout]                                at /rustc/82e1608dfa6e0b5569232559e3d385fea5a93112/library/test/src/lib.rs:651:60
[INFO] [stdout]   27:     0x55e39410f925 - <core::panic::unwind_safe::AssertUnwindSafe<F> as core::ops::function::FnOnce<()>>::call_once::h76c106ea31c14d7b
[INFO] [stdout]                                at /rustc/82e1608dfa6e0b5569232559e3d385fea5a93112/library/core/src/panic/unwind_safe.rs:272:9
[INFO] [stdout]   28:     0x55e39410f925 - std::panicking::try::do_call::h3bd5d0f6620ee946
[INFO] [stdout]                                at /rustc/82e1608dfa6e0b5569232559e3d385fea5a93112/library/std/src/panicking.rs:552:40
[INFO] [stdout]   29:     0x55e39410f925 - std::panicking::try::h232e535e4744fe31
[INFO] [stdout]                                at /rustc/82e1608dfa6e0b5569232559e3d385fea5a93112/library/std/src/panicking.rs:516:19
[INFO] [stdout]   30:     0x55e39410f925 - std::panic::catch_unwind::h3ce3bd6ca8dbac68
[INFO] [stdout]                                at /rustc/82e1608dfa6e0b5569232559e3d385fea5a93112/library/std/src/panic.rs:142:14
[INFO] [stdout]   31:     0x55e39410f925 - test::run_test_in_process::hc97b257c9621286a
[INFO] [stdout]                                at /rustc/82e1608dfa6e0b5569232559e3d385fea5a93112/library/test/src/lib.rs:651:27
[INFO] [stdout]   32:     0x55e39410f925 - test::run_test::{{closure}}::h2aa798823a438d38
[INFO] [stdout]                                at /rustc/82e1608dfa6e0b5569232559e3d385fea5a93112/library/test/src/lib.rs:574:43
[INFO] [stdout]   33:     0x55e3940d7be6 - test::run_test::{{closure}}::h87d231c78fb59832
[INFO] [stdout]                                at /rustc/82e1608dfa6e0b5569232559e3d385fea5a93112/library/test/src/lib.rs:602:41
[INFO] [stdout]   34:     0x55e3940d7be6 - std::sys_common::backtrace::__rust_begin_short_backtrace::he6df152596625789
[INFO] [stdout]                                at /rustc/82e1608dfa6e0b5569232559e3d385fea5a93112/library/std/src/sys_common/backtrace.rs:154:18
[INFO] [stdout]   35:     0x55e3940dcc97 - std::thread::Builder::spawn_unchecked_::{{closure}}::{{closure}}::ha94be15d1e0acf36
[INFO] [stdout]                                at /rustc/82e1608dfa6e0b5569232559e3d385fea5a93112/library/std/src/thread/mod.rs:529:17
[INFO] [stdout]   36:     0x55e3940dcc97 - <core::panic::unwind_safe::AssertUnwindSafe<F> as core::ops::function::FnOnce<()>>::call_once::h9dc6bd6372f16606
[INFO] [stdout]                                at /rustc/82e1608dfa6e0b5569232559e3d385fea5a93112/library/core/src/panic/unwind_safe.rs:272:9
[INFO] [stdout]   37:     0x55e3940dcc97 - std::panicking::try::do_call::h9057517f80303cd4
[INFO] [stdout]                                at /rustc/82e1608dfa6e0b5569232559e3d385fea5a93112/library/std/src/panicking.rs:552:40
[INFO] [stdout]   38:     0x55e3940dcc97 - std::panicking::try::he3a30b11ee45340c
[INFO] [stdout]                                at /rustc/82e1608dfa6e0b5569232559e3d385fea5a93112/library/std/src/panicking.rs:516:19
[INFO] [stdout]   39:     0x55e3940dcc97 - std::panic::catch_unwind::h410458cfd3528b8b
[INFO] [stdout]                                at /rustc/82e1608dfa6e0b5569232559e3d385fea5a93112/library/std/src/panic.rs:142:14
[INFO] [stdout]   40:     0x55e3940dcc97 - std::thread::Builder::spawn_unchecked_::{{closure}}::h72ac3bdb567b737b
[INFO] [stdout]                                at /rustc/82e1608dfa6e0b5569232559e3d385fea5a93112/library/std/src/thread/mod.rs:528:30
[INFO] [stdout]   41:     0x55e3940dcc97 - core::ops::function::FnOnce::call_once{{vtable.shim}}::h38f34da3654a8344
[INFO] [stdout]                                at /rustc/82e1608dfa6e0b5569232559e3d385fea5a93112/library/core/src/ops/function.rs:250:5
[INFO] [stdout]   42:     0x55e3941671b5 - <alloc::boxed::Box<F,A> as core::ops::function::FnOnce<Args>>::call_once::hc7eafaff61e32df9
[INFO] [stdout]                                at /rustc/82e1608dfa6e0b5569232559e3d385fea5a93112/library/alloc/src/boxed.rs:2007:9
[INFO] [stdout]   43:     0x55e3941671b5 - <alloc::boxed::Box<F,A> as core::ops::function::FnOnce<Args>>::call_once::h6ba4a5de48dd2304
[INFO] [stdout]                                at /rustc/82e1608dfa6e0b5569232559e3d385fea5a93112/library/alloc/src/boxed.rs:2007:9
[INFO] [stdout]   44:     0x55e3941671b5 - std::sys::unix::thread::Thread::new::thread_start::he469335aef763e45
[INFO] [stdout]                                at /rustc/82e1608dfa6e0b5569232559e3d385fea5a93112/library/std/src/sys/unix/thread.rs:108:17
[INFO] [stdout]   45:     0x7f1307bccac3 - <unknown>
[INFO] [stdout]   46:     0x7f1307c5dbf4 - __clone
[INFO] [stdout]   47:                0x0 - <unknown>
[INFO] [stdout] 
[INFO] [stdout] 
[INFO] [stdout] failures:
[INFO] [stdout]     is_different::should_error_array_with_different_values_of_same_type
[INFO] [stdout] 
[INFO] [stdout] test result: FAILED. 0 passed; 1 failed; 0 ignored; 0 measured; 0 filtered out; finished in 0.03s
[INFO] [stdout] 
[INFO] [stderr] error: test failed, to rerun pass `--bin data-utility-belt`
[INFO] running `Command { std: "docker" "inspect" "4e679ea5f89f639308eae819bf3835c076faeb637d2917e66d851cfec6a1663e", kill_on_drop: false }`
[INFO] running `Command { std: "docker" "rm" "-f" "4e679ea5f89f639308eae819bf3835c076faeb637d2917e66d851cfec6a1663e", kill_on_drop: false }`
[INFO] [stdout] 4e679ea5f89f639308eae819bf3835c076faeb637d2917e66d851cfec6a1663e
[INFO] testing data-utility-belt-0.1.5 against beta-2023-12-22 for beta-1.76-1
[INFO] extracting crate data-utility-belt 0.1.5 into /workspace/builds/worker-1-tc2/source
[INFO] validating manifest of crates.io crate data-utility-belt 0.1.5 on toolchain beta-2023-12-22
[INFO] running `Command { std: CARGO_HOME="/workspace/cargo-home" RUSTUP_HOME="/workspace/rustup-home" "/workspace/cargo-home/bin/cargo" "+beta-2023-12-22" "metadata" "--manifest-path" "Cargo.toml" "--no-deps", kill_on_drop: false }`
[INFO] started tweaking crates.io crate data-utility-belt 0.1.5
[INFO] finished tweaking crates.io crate data-utility-belt 0.1.5
[INFO] tweaked toml for crates.io crate data-utility-belt 0.1.5 written to /workspace/builds/worker-1-tc2/source/Cargo.toml
[INFO] running `Command { std: CARGO_HOME="/workspace/cargo-home" RUSTUP_HOME="/workspace/rustup-home" "/workspace/cargo-home/bin/cargo" "+beta-2023-12-22" "generate-lockfile" "--manifest-path" "Cargo.toml", kill_on_drop: false }`
[INFO] [stderr]     Updating crates.io index
[INFO] running `Command { std: CARGO_HOME="/workspace/cargo-home" RUSTUP_HOME="/workspace/rustup-home" "/workspace/cargo-home/bin/cargo" "+beta-2023-12-22" "fetch" "--manifest-path" "Cargo.toml", kill_on_drop: false }`
[INFO] running `Command { std: "docker" "create" "-v" "/var/lib/crater-agent-workspace/builds/worker-1-tc2/target:/opt/rustwide/target:rw,Z" "-v" "/var/lib/crater-agent-workspace/builds/worker-1-tc2/source:/opt/rustwide/workdir:ro,Z" "-v" "/var/lib/crater-agent-workspace/cargo-home:/opt/rustwide/cargo-home:ro,Z" "-v" "/var/lib/crater-agent-workspace/rustup-home:/opt/rustwide/rustup-home:ro,Z" "-e" "SOURCE_DIR=/opt/rustwide/workdir" "-e" "CARGO_TARGET_DIR=/opt/rustwide/target" "-e" "CARGO_HOME=/opt/rustwide/cargo-home" "-e" "RUSTUP_HOME=/opt/rustwide/rustup-home" "-w" "/opt/rustwide/workdir" "-m" "1610612736" "--user" "0:0" "--network" "none" "ghcr.io/rust-lang/crates-build-env/linux@sha256:2788e3201cd34a07e3172128adcd8b3090168a8e3bcc40d7c032b9dda1df7d1c" "/opt/rustwide/cargo-home/bin/cargo" "+beta-2023-12-22" "metadata" "--no-deps" "--format-version=1", kill_on_drop: false }`
[INFO] [stdout] 1dc74a7f538e8393f27c490600f7c46f0b932353f9291305fe76586826c57771
[INFO] running `Command { std: "docker" "start" "-a" "1dc74a7f538e8393f27c490600f7c46f0b932353f9291305fe76586826c57771", kill_on_drop: false }`
[INFO] running `Command { std: "docker" "inspect" "1dc74a7f538e8393f27c490600f7c46f0b932353f9291305fe76586826c57771", kill_on_drop: false }`
[INFO] running `Command { std: "docker" "rm" "-f" "1dc74a7f538e8393f27c490600f7c46f0b932353f9291305fe76586826c57771", kill_on_drop: false }`
[INFO] [stdout] 1dc74a7f538e8393f27c490600f7c46f0b932353f9291305fe76586826c57771
[INFO] running `Command { std: "docker" "create" "-v" "/var/lib/crater-agent-workspace/builds/worker-1-tc2/target:/opt/rustwide/target:rw,Z" "-v" "/var/lib/crater-agent-workspace/builds/worker-1-tc2/source:/opt/rustwide/workdir:ro,Z" "-v" "/var/lib/crater-agent-workspace/cargo-home:/opt/rustwide/cargo-home:ro,Z" "-v" "/var/lib/crater-agent-workspace/rustup-home:/opt/rustwide/rustup-home:ro,Z" "-e" "SOURCE_DIR=/opt/rustwide/workdir" "-e" "CARGO_TARGET_DIR=/opt/rustwide/target" "-e" "CARGO_INCREMENTAL=0" "-e" "RUST_BACKTRACE=full" "-e" "RUSTFLAGS=--cap-lints=warn" "-e" "RUSTDOCFLAGS=--cap-lints=warn" "-e" "CARGO_HOME=/opt/rustwide/cargo-home" "-e" "RUSTUP_HOME=/opt/rustwide/rustup-home" "-w" "/opt/rustwide/workdir" "-m" "1610612736" "--user" "0:0" "--network" "none" "ghcr.io/rust-lang/crates-build-env/linux@sha256:2788e3201cd34a07e3172128adcd8b3090168a8e3bcc40d7c032b9dda1df7d1c" "/opt/rustwide/cargo-home/bin/cargo" "+beta-2023-12-22" "build" "--frozen" "--message-format=json", kill_on_drop: false }`
[INFO] [stdout] 69e800e396a810e2ad4f8a70f76e63a21ec2bc85f96644010729dea88ae4ba5d
[INFO] running `Command { std: "docker" "start" "-a" "69e800e396a810e2ad4f8a70f76e63a21ec2bc85f96644010729dea88ae4ba5d", kill_on_drop: false }`
[INFO] [stderr]    Compiling libc v0.2.151
[INFO] [stderr]    Compiling memchr v2.7.1
[INFO] [stderr]    Compiling serde v1.0.194
[INFO] [stderr]    Compiling unicode-width v0.1.11
[INFO] [stderr]    Compiling regex-syntax v0.8.2
[INFO] [stderr]    Compiling serde_json v1.0.111
[INFO] [stderr]    Compiling ansi_term v0.12.1
[INFO] [stderr]    Compiling vec_map v0.8.2
[INFO] [stderr]    Compiling ryu v1.0.16
[INFO] [stderr]    Compiling itoa v1.0.10
[INFO] [stderr]    Compiling bitflags v1.3.2
[INFO] [stderr]    Compiling strsim v0.8.0
[INFO] [stderr]    Compiling lazy_static v1.4.0
[INFO] [stderr]    Compiling textwrap v0.11.0
[INFO] [stderr]    Compiling aho-corasick v1.1.2
[INFO] [stderr]    Compiling atty v0.2.14
[INFO] [stderr]    Compiling clap v2.34.0
[INFO] [stderr]    Compiling regex-automata v0.4.3
[INFO] [stderr]    Compiling regex v1.10.2
[INFO] [stderr]    Compiling data-utility-belt v0.1.5 (/opt/rustwide/workdir)
[INFO] [stdout] warning: unused import: `Map`
[INFO] [stdout]  --> src/is_different.rs:1:24
[INFO] [stdout]   |
[INFO] [stdout] 1 | use serde_json::{json, Map, Value};
[INFO] [stdout]   |                        ^^^
[INFO] [stdout]   |
[INFO] [stdout]   = note: `#[warn(unused_imports)]` on by default
[INFO] [stdout] 
[INFO] [stdout] 
[INFO] [stdout] warning: unused import: `std::convert::TryFrom`
[INFO] [stdout]  --> src/is_different.rs:2:5
[INFO] [stdout]   |
[INFO] [stdout] 2 | use std::convert::TryFrom;
[INFO] [stdout]   |     ^^^^^^^^^^^^^^^^^^^^^
[INFO] [stdout] 
[INFO] [stdout] 
[INFO] [stdout] warning: unused imports: `Write`, `self`
[INFO] [stdout]  --> src/is_different.rs:3:15
[INFO] [stdout]   |
[INFO] [stdout] 3 | use std::io::{self, Write};
[INFO] [stdout]   |               ^^^^  ^^^^^
[INFO] [stdout] 
[INFO] [stdout] 
[INFO] [stdout] warning: unused variable: `tmp_object_differences_pointer`
[INFO] [stdout]    --> src/is_different.rs:109:17
[INFO] [stdout]     |
[INFO] [stdout] 109 |         let mut tmp_object_differences_pointer = &object_differences;
[INFO] [stdout]     |                 ^^^^^^^^^^^^^^^^^^^^^^^^^^^^^^ help: if this is intentional, prefix it with an underscore: `_tmp_object_differences_pointer`
[INFO] [stdout]     |
[INFO] [stdout]     = note: `#[warn(unused_variables)]` on by default
[INFO] [stdout] 
[INFO] [stdout] 
[INFO] [stdout] warning: variable does not need to be mutable
[INFO] [stdout]   --> src/is_different.rs:14:9
[INFO] [stdout]    |
[INFO] [stdout] 14 |     let mut pointer = &parent_pointer.to_owned();
[INFO] [stdout]    |         ----^^^^^^^
[INFO] [stdout]    |         |
[INFO] [stdout]    |         help: remove this `mut`
[INFO] [stdout]    |
[INFO] [stdout]    = note: `#[warn(unused_mut)]` on by default
[INFO] [stdout] 
[INFO] [stdout] 
[INFO] [stdout] warning: variable does not need to be mutable
[INFO] [stdout]    --> src/is_different.rs:109:13
[INFO] [stdout]     |
[INFO] [stdout] 109 |         let mut tmp_object_differences_pointer = &object_differences;
[INFO] [stdout]     |             ----^^^^^^^^^^^^^^^^^^^^^^^^^^^^^^
[INFO] [stdout]     |             |
[INFO] [stdout]     |             help: remove this `mut`
[INFO] [stdout] 
[INFO] [stdout] 
[INFO] [stdout] warning: unused variable: `o_c`
[INFO] [stdout]    --> src/main.rs:232:13
[INFO] [stdout]     |
[INFO] [stdout] 232 |         let o_c: Map<String, Value> = parsed_object_compare.as_object().unwrap().clone();
[INFO] [stdout]     |             ^^^ help: if this is intentional, prefix it with an underscore: `_o_c`
[INFO] [stdout] 
[INFO] [stdout] 
[INFO] [stdout] warning: variable does not need to be mutable
[INFO] [stdout]    --> src/main.rs:239:17
[INFO] [stdout]     |
[INFO] [stdout] 239 |             let mut parent_key: Vec<String> = Vec::new();
[INFO] [stdout]     |                 ----^^^^^^^^^^
[INFO] [stdout]     |                 |
[INFO] [stdout]     |                 help: remove this `mut`
[INFO] [stdout] 
[INFO] [stdout] 
[INFO] [stdout] warning: 8 warnings emitted
[INFO] [stdout] 
[INFO] [stdout] 
[INFO] [stderr]     Finished dev [unoptimized + debuginfo] target(s) in 12.03s
[INFO] running `Command { std: "docker" "inspect" "69e800e396a810e2ad4f8a70f76e63a21ec2bc85f96644010729dea88ae4ba5d", kill_on_drop: false }`
[INFO] running `Command { std: "docker" "rm" "-f" "69e800e396a810e2ad4f8a70f76e63a21ec2bc85f96644010729dea88ae4ba5d", kill_on_drop: false }`
[INFO] [stdout] 69e800e396a810e2ad4f8a70f76e63a21ec2bc85f96644010729dea88ae4ba5d
[INFO] running `Command { std: "docker" "create" "-v" "/var/lib/crater-agent-workspace/builds/worker-1-tc2/target:/opt/rustwide/target:rw,Z" "-v" "/var/lib/crater-agent-workspace/builds/worker-1-tc2/source:/opt/rustwide/workdir:ro,Z" "-v" "/var/lib/crater-agent-workspace/cargo-home:/opt/rustwide/cargo-home:ro,Z" "-v" "/var/lib/crater-agent-workspace/rustup-home:/opt/rustwide/rustup-home:ro,Z" "-e" "SOURCE_DIR=/opt/rustwide/workdir" "-e" "CARGO_TARGET_DIR=/opt/rustwide/target" "-e" "CARGO_INCREMENTAL=0" "-e" "RUST_BACKTRACE=full" "-e" "RUSTFLAGS=--cap-lints=warn" "-e" "RUSTDOCFLAGS=--cap-lints=warn" "-e" "CARGO_HOME=/opt/rustwide/cargo-home" "-e" "RUSTUP_HOME=/opt/rustwide/rustup-home" "-w" "/opt/rustwide/workdir" "-m" "1610612736" "--user" "0:0" "--network" "none" "ghcr.io/rust-lang/crates-build-env/linux@sha256:2788e3201cd34a07e3172128adcd8b3090168a8e3bcc40d7c032b9dda1df7d1c" "/opt/rustwide/cargo-home/bin/cargo" "+beta-2023-12-22" "test" "--frozen" "--no-run" "--message-format=json", kill_on_drop: false }`
[INFO] [stdout] 39134e70d704b48dc08f3fb6de8168495bc739fb00a1fa41b26eadf7fe516089
[INFO] running `Command { std: "docker" "start" "-a" "39134e70d704b48dc08f3fb6de8168495bc739fb00a1fa41b26eadf7fe516089", kill_on_drop: false }`
[INFO] [stderr]    Compiling data-utility-belt v0.1.5 (/opt/rustwide/workdir)
[INFO] [stdout] warning: unused import: `Map`
[INFO] [stdout]  --> src/is_different.rs:1:24
[INFO] [stdout]   |
[INFO] [stdout] 1 | use serde_json::{json, Map, Value};
[INFO] [stdout]   |                        ^^^
[INFO] [stdout]   |
[INFO] [stdout]   = note: `#[warn(unused_imports)]` on by default
[INFO] [stdout] 
[INFO] [stdout] 
[INFO] [stdout] warning: unused import: `std::convert::TryFrom`
[INFO] [stdout]  --> src/is_different.rs:2:5
[INFO] [stdout]   |
[INFO] [stdout] 2 | use std::convert::TryFrom;
[INFO] [stdout]   |     ^^^^^^^^^^^^^^^^^^^^^
[INFO] [stdout] 
[INFO] [stdout] 
[INFO] [stdout] warning: unused imports: `Write`, `self`
[INFO] [stdout]  --> src/is_different.rs:3:15
[INFO] [stdout]   |
[INFO] [stdout] 3 | use std::io::{self, Write};
[INFO] [stdout]   |               ^^^^  ^^^^^
[INFO] [stdout] 
[INFO] [stdout] 
[INFO] [stdout] warning: unused variable: `tmp_object_differences_pointer`
[INFO] [stdout]    --> src/is_different.rs:109:17
[INFO] [stdout]     |
[INFO] [stdout] 109 |         let mut tmp_object_differences_pointer = &object_differences;
[INFO] [stdout]     |                 ^^^^^^^^^^^^^^^^^^^^^^^^^^^^^^ help: if this is intentional, prefix it with an underscore: `_tmp_object_differences_pointer`
[INFO] [stdout]     |
[INFO] [stdout]     = note: `#[warn(unused_variables)]` on by default
[INFO] [stdout] 
[INFO] [stdout] 
[INFO] [stdout] warning: variable does not need to be mutable
[INFO] [stdout]   --> src/is_different.rs:14:9
[INFO] [stdout]    |
[INFO] [stdout] 14 |     let mut pointer = &parent_pointer.to_owned();
[INFO] [stdout]    |         ----^^^^^^^
[INFO] [stdout]    |         |
[INFO] [stdout]    |         help: remove this `mut`
[INFO] [stdout]    |
[INFO] [stdout]    = note: `#[warn(unused_mut)]` on by default
[INFO] [stdout] 
[INFO] [stdout] 
[INFO] [stdout] warning: variable does not need to be mutable
[INFO] [stdout]    --> src/is_different.rs:109:13
[INFO] [stdout]     |
[INFO] [stdout] 109 |         let mut tmp_object_differences_pointer = &object_differences;
[INFO] [stdout]     |             ----^^^^^^^^^^^^^^^^^^^^^^^^^^^^^^
[INFO] [stdout]     |             |
[INFO] [stdout]     |             help: remove this `mut`
[INFO] [stdout] 
[INFO] [stdout] 
[INFO] [stdout] warning: variable does not need to be mutable
[INFO] [stdout]    --> src/is_different.rs:279:9
[INFO] [stdout]     |
[INFO] [stdout] 279 |     let mut o = json!({ "array":[4] });
[INFO] [stdout]     |         ----^
[INFO] [stdout]     |         |
[INFO] [stdout]     |         help: remove this `mut`
[INFO] [stdout] 
[INFO] [stdout] 
[INFO] [stdout] warning: variable does not need to be mutable
[INFO] [stdout]    --> src/is_different.rs:280:9
[INFO] [stdout]     |
[INFO] [stdout] 280 |     let mut o_c = json!({"array": [1] });
[INFO] [stdout]     |         ----^^^
[INFO] [stdout]     |         |
[INFO] [stdout]     |         help: remove this `mut`
[INFO] [stdout] 
[INFO] [stdout] 
[INFO] [stdout] warning: variable does not need to be mutable
[INFO] [stdout]    --> src/is_different.rs:296:9
[INFO] [stdout]     |
[INFO] [stdout] 296 |     let mut result = json!({
[INFO] [stdout]     |         ----^^^^^^
[INFO] [stdout]     |         |
[INFO] [stdout]     |         help: remove this `mut`
[INFO] [stdout] 
[INFO] [stdout] 
[INFO] [stdout] warning: unused variable: `o_c`
[INFO] [stdout]    --> src/main.rs:232:13
[INFO] [stdout]     |
[INFO] [stdout] 232 |         let o_c: Map<String, Value> = parsed_object_compare.as_object().unwrap().clone();
[INFO] [stdout]     |             ^^^ help: if this is intentional, prefix it with an underscore: `_o_c`
[INFO] [stdout] 
[INFO] [stdout] 
[INFO] [stdout] warning: variable does not need to be mutable
[INFO] [stdout]    --> src/main.rs:239:17
[INFO] [stdout]     |
[INFO] [stdout] 239 |             let mut parent_key: Vec<String> = Vec::new();
[INFO] [stdout]     |                 ----^^^^^^^^^^
[INFO] [stdout]     |                 |
[INFO] [stdout]     |                 help: remove this `mut`
[INFO] [stdout] 
[INFO] [stdout] 
[INFO] [stdout] warning: 11 warnings emitted
[INFO] [stdout] 
[INFO] [stdout] 
[INFO] [stderr]     Finished test [unoptimized + debuginfo] target(s) in 1.54s
[INFO] running `Command { std: "docker" "inspect" "39134e70d704b48dc08f3fb6de8168495bc739fb00a1fa41b26eadf7fe516089", kill_on_drop: false }`
[INFO] running `Command { std: "docker" "rm" "-f" "39134e70d704b48dc08f3fb6de8168495bc739fb00a1fa41b26eadf7fe516089", kill_on_drop: false }`
[INFO] [stdout] 39134e70d704b48dc08f3fb6de8168495bc739fb00a1fa41b26eadf7fe516089
[INFO] running `Command { std: "docker" "create" "-v" "/var/lib/crater-agent-workspace/builds/worker-1-tc2/target:/opt/rustwide/target:rw,Z" "-v" "/var/lib/crater-agent-workspace/builds/worker-1-tc2/source:/opt/rustwide/workdir:ro,Z" "-v" "/var/lib/crater-agent-workspace/cargo-home:/opt/rustwide/cargo-home:ro,Z" "-v" "/var/lib/crater-agent-workspace/rustup-home:/opt/rustwide/rustup-home:ro,Z" "-e" "SOURCE_DIR=/opt/rustwide/workdir" "-e" "CARGO_TARGET_DIR=/opt/rustwide/target" "-e" "CARGO_INCREMENTAL=0" "-e" "RUST_BACKTRACE=full" "-e" "RUSTFLAGS=--cap-lints=warn" "-e" "RUSTDOCFLAGS=--cap-lints=warn" "-e" "CARGO_HOME=/opt/rustwide/cargo-home" "-e" "RUSTUP_HOME=/opt/rustwide/rustup-home" "-w" "/opt/rustwide/workdir" "-m" "1610612736" "--user" "0:0" "--network" "none" "ghcr.io/rust-lang/crates-build-env/linux@sha256:2788e3201cd34a07e3172128adcd8b3090168a8e3bcc40d7c032b9dda1df7d1c" "/opt/rustwide/cargo-home/bin/cargo" "+beta-2023-12-22" "test" "--frozen", kill_on_drop: false }`
[INFO] [stdout] 50193a16a064eebb7f24405658eadc02e545d3d67d83d3d94ba8d3bd991332a5
[INFO] running `Command { std: "docker" "start" "-a" "50193a16a064eebb7f24405658eadc02e545d3d67d83d3d94ba8d3bd991332a5", kill_on_drop: false }`
[INFO] [stderr] warning: unused import: `Map`
[INFO] [stderr]  --> src/is_different.rs:1:24
[INFO] [stderr]   |
[INFO] [stderr] 1 | use serde_json::{json, Map, Value};
[INFO] [stderr]   |                        ^^^
[INFO] [stderr]   |
[INFO] [stderr]   = note: `#[warn(unused_imports)]` on by default
[INFO] [stderr] 
[INFO] [stderr] warning: unused import: `std::convert::TryFrom`
[INFO] [stderr]  --> src/is_different.rs:2:5
[INFO] [stderr]   |
[INFO] [stderr] 2 | use std::convert::TryFrom;
[INFO] [stderr]   |     ^^^^^^^^^^^^^^^^^^^^^
[INFO] [stderr] 
[INFO] [stderr] warning: unused imports: `Write`, `self`
[INFO] [stderr]  --> src/is_different.rs:3:15
[INFO] [stderr]   |
[INFO] [stderr] 3 | use std::io::{self, Write};
[INFO] [stderr]   |               ^^^^  ^^^^^
[INFO] [stderr] 
[INFO] [stderr] warning: unused variable: `tmp_object_differences_pointer`
[INFO] [stderr]    --> src/is_different.rs:109:17
[INFO] [stderr]     |
[INFO] [stderr] 109 |         let mut tmp_object_differences_pointer = &object_differences;
[INFO] [stderr]     |                 ^^^^^^^^^^^^^^^^^^^^^^^^^^^^^^ help: if this is intentional, prefix it with an underscore: `_tmp_object_differences_pointer`
[INFO] [stderr]     |
[INFO] [stderr]     = note: `#[warn(unused_variables)]` on by default
[INFO] [stderr] 
[INFO] [stderr] warning: variable does not need to be mutable
[INFO] [stderr]   --> src/is_different.rs:14:9
[INFO] [stderr]    |
[INFO] [stderr] 14 |     let mut pointer = &parent_pointer.to_owned();
[INFO] [stderr]    |         ----^^^^^^^
[INFO] [stderr]    |         |
[INFO] [stderr]    |         help: remove this `mut`
[INFO] [stderr]    |
[INFO] [stderr]    = note: `#[warn(unused_mut)]` on by default
[INFO] [stderr] 
[INFO] [stderr] warning: variable does not need to be mutable
[INFO] [stderr]    --> src/is_different.rs:109:13
[INFO] [stderr]     |
[INFO] [stderr] 109 |         let mut tmp_object_differences_pointer = &object_differences;
[INFO] [stderr]     |             ----^^^^^^^^^^^^^^^^^^^^^^^^^^^^^^
[INFO] [stderr]     |             |
[INFO] [stderr]     |             help: remove this `mut`
[INFO] [stderr] 
[INFO] [stderr] warning: variable does not need to be mutable
[INFO] [stderr]    --> src/is_different.rs:279:9
[INFO] [stderr]     |
[INFO] [stderr] 279 |     let mut o = json!({ "array":[4] });
[INFO] [stderr]     |         ----^
[INFO] [stderr]     |         |
[INFO] [stderr]     |         help: remove this `mut`
[INFO] [stderr] 
[INFO] [stderr] warning: variable does not need to be mutable
[INFO] [stderr]    --> src/is_different.rs:280:9
[INFO] [stderr]     |
[INFO] [stderr] 280 |     let mut o_c = json!({"array": [1] });
[INFO] [stderr]     |         ----^^^
[INFO] [stderr]     |         |
[INFO] [stderr]     |         help: remove this `mut`
[INFO] [stderr] 
[INFO] [stderr] warning: variable does not need to be mutable
[INFO] [stderr]    --> src/is_different.rs:296:9
[INFO] [stderr]     |
[INFO] [stderr] 296 |     let mut result = json!({
[INFO] [stderr]     |         ----^^^^^^
[INFO] [stderr]     |         |
[INFO] [stderr]     |         help: remove this `mut`
[INFO] [stderr] 
[INFO] [stderr] warning: unused variable: `o_c`
[INFO] [stderr]    --> src/main.rs:232:13
[INFO] [stderr]     |
[INFO] [stderr] 232 |         let o_c: Map<String, Value> = parsed_object_compare.as_object().unwrap().clone();
[INFO] [stderr]     |             ^^^ help: if this is intentional, prefix it with an underscore: `_o_c`
[INFO] [stderr] 
[INFO] [stderr] warning: variable does not need to be mutable
[INFO] [stderr]    --> src/main.rs:239:17
[INFO] [stderr]     |
[INFO] [stderr] 239 |             let mut parent_key: Vec<String> = Vec::new();
[INFO] [stderr]     |                 ----^^^^^^^^^^
[INFO] [stderr]     |                 |
[INFO] [stderr]     |                 help: remove this `mut`
[INFO] [stderr] 
[INFO] [stderr] warning: `data-utility-belt` (bin "data-utility-belt" test) generated 11 warnings (run `cargo fix --bin "data-utility-belt" --tests` to apply 11 suggestions)
[INFO] [stderr]     Finished test [unoptimized + debuginfo] target(s) in 0.03s
[INFO] [stderr]      Running unittests src/main.rs (/opt/rustwide/target/debug/deps/data_utility_belt-f6218b85b2de9b50)
[INFO] [stdout] 
[INFO] [stdout] running 1 test
[INFO] [stdout] test is_different::should_error_array_with_different_values_of_same_type ... FAILED
[INFO] [stdout] 
[INFO] [stdout] failures:
[INFO] [stdout] 
[INFO] [stdout] ---- is_different::should_error_array_with_different_values_of_same_type stdout ----
[INFO] [stdout] Object {}
[INFO] [stdout] IS DIFFERENT INITIAL: 
[INFO] [stdout] 	POINTER: "/array"
[INFO] [stdout] 	OBJECT: Object {"array": Array [Number(4)]}
[INFO] [stdout] 
[INFO] [stdout] 	OBJECTS: 
[INFO] [stdout] 		original:Some(Array [Number(4)])
[INFO] [stdout]  		to compare:Some(Array [Number(1)])
[INFO] [stdout] 
[INFO] [stdout] 			IS ARRAY!
[INFO] [stdout] 			ARRAY IS DIFFERENT
[INFO] [stdout] 			Array iteration:
[INFO] [stdout] 				i: 0
[INFO] [stdout] 				Number(4)
[INFO] [stdout] IS DIFFERENT INITIAL: 
[INFO] [stdout] 	POINTER: "/array/0"
[INFO] [stdout] 	OBJECT: Object {"array": Array [Number(4)]}
[INFO] [stdout] 
[INFO] [stdout] 	OBJECTS: 
[INFO] [stdout] 		original:Some(Number(4))
[INFO] [stdout]  		to compare:Some(Number(1))
[INFO] [stdout] 
[INFO] [stdout] 	Comparing value		
[INFO] [stdout]                 Key(s): [], "array"		
[INFO] [stdout]                 Pointer: "/array/0"		
[INFO] [stdout]                 Object: Object {"array": Array [Number(4)]},		
[INFO] [stdout]                 Object to compare: Object {"array": Array [Number(1)]}		
[INFO] [stdout]                 Value(s)Array [Number(4)], Array [Number(1)]
[INFO] [stdout]                 object_differences: Object {}
[INFO] [stdout]                 
[INFO] [stdout] 
[INFO] [stdout] 	Pointer collect: ["", "array", "0"]
[INFO] [stdout]                 from value: Object {"V": Object {}}
[INFO] [stdout] 	Current pointer before iteration: "/"
[INFO] [stdout] 	Pointer collect iterate:
[INFO] [stdout]                     iter_pointer: ""
[INFO] [stdout]                     index: 0 
[INFO] [stdout] 	Current pointer inside loop: "/"
[INFO] [stdout] 	Iterator length is 0: ""
[INFO] [stdout] 	Current object_differences Object {}
[INFO] [stdout] 	Current pointer inside loop: "/"
[INFO] [stdout] 	Iterator length is greater than 0: ""
[INFO] [stdout] 	Current object_differences Object {}
[INFO] [stdout] 		Current pointer inside loop after pushing i: "/" 
[INFO] [stdout] 
[INFO] [stdout] 
[INFO] [stdout] 		current_value_in_tmp_differences_pointer: None
[INFO] [stdout] 
[INFO] [stdout] 
[INFO] [stdout] 		previous_pointer: "/"
[INFO] [stdout] 
[INFO] [stdout] 
[INFO] [stdout] 		current_value_in_tmp_differences_pointer is NONE: None
[INFO] [stdout] 	Object_differences after inserting i Object {}
[INFO] [stdout] 	Pointer collect iterate:
[INFO] [stdout]                     iter_pointer: "array"
[INFO] [stdout]                     index: 5 
[INFO] [stdout] 	Current pointer inside loop: "/"
[INFO] [stdout] 	Iterator length is greater than 0: "array"
[INFO] [stdout] 	Current object_differences Object {}
[INFO] [stdout] 		Current pointer inside loop after pushing i: "/array" 
[INFO] [stdout] 
[INFO] [stdout] 
[INFO] [stdout] 		current_value_in_tmp_differences_pointer: None
[INFO] [stdout] 
[INFO] [stdout] 
[INFO] [stdout] 		previous_pointer: "/"
[INFO] [stdout] 
[INFO] [stdout] 
[INFO] [stdout] 		current_value_in_tmp_differences_pointer is NONE: None
[INFO] [stdout] 	Object_differences after inserting i Object {"array": Object {}}
[INFO] [stdout] 	Pointer collect iterate:
[INFO] [stdout]                     iter_pointer: "0"
[INFO] [stdout]                     index: 1 
[INFO] [stdout] 	Current pointer inside loop: "/array"
[INFO] [stdout] 	Iterator length is greater than 0: "0"
[INFO] [stdout] 	Current object_differences Object {"array": Object {}}
[INFO] [stdout] 		Current pointer inside loop after pushing i: "/array/0" 
[INFO] [stdout] 
[INFO] [stdout] 
[INFO] [stdout] 		current_value_in_tmp_differences_pointer: None
[INFO] [stdout] 
[INFO] [stdout] 
[INFO] [stdout] 		previous_pointer: "/array"
[INFO] [stdout] 
[INFO] [stdout] 
[INFO] [stdout] 		current_value_in_tmp_differences_pointer is NONE: None
[INFO] [stdout] Object_differences after inserting i with index 2 :Object {"array": Null}
[INFO] [stdout] 	Object_differences after inserting i Object {"array": Null}
[INFO] [stdout] 	Comparing value		
[INFO] [stdout]                 Key(s): [], "array"		
[INFO] [stdout]                 Pointer: "/array"		
[INFO] [stdout]                 Object: Object {"array": Array [Number(4)]},		
[INFO] [stdout]                 Object to compare: Object {"array": Array [Number(1)]}		
[INFO] [stdout]                 Value(s)Array [Number(4)], Array [Number(1)]
[INFO] [stdout]                 object_differences: Object {"array": Null}
[INFO] [stdout]                 
[INFO] [stdout] 	Object differences value: Null
[INFO] [stdout] 
[INFO] [stdout] 
[INFO] [stdout] 	Pointer collect: ["", "array"]
[INFO] [stdout]                 from value: Object {"V": Object {}, "array": Null}
[INFO] [stdout] 	Current pointer before iteration: "/"
[INFO] [stdout] 	Pointer collect iterate:
[INFO] [stdout]                     iter_pointer: ""
[INFO] [stdout]                     index: 0 
[INFO] [stdout] 	Current pointer inside loop: "/"
[INFO] [stdout] 	Iterator length is 0: ""
[INFO] [stdout] 	Current object_differences Object {"array": Null}
[INFO] [stdout] 	Current pointer inside loop: "/"
[INFO] [stdout] 	Iterator length is greater than 0: ""
[INFO] [stdout] 	Current object_differences Object {"array": Null}
[INFO] [stdout] 		Current pointer inside loop after pushing i: "/" 
[INFO] [stdout] 
[INFO] [stdout] 
[INFO] [stdout] 		current_value_in_tmp_differences_pointer: None
[INFO] [stdout] 
[INFO] [stdout] 
[INFO] [stdout] 		previous_pointer: "/"
[INFO] [stdout] 
[INFO] [stdout] 
[INFO] [stdout] 		current_value_in_tmp_differences_pointer is NONE: None
[INFO] [stdout] 	Object_differences after inserting i Object {"array": Null}
[INFO] [stdout] 	Pointer collect iterate:
[INFO] [stdout]                     iter_pointer: "array"
[INFO] [stdout]                     index: 5 
[INFO] [stdout] 	Current pointer inside loop: "/"
[INFO] [stdout] 	Iterator length is greater than 0: "array"
[INFO] [stdout] 	Current object_differences Object {"array": Null}
[INFO] [stdout] 		Current pointer inside loop after pushing i: "/array" 
[INFO] [stdout] 
[INFO] [stdout] 
[INFO] [stdout] 		current_value_in_tmp_differences_pointer: None
[INFO] [stdout] 
[INFO] [stdout] 
[INFO] [stdout] 		previous_pointer: "/"
[INFO] [stdout] 
[INFO] [stdout] 
[INFO] [stdout] 		current_value_in_tmp_differences_pointer is NONE: None
[INFO] [stdout] 	Object_differences after inserting i Object {"array": Object {}}
[INFO] [stdout] Object {"array": Object {}}, Object {"array": Array [Number(4), Number(1)]}
[INFO] [stdout] thread 'is_different::should_error_array_with_different_values_of_same_type' panicked at src/is_different.rs:301:5:
[INFO] [stdout] assertion `left == right` failed
[INFO] [stdout]   left: Object {"array": Object {}}
[INFO] [stdout]  right: Object {"array": Array [Number(4), Number(1)]}
[INFO] [stdout] stack backtrace:
[INFO] [stdout]    0:     0x55c507335886 - std::backtrace_rs::backtrace::libunwind::trace::h261606ad26a499c1
[INFO] [stdout]                                at /rustc/0e09125c6c3c2fd70d7de961bcf0e51575235fad/library/std/src/../../backtrace/src/backtrace/libunwind.rs:104:5
[INFO] [stdout]    1:     0x55c507335886 - std::backtrace_rs::backtrace::trace_unsynchronized::hd183f0625477fb28
[INFO] [stdout]                                at /rustc/0e09125c6c3c2fd70d7de961bcf0e51575235fad/library/std/src/../../backtrace/src/backtrace/mod.rs:66:5
[INFO] [stdout]    2:     0x55c507335886 - std::sys_common::backtrace::_print_fmt::hd7f8fef21b4eda67
[INFO] [stdout]                                at /rustc/0e09125c6c3c2fd70d7de961bcf0e51575235fad/library/std/src/sys_common/backtrace.rs:68:5
[INFO] [stdout]    3:     0x55c507335886 - <std::sys_common::backtrace::_print::DisplayBacktrace as core::fmt::Display>::fmt::h623d9b51f2f453f1
[INFO] [stdout]                                at /rustc/0e09125c6c3c2fd70d7de961bcf0e51575235fad/library/std/src/sys_common/backtrace.rs:44:22
[INFO] [stdout]    4:     0x55c50735ea00 - core::fmt::rt::Argument::fmt::h9f417ac76a86f368
[INFO] [stdout]                                at /rustc/0e09125c6c3c2fd70d7de961bcf0e51575235fad/library/core/src/fmt/rt.rs:142:9
[INFO] [stdout]    5:     0x55c50735ea00 - core::fmt::write::hc9b6faf4ac2aeff7
[INFO] [stdout]                                at /rustc/0e09125c6c3c2fd70d7de961bcf0e51575235fad/library/core/src/fmt/mod.rs:1120:17
[INFO] [stdout]    6:     0x55c5073332ef - std::io::Write::write_fmt::he04625a3a989fec3
[INFO] [stdout]                                at /rustc/0e09125c6c3c2fd70d7de961bcf0e51575235fad/library/std/src/io/mod.rs:1810:15
[INFO] [stdout]    7:     0x55c507335664 - std::sys_common::backtrace::_print::hd5d66399c7df88a2
[INFO] [stdout]                                at /rustc/0e09125c6c3c2fd70d7de961bcf0e51575235fad/library/std/src/sys_common/backtrace.rs:47:5
[INFO] [stdout]    8:     0x55c507335664 - std::sys_common::backtrace::print::he81ed2da642d37e5
[INFO] [stdout]                                at /rustc/0e09125c6c3c2fd70d7de961bcf0e51575235fad/library/std/src/sys_common/backtrace.rs:34:9
[INFO] [stdout]    9:     0x55c5073373d7 - std::panicking::default_hook::{{closure}}::h85773f4fa117163d
[INFO] [stdout]   10:     0x55c5073370bd - std::panicking::default_hook::h6a1694a91d09b278
[INFO] [stdout]                                at /rustc/0e09125c6c3c2fd70d7de961bcf0e51575235fad/library/std/src/panicking.rs:289:9
[INFO] [stdout]   11:     0x55c5072dd337 - <alloc::boxed::Box<F,A> as core::ops::function::Fn<Args>>::call::h616ac37fa3cd6c8f
[INFO] [stdout]                                at /rustc/0e09125c6c3c2fd70d7de961bcf0e51575235fad/library/alloc/src/boxed.rs:2029:9
[INFO] [stdout]   12:     0x55c5072dd337 - test::test_main::{{closure}}::h00d84697cefdcbb6
[INFO] [stdout]                                at /rustc/0e09125c6c3c2fd70d7de961bcf0e51575235fad/library/test/src/lib.rs:138:21
[INFO] [stdout]   13:     0x55c5073379f6 - <alloc::boxed::Box<F,A> as core::ops::function::Fn<Args>>::call::hcb3fe3b9bb537ba8
[INFO] [stdout]                                at /rustc/0e09125c6c3c2fd70d7de961bcf0e51575235fad/library/alloc/src/boxed.rs:2029:9
[INFO] [stdout]   14:     0x55c5073379f6 - std::panicking::rust_panic_with_hook::h0a7ad96e90f7145b
[INFO] [stdout]                                at /rustc/0e09125c6c3c2fd70d7de961bcf0e51575235fad/library/std/src/panicking.rs:783:13
[INFO] [stdout]   15:     0x55c507337742 - std::panicking::begin_panic_handler::{{closure}}::h7919090525c6485e
[INFO] [stdout]                                at /rustc/0e09125c6c3c2fd70d7de961bcf0e51575235fad/library/std/src/panicking.rs:657:13
[INFO] [stdout]   16:     0x55c507335d86 - std::sys_common::backtrace::__rust_end_short_backtrace::hf3289479464f7dfe
[INFO] [stdout]                                at /rustc/0e09125c6c3c2fd70d7de961bcf0e51575235fad/library/std/src/sys_common/backtrace.rs:171:18
[INFO] [stdout]   17:     0x55c5073374a0 - rust_begin_unwind
[INFO] [stdout]                                at /rustc/0e09125c6c3c2fd70d7de961bcf0e51575235fad/library/std/src/panicking.rs:645:5
[INFO] [stdout]   18:     0x55c50729bcd5 - core::panicking::panic_fmt::hcc9f77c5c132af55
[INFO] [stdout]                                at /rustc/0e09125c6c3c2fd70d7de961bcf0e51575235fad/library/core/src/panicking.rs:72:14
[INFO] [stdout]   19:     0x55c50729c10b - core::panicking::assert_failed_inner::h9f13e27dd63c3a08
[INFO] [stdout]                                at /rustc/0e09125c6c3c2fd70d7de961bcf0e51575235fad/library/core/src/panicking.rs:342:17
[INFO] [stdout]   20:     0x55c50729e05e - core::panicking::assert_failed::hd1ddb7d27f1a15cd
[INFO] [stdout]                                at /rustc/0e09125c6c3c2fd70d7de961bcf0e51575235fad/library/core/src/panicking.rs:297:5
[INFO] [stdout]   21:     0x55c5072a5095 - data_utility_belt::is_different::should_error_array_with_different_values_of_same_type::h0edc820a1597a1cd
[INFO] [stdout]                                at /opt/rustwide/workdir/src/is_different.rs:301:5
[INFO] [stdout]   22:     0x55c5072a44c7 - data_utility_belt::is_different::should_error_array_with_different_values_of_same_type::{{closure}}::hf6b1f157667208cf
[INFO] [stdout]                                at /opt/rustwide/workdir/src/is_different.rs:277:63
[INFO] [stdout]   23:     0x55c5072a6a36 - core::ops::function::FnOnce::call_once::hc80ec736e9392bdb
[INFO] [stdout]                                at /rustc/0e09125c6c3c2fd70d7de961bcf0e51575235fad/library/core/src/ops/function.rs:250:5
[INFO] [stdout]   24:     0x55c5072e2c0f - core::ops::function::FnOnce::call_once::hd64d26f405258157
[INFO] [stdout]                                at /rustc/0e09125c6c3c2fd70d7de961bcf0e51575235fad/library/core/src/ops/function.rs:250:5
[INFO] [stdout]   25:     0x55c5072e2c0f - test::__rust_begin_short_backtrace::he21b0b7a6d731bf9
[INFO] [stdout]                                at /rustc/0e09125c6c3c2fd70d7de961bcf0e51575235fad/library/test/src/lib.rs:627:18
[INFO] [stdout]   26:     0x55c5072e1991 - test::run_test_in_process::{{closure}}::hf5c73986d7bdfde2
[INFO] [stdout]                                at /rustc/0e09125c6c3c2fd70d7de961bcf0e51575235fad/library/test/src/lib.rs:650:60
[INFO] [stdout]   27:     0x55c5072e1991 - <core::panic::unwind_safe::AssertUnwindSafe<F> as core::ops::function::FnOnce<()>>::call_once::h330011ad032aadc0
[INFO] [stdout]                                at /rustc/0e09125c6c3c2fd70d7de961bcf0e51575235fad/library/core/src/panic/unwind_safe.rs:272:9
[INFO] [stdout]   28:     0x55c5072e1991 - std::panicking::try::do_call::he61b0a958b795a41
[INFO] [stdout]                                at /rustc/0e09125c6c3c2fd70d7de961bcf0e51575235fad/library/std/src/panicking.rs:552:40
[INFO] [stdout]   29:     0x55c5072e1991 - std::panicking::try::h7309da130f906eb7
[INFO] [stdout]                                at /rustc/0e09125c6c3c2fd70d7de961bcf0e51575235fad/library/std/src/panicking.rs:516:19
[INFO] [stdout]   30:     0x55c5072e1991 - std::panic::catch_unwind::hc5c3a06fdaf0a92a
[INFO] [stdout]                                at /rustc/0e09125c6c3c2fd70d7de961bcf0e51575235fad/library/std/src/panic.rs:142:14
[INFO] [stdout]   31:     0x55c5072e1991 - test::run_test_in_process::h7e7b7c71c3324e0f
[INFO] [stdout]                                at /rustc/0e09125c6c3c2fd70d7de961bcf0e51575235fad/library/test/src/lib.rs:650:27
[INFO] [stdout]   32:     0x55c5072e1991 - test::run_test::{{closure}}::h1f509f28f5cf20b1
[INFO] [stdout]                                at /rustc/0e09125c6c3c2fd70d7de961bcf0e51575235fad/library/test/src/lib.rs:573:43
[INFO] [stdout]   33:     0x55c5072a8cc6 - test::run_test::{{closure}}::h1754218abf443f6d
[INFO] [stdout]                                at /rustc/0e09125c6c3c2fd70d7de961bcf0e51575235fad/library/test/src/lib.rs:601:41
[INFO] [stdout]   34:     0x55c5072a8cc6 - std::sys_common::backtrace::__rust_begin_short_backtrace::h2ee174b9d5954948
[INFO] [stdout]                                at /rustc/0e09125c6c3c2fd70d7de961bcf0e51575235fad/library/std/src/sys_common/backtrace.rs:155:18
[INFO] [stdout]   35:     0x55c5072add27 - std::thread::Builder::spawn_unchecked_::{{closure}}::{{closure}}::hf60bee9c1a17ef09
[INFO] [stdout]                                at /rustc/0e09125c6c3c2fd70d7de961bcf0e51575235fad/library/std/src/thread/mod.rs:529:17
[INFO] [stdout]   36:     0x55c5072add27 - <core::panic::unwind_safe::AssertUnwindSafe<F> as core::ops::function::FnOnce<()>>::call_once::h33d0dddec5216160
[INFO] [stdout]                                at /rustc/0e09125c6c3c2fd70d7de961bcf0e51575235fad/library/core/src/panic/unwind_safe.rs:272:9
[INFO] [stdout]   37:     0x55c5072add27 - std::panicking::try::do_call::h144b3048b546f835
[INFO] [stdout]                                at /rustc/0e09125c6c3c2fd70d7de961bcf0e51575235fad/library/std/src/panicking.rs:552:40
[INFO] [stdout]   38:     0x55c5072add27 - std::panicking::try::h978244d04646189f
[INFO] [stdout]                                at /rustc/0e09125c6c3c2fd70d7de961bcf0e51575235fad/library/std/src/panicking.rs:516:19
[INFO] [stdout]   39:     0x55c5072add27 - std::panic::catch_unwind::hdf436369d188fe86
[INFO] [stdout]                                at /rustc/0e09125c6c3c2fd70d7de961bcf0e51575235fad/library/std/src/panic.rs:142:14
[INFO] [stdout]   40:     0x55c5072add27 - std::thread::Builder::spawn_unchecked_::{{closure}}::h87329cbdd33c79ec
[INFO] [stdout]                                at /rustc/0e09125c6c3c2fd70d7de961bcf0e51575235fad/library/std/src/thread/mod.rs:528:30
[INFO] [stdout]   41:     0x55c5072add27 - core::ops::function::FnOnce::call_once{{vtable.shim}}::h401abbe67897d450
[INFO] [stdout]                                at /rustc/0e09125c6c3c2fd70d7de961bcf0e51575235fad/library/core/src/ops/function.rs:250:5
[INFO] [stdout]   42:     0x55c50733c4a5 - <alloc::boxed::Box<F,A> as core::ops::function::FnOnce<Args>>::call_once::h5d7c8f150ab9c84c
[INFO] [stdout]                                at /rustc/0e09125c6c3c2fd70d7de961bcf0e51575235fad/library/alloc/src/boxed.rs:2015:9
[INFO] [stdout]   43:     0x55c50733c4a5 - <alloc::boxed::Box<F,A> as core::ops::function::FnOnce<Args>>::call_once::h570d5b005c242c15
[INFO] [stdout]                                at /rustc/0e09125c6c3c2fd70d7de961bcf0e51575235fad/library/alloc/src/boxed.rs:2015:9
[INFO] [stdout]   44:     0x55c50733c4a5 - std::sys::unix::thread::Thread::new::thread_start::h36b0a20c0b2361ad
[INFO] [stdout]                                at /rustc/0e09125c6c3c2fd70d7de961bcf0e51575235fad/library/std/src/sys/unix/thread.rs:108:17
[INFO] [stdout]   45:     0x7f6f4b79eac3 - <unknown>
[INFO] [stdout]   46:     0x7f6f4b82fbf4 - __clone
[INFO] [stdout]   47:                0x0 - <unknown>
[INFO] [stdout] 
[INFO] [stdout] 
[INFO] [stdout] failures:
[INFO] [stdout]     is_different::should_error_array_with_different_values_of_same_type
[INFO] [stdout] 
[INFO] [stdout] test result: FAILED. 0 passed; 1 failed; 0 ignored; 0 measured; 0 filtered out; finished in 0.09s
[INFO] [stdout] 
[INFO] [stderr] error: test failed, to rerun pass `--bin data-utility-belt`
[INFO] running `Command { std: "docker" "inspect" "50193a16a064eebb7f24405658eadc02e545d3d67d83d3d94ba8d3bd991332a5", kill_on_drop: false }`
[INFO] running `Command { std: "docker" "rm" "-f" "50193a16a064eebb7f24405658eadc02e545d3d67d83d3d94ba8d3bd991332a5", kill_on_drop: false }`
[INFO] [stdout] 50193a16a064eebb7f24405658eadc02e545d3d67d83d3d94ba8d3bd991332a5
