[INFO] fetching crate d3xx 0.0.3...
[INFO] testing d3xx-0.0.3 against 1.75.0 for beta-1.76-1
[INFO] extracting crate d3xx 0.0.3 into /workspace/builds/worker-7-tc1/source
[INFO] validating manifest of crates.io crate d3xx 0.0.3 on toolchain 1.75.0
[INFO] running `Command { std: CARGO_HOME="/workspace/cargo-home" RUSTUP_HOME="/workspace/rustup-home" "/workspace/cargo-home/bin/cargo" "+1.75.0" "metadata" "--manifest-path" "Cargo.toml" "--no-deps", kill_on_drop: false }`
[INFO] started tweaking crates.io crate d3xx 0.0.3
[INFO] finished tweaking crates.io crate d3xx 0.0.3
[INFO] tweaked toml for crates.io crate d3xx 0.0.3 written to /workspace/builds/worker-7-tc1/source/Cargo.toml
[INFO] running `Command { std: CARGO_HOME="/workspace/cargo-home" RUSTUP_HOME="/workspace/rustup-home" "/workspace/cargo-home/bin/cargo" "+1.75.0" "generate-lockfile" "--manifest-path" "Cargo.toml", kill_on_drop: false }`
[INFO] [stderr]     Updating crates.io index
[INFO] running `Command { std: CARGO_HOME="/workspace/cargo-home" RUSTUP_HOME="/workspace/rustup-home" "/workspace/cargo-home/bin/cargo" "+1.75.0" "fetch" "--manifest-path" "Cargo.toml", kill_on_drop: false }`
[INFO] [stderr]  Downloading crates ...
[INFO] [stderr]   Downloaded libftd3xx-ffi v0.0.2
[INFO] running `Command { std: "docker" "create" "-v" "/var/lib/crater-agent-workspace/builds/worker-7-tc1/target:/opt/rustwide/target:rw,Z" "-v" "/var/lib/crater-agent-workspace/builds/worker-7-tc1/source:/opt/rustwide/workdir:ro,Z" "-v" "/var/lib/crater-agent-workspace/cargo-home:/opt/rustwide/cargo-home:ro,Z" "-v" "/var/lib/crater-agent-workspace/rustup-home:/opt/rustwide/rustup-home:ro,Z" "-e" "SOURCE_DIR=/opt/rustwide/workdir" "-e" "CARGO_TARGET_DIR=/opt/rustwide/target" "-e" "CARGO_HOME=/opt/rustwide/cargo-home" "-e" "RUSTUP_HOME=/opt/rustwide/rustup-home" "-w" "/opt/rustwide/workdir" "-m" "1610612736" "--user" "0:0" "--network" "none" "ghcr.io/rust-lang/crates-build-env/linux@sha256:2788e3201cd34a07e3172128adcd8b3090168a8e3bcc40d7c032b9dda1df7d1c" "/opt/rustwide/cargo-home/bin/cargo" "+1.75.0" "metadata" "--no-deps" "--format-version=1", kill_on_drop: false }`
[INFO] [stdout] 402b70134c2e006584f2247bc75618926c3f48d6f274521b6295ec414d004d5f
[INFO] running `Command { std: "docker" "start" "-a" "402b70134c2e006584f2247bc75618926c3f48d6f274521b6295ec414d004d5f", kill_on_drop: false }`
[INFO] running `Command { std: "docker" "inspect" "402b70134c2e006584f2247bc75618926c3f48d6f274521b6295ec414d004d5f", kill_on_drop: false }`
[INFO] running `Command { std: "docker" "rm" "-f" "402b70134c2e006584f2247bc75618926c3f48d6f274521b6295ec414d004d5f", kill_on_drop: false }`
[INFO] [stdout] 402b70134c2e006584f2247bc75618926c3f48d6f274521b6295ec414d004d5f
[INFO] running `Command { std: "docker" "create" "-v" "/var/lib/crater-agent-workspace/builds/worker-7-tc1/target:/opt/rustwide/target:rw,Z" "-v" "/var/lib/crater-agent-workspace/builds/worker-7-tc1/source:/opt/rustwide/workdir:ro,Z" "-v" "/var/lib/crater-agent-workspace/cargo-home:/opt/rustwide/cargo-home:ro,Z" "-v" "/var/lib/crater-agent-workspace/rustup-home:/opt/rustwide/rustup-home:ro,Z" "-e" "SOURCE_DIR=/opt/rustwide/workdir" "-e" "CARGO_TARGET_DIR=/opt/rustwide/target" "-e" "CARGO_INCREMENTAL=0" "-e" "RUST_BACKTRACE=full" "-e" "RUSTFLAGS=--cap-lints=warn" "-e" "RUSTDOCFLAGS=--cap-lints=warn" "-e" "CARGO_HOME=/opt/rustwide/cargo-home" "-e" "RUSTUP_HOME=/opt/rustwide/rustup-home" "-w" "/opt/rustwide/workdir" "-m" "1610612736" "--user" "0:0" "--network" "none" "ghcr.io/rust-lang/crates-build-env/linux@sha256:2788e3201cd34a07e3172128adcd8b3090168a8e3bcc40d7c032b9dda1df7d1c" "/opt/rustwide/cargo-home/bin/cargo" "+1.75.0" "build" "--frozen" "--message-format=json", kill_on_drop: false }`
[INFO] [stdout] e2aa34fc889f046c67718d3efe6df8ea33160ea40aaf28429df072dc8ae011e4
[INFO] running `Command { std: "docker" "start" "-a" "e2aa34fc889f046c67718d3efe6df8ea33160ea40aaf28429df072dc8ae011e4", kill_on_drop: false }`
[INFO] [stderr]    Compiling proc-macro2 v1.0.75
[INFO] [stderr]    Compiling unicode-ident v1.0.12
[INFO] [stderr]    Compiling equivalent v1.0.1
[INFO] [stderr]    Compiling hashbrown v0.14.3
[INFO] [stderr]    Compiling toml_datetime v0.6.3
[INFO] [stderr]    Compiling winnow v0.5.32
[INFO] [stderr]    Compiling libftd3xx-ffi v0.0.2
[INFO] [stderr]    Compiling thiserror v1.0.56
[INFO] [stderr]    Compiling cfg-if v1.0.0
[INFO] [stderr]    Compiling widestring v1.0.2
[INFO] [stderr]    Compiling indexmap v2.1.0
[INFO] [stderr]    Compiling quote v1.0.35
[INFO] [stderr]    Compiling syn v2.0.48
[INFO] [stderr]    Compiling toml_edit v0.20.2
[INFO] [stderr]    Compiling thiserror-impl v1.0.56
[INFO] [stderr]    Compiling proc-macro-crate v2.0.1
[INFO] [stderr]    Compiling num_enum_derive v0.7.1
[INFO] [stderr]    Compiling num_enum v0.7.1
[INFO] [stderr]    Compiling d3xx v0.0.3 (/opt/rustwide/workdir)
[INFO] [stdout] warning: missing documentation for a variant
[INFO] [stdout]    --> src/scan.rs:138:5
[INFO] [stdout]     |
[INFO] [stdout] 138 |     Unknown,
[INFO] [stdout]     |     ^^^^^^^
[INFO] [stdout]     |
[INFO] [stdout] note: the lint level is defined here
[INFO] [stdout]    --> src/lib.rs:129:55
[INFO] [stdout]     |
[INFO] [stdout] 129 | #![warn(clippy::all, clippy::pedantic, clippy::cargo, missing_docs)]
[INFO] [stdout]     |                                                       ^^^^^^^^^^^^
[INFO] [stdout] 
[INFO] [stdout] 
[INFO] [stdout] warning: 1 warning emitted
[INFO] [stdout] 
[INFO] [stdout] 
[INFO] [stderr]     Finished dev [unoptimized + debuginfo] target(s) in 6.41s
[INFO] running `Command { std: "docker" "inspect" "e2aa34fc889f046c67718d3efe6df8ea33160ea40aaf28429df072dc8ae011e4", kill_on_drop: false }`
[INFO] running `Command { std: "docker" "rm" "-f" "e2aa34fc889f046c67718d3efe6df8ea33160ea40aaf28429df072dc8ae011e4", kill_on_drop: false }`
[INFO] [stdout] e2aa34fc889f046c67718d3efe6df8ea33160ea40aaf28429df072dc8ae011e4
[INFO] running `Command { std: "docker" "create" "-v" "/var/lib/crater-agent-workspace/builds/worker-7-tc1/target:/opt/rustwide/target:rw,Z" "-v" "/var/lib/crater-agent-workspace/builds/worker-7-tc1/source:/opt/rustwide/workdir:ro,Z" "-v" "/var/lib/crater-agent-workspace/cargo-home:/opt/rustwide/cargo-home:ro,Z" "-v" "/var/lib/crater-agent-workspace/rustup-home:/opt/rustwide/rustup-home:ro,Z" "-e" "SOURCE_DIR=/opt/rustwide/workdir" "-e" "CARGO_TARGET_DIR=/opt/rustwide/target" "-e" "CARGO_INCREMENTAL=0" "-e" "RUST_BACKTRACE=full" "-e" "RUSTFLAGS=--cap-lints=warn" "-e" "RUSTDOCFLAGS=--cap-lints=warn" "-e" "CARGO_HOME=/opt/rustwide/cargo-home" "-e" "RUSTUP_HOME=/opt/rustwide/rustup-home" "-w" "/opt/rustwide/workdir" "-m" "1610612736" "--user" "0:0" "--network" "none" "ghcr.io/rust-lang/crates-build-env/linux@sha256:2788e3201cd34a07e3172128adcd8b3090168a8e3bcc40d7c032b9dda1df7d1c" "/opt/rustwide/cargo-home/bin/cargo" "+1.75.0" "test" "--frozen" "--no-run" "--message-format=json", kill_on_drop: false }`
[INFO] [stdout] 5bf8fa35d84c99d1b0d9eaa595f0b1e2f92f490bc4ee3360d39e478b2a3ccac4
[INFO] running `Command { std: "docker" "start" "-a" "5bf8fa35d84c99d1b0d9eaa595f0b1e2f92f490bc4ee3360d39e478b2a3ccac4", kill_on_drop: false }`
[INFO] [stderr]    Compiling d3xx v0.0.3 (/opt/rustwide/workdir)
[INFO] [stdout] warning: missing documentation for a variant
[INFO] [stdout]    --> src/scan.rs:138:5
[INFO] [stdout]     |
[INFO] [stdout] 138 |     Unknown,
[INFO] [stdout]     |     ^^^^^^^
[INFO] [stdout]     |
[INFO] [stdout] note: the lint level is defined here
[INFO] [stdout]    --> src/lib.rs:129:55
[INFO] [stdout]     |
[INFO] [stdout] 129 | #![warn(clippy::all, clippy::pedantic, clippy::cargo, missing_docs)]
[INFO] [stdout]     |                                                       ^^^^^^^^^^^^
[INFO] [stdout] 
[INFO] [stdout] 
[INFO] [stdout] warning: 1 warning emitted
[INFO] [stdout] 
[INFO] [stdout] 
[INFO] [stderr]     Finished test [unoptimized + debuginfo] target(s) in 0.72s
[INFO] running `Command { std: "docker" "inspect" "5bf8fa35d84c99d1b0d9eaa595f0b1e2f92f490bc4ee3360d39e478b2a3ccac4", kill_on_drop: false }`
[INFO] running `Command { std: "docker" "rm" "-f" "5bf8fa35d84c99d1b0d9eaa595f0b1e2f92f490bc4ee3360d39e478b2a3ccac4", kill_on_drop: false }`
[INFO] [stdout] 5bf8fa35d84c99d1b0d9eaa595f0b1e2f92f490bc4ee3360d39e478b2a3ccac4
[INFO] running `Command { std: "docker" "create" "-v" "/var/lib/crater-agent-workspace/builds/worker-7-tc1/target:/opt/rustwide/target:rw,Z" "-v" "/var/lib/crater-agent-workspace/builds/worker-7-tc1/source:/opt/rustwide/workdir:ro,Z" "-v" "/var/lib/crater-agent-workspace/cargo-home:/opt/rustwide/cargo-home:ro,Z" "-v" "/var/lib/crater-agent-workspace/rustup-home:/opt/rustwide/rustup-home:ro,Z" "-e" "SOURCE_DIR=/opt/rustwide/workdir" "-e" "CARGO_TARGET_DIR=/opt/rustwide/target" "-e" "CARGO_INCREMENTAL=0" "-e" "RUST_BACKTRACE=full" "-e" "RUSTFLAGS=--cap-lints=warn" "-e" "RUSTDOCFLAGS=--cap-lints=warn" "-e" "CARGO_HOME=/opt/rustwide/cargo-home" "-e" "RUSTUP_HOME=/opt/rustwide/rustup-home" "-w" "/opt/rustwide/workdir" "-m" "1610612736" "--user" "0:0" "--network" "none" "ghcr.io/rust-lang/crates-build-env/linux@sha256:2788e3201cd34a07e3172128adcd8b3090168a8e3bcc40d7c032b9dda1df7d1c" "/opt/rustwide/cargo-home/bin/cargo" "+1.75.0" "test" "--frozen", kill_on_drop: false }`
[INFO] [stdout] efa2d5275d3ee20831c2cd8b195a361e4d8703eef617375ec7e10e0bc97c90f7
[INFO] running `Command { std: "docker" "start" "-a" "efa2d5275d3ee20831c2cd8b195a361e4d8703eef617375ec7e10e0bc97c90f7", kill_on_drop: false }`
[INFO] [stderr] warning: missing documentation for a variant
[INFO] [stderr]    --> src/scan.rs:138:5
[INFO] [stderr]     |
[INFO] [stderr] 138 |     Unknown,
[INFO] [stderr]     |     ^^^^^^^
[INFO] [stderr]     |
[INFO] [stderr] note: the lint level is defined here
[INFO] [stderr]    --> src/lib.rs:129:55
[INFO] [stderr]     |
[INFO] [stderr] 129 | #![warn(clippy::all, clippy::pedantic, clippy::cargo, missing_docs)]
[INFO] [stderr]     |                                                       ^^^^^^^^^^^^
[INFO] [stderr] 
[INFO] [stderr] warning: `d3xx` (lib) generated 1 warning
[INFO] [stderr]     Finished test [unoptimized + debuginfo] target(s) in 0.01s
[INFO] [stderr]      Running unittests src/lib.rs (/opt/rustwide/target/debug/deps/d3xx-8949fcf618540d32)
[INFO] [stdout] 
[INFO] [stdout] running 13 tests
[INFO] [stdout] test descriptor::test::class_code ... ok
[INFO] [stdout] test error::tests::test_d3xx_error_codes ... ok
[INFO] [stdout] test descriptor::test::usb_version ... ok
[INFO] [stdout] test error::tests::test_try_d3xx_macro ... ok
[INFO] [stdout] test descriptor::test::pipe_info_try_from ... ok
[INFO] [stdout] test ffi::tests::test_global_lock ... ok
[INFO] [stdout] test pipe::tests::pipeid_try_from ... ok
[INFO] [stdout] test pipe::tests::pipe_is_in ... ok
[INFO] [stdout] test pipe::tests::pipe_is_out ... ok
[INFO] [stdout] test scan::tests::device_info_flags ... ok
[INFO] [stdout] test scan::tests::device_info_from ... ok
[INFO] [stdout] test scan::tests::device_type_from ... ok
[INFO] [stdout] test ffi::tests::test_global_lock_unpoisoning ... ok
[INFO] [stdout] 
[INFO] [stdout] test result: ok. 13 passed; 0 failed; 0 ignored; 0 measured; 0 filtered out; finished in 0.01s
[INFO] [stdout] 
[INFO] [stderr]    Doc-tests d3xx
[INFO] [stdout] 
[INFO] [stdout] running 10 tests
[INFO] [stdout] test src/error.rs - error::try_d3xx (line 159) ... ignored
[INFO] [stdout] test src/device.rs - device::Device::gpio (line 212) - compile ... ok
[INFO] [stdout] test src/pipe.rs - pipe::PipeIo (line 23) - compile ... ok
[INFO] [stdout] test src/notification.rs - notification (line 20) - compile ... ok
[INFO] [stdout] test src/device.rs - device::Device::pipe (line 190) - compile ... ok
[INFO] [stdout] test src/device.rs - device::Device (line 40) - compile ... ok
[INFO] [stdout] test src/device.rs - device::Device::open (line 80) - compile ... ok
[INFO] [stdout] test src/lib.rs - (line 106) - compile ... ok
[INFO] [stdout] test src/scan.rs - scan::list_devices (line 166) - compile ... ok
[INFO] [stdout] test src/error.rs - error::D3xxError (line 33) ... FAILED
[INFO] [stdout] 
[INFO] [stdout] failures:
[INFO] [stdout] 
[INFO] [stdout] ---- src/error.rs - error::D3xxError (line 33) stdout ----
[INFO] [stdout] Test executable failed (exit status: 127).
[INFO] [stdout] 
[INFO] [stdout] stderr:
[INFO] [stdout] /tmp/rustdoctestBNj7GU/rust_out: error while loading shared libraries: libftd3xx.so: cannot open shared object file: No such file or directory
[INFO] [stdout] 
[INFO] [stdout] 
[INFO] [stdout] 
[INFO] [stdout] failures:
[INFO] [stdout]     src/error.rs - error::D3xxError (line 33)
[INFO] [stdout] 
[INFO] [stdout] test result: FAILED. 8 passed; 1 failed; 1 ignored; 0 measured; 0 filtered out; finished in 0.22s
[INFO] [stdout] 
[INFO] [stderr] error: doctest failed, to rerun pass `--doc`
[INFO] running `Command { std: "docker" "inspect" "efa2d5275d3ee20831c2cd8b195a361e4d8703eef617375ec7e10e0bc97c90f7", kill_on_drop: false }`
[INFO] running `Command { std: "docker" "rm" "-f" "efa2d5275d3ee20831c2cd8b195a361e4d8703eef617375ec7e10e0bc97c90f7", kill_on_drop: false }`
[INFO] [stdout] efa2d5275d3ee20831c2cd8b195a361e4d8703eef617375ec7e10e0bc97c90f7
[INFO] testing d3xx-0.0.3 against beta-2023-12-22 for beta-1.76-1
[INFO] extracting crate d3xx 0.0.3 into /workspace/builds/worker-7-tc2/source
[INFO] validating manifest of crates.io crate d3xx 0.0.3 on toolchain beta-2023-12-22
[INFO] running `Command { std: CARGO_HOME="/workspace/cargo-home" RUSTUP_HOME="/workspace/rustup-home" "/workspace/cargo-home/bin/cargo" "+beta-2023-12-22" "metadata" "--manifest-path" "Cargo.toml" "--no-deps", kill_on_drop: false }`
[INFO] started tweaking crates.io crate d3xx 0.0.3
[INFO] finished tweaking crates.io crate d3xx 0.0.3
[INFO] tweaked toml for crates.io crate d3xx 0.0.3 written to /workspace/builds/worker-7-tc2/source/Cargo.toml
[INFO] running `Command { std: CARGO_HOME="/workspace/cargo-home" RUSTUP_HOME="/workspace/rustup-home" "/workspace/cargo-home/bin/cargo" "+beta-2023-12-22" "generate-lockfile" "--manifest-path" "Cargo.toml", kill_on_drop: false }`
[INFO] [stderr]     Updating crates.io index
[INFO] running `Command { std: CARGO_HOME="/workspace/cargo-home" RUSTUP_HOME="/workspace/rustup-home" "/workspace/cargo-home/bin/cargo" "+beta-2023-12-22" "fetch" "--manifest-path" "Cargo.toml", kill_on_drop: false }`
[INFO] running `Command { std: "docker" "create" "-v" "/var/lib/crater-agent-workspace/builds/worker-7-tc2/target:/opt/rustwide/target:rw,Z" "-v" "/var/lib/crater-agent-workspace/builds/worker-7-tc2/source:/opt/rustwide/workdir:ro,Z" "-v" "/var/lib/crater-agent-workspace/cargo-home:/opt/rustwide/cargo-home:ro,Z" "-v" "/var/lib/crater-agent-workspace/rustup-home:/opt/rustwide/rustup-home:ro,Z" "-e" "SOURCE_DIR=/opt/rustwide/workdir" "-e" "CARGO_TARGET_DIR=/opt/rustwide/target" "-e" "CARGO_HOME=/opt/rustwide/cargo-home" "-e" "RUSTUP_HOME=/opt/rustwide/rustup-home" "-w" "/opt/rustwide/workdir" "-m" "1610612736" "--user" "0:0" "--network" "none" "ghcr.io/rust-lang/crates-build-env/linux@sha256:2788e3201cd34a07e3172128adcd8b3090168a8e3bcc40d7c032b9dda1df7d1c" "/opt/rustwide/cargo-home/bin/cargo" "+beta-2023-12-22" "metadata" "--no-deps" "--format-version=1", kill_on_drop: false }`
[INFO] [stdout] 4e71abc39727e1560ee87c6726dde18f645f884fd9c51d08456493866fe5ac98
[INFO] running `Command { std: "docker" "start" "-a" "4e71abc39727e1560ee87c6726dde18f645f884fd9c51d08456493866fe5ac98", kill_on_drop: false }`
[INFO] running `Command { std: "docker" "inspect" "4e71abc39727e1560ee87c6726dde18f645f884fd9c51d08456493866fe5ac98", kill_on_drop: false }`
[INFO] running `Command { std: "docker" "rm" "-f" "4e71abc39727e1560ee87c6726dde18f645f884fd9c51d08456493866fe5ac98", kill_on_drop: false }`
[INFO] [stdout] 4e71abc39727e1560ee87c6726dde18f645f884fd9c51d08456493866fe5ac98
[INFO] running `Command { std: "docker" "create" "-v" "/var/lib/crater-agent-workspace/builds/worker-7-tc2/target:/opt/rustwide/target:rw,Z" "-v" "/var/lib/crater-agent-workspace/builds/worker-7-tc2/source:/opt/rustwide/workdir:ro,Z" "-v" "/var/lib/crater-agent-workspace/cargo-home:/opt/rustwide/cargo-home:ro,Z" "-v" "/var/lib/crater-agent-workspace/rustup-home:/opt/rustwide/rustup-home:ro,Z" "-e" "SOURCE_DIR=/opt/rustwide/workdir" "-e" "CARGO_TARGET_DIR=/opt/rustwide/target" "-e" "CARGO_INCREMENTAL=0" "-e" "RUST_BACKTRACE=full" "-e" "RUSTFLAGS=--cap-lints=warn" "-e" "RUSTDOCFLAGS=--cap-lints=warn" "-e" "CARGO_HOME=/opt/rustwide/cargo-home" "-e" "RUSTUP_HOME=/opt/rustwide/rustup-home" "-w" "/opt/rustwide/workdir" "-m" "1610612736" "--user" "0:0" "--network" "none" "ghcr.io/rust-lang/crates-build-env/linux@sha256:2788e3201cd34a07e3172128adcd8b3090168a8e3bcc40d7c032b9dda1df7d1c" "/opt/rustwide/cargo-home/bin/cargo" "+beta-2023-12-22" "build" "--frozen" "--message-format=json", kill_on_drop: false }`
[INFO] [stdout] d631d114fe7759a73de58439febb416f233547a539db16357e0174274d58b7b3
[INFO] running `Command { std: "docker" "start" "-a" "d631d114fe7759a73de58439febb416f233547a539db16357e0174274d58b7b3", kill_on_drop: false }`
[INFO] [stderr]    Compiling proc-macro2 v1.0.75
[INFO] [stderr]    Compiling unicode-ident v1.0.12
[INFO] [stderr]    Compiling equivalent v1.0.1
[INFO] [stderr]    Compiling hashbrown v0.14.3
[INFO] [stderr]    Compiling toml_datetime v0.6.3
[INFO] [stderr]    Compiling winnow v0.5.32
[INFO] [stderr]    Compiling libftd3xx-ffi v0.0.2
[INFO] [stderr]    Compiling thiserror v1.0.56
[INFO] [stderr]    Compiling cfg-if v1.0.0
[INFO] [stderr]    Compiling widestring v1.0.2
[INFO] [stderr]    Compiling indexmap v2.1.0
[INFO] [stderr]    Compiling quote v1.0.35
[INFO] [stderr]    Compiling syn v2.0.48
[INFO] [stderr]    Compiling toml_edit v0.20.2
[INFO] [stderr]    Compiling thiserror-impl v1.0.56
[INFO] [stderr]    Compiling proc-macro-crate v2.0.1
[INFO] [stderr]    Compiling num_enum_derive v0.7.1
[INFO] [stderr]    Compiling num_enum v0.7.1
[INFO] [stderr]    Compiling d3xx v0.0.3 (/opt/rustwide/workdir)
[INFO] [stdout] warning: missing documentation for a variant
[INFO] [stdout]    --> src/scan.rs:138:5
[INFO] [stdout]     |
[INFO] [stdout] 138 |     Unknown,
[INFO] [stdout]     |     ^^^^^^^
[INFO] [stdout]     |
[INFO] [stdout] note: the lint level is defined here
[INFO] [stdout]    --> src/lib.rs:129:55
[INFO] [stdout]     |
[INFO] [stdout] 129 | #![warn(clippy::all, clippy::pedantic, clippy::cargo, missing_docs)]
[INFO] [stdout]     |                                                       ^^^^^^^^^^^^
[INFO] [stdout] 
[INFO] [stdout] 
[INFO] [stdout] warning: 1 warning emitted
[INFO] [stdout] 
[INFO] [stdout] 
[INFO] [stderr]     Finished dev [unoptimized + debuginfo] target(s) in 7.38s
[INFO] running `Command { std: "docker" "inspect" "d631d114fe7759a73de58439febb416f233547a539db16357e0174274d58b7b3", kill_on_drop: false }`
[INFO] running `Command { std: "docker" "rm" "-f" "d631d114fe7759a73de58439febb416f233547a539db16357e0174274d58b7b3", kill_on_drop: false }`
[INFO] [stdout] d631d114fe7759a73de58439febb416f233547a539db16357e0174274d58b7b3
[INFO] running `Command { std: "docker" "create" "-v" "/var/lib/crater-agent-workspace/builds/worker-7-tc2/target:/opt/rustwide/target:rw,Z" "-v" "/var/lib/crater-agent-workspace/builds/worker-7-tc2/source:/opt/rustwide/workdir:ro,Z" "-v" "/var/lib/crater-agent-workspace/cargo-home:/opt/rustwide/cargo-home:ro,Z" "-v" "/var/lib/crater-agent-workspace/rustup-home:/opt/rustwide/rustup-home:ro,Z" "-e" "SOURCE_DIR=/opt/rustwide/workdir" "-e" "CARGO_TARGET_DIR=/opt/rustwide/target" "-e" "CARGO_INCREMENTAL=0" "-e" "RUST_BACKTRACE=full" "-e" "RUSTFLAGS=--cap-lints=warn" "-e" "RUSTDOCFLAGS=--cap-lints=warn" "-e" "CARGO_HOME=/opt/rustwide/cargo-home" "-e" "RUSTUP_HOME=/opt/rustwide/rustup-home" "-w" "/opt/rustwide/workdir" "-m" "1610612736" "--user" "0:0" "--network" "none" "ghcr.io/rust-lang/crates-build-env/linux@sha256:2788e3201cd34a07e3172128adcd8b3090168a8e3bcc40d7c032b9dda1df7d1c" "/opt/rustwide/cargo-home/bin/cargo" "+beta-2023-12-22" "test" "--frozen" "--no-run" "--message-format=json", kill_on_drop: false }`
[INFO] [stdout] 1da3ec17e9d3bf455f31964db48c014e5c2469e70d2b23c62a49381a3b2c8a9d
[INFO] running `Command { std: "docker" "start" "-a" "1da3ec17e9d3bf455f31964db48c014e5c2469e70d2b23c62a49381a3b2c8a9d", kill_on_drop: false }`
[INFO] [stderr]    Compiling d3xx v0.0.3 (/opt/rustwide/workdir)
[INFO] [stdout] warning: missing documentation for a variant
[INFO] [stdout]    --> src/scan.rs:138:5
[INFO] [stdout]     |
[INFO] [stdout] 138 |     Unknown,
[INFO] [stdout]     |     ^^^^^^^
[INFO] [stdout]     |
[INFO] [stdout] note: the lint level is defined here
[INFO] [stdout]    --> src/lib.rs:129:55
[INFO] [stdout]     |
[INFO] [stdout] 129 | #![warn(clippy::all, clippy::pedantic, clippy::cargo, missing_docs)]
[INFO] [stdout]     |                                                       ^^^^^^^^^^^^
[INFO] [stdout] 
[INFO] [stdout] 
[INFO] [stdout] warning: 1 warning emitted
[INFO] [stdout] 
[INFO] [stdout] 
[INFO] [stderr]     Finished test [unoptimized + debuginfo] target(s) in 0.39s
[INFO] running `Command { std: "docker" "inspect" "1da3ec17e9d3bf455f31964db48c014e5c2469e70d2b23c62a49381a3b2c8a9d", kill_on_drop: false }`
[INFO] running `Command { std: "docker" "rm" "-f" "1da3ec17e9d3bf455f31964db48c014e5c2469e70d2b23c62a49381a3b2c8a9d", kill_on_drop: false }`
[INFO] [stdout] 1da3ec17e9d3bf455f31964db48c014e5c2469e70d2b23c62a49381a3b2c8a9d
[INFO] running `Command { std: "docker" "create" "-v" "/var/lib/crater-agent-workspace/builds/worker-7-tc2/target:/opt/rustwide/target:rw,Z" "-v" "/var/lib/crater-agent-workspace/builds/worker-7-tc2/source:/opt/rustwide/workdir:ro,Z" "-v" "/var/lib/crater-agent-workspace/cargo-home:/opt/rustwide/cargo-home:ro,Z" "-v" "/var/lib/crater-agent-workspace/rustup-home:/opt/rustwide/rustup-home:ro,Z" "-e" "SOURCE_DIR=/opt/rustwide/workdir" "-e" "CARGO_TARGET_DIR=/opt/rustwide/target" "-e" "CARGO_INCREMENTAL=0" "-e" "RUST_BACKTRACE=full" "-e" "RUSTFLAGS=--cap-lints=warn" "-e" "RUSTDOCFLAGS=--cap-lints=warn" "-e" "CARGO_HOME=/opt/rustwide/cargo-home" "-e" "RUSTUP_HOME=/opt/rustwide/rustup-home" "-w" "/opt/rustwide/workdir" "-m" "1610612736" "--user" "0:0" "--network" "none" "ghcr.io/rust-lang/crates-build-env/linux@sha256:2788e3201cd34a07e3172128adcd8b3090168a8e3bcc40d7c032b9dda1df7d1c" "/opt/rustwide/cargo-home/bin/cargo" "+beta-2023-12-22" "test" "--frozen", kill_on_drop: false }`
[INFO] [stdout] ddef3781e209f2084f63fabdd541687ca7677488397a26c81a4fde08e5f55d88
[INFO] running `Command { std: "docker" "start" "-a" "ddef3781e209f2084f63fabdd541687ca7677488397a26c81a4fde08e5f55d88", kill_on_drop: false }`
[INFO] [stderr] warning: missing documentation for a variant
[INFO] [stderr]    --> src/scan.rs:138:5
[INFO] [stderr]     |
[INFO] [stderr] 138 |     Unknown,
[INFO] [stderr]     |     ^^^^^^^
[INFO] [stderr]     |
[INFO] [stderr] note: the lint level is defined here
[INFO] [stderr]    --> src/lib.rs:129:55
[INFO] [stderr]     |
[INFO] [stderr] 129 | #![warn(clippy::all, clippy::pedantic, clippy::cargo, missing_docs)]
[INFO] [stderr]     |                                                       ^^^^^^^^^^^^
[INFO] [stderr] 
[INFO] [stderr] warning: `d3xx` (lib) generated 1 warning
[INFO] [stderr]     Finished test [unoptimized + debuginfo] target(s) in 0.01s
[INFO] [stderr]      Running unittests src/lib.rs (/opt/rustwide/target/debug/deps/d3xx-f30503225cbdd923)
[INFO] [stdout] 
[INFO] [stdout] running 13 tests
[INFO] [stdout] test descriptor::test::class_code ... ok
[INFO] [stdout] test descriptor::test::usb_version ... ok
[INFO] [stdout] test descriptor::test::pipe_info_try_from ... ok
[INFO] [stdout] test error::tests::test_d3xx_error_codes ... ok
[INFO] [stdout] test error::tests::test_try_d3xx_macro ... ok
[INFO] [stdout] test ffi::tests::test_global_lock ... ok
[INFO] [stdout] test pipe::tests::pipe_is_in ... ok
[INFO] [stdout] test scan::tests::device_info_from ... ok
[INFO] [stdout] test scan::tests::device_info_flags ... ok
[INFO] [stdout] test scan::tests::device_type_from ... ok
[INFO] [stdout] test pipe::tests::pipe_is_out ... ok
[INFO] [stdout] test pipe::tests::pipeid_try_from ... ok
[INFO] [stdout] test ffi::tests::test_global_lock_unpoisoning ... ok
[INFO] [stdout] 
[INFO] [stdout] test result: ok. 13 passed; 0 failed; 0 ignored; 0 measured; 0 filtered out; finished in 0.01s
[INFO] [stdout] 
[INFO] [stderr]    Doc-tests d3xx
[INFO] [stdout] 
[INFO] [stdout] running 10 tests
[INFO] [stdout] test src/error.rs - error::try_d3xx (line 159) ... ignored
[INFO] [stdout] test src/device.rs - device::Device::open (line 80) - compile ... ok
[INFO] [stdout] test src/device.rs - device::Device::pipe (line 190) - compile ... ok
[INFO] [stdout] test src/device.rs - device::Device (line 40) - compile ... ok
[INFO] [stdout] test src/device.rs - device::Device::gpio (line 212) - compile ... ok
[INFO] [stdout] test src/pipe.rs - pipe::PipeIo (line 23) - compile ... ok
[INFO] [stdout] test src/lib.rs - (line 106) - compile ... ok
[INFO] [stdout] test src/notification.rs - notification (line 20) - compile ... ok
[INFO] [stdout] test src/scan.rs - scan::list_devices (line 166) - compile ... ok
[INFO] [stdout] test src/error.rs - error::D3xxError (line 33) ... FAILED
[INFO] [stdout] 
[INFO] [stdout] failures:
[INFO] [stdout] 
[INFO] [stdout] ---- src/error.rs - error::D3xxError (line 33) stdout ----
[INFO] [stdout] Test executable failed (exit status: 127).
[INFO] [stdout] 
[INFO] [stdout] stderr:
[INFO] [stdout] /tmp/rustdoctestn1BHa3/rust_out: error while loading shared libraries: libftd3xx.so: cannot open shared object file: No such file or directory
[INFO] [stdout] 
[INFO] [stdout] 
[INFO] [stdout] 
[INFO] [stdout] failures:
[INFO] [stdout]     src/error.rs - error::D3xxError (line 33)
[INFO] [stdout] 
[INFO] [stdout] test result: FAILED. 8 passed; 1 failed; 1 ignored; 0 measured; 0 filtered out; finished in 0.21s
[INFO] [stdout] 
[INFO] [stderr] error: doctest failed, to rerun pass `--doc`
[INFO] running `Command { std: "docker" "inspect" "ddef3781e209f2084f63fabdd541687ca7677488397a26c81a4fde08e5f55d88", kill_on_drop: false }`
[INFO] running `Command { std: "docker" "rm" "-f" "ddef3781e209f2084f63fabdd541687ca7677488397a26c81a4fde08e5f55d88", kill_on_drop: false }`
[INFO] [stdout] ddef3781e209f2084f63fabdd541687ca7677488397a26c81a4fde08e5f55d88
