[INFO] fetching crate cypat_scoring_engine 0.1.2...
[INFO] testing cypat_scoring_engine-0.1.2 against 1.75.0 for beta-1.76-1
[INFO] extracting crate cypat_scoring_engine 0.1.2 into /workspace/builds/worker-6-tc1/source
[INFO] validating manifest of crates.io crate cypat_scoring_engine 0.1.2 on toolchain 1.75.0
[INFO] running `Command { std: CARGO_HOME="/workspace/cargo-home" RUSTUP_HOME="/workspace/rustup-home" "/workspace/cargo-home/bin/cargo" "+1.75.0" "metadata" "--manifest-path" "Cargo.toml" "--no-deps", kill_on_drop: false }`
[INFO] started tweaking crates.io crate cypat_scoring_engine 0.1.2
[INFO] finished tweaking crates.io crate cypat_scoring_engine 0.1.2
[INFO] tweaked toml for crates.io crate cypat_scoring_engine 0.1.2 written to /workspace/builds/worker-6-tc1/source/Cargo.toml
[INFO] running `Command { std: CARGO_HOME="/workspace/cargo-home" RUSTUP_HOME="/workspace/rustup-home" "/workspace/cargo-home/bin/cargo" "+1.75.0" "generate-lockfile" "--manifest-path" "Cargo.toml", kill_on_drop: false }`
[INFO] [stderr]     Updating crates.io index
[INFO] running `Command { std: CARGO_HOME="/workspace/cargo-home" RUSTUP_HOME="/workspace/rustup-home" "/workspace/cargo-home/bin/cargo" "+1.75.0" "fetch" "--manifest-path" "Cargo.toml", kill_on_drop: false }`
[INFO] running `Command { std: "docker" "create" "-v" "/var/lib/crater-agent-workspace/builds/worker-6-tc1/target:/opt/rustwide/target:rw,Z" "-v" "/var/lib/crater-agent-workspace/builds/worker-6-tc1/source:/opt/rustwide/workdir:ro,Z" "-v" "/var/lib/crater-agent-workspace/cargo-home:/opt/rustwide/cargo-home:ro,Z" "-v" "/var/lib/crater-agent-workspace/rustup-home:/opt/rustwide/rustup-home:ro,Z" "-e" "SOURCE_DIR=/opt/rustwide/workdir" "-e" "CARGO_TARGET_DIR=/opt/rustwide/target" "-e" "CARGO_HOME=/opt/rustwide/cargo-home" "-e" "RUSTUP_HOME=/opt/rustwide/rustup-home" "-w" "/opt/rustwide/workdir" "-m" "1610612736" "--user" "0:0" "--network" "none" "ghcr.io/rust-lang/crates-build-env/linux@sha256:2788e3201cd34a07e3172128adcd8b3090168a8e3bcc40d7c032b9dda1df7d1c" "/opt/rustwide/cargo-home/bin/cargo" "+1.75.0" "metadata" "--no-deps" "--format-version=1", kill_on_drop: false }`
[INFO] [stdout] 9d85e56a4049cfe8039cd79438b1671dd47326014801920ab250abe1320dee09
[INFO] running `Command { std: "docker" "start" "-a" "9d85e56a4049cfe8039cd79438b1671dd47326014801920ab250abe1320dee09", kill_on_drop: false }`
[INFO] running `Command { std: "docker" "inspect" "9d85e56a4049cfe8039cd79438b1671dd47326014801920ab250abe1320dee09", kill_on_drop: false }`
[INFO] running `Command { std: "docker" "rm" "-f" "9d85e56a4049cfe8039cd79438b1671dd47326014801920ab250abe1320dee09", kill_on_drop: false }`
[INFO] [stdout] 9d85e56a4049cfe8039cd79438b1671dd47326014801920ab250abe1320dee09
[INFO] running `Command { std: "docker" "create" "-v" "/var/lib/crater-agent-workspace/builds/worker-6-tc1/target:/opt/rustwide/target:rw,Z" "-v" "/var/lib/crater-agent-workspace/builds/worker-6-tc1/source:/opt/rustwide/workdir:ro,Z" "-v" "/var/lib/crater-agent-workspace/cargo-home:/opt/rustwide/cargo-home:ro,Z" "-v" "/var/lib/crater-agent-workspace/rustup-home:/opt/rustwide/rustup-home:ro,Z" "-e" "SOURCE_DIR=/opt/rustwide/workdir" "-e" "CARGO_TARGET_DIR=/opt/rustwide/target" "-e" "CARGO_INCREMENTAL=0" "-e" "RUST_BACKTRACE=full" "-e" "RUSTFLAGS=--cap-lints=warn" "-e" "RUSTDOCFLAGS=--cap-lints=warn" "-e" "CARGO_HOME=/opt/rustwide/cargo-home" "-e" "RUSTUP_HOME=/opt/rustwide/rustup-home" "-w" "/opt/rustwide/workdir" "-m" "1610612736" "--user" "0:0" "--network" "none" "ghcr.io/rust-lang/crates-build-env/linux@sha256:2788e3201cd34a07e3172128adcd8b3090168a8e3bcc40d7c032b9dda1df7d1c" "/opt/rustwide/cargo-home/bin/cargo" "+1.75.0" "build" "--frozen" "--message-format=json", kill_on_drop: false }`
[INFO] [stdout] 4a646d6a0248b5421d9f2f228d102f143e8109c4903e7d035d0e0743b9fbfcb8
[INFO] running `Command { std: "docker" "start" "-a" "4a646d6a0248b5421d9f2f228d102f143e8109c4903e7d035d0e0743b9fbfcb8", kill_on_drop: false }`
[INFO] [stderr]    Compiling semver v1.0.21
[INFO] [stderr]    Compiling lazy_static v1.4.0
[INFO] [stderr]    Compiling rustc_version v0.4.0
[INFO] [stderr]    Compiling cypat_scoring_engine v0.1.2 (/opt/rustwide/workdir)
[INFO] [stdout] warning: unused import: `ExitStatus`
[INFO] [stdout]  --> src/util/filesystem.rs:7:53
[INFO] [stdout]   |
[INFO] [stdout] 7 | use std::{result::Result, process::{Command, Stdio, ExitStatus}};
[INFO] [stdout]   |                                                     ^^^^^^^^^^
[INFO] [stdout]   |
[INFO] [stdout]   = note: `#[warn(unused_imports)]` on by default
[INFO] [stdout] 
[INFO] [stdout] 
[INFO] [stdout] warning: 1 warning emitted
[INFO] [stdout] 
[INFO] [stdout] 
[INFO] [stderr]     Finished dev [optimized + debuginfo] target(s) in 0.98s
[INFO] running `Command { std: "docker" "inspect" "4a646d6a0248b5421d9f2f228d102f143e8109c4903e7d035d0e0743b9fbfcb8", kill_on_drop: false }`
[INFO] running `Command { std: "docker" "rm" "-f" "4a646d6a0248b5421d9f2f228d102f143e8109c4903e7d035d0e0743b9fbfcb8", kill_on_drop: false }`
[INFO] [stdout] 4a646d6a0248b5421d9f2f228d102f143e8109c4903e7d035d0e0743b9fbfcb8
[INFO] running `Command { std: "docker" "create" "-v" "/var/lib/crater-agent-workspace/builds/worker-6-tc1/target:/opt/rustwide/target:rw,Z" "-v" "/var/lib/crater-agent-workspace/builds/worker-6-tc1/source:/opt/rustwide/workdir:ro,Z" "-v" "/var/lib/crater-agent-workspace/cargo-home:/opt/rustwide/cargo-home:ro,Z" "-v" "/var/lib/crater-agent-workspace/rustup-home:/opt/rustwide/rustup-home:ro,Z" "-e" "SOURCE_DIR=/opt/rustwide/workdir" "-e" "CARGO_TARGET_DIR=/opt/rustwide/target" "-e" "CARGO_INCREMENTAL=0" "-e" "RUST_BACKTRACE=full" "-e" "RUSTFLAGS=--cap-lints=warn" "-e" "RUSTDOCFLAGS=--cap-lints=warn" "-e" "CARGO_HOME=/opt/rustwide/cargo-home" "-e" "RUSTUP_HOME=/opt/rustwide/rustup-home" "-w" "/opt/rustwide/workdir" "-m" "1610612736" "--user" "0:0" "--network" "none" "ghcr.io/rust-lang/crates-build-env/linux@sha256:2788e3201cd34a07e3172128adcd8b3090168a8e3bcc40d7c032b9dda1df7d1c" "/opt/rustwide/cargo-home/bin/cargo" "+1.75.0" "test" "--frozen" "--no-run" "--message-format=json", kill_on_drop: false }`
[INFO] [stdout] b0fa192ce47c3ae120f9a177b409adb831cb23d1962423f14ce4c4712684634c
[INFO] running `Command { std: "docker" "start" "-a" "b0fa192ce47c3ae120f9a177b409adb831cb23d1962423f14ce4c4712684634c", kill_on_drop: false }`
[INFO] [stderr]    Compiling cypat_scoring_engine v0.1.2 (/opt/rustwide/workdir)
[INFO] [stdout] warning: unused import: `ExitStatus`
[INFO] [stdout]  --> src/util/filesystem.rs:7:53
[INFO] [stdout]   |
[INFO] [stdout] 7 | use std::{result::Result, process::{Command, Stdio, ExitStatus}};
[INFO] [stdout]   |                                                     ^^^^^^^^^^
[INFO] [stdout]   |
[INFO] [stdout]   = note: `#[warn(unused_imports)]` on by default
[INFO] [stdout] 
[INFO] [stdout] 
[INFO] [stdout] warning: 1 warning emitted
[INFO] [stdout] 
[INFO] [stdout] 
[INFO] [stdout] warning: unused import: `ExitStatus`
[INFO] [stdout]  --> src/util/filesystem.rs:7:53
[INFO] [stdout]   |
[INFO] [stdout] 7 | use std::{result::Result, process::{Command, Stdio, ExitStatus}};
[INFO] [stdout]   |                                                     ^^^^^^^^^^
[INFO] [stdout]   |
[INFO] [stdout]   = note: `#[warn(unused_imports)]` on by default
[INFO] [stdout] 
[INFO] [stdout] 
[INFO] [stdout] warning: 1 warning emitted
[INFO] [stdout] 
[INFO] [stdout] 
[INFO] [stderr]     Finished test [optimized + debuginfo] target(s) in 3.95s
[INFO] running `Command { std: "docker" "inspect" "b0fa192ce47c3ae120f9a177b409adb831cb23d1962423f14ce4c4712684634c", kill_on_drop: false }`
[INFO] running `Command { std: "docker" "rm" "-f" "b0fa192ce47c3ae120f9a177b409adb831cb23d1962423f14ce4c4712684634c", kill_on_drop: false }`
[INFO] [stdout] b0fa192ce47c3ae120f9a177b409adb831cb23d1962423f14ce4c4712684634c
[INFO] running `Command { std: "docker" "create" "-v" "/var/lib/crater-agent-workspace/builds/worker-6-tc1/target:/opt/rustwide/target:rw,Z" "-v" "/var/lib/crater-agent-workspace/builds/worker-6-tc1/source:/opt/rustwide/workdir:ro,Z" "-v" "/var/lib/crater-agent-workspace/cargo-home:/opt/rustwide/cargo-home:ro,Z" "-v" "/var/lib/crater-agent-workspace/rustup-home:/opt/rustwide/rustup-home:ro,Z" "-e" "SOURCE_DIR=/opt/rustwide/workdir" "-e" "CARGO_TARGET_DIR=/opt/rustwide/target" "-e" "CARGO_INCREMENTAL=0" "-e" "RUST_BACKTRACE=full" "-e" "RUSTFLAGS=--cap-lints=warn" "-e" "RUSTDOCFLAGS=--cap-lints=warn" "-e" "CARGO_HOME=/opt/rustwide/cargo-home" "-e" "RUSTUP_HOME=/opt/rustwide/rustup-home" "-w" "/opt/rustwide/workdir" "-m" "1610612736" "--user" "0:0" "--network" "none" "ghcr.io/rust-lang/crates-build-env/linux@sha256:2788e3201cd34a07e3172128adcd8b3090168a8e3bcc40d7c032b9dda1df7d1c" "/opt/rustwide/cargo-home/bin/cargo" "+1.75.0" "test" "--frozen", kill_on_drop: false }`
[INFO] [stdout] 9c76b17c71c954092a89b8da3a3493d7fe3c803f00b2ef53d7c2e25e12a13717
[INFO] running `Command { std: "docker" "start" "-a" "9c76b17c71c954092a89b8da3a3493d7fe3c803f00b2ef53d7c2e25e12a13717", kill_on_drop: false }`
[INFO] [stderr] warning: unused import: `ExitStatus`
[INFO] [stderr]  --> src/util/filesystem.rs:7:53
[INFO] [stderr]   |
[INFO] [stderr] 7 | use std::{result::Result, process::{Command, Stdio, ExitStatus}};
[INFO] [stderr]   |                                                     ^^^^^^^^^^
[INFO] [stderr]   |
[INFO] [stderr]   = note: `#[warn(unused_imports)]` on by default
[INFO] [stderr] 
[INFO] [stderr] warning: `cypat_scoring_engine` (lib) generated 1 warning (run `cargo fix --lib -p cypat_scoring_engine` to apply 1 suggestion)
[INFO] [stderr] warning: `cypat_scoring_engine` (lib test) generated 1 warning (1 duplicate)
[INFO] [stderr]     Finished test [optimized + debuginfo] target(s) in 0.01s
[INFO] [stderr]      Running unittests src/lib.rs (/opt/rustwide/target/debug/deps/cypat-11ed523655a30e3d)
[INFO] [stdout] 
[INFO] [stdout] running 0 tests
[INFO] [stdout] 
[INFO] [stdout] test result: ok. 0 passed; 0 failed; 0 ignored; 0 measured; 0 filtered out; finished in 0.00s
[INFO] [stdout] 
[INFO] [stderr]    Doc-tests cypat
[INFO] [stdout] 
[INFO] [stdout] running 1 test
[INFO] [stdout] test src/lib.rs - (line 18) ... FAILED
[INFO] [stdout] 
[INFO] [stdout] failures:
[INFO] [stdout] 
[INFO] [stdout] ---- src/lib.rs - (line 18) stdout ----
[INFO] [stdout] error[E0573]: expected type, found macro `file`
[INFO] [stdout]  --> src/lib.rs:24:32
[INFO] [stdout]   |
[INFO] [stdout] 8 |     let func = |x: Option<&mut file> | -> bool {
[INFO] [stdout]   |                                ^^^^
[INFO] [stdout]   |                                |
[INFO] [stdout]   |                                not a type
[INFO] [stdout]   |                                help: a struct with a similar name exists (notice the capitalization): `File`
[INFO] [stdout]  --> /rustc/82e1608dfa6e0b5569232559e3d385fea5a93112/library/std/src/fs.rs:100:1
[INFO] [stdout]   |
[INFO] [stdout]   = note: similarly named struct `File` defined here
[INFO] [stdout] 
[INFO] [stdout] error[E0425]: cannot find function `add_score_entry` in this scope
[INFO] [stdout]   --> src/lib.rs:31:21
[INFO] [stdout]    |
[INFO] [stdout] 15 |                     add_score_entry(0, 50, "Wrote Hello World.".to_string());
[INFO] [stdout]    |                     ^^^^^^^^^^^^^^^ not found in this scope
[INFO] [stdout]    |
[INFO] [stdout] help: consider importing one of these items
[INFO] [stdout]    |
[INFO] [stdout] 4  + use crate::scorer::add_score_entry;
[INFO] [stdout]    |
[INFO] [stdout] 4  + use cypat::scorer::add_score_entry;
[INFO] [stdout]    |
[INFO] [stdout] 
[INFO] [stdout] error[E0425]: cannot find function `set_update_freq` in this scope
[INFO] [stdout]   --> src/lib.rs:41:5
[INFO] [stdout]    |
[INFO] [stdout] 25 |     set_update_freq(1);
[INFO] [stdout]    |     ^^^^^^^^^^^^^^^ not found in this scope
[INFO] [stdout]    |
[INFO] [stdout] help: consider importing one of these items
[INFO] [stdout]    |
[INFO] [stdout] 4  + use crate::settings::set_update_freq;
[INFO] [stdout]    |
[INFO] [stdout] 4  + use cypat::settings::set_update_freq;
[INFO] [stdout]    |
[INFO] [stdout] 
[INFO] [stdout] error[E0425]: cannot find function `set_completed_update_freq` in this scope
[INFO] [stdout]   --> src/lib.rs:42:5
[INFO] [stdout]    |
[INFO] [stdout] 26 |     set_completed_update_freq(1);
[INFO] [stdout]    |     ^^^^^^^^^^^^^^^^^^^^^^^^^ not found in this scope
[INFO] [stdout]    |
[INFO] [stdout] help: consider importing one of these items
[INFO] [stdout]    |
[INFO] [stdout] 4  + use crate::settings::set_completed_update_freq;
[INFO] [stdout]    |
[INFO] [stdout] 4  + use cypat::settings::set_completed_update_freq;
[INFO] [stdout]    |
[INFO] [stdout] 
[INFO] [stdout] error[E0425]: cannot find function `add_file_vuln` in this scope
[INFO] [stdout]   --> src/lib.rs:43:5
[INFO] [stdout]    |
[INFO] [stdout] 27 |     add_file_vuln("example.txt", func);
[INFO] [stdout]    |     ^^^^^^^^^^^^^ not found in this scope
[INFO] [stdout]    |
[INFO] [stdout] help: consider importing one of these items
[INFO] [stdout]    |
[INFO] [stdout] 4  + use crate::engine::add_file_vuln;
[INFO] [stdout]    |
[INFO] [stdout] 4  + use cypat::engine::add_file_vuln;
[INFO] [stdout]    |
[INFO] [stdout] 
[INFO] [stdout] error[E0425]: cannot find function `enter_engine` in this scope
[INFO] [stdout]   --> src/lib.rs:45:5
[INFO] [stdout]    |
[INFO] [stdout] 29 |     enter_engine();
[INFO] [stdout]    |     ^^^^^^^^^^^^ not found in this scope
[INFO] [stdout]    |
[INFO] [stdout] help: consider importing one of these items
[INFO] [stdout]    |
[INFO] [stdout] 4  + use crate::engine::enter_engine;
[INFO] [stdout]    |
[INFO] [stdout] 4  + use cypat::engine::enter_engine;
[INFO] [stdout]    |
[INFO] [stdout] 
[INFO] [stdout] error: aborting due to 6 previous errors
[INFO] [stdout] 
[INFO] [stdout] Some errors have detailed explanations: E0425, E0573.
[INFO] [stdout] For more information about an error, try `rustc --explain E0425`.
[INFO] [stdout] Couldn't compile the test.
[INFO] [stdout] 
[INFO] [stdout] failures:
[INFO] [stdout]     src/lib.rs - (line 18)
[INFO] [stdout] 
[INFO] [stdout] test result: FAILED. 0 passed; 1 failed; 0 ignored; 0 measured; 0 filtered out; finished in 0.05s
[INFO] [stdout] 
[INFO] [stderr] error: doctest failed, to rerun pass `--doc`
[INFO] running `Command { std: "docker" "inspect" "9c76b17c71c954092a89b8da3a3493d7fe3c803f00b2ef53d7c2e25e12a13717", kill_on_drop: false }`
[INFO] running `Command { std: "docker" "rm" "-f" "9c76b17c71c954092a89b8da3a3493d7fe3c803f00b2ef53d7c2e25e12a13717", kill_on_drop: false }`
[INFO] [stdout] 9c76b17c71c954092a89b8da3a3493d7fe3c803f00b2ef53d7c2e25e12a13717
