[INFO] fetching crate cyfs-util 0.6.8...
[INFO] testing cyfs-util-0.6.8 against 1.75.0 for beta-1.76-1
[INFO] extracting crate cyfs-util 0.6.8 into /workspace/builds/worker-1-tc1/source
[INFO] validating manifest of crates.io crate cyfs-util 0.6.8 on toolchain 1.75.0
[INFO] running `Command { std: CARGO_HOME="/workspace/cargo-home" RUSTUP_HOME="/workspace/rustup-home" "/workspace/cargo-home/bin/cargo" "+1.75.0" "metadata" "--manifest-path" "Cargo.toml" "--no-deps", kill_on_drop: false }`
[INFO] started tweaking crates.io crate cyfs-util 0.6.8
[INFO] finished tweaking crates.io crate cyfs-util 0.6.8
[INFO] tweaked toml for crates.io crate cyfs-util 0.6.8 written to /workspace/builds/worker-1-tc1/source/Cargo.toml
[INFO] running `Command { std: CARGO_HOME="/workspace/cargo-home" RUSTUP_HOME="/workspace/rustup-home" "/workspace/cargo-home/bin/cargo" "+1.75.0" "generate-lockfile" "--manifest-path" "Cargo.toml", kill_on_drop: false }`
[INFO] [stderr]     Updating crates.io index
[INFO] running `Command { std: CARGO_HOME="/workspace/cargo-home" RUSTUP_HOME="/workspace/rustup-home" "/workspace/cargo-home/bin/cargo" "+1.75.0" "fetch" "--manifest-path" "Cargo.toml", kill_on_drop: false }`
[INFO] [stderr]  Downloading crates ...
[INFO] [stderr]   Downloaded int-enum v0.4.0
[INFO] [stderr]   Downloaded tide v0.16.0
[INFO] [stderr]   Downloaded intbits v0.2.0
[INFO] [stderr]   Downloaded int-enum-impl v0.4.0
[INFO] [stderr]   Downloaded sval_ref v2.11.0
[INFO] [stderr]   Downloaded route-recognizer v0.2.0
[INFO] [stderr]   Downloaded value-bag-sval2 v1.4.3
[INFO] [stderr]   Downloaded protoc v2.28.0
[INFO] [stderr]   Downloaded sval_nested v2.11.0
[INFO] [stderr]   Downloaded sval_buffer v2.11.0
[INFO] [stderr]   Downloaded rsa-export v0.1.2
[INFO] [stderr]   Downloaded sval v2.11.0
[INFO] [stderr]   Downloaded http-client v6.5.3
[INFO] [stderr]   Downloaded cyfs-async-h1 v2.3.3
[INFO] [stderr]   Downloaded flexi_logger v0.19.5
[INFO] [stderr]   Downloaded rusqlite v0.27.0
[INFO] [stderr]   Downloaded num-bigint-dig v0.6.1
[INFO] [stderr]   Downloaded femme v2.2.1
[INFO] [stderr]   Downloaded protoc-bin-vendored-win32 v3.0.0
[INFO] [stderr]   Downloaded protoc-bin-vendored-linux-aarch_64 v3.0.0
[INFO] [stderr]   Downloaded protoc-bin-vendored-macos-x86_64 v3.0.0
[INFO] [stderr]   Downloaded protoc-bin-vendored-linux-ppcle_64 v3.0.0
[INFO] [stderr]   Downloaded protoc-bin-vendored-linux-x86_64 v3.0.0
[INFO] [stderr]   Downloaded libsecp256k1 v0.3.5
[INFO] [stderr]   Downloaded protoc-bin-vendored-linux-x86_32 v3.0.0
[INFO] [stderr]   Downloaded cyfs-base v0.6.12
[INFO] [stderr]   Downloaded sysinfo v0.27.8
[INFO] [stderr]   Downloaded blake3 v0.3.8
[INFO] [stderr]   Downloaded protobuf-codegen v2.28.0
[INFO] [stderr]   Downloaded sval_serde v2.11.0
[INFO] [stderr]   Downloaded pem v0.8.3
[INFO] [stderr]   Downloaded rsa v0.3.0
[INFO] [stderr]   Downloaded log-panics v2.1.0
[INFO] [stderr]   Downloaded lru_time_cache v0.11.11
[INFO] [stderr]   Downloaded async-dup v1.2.4
[INFO] [stderr]   Downloaded async-sse v4.1.0
[INFO] [stderr]   Downloaded erased-serde v0.4.2
[INFO] [stderr]   Downloaded sval_json v2.11.0
[INFO] [stderr]   Downloaded cyfs-base-derive v0.5.0
[INFO] [stderr]   Downloaded hmac-drbg v0.2.0
[INFO] [stderr]   Downloaded hashlink v0.7.0
[INFO] [stderr]   Downloaded async-h1 v2.3.4
[INFO] [stderr]   Downloaded simple_logger v2.3.0
[INFO] [stderr]   Downloaded async-session v2.0.1
[INFO] [stderr]   Downloaded fallible-streaming-iterator v0.1.9
[INFO] [stderr]   Downloaded serde_fmt v1.0.3
[INFO] [stderr]   Downloaded protoc-rust v2.28.0
[INFO] [stderr]   Downloaded sval_fmt v2.11.0
[INFO] [stderr]   Downloaded hkdf v0.8.0
[INFO] [stderr]   Downloaded cyfs-ecies v0.1.4
[INFO] [stderr]   Downloaded simple_asn1 v0.4.1
[INFO] [stderr]   Downloaded cyfs-sha2 v0.8.4
[INFO] [stderr]   Downloaded base58 v0.2.0
[INFO] [stderr]   Downloaded protoc-bin-vendored v3.0.0
[INFO] [stderr]   Downloaded value-bag-serde1 v1.4.3
[INFO] [stderr]   Downloaded c_linked_list v1.1.1
[INFO] [stderr]   Downloaded primitive-types v0.9.1
[INFO] [stderr]   Downloaded named-lock v0.3.0
[INFO] [stderr]   Downloaded sval_dynamic v2.11.0
[INFO] running `Command { std: "docker" "create" "-v" "/var/lib/crater-agent-workspace/builds/worker-1-tc1/target:/opt/rustwide/target:rw,Z" "-v" "/var/lib/crater-agent-workspace/builds/worker-1-tc1/source:/opt/rustwide/workdir:ro,Z" "-v" "/var/lib/crater-agent-workspace/cargo-home:/opt/rustwide/cargo-home:ro,Z" "-v" "/var/lib/crater-agent-workspace/rustup-home:/opt/rustwide/rustup-home:ro,Z" "-e" "SOURCE_DIR=/opt/rustwide/workdir" "-e" "CARGO_TARGET_DIR=/opt/rustwide/target" "-e" "CARGO_HOME=/opt/rustwide/cargo-home" "-e" "RUSTUP_HOME=/opt/rustwide/rustup-home" "-w" "/opt/rustwide/workdir" "-m" "1610612736" "--user" "0:0" "--network" "none" "ghcr.io/rust-lang/crates-build-env/linux@sha256:2788e3201cd34a07e3172128adcd8b3090168a8e3bcc40d7c032b9dda1df7d1c" "/opt/rustwide/cargo-home/bin/cargo" "+1.75.0" "metadata" "--no-deps" "--format-version=1", kill_on_drop: false }`
[INFO] [stdout] a45f715621a7c8852c7edcb8629a0b25f503e533ba76ff1b81b0a9745a1d3b41
[INFO] running `Command { std: "docker" "start" "-a" "a45f715621a7c8852c7edcb8629a0b25f503e533ba76ff1b81b0a9745a1d3b41", kill_on_drop: false }`
[INFO] running `Command { std: "docker" "inspect" "a45f715621a7c8852c7edcb8629a0b25f503e533ba76ff1b81b0a9745a1d3b41", kill_on_drop: false }`
[INFO] running `Command { std: "docker" "rm" "-f" "a45f715621a7c8852c7edcb8629a0b25f503e533ba76ff1b81b0a9745a1d3b41", kill_on_drop: false }`
[INFO] [stdout] a45f715621a7c8852c7edcb8629a0b25f503e533ba76ff1b81b0a9745a1d3b41
[INFO] running `Command { std: "docker" "create" "-v" "/var/lib/crater-agent-workspace/builds/worker-1-tc1/target:/opt/rustwide/target:rw,Z" "-v" "/var/lib/crater-agent-workspace/builds/worker-1-tc1/source:/opt/rustwide/workdir:ro,Z" "-v" "/var/lib/crater-agent-workspace/cargo-home:/opt/rustwide/cargo-home:ro,Z" "-v" "/var/lib/crater-agent-workspace/rustup-home:/opt/rustwide/rustup-home:ro,Z" "-e" "SOURCE_DIR=/opt/rustwide/workdir" "-e" "CARGO_TARGET_DIR=/opt/rustwide/target" "-e" "CARGO_INCREMENTAL=0" "-e" "RUST_BACKTRACE=full" "-e" "RUSTFLAGS=--cap-lints=warn" "-e" "RUSTDOCFLAGS=--cap-lints=warn" "-e" "CARGO_HOME=/opt/rustwide/cargo-home" "-e" "RUSTUP_HOME=/opt/rustwide/rustup-home" "-w" "/opt/rustwide/workdir" "-m" "1610612736" "--user" "0:0" "--network" "none" "ghcr.io/rust-lang/crates-build-env/linux@sha256:2788e3201cd34a07e3172128adcd8b3090168a8e3bcc40d7c032b9dda1df7d1c" "/opt/rustwide/cargo-home/bin/cargo" "+1.75.0" "build" "--frozen" "--message-format=json", kill_on_drop: false }`
[INFO] [stdout] e7f8c73c79835e2f9bc17f317d60a1e88e87924828f73dae4422ec64d910175f
[INFO] running `Command { std: "docker" "start" "-a" "e7f8c73c79835e2f9bc17f317d60a1e88e87924828f73dae4422ec64d910175f", kill_on_drop: false }`
[INFO] [stderr]    Compiling unicode-ident v1.0.12
[INFO] [stderr]    Compiling typenum v1.17.0
[INFO] [stderr]    Compiling libc v0.2.151
[INFO] [stderr]    Compiling serde v1.0.194
[INFO] [stderr]    Compiling proc-macro2 v1.0.75
[INFO] [stderr]    Compiling generic-array v0.14.7
[INFO] [stderr]    Compiling subtle v2.4.1
[INFO] [stderr]    Compiling pin-project-lite v0.2.13
[INFO] [stderr]    Compiling once_cell v1.19.0
[INFO] [stderr]    Compiling syn v1.0.109
[INFO] [stderr]    Compiling futures-core v0.3.30
[INFO] [stderr]    Compiling parking v2.2.0
[INFO] [stderr]    Compiling concurrent-queue v2.4.0
[INFO] [stderr]    Compiling futures-io v0.3.30
[INFO] [stderr]    Compiling linux-raw-sys v0.4.12
[INFO] [stderr]    Compiling slab v0.4.9
[INFO] [stderr]    Compiling event-listener v4.0.2
[INFO] [stderr]    Compiling cpufeatures v0.2.12
[INFO] [stderr]    Compiling tracing-core v0.1.32
[INFO] [stderr]    Compiling futures-lite v2.1.0
[INFO] [stderr]    Compiling quote v1.0.35
[INFO] [stderr]    Compiling syn v2.0.48
[INFO] [stderr]    Compiling event-listener-strategy v0.4.0
[INFO] [stderr]    Compiling async-lock v3.2.0
[INFO] [stderr]    Compiling jobserver v0.1.27
[INFO] [stderr]    Compiling tracing v0.1.40
[INFO] [stderr]    Compiling io-lifetimes v1.0.11
[INFO] [stderr]    Compiling cc v1.0.83
[INFO] [stderr]    Compiling polling v2.8.0
[INFO] [stderr]    Compiling thiserror v1.0.56
[INFO] [stderr]    Compiling rustix v0.37.27
[INFO] [stderr]    Compiling getrandom v0.2.11
[INFO] [stderr]    Compiling linux-raw-sys v0.3.8
[INFO] [stderr]    Compiling event-listener v2.5.3
[INFO] [stderr]    Compiling standback v0.2.17
[INFO] [stderr]    Compiling async-io v1.13.0
[INFO] [stderr]    Compiling proc-macro-hack v0.5.20+deprecated
[INFO] [stderr]    Compiling rustix v0.38.28
[INFO] [stderr]    Compiling waker-fn v1.1.1
[INFO] [stderr]    Compiling digest v0.9.0
[INFO] [stderr]    Compiling block-buffer v0.9.0
[INFO] [stderr]    Compiling fastrand v1.9.0
[INFO] [stderr]    Compiling sha2 v0.9.9
[INFO] [stderr]    Compiling async-lock v2.8.0
[INFO] [stderr]    Compiling futures-lite v1.13.0
[INFO] [stderr]    Compiling atomic-waker v1.1.2
[INFO] [stderr]    Compiling async-task v4.7.0
[INFO] [stderr]    Compiling piper v0.2.1
[INFO] [stderr]    Compiling cipher v0.2.5
[INFO] [stderr]    Compiling async-channel v2.1.1
[INFO] [stderr]    Compiling const_fn v0.4.9
[INFO] [stderr]    Compiling pin-utils v0.1.0
[INFO] [stderr]    Compiling async-executor v1.8.0
[INFO] [stderr]    Compiling universal-hash v0.4.1
[INFO] [stderr]    Compiling blocking v1.5.1
[INFO] [stderr]    Compiling getrandom v0.1.16
[INFO] [stderr]    Compiling event-listener v3.1.0
[INFO] [stderr]    Compiling time v0.2.27
[INFO] [stderr]    Compiling tinyvec_macros v0.1.1
[INFO] [stderr]    Compiling subtle v1.0.0
[INFO] [stderr]    Compiling value-bag v1.4.3
[INFO] [stderr]    Compiling cpuid-bool v0.2.0
[INFO] [stderr]    Compiling polyval v0.4.5
[INFO] [stderr]    Compiling tinyvec v1.6.0
[INFO] [stderr]    Compiling rand_core v0.5.1
[INFO] [stderr]    Compiling log v0.4.20
[INFO] [stderr]    Compiling aes-soft v0.6.4
[INFO] [stderr]    Compiling crypto-mac v0.10.1
[INFO] [stderr]    Compiling form_urlencoded v1.2.1
[INFO] [stderr]    Compiling rand_core v0.6.4
[INFO] [stderr]    Compiling smallvec v1.11.2
[INFO] [stderr]    Compiling spin v0.5.2
[INFO] [stderr]    Compiling lazy_static v1.4.0
[INFO] [stderr]    Compiling aes v0.6.0
[INFO] [stderr]    Compiling hmac v0.10.1
[INFO] [stderr]    Compiling rand_chacha v0.2.2
[INFO] [stderr]    Compiling ghash v0.3.1
[INFO] [stderr]    Compiling num-integer v0.1.45
[INFO] [stderr]    Compiling ctr v0.6.0
[INFO] [stderr]    Compiling aead v0.3.2
[INFO] [stderr]    Compiling unicode-normalization v0.1.22
[INFO] [stderr]    Compiling crypto-common v0.1.6
[INFO] [stderr]    Compiling async-channel v1.9.0
[INFO] [stderr]    Compiling cookie v0.14.4
[INFO] [stderr]    Compiling anyhow v1.0.79
[INFO] [stderr]    Compiling unicode-bidi v0.3.14
[INFO] [stderr]    Compiling hashbrown v0.14.3
[INFO] [stderr]    Compiling equivalent v1.0.1
[INFO] [stderr]    Compiling idna v0.5.0
[INFO] [stderr]    Compiling aes-gcm v0.8.0
[INFO] [stderr]    Compiling indexmap v2.1.0
[INFO] [stderr]    Compiling rand v0.7.3
[INFO] [stderr]    Compiling hkdf v0.10.0
[INFO] [stderr]    Compiling zstd-sys v2.0.9+zstd.1.5.5
[INFO] [stderr]    Compiling ahash v0.7.7
[INFO] [stderr]    Compiling radium v0.6.2
[INFO] [stderr]    Compiling toml_datetime v0.6.5
[INFO] [stderr]    Compiling winnow v0.5.32
[INFO] [stderr]    Compiling crunchy v0.2.2
[INFO] [stderr]    Compiling block-buffer v0.10.4
[INFO] [stderr]    Compiling num-iter v0.1.43
[INFO] [stderr]    Compiling libm v0.2.8
[INFO] [stderr]    Compiling vcpkg v0.2.15
[INFO] [stderr]    Compiling serde_derive v1.0.194
[INFO] [stderr]    Compiling thiserror-impl v1.0.56
[INFO] [stderr]    Compiling http-types v2.12.0
[INFO] [stderr]    Compiling time-macros-impl v0.1.2
[INFO] [stderr]    Compiling async-attributes v1.1.2
[INFO] [stderr]    Compiling zeroize_derive v1.4.2
[INFO] [stderr]    Compiling polling v3.3.1
[INFO] [stderr]    Compiling toml_edit v0.19.15
[INFO] [stderr]    Compiling async-io v2.2.2
[INFO] [stderr]    Compiling time-macros v0.1.1
[INFO] [stderr]    Compiling num-bigint-dig v0.6.1
[INFO] [stderr]    Compiling num-bigint v0.2.6
[INFO] [stderr]    Compiling digest v0.10.7
[INFO] [stderr]    Compiling rand_chacha v0.3.1
[INFO] [stderr]    Compiling bzip2-sys v0.1.11+1.0.8
[INFO] [stderr]    Compiling socket2 v0.4.10
[INFO] [stderr]    Compiling signal-hook-registry v1.4.1
[INFO] [stderr]    Compiling arrayref v0.3.7
[INFO] [stderr]    Compiling powerfmt v0.2.0
[INFO] [stderr]    Compiling funty v1.1.0
[INFO] [stderr]    Compiling infer v0.2.3
[INFO] [stderr]    Compiling tap v1.0.1
[INFO] [stderr]    Compiling zstd-safe v5.0.2+zstd.1.5.2
[INFO] [stderr]    Compiling time-core v0.1.2
[INFO] [stderr]    Compiling proc-macro-crate v1.3.1
[INFO] [stderr]    Compiling wyz v0.2.0
[INFO] [stderr]    Compiling time-macros v0.2.16
[INFO] [stderr]    Compiling deranged v0.3.11
[INFO] [stderr]    Compiling async-signal v0.2.5
[INFO] [stderr]    Compiling bitvec v0.20.4
[INFO] [stderr]    Compiling rand v0.8.5
[INFO] [stderr]    Compiling zeroize v1.7.0
[INFO] [stderr]    Compiling parity-scale-codec-derive v2.3.1
[INFO] [stderr]    Compiling impl-trait-for-tuples v0.2.2
[INFO] [stderr]    Compiling byte-slice-cast v1.2.2
[INFO] [stderr]    Compiling either v1.9.0
[INFO] [stderr]    Compiling arrayvec v0.7.4
[INFO] [stderr]    Compiling protobuf v2.28.0
[INFO] [stderr]    Compiling base64ct v1.6.0
[INFO] [stderr]    Compiling num_threads v0.1.6
[INFO] [stderr]    Compiling async-global-executor v2.4.1
[INFO] [stderr]    Compiling chrono v0.4.31
[INFO] [stderr]    Compiling hex v0.4.3
[INFO] [stderr]    Compiling static_assertions v1.1.0
[INFO] [stderr]    Compiling cfg-if v0.1.10
[INFO] [stderr]    Compiling bytes v1.5.0
[INFO] [stderr]    Compiling async-trait v0.1.77
[INFO] [stderr]    Compiling constant_time_eq v0.1.5
[INFO] [stderr]    Compiling home v0.5.9
[INFO] [stderr]    Compiling which v4.4.2
[INFO] [stderr]    Compiling sha2 v0.10.8
[INFO] [stderr]    Compiling hmac v0.12.1
[INFO] [stderr]    Compiling pem v0.8.3
[INFO] [stderr]    Compiling inout v0.1.3
[INFO] [stderr]    Compiling rustc-hex v2.1.0
[INFO] [stderr]    Compiling cipher v0.4.4
[INFO] [stderr]    Compiling serde_fmt v1.0.3
[INFO] [stderr]    Compiling erased-serde v0.4.2
[INFO] [stderr]    Compiling generic-array v0.12.4
[INFO] [stderr]    Compiling digest v0.8.1
[INFO] [stderr]    Compiling serde_json v1.0.111
[INFO] [stderr]    Compiling crypto-mac v0.7.0
[INFO] [stderr]    Compiling hmac v0.7.1
[INFO] [stderr]    Compiling toml v0.5.11
[INFO] [stderr]    Compiling value-bag-serde1 v1.4.3
[INFO] [stderr]    Compiling serde_qs v0.8.5
[INFO] [stderr]    Compiling kv-log-macro v1.0.7
[INFO] [stderr]    Compiling serde_urlencoded v0.7.1
[INFO] [stderr]    Compiling url v2.5.0
[INFO] [stderr]    Compiling protobuf-codegen v2.28.0
[INFO] [stderr]    Compiling protoc v2.28.0
[INFO] [stderr]    Compiling async-process v1.8.1
[INFO] [stderr]    Compiling async-std v1.12.0
[INFO] [stderr]    Compiling tempfile v3.9.0
[INFO] [stderr]    Compiling protoc-bin-vendored-linux-x86_32 v3.0.0
[INFO] [stderr]    Compiling protoc-bin-vendored-linux-ppcle_64 v3.0.0
[INFO] [stderr]    Compiling protoc-bin-vendored-linux-x86_64 v3.0.0
[INFO] [stderr]    Compiling protoc-bin-vendored-macos-x86_64 v3.0.0
[INFO] [stderr]    Compiling protoc-bin-vendored-linux-aarch_64 v3.0.0
[INFO] [stderr]    Compiling protoc-bin-vendored-win32 v3.0.0
[INFO] [stderr]    Compiling protoc-bin-vendored v3.0.0
[INFO] [stderr]    Compiling protoc-rust v2.28.0
[INFO] [stderr]    Compiling flate2 v1.0.28
[INFO] [stderr]    Compiling proc-macro-crate v0.1.5
[INFO] [stderr]    Compiling block-buffer v0.7.3
[INFO] [stderr]    Compiling aes v0.8.3
[INFO] [stderr]    Compiling uint v0.9.5
[INFO] [stderr]    Compiling sha1 v0.10.6
[INFO] [stderr]    Compiling libsqlite3-sys v0.24.2
[INFO] [stderr]    Compiling colored v2.1.0
[INFO] [stderr]    Compiling cipher v0.3.0
[INFO] [stderr]    Compiling fallible-streaming-iterator v0.1.9
[INFO] [stderr]    Compiling fallible-iterator v0.2.0
[INFO] [stderr]    Compiling hashbrown v0.11.2
[INFO] [stderr]    Compiling int-enum-impl v0.4.0
[INFO] [stderr]    Compiling sha2 v0.8.2
[INFO] [stderr]    Compiling parity-scale-codec v2.3.1
[INFO] [stderr]    Compiling hmac-drbg v0.2.0
[INFO] [stderr]    Compiling simple_asn1 v0.4.1
[INFO] [stderr]    Compiling password-hash v0.4.2
[INFO] [stderr]    Compiling time v0.3.31
[INFO] [stderr]    Compiling futures-sink v0.3.30
[INFO] [stderr]    Compiling httparse v1.8.0
[INFO] [stderr]    Compiling block-modes v0.8.1
[INFO] [stderr]    Compiling futures-channel v0.3.30
[INFO] [stderr]    Compiling rsa v0.3.0
[INFO] [stderr]    Compiling pbkdf2 v0.11.0
[INFO] [stderr]    Compiling impl-codec v0.5.1
[INFO] [stderr]    Compiling int-enum v0.4.0
[INFO] [stderr]    Compiling libsecp256k1 v0.3.5
[INFO] [stderr]    Compiling hashlink v0.7.0
[INFO] [stderr]    Compiling aes v0.7.5
[INFO] [stderr]    Compiling hkdf v0.8.0
[INFO] [stderr]    Compiling fixed-hash v0.7.0
[INFO] [stderr]    Compiling cyfs-base-derive v0.5.0
[INFO] [stderr]    Compiling async-recursion v1.0.5
[INFO] [stderr]    Compiling pin-project-internal v1.1.3
[INFO] [stderr]    Compiling futures-macro v0.3.30
[INFO] [stderr]    Compiling blake3 v0.3.8
[INFO] [stderr]    Compiling cyfs-base v0.6.12
[INFO] [stderr]    Compiling crypto-mac v0.8.0
[INFO] [stderr]    Compiling base-x v0.2.11
[INFO] [stderr]    Compiling intbits v0.2.0
[INFO] [stderr]    Compiling lru_time_cache v0.11.11
[INFO] [stderr]    Compiling parking_lot_core v0.9.9
[INFO] [stderr]    Compiling base58 v0.2.0
[INFO] [stderr]    Compiling futures-task v0.3.30
[INFO] [stderr]    Compiling rusqlite v0.27.0
[INFO] [stderr]    Compiling futures-util v0.3.30
[INFO] [stderr]    Compiling pin-project v1.1.3
[INFO] [stderr]    Compiling primitive-types v0.9.1
[INFO] [stderr]    Compiling rsa-export v0.1.2
[INFO] [stderr]    Compiling simple_logger v2.3.0
[INFO] [stderr]    Compiling cyfs-ecies v0.1.4
[INFO] [stderr]    Compiling itertools v0.10.5
[INFO] [stderr]    Compiling backtrace v0.3.69
[INFO] [stderr]    Compiling async-dup v1.2.4
[INFO] [stderr]    Compiling memoffset v0.6.5
[INFO] [stderr]    Compiling gimli v0.28.1
[INFO] [stderr]    Compiling arrayvec v0.5.2
[INFO] [stderr]    Compiling rustversion v1.0.14
[INFO] [stderr]    Compiling hmac v0.8.1
[INFO] [stderr]    Compiling bincode v1.3.3
[INFO] [stderr]    Compiling object v0.32.2
[INFO] [stderr]    Compiling pin-project-lite v0.1.12
[INFO] [stderr]    Compiling base64 v0.12.3
[INFO] [stderr]    Compiling ansi_term v0.12.1
[INFO] [stderr]    Compiling rustc-demangle v0.1.23
[INFO] [stderr]    Compiling async-sse v4.1.0
[INFO] [stderr]    Compiling parking_lot v0.12.1
[INFO] [stderr]    Compiling futures-executor v0.3.30
[INFO] [stderr]    Compiling addr2line v0.21.0
[INFO] [stderr]    Compiling async-h1 v2.3.4
[INFO] [stderr]    Compiling http-client v6.5.3
[INFO] [stderr]    Compiling femme v2.2.1
[INFO] [stderr]    Compiling dirs-sys v0.3.7
[INFO] [stderr]    Compiling strsim v0.8.0
[INFO] [stderr]    Compiling glob v0.3.1
[INFO] [stderr]    Compiling vec_map v0.8.2
[INFO] [stderr]    Compiling route-recognizer v0.2.0
[INFO] [stderr]    Compiling clap v2.34.0
[INFO] [stderr]    Compiling flexi_logger v0.19.5
[INFO] [stderr]    Compiling dirs v4.0.0
[INFO] [stderr]    Compiling futures v0.3.30
[INFO] [stderr]    Compiling nix v0.24.3
[INFO] [stderr]    Compiling sysinfo v0.27.8
[INFO] [stderr]    Compiling named-lock v0.3.0
[INFO] [stderr]    Compiling log-panics v2.1.0
[INFO] [stderr]    Compiling cyfs-async-h1 v2.3.3
[INFO] [stderr]    Compiling cyfs-sha2 v0.8.4
[INFO] [stderr]    Compiling thread_local v1.1.7
[INFO] [stderr]    Compiling fs2 v0.4.3
[INFO] [stderr]    Compiling c_linked_list v1.1.1
[INFO] [stderr]    Compiling async-session v2.0.1
[INFO] [stderr]    Compiling tide v0.16.0
[INFO] [stderr]    Compiling bzip2 v0.4.4
[INFO] [stderr]    Compiling zstd v0.11.2+zstd.1.5.2
[INFO] [stderr]    Compiling zip v0.6.6
[INFO] [stderr]    Compiling cyfs-util v0.6.8 (/opt/rustwide/workdir)
[INFO] [stdout] warning: variant `Released` is never constructed
[INFO] [stdout]   --> src/process/pid_lock.rs:28:5
[INFO] [stdout]    |
[INFO] [stdout] 25 | enum PidlockState {
[INFO] [stdout]    |      ------------ variant in this enum
[INFO] [stdout] ...
[INFO] [stdout] 28 |     Released,
[INFO] [stdout]    |     ^^^^^^^^
[INFO] [stdout]    |
[INFO] [stdout]    = note: `PidlockState` has a derived impl for the trait `Debug`, but this is intentionally ignored during dead code analysis
[INFO] [stdout]    = note: `#[warn(dead_code)]` on by default
[INFO] [stdout] 
[INFO] [stdout] 
[INFO] [stdout] warning: method `release` is never used
[INFO] [stdout]    --> src/process/pid_lock.rs:260:12
[INFO] [stdout]     |
[INFO] [stdout] 86  | impl PidLock {
[INFO] [stdout]     | ------------ method in this implementation
[INFO] [stdout] ...
[INFO] [stdout] 260 |     pub fn release(&mut self) -> PidLockResult {
[INFO] [stdout]     |            ^^^^^^^
[INFO] [stdout] 
[INFO] [stdout] 
[INFO] [stdout] warning: function `check_current_fid` is never used
[INFO] [stdout]    --> src/process/cmd_exec.rs:131:4
[INFO] [stdout]     |
[INFO] [stdout] 131 | fn check_current_fid(fid: &str) -> Result<bool, Box<dyn Error>> {
[INFO] [stdout]     |    ^^^^^^^^^^^^^^^^^
[INFO] [stdout] 
[INFO] [stdout] 
[INFO] [stdout] warning: field `service_name` is never read
[INFO] [stdout]  --> src/process/process_lock.rs:6:5
[INFO] [stdout]   |
[INFO] [stdout] 5 | pub struct ProcessLock {
[INFO] [stdout]   |            ----------- field in this struct
[INFO] [stdout] 6 |     service_name: String,
[INFO] [stdout]   |     ^^^^^^^^^^^^
[INFO] [stdout] 
[INFO] [stdout] 
[INFO] [stdout] warning: methods `acquire` and `release` are never used
[INFO] [stdout]   --> src/process/process_lock.rs:42:12
[INFO] [stdout]    |
[INFO] [stdout] 10 | impl ProcessLock {
[INFO] [stdout]    | ---------------- methods in this implementation
[INFO] [stdout] ...
[INFO] [stdout] 42 |     pub fn acquire(&mut self) -> Result<(), PidLockError> {
[INFO] [stdout]    |            ^^^^^^^
[INFO] [stdout] ...
[INFO] [stdout] 51 |     pub fn release(&mut self) -> Result<(), PidLockError> {
[INFO] [stdout]    |            ^^^^^^^
[INFO] [stdout] 
[INFO] [stdout] 
[INFO] [stdout] warning: field `dirty` is never read
[INFO] [stdout]   --> src/storage/sqlite_storage.rs:13:5
[INFO] [stdout]    |
[INFO] [stdout] 10 | pub struct SqliteStorage {
[INFO] [stdout]    |            ------------- field in this struct
[INFO] [stdout] ...
[INFO] [stdout] 13 |     dirty: bool,
[INFO] [stdout]    |     ^^^^^
[INFO] [stdout] 
[INFO] [stdout] 
[INFO] [stdout] warning: 6 warnings emitted
[INFO] [stdout] 
[INFO] [stdout] 
[INFO] [stderr]     Finished dev [unoptimized + debuginfo] target(s) in 4m 07s
[INFO] running `Command { std: "docker" "inspect" "e7f8c73c79835e2f9bc17f317d60a1e88e87924828f73dae4422ec64d910175f", kill_on_drop: false }`
[INFO] running `Command { std: "docker" "rm" "-f" "e7f8c73c79835e2f9bc17f317d60a1e88e87924828f73dae4422ec64d910175f", kill_on_drop: false }`
[INFO] [stdout] e7f8c73c79835e2f9bc17f317d60a1e88e87924828f73dae4422ec64d910175f
[INFO] running `Command { std: "docker" "create" "-v" "/var/lib/crater-agent-workspace/builds/worker-1-tc1/target:/opt/rustwide/target:rw,Z" "-v" "/var/lib/crater-agent-workspace/builds/worker-1-tc1/source:/opt/rustwide/workdir:ro,Z" "-v" "/var/lib/crater-agent-workspace/cargo-home:/opt/rustwide/cargo-home:ro,Z" "-v" "/var/lib/crater-agent-workspace/rustup-home:/opt/rustwide/rustup-home:ro,Z" "-e" "SOURCE_DIR=/opt/rustwide/workdir" "-e" "CARGO_TARGET_DIR=/opt/rustwide/target" "-e" "CARGO_INCREMENTAL=0" "-e" "RUST_BACKTRACE=full" "-e" "RUSTFLAGS=--cap-lints=warn" "-e" "RUSTDOCFLAGS=--cap-lints=warn" "-e" "CARGO_HOME=/opt/rustwide/cargo-home" "-e" "RUSTUP_HOME=/opt/rustwide/rustup-home" "-w" "/opt/rustwide/workdir" "-m" "1610612736" "--user" "0:0" "--network" "none" "ghcr.io/rust-lang/crates-build-env/linux@sha256:2788e3201cd34a07e3172128adcd8b3090168a8e3bcc40d7c032b9dda1df7d1c" "/opt/rustwide/cargo-home/bin/cargo" "+1.75.0" "test" "--frozen" "--no-run" "--message-format=json", kill_on_drop: false }`
[INFO] [stdout] e4a45801d15eecab1731ff50ace6af08d922e928ffbb4c378521d51cb25c83e7
[INFO] running `Command { std: "docker" "start" "-a" "e4a45801d15eecab1731ff50ace6af08d922e928ffbb4c378521d51cb25c83e7", kill_on_drop: false }`
[INFO] [stderr]    Compiling cyfs-util v0.6.8 (/opt/rustwide/workdir)
[INFO] [stdout] warning: variant `Released` is never constructed
[INFO] [stdout]   --> src/process/pid_lock.rs:28:5
[INFO] [stdout]    |
[INFO] [stdout] 25 | enum PidlockState {
[INFO] [stdout]    |      ------------ variant in this enum
[INFO] [stdout] ...
[INFO] [stdout] 28 |     Released,
[INFO] [stdout]    |     ^^^^^^^^
[INFO] [stdout]    |
[INFO] [stdout]    = note: `PidlockState` has a derived impl for the trait `Debug`, but this is intentionally ignored during dead code analysis
[INFO] [stdout]    = note: `#[warn(dead_code)]` on by default
[INFO] [stdout] 
[INFO] [stdout] 
[INFO] [stdout] warning: method `release` is never used
[INFO] [stdout]    --> src/process/pid_lock.rs:260:12
[INFO] [stdout]     |
[INFO] [stdout] 86  | impl PidLock {
[INFO] [stdout]     | ------------ method in this implementation
[INFO] [stdout] ...
[INFO] [stdout] 260 |     pub fn release(&mut self) -> PidLockResult {
[INFO] [stdout]     |            ^^^^^^^
[INFO] [stdout] 
[INFO] [stdout] 
[INFO] [stdout] warning: function `check_current_fid` is never used
[INFO] [stdout]    --> src/process/cmd_exec.rs:131:4
[INFO] [stdout]     |
[INFO] [stdout] 131 | fn check_current_fid(fid: &str) -> Result<bool, Box<dyn Error>> {
[INFO] [stdout]     |    ^^^^^^^^^^^^^^^^^
[INFO] [stdout] 
[INFO] [stdout] 
[INFO] [stdout] warning: field `service_name` is never read
[INFO] [stdout]  --> src/process/process_lock.rs:6:5
[INFO] [stdout]   |
[INFO] [stdout] 5 | pub struct ProcessLock {
[INFO] [stdout]   |            ----------- field in this struct
[INFO] [stdout] 6 |     service_name: String,
[INFO] [stdout]   |     ^^^^^^^^^^^^
[INFO] [stdout] 
[INFO] [stdout] 
[INFO] [stdout] warning: methods `acquire` and `release` are never used
[INFO] [stdout]   --> src/process/process_lock.rs:42:12
[INFO] [stdout]    |
[INFO] [stdout] 10 | impl ProcessLock {
[INFO] [stdout]    | ---------------- methods in this implementation
[INFO] [stdout] ...
[INFO] [stdout] 42 |     pub fn acquire(&mut self) -> Result<(), PidLockError> {
[INFO] [stdout]    |            ^^^^^^^
[INFO] [stdout] ...
[INFO] [stdout] 51 |     pub fn release(&mut self) -> Result<(), PidLockError> {
[INFO] [stdout]    |            ^^^^^^^
[INFO] [stdout] 
[INFO] [stdout] 
[INFO] [stdout] warning: field `dirty` is never read
[INFO] [stdout]   --> src/storage/sqlite_storage.rs:13:5
[INFO] [stdout]    |
[INFO] [stdout] 10 | pub struct SqliteStorage {
[INFO] [stdout]    |            ------------- field in this struct
[INFO] [stdout] ...
[INFO] [stdout] 13 |     dirty: bool,
[INFO] [stdout]    |     ^^^^^
[INFO] [stdout] 
[INFO] [stdout] 
[INFO] [stdout] warning: 6 warnings emitted
[INFO] [stdout] 
[INFO] [stdout] 
[INFO] [stdout] warning: variant `Released` is never constructed
[INFO] [stdout]   --> src/process/pid_lock.rs:28:5
[INFO] [stdout]    |
[INFO] [stdout] 25 | enum PidlockState {
[INFO] [stdout]    |      ------------ variant in this enum
[INFO] [stdout] ...
[INFO] [stdout] 28 |     Released,
[INFO] [stdout]    |     ^^^^^^^^
[INFO] [stdout]    |
[INFO] [stdout]    = note: `PidlockState` has a derived impl for the trait `Debug`, but this is intentionally ignored during dead code analysis
[INFO] [stdout]    = note: `#[warn(dead_code)]` on by default
[INFO] [stdout] 
[INFO] [stdout] 
[INFO] [stdout] warning: method `release` is never used
[INFO] [stdout]    --> src/process/pid_lock.rs:260:12
[INFO] [stdout]     |
[INFO] [stdout] 86  | impl PidLock {
[INFO] [stdout]     | ------------ method in this implementation
[INFO] [stdout] ...
[INFO] [stdout] 260 |     pub fn release(&mut self) -> PidLockResult {
[INFO] [stdout]     |            ^^^^^^^
[INFO] [stdout] 
[INFO] [stdout] 
[INFO] [stdout] warning: function `check_current_fid` is never used
[INFO] [stdout]    --> src/process/cmd_exec.rs:131:4
[INFO] [stdout]     |
[INFO] [stdout] 131 | fn check_current_fid(fid: &str) -> Result<bool, Box<dyn Error>> {
[INFO] [stdout]     |    ^^^^^^^^^^^^^^^^^
[INFO] [stdout] 
[INFO] [stdout] 
[INFO] [stdout] warning: field `service_name` is never read
[INFO] [stdout]  --> src/process/process_lock.rs:6:5
[INFO] [stdout]   |
[INFO] [stdout] 5 | pub struct ProcessLock {
[INFO] [stdout]   |            ----------- field in this struct
[INFO] [stdout] 6 |     service_name: String,
[INFO] [stdout]   |     ^^^^^^^^^^^^
[INFO] [stdout] 
[INFO] [stdout] 
[INFO] [stdout] warning: methods `acquire` and `release` are never used
[INFO] [stdout]   --> src/process/process_lock.rs:42:12
[INFO] [stdout]    |
[INFO] [stdout] 10 | impl ProcessLock {
[INFO] [stdout]    | ---------------- methods in this implementation
[INFO] [stdout] ...
[INFO] [stdout] 42 |     pub fn acquire(&mut self) -> Result<(), PidLockError> {
[INFO] [stdout]    |            ^^^^^^^
[INFO] [stdout] ...
[INFO] [stdout] 51 |     pub fn release(&mut self) -> Result<(), PidLockError> {
[INFO] [stdout]    |            ^^^^^^^
[INFO] [stdout] 
[INFO] [stdout] 
[INFO] [stdout] warning: field `dirty` is never read
[INFO] [stdout]   --> src/storage/sqlite_storage.rs:13:5
[INFO] [stdout]    |
[INFO] [stdout] 10 | pub struct SqliteStorage {
[INFO] [stdout]    |            ------------- field in this struct
[INFO] [stdout] ...
[INFO] [stdout] 13 |     dirty: bool,
[INFO] [stdout]    |     ^^^^^
[INFO] [stdout] 
[INFO] [stdout] 
[INFO] [stdout] warning: function `test_file` is never used
[INFO] [stdout]    --> src/util/read_helper.rs:210:14
[INFO] [stdout]     |
[INFO] [stdout] 210 |     async fn test_file() {
[INFO] [stdout]     |              ^^^^^^^^^
[INFO] [stdout] 
[INFO] [stdout] 
[INFO] [stdout] warning: 7 warnings emitted
[INFO] [stdout] 
[INFO] [stdout] 
[INFO] [stderr]     Finished test [unoptimized + debuginfo] target(s) in 15.35s
[INFO] running `Command { std: "docker" "inspect" "e4a45801d15eecab1731ff50ace6af08d922e928ffbb4c378521d51cb25c83e7", kill_on_drop: false }`
[INFO] running `Command { std: "docker" "rm" "-f" "e4a45801d15eecab1731ff50ace6af08d922e928ffbb4c378521d51cb25c83e7", kill_on_drop: false }`
[INFO] [stdout] e4a45801d15eecab1731ff50ace6af08d922e928ffbb4c378521d51cb25c83e7
[INFO] running `Command { std: "docker" "create" "-v" "/var/lib/crater-agent-workspace/builds/worker-1-tc1/target:/opt/rustwide/target:rw,Z" "-v" "/var/lib/crater-agent-workspace/builds/worker-1-tc1/source:/opt/rustwide/workdir:ro,Z" "-v" "/var/lib/crater-agent-workspace/cargo-home:/opt/rustwide/cargo-home:ro,Z" "-v" "/var/lib/crater-agent-workspace/rustup-home:/opt/rustwide/rustup-home:ro,Z" "-e" "SOURCE_DIR=/opt/rustwide/workdir" "-e" "CARGO_TARGET_DIR=/opt/rustwide/target" "-e" "CARGO_INCREMENTAL=0" "-e" "RUST_BACKTRACE=full" "-e" "RUSTFLAGS=--cap-lints=warn" "-e" "RUSTDOCFLAGS=--cap-lints=warn" "-e" "CARGO_HOME=/opt/rustwide/cargo-home" "-e" "RUSTUP_HOME=/opt/rustwide/rustup-home" "-w" "/opt/rustwide/workdir" "-m" "1610612736" "--user" "0:0" "--network" "none" "ghcr.io/rust-lang/crates-build-env/linux@sha256:2788e3201cd34a07e3172128adcd8b3090168a8e3bcc40d7c032b9dda1df7d1c" "/opt/rustwide/cargo-home/bin/cargo" "+1.75.0" "test" "--frozen", kill_on_drop: false }`
[INFO] [stdout] 31c448da89d69d52d92a1b414adffd3bb4ea9a62aa44755c58472cb0345b5fd2
[INFO] running `Command { std: "docker" "start" "-a" "31c448da89d69d52d92a1b414adffd3bb4ea9a62aa44755c58472cb0345b5fd2", kill_on_drop: false }`
[INFO] [stderr] warning: variant `Released` is never constructed
[INFO] [stderr]   --> src/process/pid_lock.rs:28:5
[INFO] [stderr]    |
[INFO] [stderr] 25 | enum PidlockState {
[INFO] [stderr]    |      ------------ variant in this enum
[INFO] [stderr] ...
[INFO] [stderr] 28 |     Released,
[INFO] [stderr]    |     ^^^^^^^^
[INFO] [stderr]    |
[INFO] [stderr]    = note: `PidlockState` has a derived impl for the trait `Debug`, but this is intentionally ignored during dead code analysis
[INFO] [stderr]    = note: `#[warn(dead_code)]` on by default
[INFO] [stderr] 
[INFO] [stderr] warning: method `release` is never used
[INFO] [stderr]    --> src/process/pid_lock.rs:260:12
[INFO] [stderr]     |
[INFO] [stderr] 86  | impl PidLock {
[INFO] [stderr]     | ------------ method in this implementation
[INFO] [stderr] ...
[INFO] [stderr] 260 |     pub fn release(&mut self) -> PidLockResult {
[INFO] [stderr]     |            ^^^^^^^
[INFO] [stderr] 
[INFO] [stderr] warning: function `check_current_fid` is never used
[INFO] [stderr]    --> src/process/cmd_exec.rs:131:4
[INFO] [stderr]     |
[INFO] [stderr] 131 | fn check_current_fid(fid: &str) -> Result<bool, Box<dyn Error>> {
[INFO] [stderr]     |    ^^^^^^^^^^^^^^^^^
[INFO] [stderr] 
[INFO] [stderr] warning: field `service_name` is never read
[INFO] [stderr]  --> src/process/process_lock.rs:6:5
[INFO] [stderr]   |
[INFO] [stderr] 5 | pub struct ProcessLock {
[INFO] [stderr]   |            ----------- field in this struct
[INFO] [stderr] 6 |     service_name: String,
[INFO] [stderr]   |     ^^^^^^^^^^^^
[INFO] [stderr] 
[INFO] [stderr] warning: methods `acquire` and `release` are never used
[INFO] [stderr]   --> src/process/process_lock.rs:42:12
[INFO] [stderr]    |
[INFO] [stderr] 10 | impl ProcessLock {
[INFO] [stderr]    | ---------------- methods in this implementation
[INFO] [stderr] ...
[INFO] [stderr] 42 |     pub fn acquire(&mut self) -> Result<(), PidLockError> {
[INFO] [stderr]    |            ^^^^^^^
[INFO] [stderr] ...
[INFO] [stderr] 51 |     pub fn release(&mut self) -> Result<(), PidLockError> {
[INFO] [stderr]    |            ^^^^^^^
[INFO] [stderr] 
[INFO] [stderr] warning: field `dirty` is never read
[INFO] [stderr]   --> src/storage/sqlite_storage.rs:13:5
[INFO] [stderr]    |
[INFO] [stderr] 10 | pub struct SqliteStorage {
[INFO] [stderr]    |            ------------- field in this struct
[INFO] [stderr] ...
[INFO] [stderr] 13 |     dirty: bool,
[INFO] [stderr]    |     ^^^^^
[INFO] [stderr] 
[INFO] [stderr] warning: function `test_file` is never used
[INFO] [stderr]    --> src/util/read_helper.rs:210:14
[INFO] [stderr]     |
[INFO] [stderr] 210 |     async fn test_file() {
[INFO] [stderr]     |              ^^^^^^^^^
[INFO] [stderr] 
[INFO] [stderr] warning: `cyfs-util` (lib) generated 6 warnings
[INFO] [stderr] warning: `cyfs-util` (lib test) generated 7 warnings (6 duplicates)
[INFO] [stderr]     Finished test [unoptimized + debuginfo] target(s) in 0.28s
[INFO] [stderr]      Running unittests src/lib.rs (/opt/rustwide/target/debug/deps/cyfs_util-9be119eae330d7e1)
[INFO] [stdout] 
[INFO] [stdout] running 9 tests
[INFO] [stdout] test cache::tracker_cache::tests::test_file_range ... ok
[INFO] [stdout] test net::get_if_addrs::test ... ok
[INFO] [stderr] [2024-01-05 03:19:50.346] ERROR [cyfs_util::util::sn_dir] sn device folder is empty! dir=/cyfs/etc
[INFO] [stderr] [2024-01-05 03:19:50.346] INFO [cyfs_util::storage::file_storage] file storage file not exists! file=/cyfs/profile/test/profile.json
[INFO] [stderr] [2024-01-05 03:19:50.346] DEBUG [cyfs_util::storage::sqlite_storage] sqlite storage service: test, file path: /cyfs/profile/test/profile.db
[INFO] [stderr] [2024-01-05 03:19:50.347] INFO [cyfs_util::interface::http_tcp_listener] will update tcp listener local addr: 127.0.0.1:1000 -> 127.0.0.1:1000
[INFO] [stderr] [2024-01-05 03:19:50.348] INFO [cyfs_util::storage::file_storage] key insert: name
[INFO] [stderr] [2024-01-05 03:19:50.348] INFO [cyfs_util::storage::sqlite_storage] sqlite storage file not exists! db=/cyfs/profile/test/profile.db
[INFO] [stderr] [2024-01-05 03:19:50.348] INFO [cyfs_util::interface::http_tcp_listener] http listener at http://127.0.0.1:1000
[INFO] [stderr] [2024-01-05 03:19:50.348] INFO [cyfs_util::interface::http_tcp_listener] tcp recv new connection from Ok(127.0.0.1:43764)
[INFO] [stderr] [2024-01-05 03:19:50.349] INFO [cyfs_util::storage::file_storage] key insert: app_name
[INFO] [stderr] [2024-01-05 03:19:50.349] DEBUG [cyfs_util::interface::http_tcp_listener] starting accept new tcp connection at http://127.0.0.1:1000 from 127.0.0.1:43764
[INFO] [stderr] [2024-01-05 03:19:50.349] WARN [cyfs_async_h1::server::decode] got non ascii header: test -- 错误Header, String slice should be valid ASCII
[INFO] [stderr] [2024-01-05 03:19:50.349] INFO [cyfs_util::storage::file_storage] key insert: app_obj
[INFO] [stderr] [2024-01-05 03:19:50.349] INFO [cyfs_util::interface::http_tcp_listener] recv tcp http request: Request { method: Get, url: Url { scheme: "http", cannot_be_a_base: false, username: "", password: None, host: Some(Ipv4(127.0.0.1)), port: None, path: "/index.html", query: None, fragment: None }, headers: {"content-type": "application/octet-stream", "test": "%E9%94%99%E8%AF%AFHeader", "host": "127.0.0.1", "content-length": "0"}, version: Some(Http1_1), body: Body { reader: "<hidden>", length: Some(0), bytes_read: 0 }, local_addr: None, peer_addr: None, ext: Extensions, trailers_sender: Some(Sender { .. }), trailers_receiver: Some(Receiver { .. }), has_trailers: false }, len=Some(0)
[INFO] [stderr] [2024-01-05 03:19:50.350] INFO [tide::log::middleware] <-- Request received
[INFO] [stderr] [2024-01-05 03:19:50.350] INFO [tide::log::middleware] --> Response sent
[INFO] [stderr] [2024-01-05 03:19:50.350] WARN [cyfs_async_h1::client::decode] got non ascii header: test -- 错误Header, String slice should be valid ASCII
[INFO] [stdout] test interface::http_tcp_listener::test::test ... ok
[INFO] [stderr] [2024-01-05 03:19:50.352] INFO [cyfs_util::storage::file_storage] key removed: key=app_obj, value={"name":"jack","value":-1}
[INFO] [stderr] [2024-01-05 03:19:50.352] INFO [cyfs_util::storage::file_storage] key removed: key=app_name, value=xxx
[INFO] [stderr] [2024-01-05 03:19:50.352] INFO [cyfs_util::storage::file_storage] key insert: app_obj
[INFO] [stdout] test storage::local_store::tests::test_file_store ... ok
[INFO] [stderr] [2024-01-05 03:19:50.377] DEBUG [cyfs_util::storage::sqlite_storage] remove item return: Ok(1)
[INFO] [stderr] [2024-01-05 03:19:50.378] DEBUG [cyfs_util::storage::sqlite_storage] remove item return: Ok(0)
[INFO] [stdout] test storage::local_store::tests::test_sqlite_store ... ok
[INFO] [stderr] [2024-01-05 03:19:51.118] ERROR [log_panics] thread 'util::read_helper::tests::test' panicked at 'misaligned pointer dereference: address must be a multiple of 0x4 but is 0x7f96619eea91': /opt/rustwide/cargo-home/registry/src/index.crates.io-6f17d22bba15001f/cyfs-base-0.6.12/src/objects/chunk.rs:229
[INFO] [stderr]    0: <backtrace::capture::Backtrace as core::default::Default>::default
[INFO] [stderr]              at /opt/rustwide/cargo-home/registry/src/index.crates.io-6f17d22bba15001f/backtrace-0.3.69/src/capture.rs:410:9
[INFO] [stderr]    1: log_panics::Config::install_panic_hook::{{closure}}
[INFO] [stderr]              at /opt/rustwide/cargo-home/registry/src/index.crates.io-6f17d22bba15001f/log-panics-2.1.0/src/lib.rs:115:29
[INFO] [stderr]    2: <alloc::boxed::Box<F,A> as core::ops::function::Fn<Args>>::call
[INFO] [stderr]              at /rustc/82e1608dfa6e0b5569232559e3d385fea5a93112/library/alloc/src/boxed.rs:2021:9
[INFO] [stderr]       std::panicking::rust_panic_with_hook
[INFO] [stderr]              at /rustc/82e1608dfa6e0b5569232559e3d385fea5a93112/library/std/src/panicking.rs:783:13
[INFO] [stderr]    3: std::panicking::begin_panic_handler::{{closure}}
[INFO] [stderr]              at /rustc/82e1608dfa6e0b5569232559e3d385fea5a93112/library/std/src/panicking.rs:657:13
[INFO] [stderr]    4: std::sys_common::backtrace::__rust_end_short_backtrace
[INFO] [stderr]              at /rustc/82e1608dfa6e0b5569232559e3d385fea5a93112/library/std/src/sys_common/backtrace.rs:170:18
[INFO] [stderr]    5: rust_begin_unwind
[INFO] [stderr]              at /rustc/82e1608dfa6e0b5569232559e3d385fea5a93112/library/std/src/panicking.rs:645:5
[INFO] [stderr]    6: core::panicking::panic_nounwind_fmt
[INFO] [stderr]              at /rustc/82e1608dfa6e0b5569232559e3d385fea5a93112/library/core/src/panicking.rs:106:14
[INFO] [stderr]    7: core::panicking::panic_misaligned_pointer_dereference
[INFO] [stderr]              at /rustc/82e1608dfa6e0b5569232559e3d385fea5a93112/library/core/src/panicking.rs:203:5
[INFO] [stderr]    8: cyfs_base::objects::chunk::ChunkId::new
[INFO] [stderr]              at /opt/rustwide/cargo-home/registry/src/index.crates.io-6f17d22bba15001f/cyfs-base-0.6.12/src/objects/chunk.rs:229:13
[INFO] [stderr]    9: cyfs_base::objects::chunk::ChunkId::calculate::{{closure}}
[INFO] [stderr]              at /opt/rustwide/cargo-home/registry/src/index.crates.io-6f17d22bba15001f/cyfs-base-0.6.12/src/objects/chunk.rs:213:12
[INFO] [stderr]   10: cyfs_util::util::read_helper::tests::test1::{{closure}}
[INFO] [stderr]              at src/util/read_helper.rs:231:49
[INFO] [stderr]   11: cyfs_util::util::read_helper::tests::test::{{closure}}
[INFO] [stderr]              at src/util/read_helper.rs:346:21
[INFO] [stderr]   12: <async_std::task::builder::SupportTaskLocals<F> as core::future::future::Future>::poll::{{closure}}
[INFO] [stderr]              at /opt/rustwide/cargo-home/registry/src/index.crates.io-6f17d22bba15001f/async-std-1.12.0/src/task/builder.rs:199:17
[INFO] [stderr]   13: async_std::task::task_locals_wrapper::TaskLocalsWrapper::set_current::{{closure}}
[INFO] [stderr]              at /opt/rustwide/cargo-home/registry/src/index.crates.io-6f17d22bba15001f/async-std-1.12.0/src/task/task_locals_wrapper.rs:60:13
[INFO] [stderr]   14: std::thread::local::LocalKey<T>::try_with
[INFO] [stderr]              at /rustc/82e1608dfa6e0b5569232559e3d385fea5a93112/library/std/src/thread/local.rs:270:16
[INFO] [stderr]   15: std::thread::local::LocalKey<T>::with
[INFO] [stderr]              at /rustc/82e1608dfa6e0b5569232559e3d385fea5a93112/library/std/src/thread/local.rs:246:9
[INFO] [stderr]   16: async_std::task::task_locals_wrapper::TaskLocalsWrapper::set_current
[INFO] [stderr]              at /opt/rustwide/cargo-home/registry/src/index.crates.io-6f17d22bba15001f/async-std-1.12.0/src/task/task_locals_wrapper.rs:55:9
[INFO] [stderr]   17: <async_std::task::builder::SupportTaskLocals<F> as core::future::future::Future>::poll
[INFO] [stderr]              at /opt/rustwide/cargo-home/registry/src/index.crates.io-6f17d22bba15001f/async-std-1.12.0/src/task/builder.rs:197:13
[INFO] [stderr]   18: <futures_lite::future::Or<F1,F2> as core::future::future::Future>::poll
[INFO] [stderr]              at /opt/rustwide/cargo-home/registry/src/index.crates.io-6f17d22bba15001f/futures-lite-2.1.0/src/future.rs:446:33
[INFO] [stderr]   19: async_executor::Executor::run::{{closure}}
[INFO] [stderr]              at /opt/rustwide/cargo-home/registry/src/index.crates.io-6f17d22bba15001f/async-executor-1.8.0/src/lib.rs:261:32
[INFO] [stderr]   20: async_executor::LocalExecutor::run::{{closure}}
[INFO] [stderr]              at /opt/rustwide/cargo-home/registry/src/index.crates.io-6f17d22bba15001f/async-executor-1.8.0/src/lib.rs:480:34
[INFO] [stderr]   21: async_io::driver::block_on::{{closure}}
[INFO] [stderr]              at /opt/rustwide/cargo-home/registry/src/index.crates.io-6f17d22bba15001f/async-io-2.2.2/src/driver.rs:199:37
[INFO] [stderr]   22: std::thread::local::LocalKey<T>::try_with
[INFO] [stderr]              at /rustc/82e1608dfa6e0b5569232559e3d385fea5a93112/library/std/src/thread/local.rs:270:16
[INFO] [stderr]   23: std::thread::local::LocalKey<T>::with
[INFO] [stderr]              at /rustc/82e1608dfa6e0b5569232559e3d385fea5a93112/library/std/src/thread/local.rs:246:9
[INFO] [stderr]   24: async_io::driver::block_on
[INFO] [stderr]              at /opt/rustwide/cargo-home/registry/src/index.crates.io-6f17d22bba15001f/async-io-2.2.2/src/driver.rs:175:5
[INFO] [stderr]   25: async_global_executor::reactor::block_on::{{closure}}
[INFO] [stderr]              at /opt/rustwide/cargo-home/registry/src/index.crates.io-6f17d22bba15001f/async-global-executor-2.4.1/src/reactor.rs:3:18
[INFO] [stderr]   26: async_global_executor::reactor::block_on
[INFO] [stderr]              at /opt/rustwide/cargo-home/registry/src/index.crates.io-6f17d22bba15001f/async-global-executor-2.4.1/src/reactor.rs:12:5
[INFO] [stderr]   27: async_global_executor::executor::block_on::{{closure}}
[INFO] [stderr]              at /opt/rustwide/cargo-home/registry/src/index.crates.io-6f17d22bba15001f/async-global-executor-2.4.1/src/executor.rs:26:36
[INFO] [stderr]   28: std::thread::local::LocalKey<T>::try_with
[INFO] [stderr]              at /rustc/82e1608dfa6e0b5569232559e3d385fea5a93112/library/std/src/thread/local.rs:270:16
[INFO] [stderr]   29: std::thread::local::LocalKey<T>::with
[INFO] [stderr]              at /rustc/82e1608dfa6e0b5569232559e3d385fea5a93112/library/std/src/thread/local.rs:246:9
[INFO] [stderr]   30: async_global_executor::executor::block_on
[INFO] [stderr]              at /opt/rustwide/cargo-home/registry/src/index.crates.io-6f17d22bba15001f/async-global-executor-2.4.1/src/executor.rs:26:5
[INFO] [stderr]   31: async_std::task::builder::Builder::blocking::{{closure}}::{{closure}}
[INFO] [stderr]              at /opt/rustwide/cargo-home/registry/src/index.crates.io-6f17d22bba15001f/async-std-1.12.0/src/task/builder.rs:171:25
[INFO] [stderr]   32: async_std::task::task_locals_wrapper::TaskLocalsWrapper::set_current::{{closure}}
[INFO] [stderr]              at /opt/rustwide/cargo-home/registry/src/index.crates.io-6f17d22bba15001f/async-std-1.12.0/src/task/task_locals_wrapper.rs:60:13
[INFO] [stderr]   33: std::thread::local::LocalKey<T>::try_with
[INFO] [stderr]              at /rustc/82e1608dfa6e0b5569232559e3d385fea5a93112/library/std/src/thread/local.rs:270:16
[INFO] [stderr]   34: std::thread::local::LocalKey<T>::with
[INFO] [stderr]              at /rustc/82e1608dfa6e0b5569232559e3d385fea5a93112/library/std/src/thread/local.rs:246:9
[INFO] [stderr]   35: async_std::task::task_locals_wrapper::TaskLocalsWrapper::set_current
[INFO] [stderr]              at /opt/rustwide/cargo-home/registry/src/index.crates.io-6f17d22bba15001f/async-std-1.12.0/src/task/task_locals_wrapper.rs:55:9
[INFO] [stderr]   36: async_std::task::builder::Builder::blocking::{{closure}}
[INFO] [stderr]              at /opt/rustwide/cargo-home/registry/src/index.crates.io-6f17d22bba15001f/async-std-1.12.0/src/task/builder.rs:168:17
[INFO] [stderr]   37: std::thread::local::LocalKey<T>::try_with
[INFO] [stderr]              at /rustc/82e1608dfa6e0b5569232559e3d385fea5a93112/library/std/src/thread/local.rs:270:16
[INFO] [stderr]   38: std::thread::local::LocalKey<T>::with
[INFO] [stderr]              at /rustc/82e1608dfa6e0b5569232559e3d385fea5a93112/library/std/src/thread/local.rs:246:9
[INFO] [stderr]   39: async_std::task::builder::Builder::blocking
[INFO] [stderr]              at /opt/rustwide/cargo-home/registry/src/index.crates.io-6f17d22bba15001f/async-std-1.12.0/src/task/builder.rs:161:9
[INFO] [stderr]   40: async_std::task::block_on::block_on
[INFO] [stderr]              at /opt/rustwide/cargo-home/registry/src/index.crates.io-6f17d22bba15001f/async-std-1.12.0/src/task/block_on.rs:33:5
[INFO] [stderr]   41: cyfs_util::util::read_helper::tests::test
[INFO] [stderr]              at src/util/read_helper.rs:345:9
[INFO] [stderr]   42: cyfs_util::util::read_helper::tests::test::{{closure}}
[INFO] [stderr]              at src/util/read_helper.rs:344:14
[INFO] [stderr]   43: core::ops::function::FnOnce::call_once
[INFO] [stderr]              at /rustc/82e1608dfa6e0b5569232559e3d385fea5a93112/library/core/src/ops/function.rs:250:5
[INFO] [stderr]   44: core::ops::function::FnOnce::call_once
[INFO] [stderr]              at /rustc/82e1608dfa6e0b5569232559e3d385fea5a93112/library/core/src/ops/function.rs:250:5
[INFO] [stderr]       test::__rust_begin_short_backtrace
[INFO] [stderr]              at /rustc/82e1608dfa6e0b5569232559e3d385fea5a93112/library/test/src/lib.rs:628:18
[INFO] [stderr]   45: test::run_test_in_process::{{closure}}
[INFO] [stderr]              at /rustc/82e1608dfa6e0b5569232559e3d385fea5a93112/library/test/src/lib.rs:651:60
[INFO] [stderr]       <core::panic::unwind_safe::AssertUnwindSafe<F> as core::ops::function::FnOnce<()>>::call_once
[INFO] [stderr]              at /rustc/82e1608dfa6e0b5569232559e3d385fea5a93112/library/core/src/panic/unwind_safe.rs:272:9
[INFO] [stderr]       std::panicking::try::do_call
[INFO] [stderr]              at /rustc/82e1608dfa6e0b5569232559e3d385fea5a93112/library/std/src/panicking.rs:552:40
[INFO] [stderr]       std::panicking::try
[INFO] [stderr]              at /rustc/82e1608dfa6e0b5569232559e3d385fea5a93112/library/std/src/panicking.rs:516:19
[INFO] [stderr]       std::panic::catch_unwind
[INFO] [stderr]              at /rustc/82e1608dfa6e0b5569232559e3d385fea5a93112/library/std/src/panic.rs:142:14
[INFO] [stderr]       test::run_test_in_process
[INFO] [stderr]              at /rustc/82e1608dfa6e0b5569232559e3d385fea5a93112/library/test/src/lib.rs:651:27
[INFO] [stderr]       test::run_test::{{closure}}
[INFO] [stderr]              at /rustc/82e1608dfa6e0b5569232559e3d385fea5a93112/library/test/src/lib.rs:574:43
[INFO] [stderr]   46: test::run_test::{{closure}}
[INFO] [stderr]              at /rustc/82e1608dfa6e0b5569232559e3d385fea5a93112/library/test/src/lib.rs:602:41
[INFO] [stderr]       std::sys_common::backtrace::__rust_begin_short_backtrace
[INFO] [stderr]              at /rustc/82e1608dfa6e0b5569232559e3d385fea5a93112/library/std/src/sys_common/backtrace.rs:154:18
[INFO] [stderr]   47: std::thread::Builder::spawn_unchecked_::{{closure}}::{{closure}}
[INFO] [stderr]              at /rustc/82e1608dfa6e0b5569232559e3d385fea5a93112/library/std/src/thread/mod.rs:529:17
[INFO] [stderr]       <core::panic::unwind_safe::AssertUnwindSafe<F> as core::ops::function::FnOnce<()>>::call_once
[INFO] [stderr]              at /rustc/82e1608dfa6e0b5569232559e3d385fea5a93112/library/core/src/panic/unwind_safe.rs:272:9
[INFO] [stderr]       std::panicking::try::do_call
[INFO] [stderr]              at /rustc/82e1608dfa6e0b5569232559e3d385fea5a93112/library/std/src/panicking.rs:552:40
[INFO] [stderr]       std::panicking::try
[INFO] [stderr]              at /rustc/82e1608dfa6e0b5569232559e3d385fea5a93112/library/std/src/panicking.rs:516:19
[INFO] [stderr]       std::panic::catch_unwind
[INFO] [stderr]              at /rustc/82e1608dfa6e0b5569232559e3d385fea5a93112/library/std/src/panic.rs:142:14
[INFO] [stderr]       std::thread::Builder::spawn_unchecked_::{{closure}}
[INFO] [stderr]              at /rustc/82e1608dfa6e0b5569232559e3d385fea5a93112/library/std/src/thread/mod.rs:528:30
[INFO] [stderr]       core::ops::function::FnOnce::call_once{{vtable.shim}}
[INFO] [stderr]              at /rustc/82e1608dfa6e0b5569232559e3d385fea5a93112/library/core/src/ops/function.rs:250:5
[INFO] [stderr]   48: <alloc::boxed::Box<F,A> as core::ops::function::FnOnce<Args>>::call_once
[INFO] [stderr]              at /rustc/82e1608dfa6e0b5569232559e3d385fea5a93112/library/alloc/src/boxed.rs:2007:9
[INFO] [stderr]       <alloc::boxed::Box<F,A> as core::ops::function::FnOnce<Args>>::call_once
[INFO] [stderr]              at /rustc/82e1608dfa6e0b5569232559e3d385fea5a93112/library/alloc/src/boxed.rs:2007:9
[INFO] [stderr]       std::sys::unix::thread::Thread::new::thread_start
[INFO] [stderr]              at /rustc/82e1608dfa6e0b5569232559e3d385fea5a93112/library/std/src/sys/unix/thread.rs:108:17
[INFO] [stderr]   49: <unknown>
[INFO] [stderr]   50: __clone
[INFO] [stderr] 
[INFO] [stderr] thread caused non-unwinding panic. aborting.
[INFO] [stderr] error: test failed, to rerun pass `--lib`
[INFO] [stderr] 
[INFO] [stderr] Caused by:
[INFO] [stderr]   process didn't exit successfully: `/opt/rustwide/target/debug/deps/cyfs_util-9be119eae330d7e1` (signal: 6, SIGABRT: process abort signal)
[INFO] running `Command { std: "docker" "inspect" "31c448da89d69d52d92a1b414adffd3bb4ea9a62aa44755c58472cb0345b5fd2", kill_on_drop: false }`
[INFO] running `Command { std: "docker" "rm" "-f" "31c448da89d69d52d92a1b414adffd3bb4ea9a62aa44755c58472cb0345b5fd2", kill_on_drop: false }`
[INFO] [stdout] 31c448da89d69d52d92a1b414adffd3bb4ea9a62aa44755c58472cb0345b5fd2
[INFO] testing cyfs-util-0.6.8 against beta-2023-12-22 for beta-1.76-1
[INFO] extracting crate cyfs-util 0.6.8 into /workspace/builds/worker-1-tc2/source
[INFO] validating manifest of crates.io crate cyfs-util 0.6.8 on toolchain beta-2023-12-22
[INFO] running `Command { std: CARGO_HOME="/workspace/cargo-home" RUSTUP_HOME="/workspace/rustup-home" "/workspace/cargo-home/bin/cargo" "+beta-2023-12-22" "metadata" "--manifest-path" "Cargo.toml" "--no-deps", kill_on_drop: false }`
[INFO] started tweaking crates.io crate cyfs-util 0.6.8
[INFO] finished tweaking crates.io crate cyfs-util 0.6.8
[INFO] tweaked toml for crates.io crate cyfs-util 0.6.8 written to /workspace/builds/worker-1-tc2/source/Cargo.toml
[INFO] running `Command { std: CARGO_HOME="/workspace/cargo-home" RUSTUP_HOME="/workspace/rustup-home" "/workspace/cargo-home/bin/cargo" "+beta-2023-12-22" "generate-lockfile" "--manifest-path" "Cargo.toml", kill_on_drop: false }`
[INFO] [stderr]     Updating crates.io index
[INFO] running `Command { std: CARGO_HOME="/workspace/cargo-home" RUSTUP_HOME="/workspace/rustup-home" "/workspace/cargo-home/bin/cargo" "+beta-2023-12-22" "fetch" "--manifest-path" "Cargo.toml", kill_on_drop: false }`
[INFO] [stderr]     Blocking waiting for file lock on package cache
[INFO] [stderr]     Blocking waiting for file lock on package cache
[INFO] running `Command { std: "docker" "create" "-v" "/var/lib/crater-agent-workspace/builds/worker-1-tc2/target:/opt/rustwide/target:rw,Z" "-v" "/var/lib/crater-agent-workspace/builds/worker-1-tc2/source:/opt/rustwide/workdir:ro,Z" "-v" "/var/lib/crater-agent-workspace/cargo-home:/opt/rustwide/cargo-home:ro,Z" "-v" "/var/lib/crater-agent-workspace/rustup-home:/opt/rustwide/rustup-home:ro,Z" "-e" "SOURCE_DIR=/opt/rustwide/workdir" "-e" "CARGO_TARGET_DIR=/opt/rustwide/target" "-e" "CARGO_HOME=/opt/rustwide/cargo-home" "-e" "RUSTUP_HOME=/opt/rustwide/rustup-home" "-w" "/opt/rustwide/workdir" "-m" "1610612736" "--user" "0:0" "--network" "none" "ghcr.io/rust-lang/crates-build-env/linux@sha256:2788e3201cd34a07e3172128adcd8b3090168a8e3bcc40d7c032b9dda1df7d1c" "/opt/rustwide/cargo-home/bin/cargo" "+beta-2023-12-22" "metadata" "--no-deps" "--format-version=1", kill_on_drop: false }`
[INFO] [stdout] 35bcc18bc31294fc9d4b7893a6bf44821aad9061cfd371d7adb8b16561fdf256
[INFO] running `Command { std: "docker" "start" "-a" "35bcc18bc31294fc9d4b7893a6bf44821aad9061cfd371d7adb8b16561fdf256", kill_on_drop: false }`
[INFO] running `Command { std: "docker" "inspect" "35bcc18bc31294fc9d4b7893a6bf44821aad9061cfd371d7adb8b16561fdf256", kill_on_drop: false }`
[INFO] running `Command { std: "docker" "rm" "-f" "35bcc18bc31294fc9d4b7893a6bf44821aad9061cfd371d7adb8b16561fdf256", kill_on_drop: false }`
[INFO] [stdout] 35bcc18bc31294fc9d4b7893a6bf44821aad9061cfd371d7adb8b16561fdf256
[INFO] running `Command { std: "docker" "create" "-v" "/var/lib/crater-agent-workspace/builds/worker-1-tc2/target:/opt/rustwide/target:rw,Z" "-v" "/var/lib/crater-agent-workspace/builds/worker-1-tc2/source:/opt/rustwide/workdir:ro,Z" "-v" "/var/lib/crater-agent-workspace/cargo-home:/opt/rustwide/cargo-home:ro,Z" "-v" "/var/lib/crater-agent-workspace/rustup-home:/opt/rustwide/rustup-home:ro,Z" "-e" "SOURCE_DIR=/opt/rustwide/workdir" "-e" "CARGO_TARGET_DIR=/opt/rustwide/target" "-e" "CARGO_INCREMENTAL=0" "-e" "RUST_BACKTRACE=full" "-e" "RUSTFLAGS=--cap-lints=warn" "-e" "RUSTDOCFLAGS=--cap-lints=warn" "-e" "CARGO_HOME=/opt/rustwide/cargo-home" "-e" "RUSTUP_HOME=/opt/rustwide/rustup-home" "-w" "/opt/rustwide/workdir" "-m" "1610612736" "--user" "0:0" "--network" "none" "ghcr.io/rust-lang/crates-build-env/linux@sha256:2788e3201cd34a07e3172128adcd8b3090168a8e3bcc40d7c032b9dda1df7d1c" "/opt/rustwide/cargo-home/bin/cargo" "+beta-2023-12-22" "build" "--frozen" "--message-format=json", kill_on_drop: false }`
[INFO] [stdout] 0701c8b89d3f79e8d0905d35c837480e5f5551c7d4f23fd9bf74a18209a7ddfd
[INFO] running `Command { std: "docker" "start" "-a" "0701c8b89d3f79e8d0905d35c837480e5f5551c7d4f23fd9bf74a18209a7ddfd", kill_on_drop: false }`
[INFO] [stderr]    Compiling unicode-ident v1.0.12
[INFO] [stderr]    Compiling typenum v1.17.0
[INFO] [stderr]    Compiling libc v0.2.151
[INFO] [stderr]    Compiling serde v1.0.194
[INFO] [stderr]    Compiling proc-macro2 v1.0.75
[INFO] [stderr]    Compiling generic-array v0.14.7
[INFO] [stderr]    Compiling subtle v2.4.1
[INFO] [stderr]    Compiling once_cell v1.19.0
[INFO] [stderr]    Compiling pin-project-lite v0.2.13
[INFO] [stderr]    Compiling futures-core v0.3.30
[INFO] [stderr]    Compiling syn v1.0.109
[INFO] [stderr]    Compiling parking v2.2.0
[INFO] [stderr]    Compiling concurrent-queue v2.4.0
[INFO] [stderr]    Compiling futures-io v0.3.30
[INFO] [stderr]    Compiling linux-raw-sys v0.4.12
[INFO] [stderr]    Compiling slab v0.4.9
[INFO] [stderr]    Compiling quote v1.0.35
[INFO] [stderr]    Compiling cpufeatures v0.2.12
[INFO] [stderr]    Compiling event-listener v4.0.2
[INFO] [stderr]    Compiling tracing-core v0.1.32
[INFO] [stderr]    Compiling syn v2.0.48
[INFO] [stderr]    Compiling event-listener-strategy v0.4.0
[INFO] [stderr]    Compiling async-lock v3.2.0
[INFO] [stderr]    Compiling jobserver v0.1.27
[INFO] [stderr]    Compiling tracing v0.1.40
[INFO] [stderr]    Compiling futures-lite v2.1.0
[INFO] [stderr]    Compiling cc v1.0.83
[INFO] [stderr]    Compiling io-lifetimes v1.0.11
[INFO] [stderr]    Compiling polling v2.8.0
[INFO] [stderr]    Compiling thiserror v1.0.56
[INFO] [stderr]    Compiling rustix v0.37.27
[INFO] [stderr]    Compiling getrandom v0.2.11
[INFO] [stderr]    Compiling linux-raw-sys v0.3.8
[INFO] [stderr]    Compiling event-listener v2.5.3
[INFO] [stderr]    Compiling digest v0.9.0
[INFO] [stderr]    Compiling block-buffer v0.9.0
[INFO] [stderr]    Compiling async-io v1.13.0
[INFO] [stderr]    Compiling standback v0.2.17
[INFO] [stderr]    Compiling fastrand v1.9.0
[INFO] [stderr]    Compiling rustix v0.38.28
[INFO] [stderr]    Compiling proc-macro-hack v0.5.20+deprecated
[INFO] [stderr]    Compiling waker-fn v1.1.1
[INFO] [stderr]    Compiling futures-lite v1.13.0
[INFO] [stderr]    Compiling sha2 v0.9.9
[INFO] [stderr]    Compiling async-lock v2.8.0
[INFO] [stderr]    Compiling atomic-waker v1.1.2
[INFO] [stderr]    Compiling async-task v4.7.0
[INFO] [stderr]    Compiling piper v0.2.1
[INFO] [stderr]    Compiling cipher v0.2.5
[INFO] [stderr]    Compiling async-channel v2.1.1
[INFO] [stderr]    Compiling const_fn v0.4.9
[INFO] [stderr]    Compiling pin-utils v0.1.0
[INFO] [stderr]    Compiling async-executor v1.8.0
[INFO] [stderr]    Compiling blocking v1.5.1
[INFO] [stderr]    Compiling universal-hash v0.4.1
[INFO] [stderr]    Compiling event-listener v3.1.0
[INFO] [stderr]    Compiling getrandom v0.1.16
[INFO] [stderr]    Compiling time v0.2.27
[INFO] [stderr]    Compiling value-bag v1.4.3
[INFO] [stderr]    Compiling subtle v1.0.0
[INFO] [stderr]    Compiling tinyvec_macros v0.1.1
[INFO] [stderr]    Compiling cpuid-bool v0.2.0
[INFO] [stderr]    Compiling tinyvec v1.6.0
[INFO] [stderr]    Compiling log v0.4.20
[INFO] [stderr]    Compiling polyval v0.4.5
[INFO] [stderr]    Compiling rand_core v0.5.1
[INFO] [stderr]    Compiling aes-soft v0.6.4
[INFO] [stderr]    Compiling crypto-mac v0.10.1
[INFO] [stderr]    Compiling rand_core v0.6.4
[INFO] [stderr]    Compiling form_urlencoded v1.2.1
[INFO] [stderr]    Compiling smallvec v1.11.2
[INFO] [stderr]    Compiling spin v0.5.2
[INFO] [stderr]    Compiling lazy_static v1.4.0
[INFO] [stderr]    Compiling aes v0.6.0
[INFO] [stderr]    Compiling unicode-normalization v0.1.22
[INFO] [stderr]    Compiling hmac v0.10.1
[INFO] [stderr]    Compiling rand_chacha v0.2.2
[INFO] [stderr]    Compiling num-integer v0.1.45
[INFO] [stderr]    Compiling ghash v0.3.1
[INFO] [stderr]    Compiling ctr v0.6.0
[INFO] [stderr]    Compiling async-channel v1.9.0
[INFO] [stderr]    Compiling aead v0.3.2
[INFO] [stderr]    Compiling crypto-common v0.1.6
[INFO] [stderr]    Compiling cookie v0.14.4
[INFO] [stderr]    Compiling hashbrown v0.14.3
[INFO] [stderr]    Compiling anyhow v1.0.79
[INFO] [stderr]    Compiling unicode-bidi v0.3.14
[INFO] [stderr]    Compiling equivalent v1.0.1
[INFO] [stderr]    Compiling aes-gcm v0.8.0
[INFO] [stderr]    Compiling rand v0.7.3
[INFO] [stderr]    Compiling indexmap v2.1.0
[INFO] [stderr]    Compiling hkdf v0.10.0
[INFO] [stderr]    Compiling idna v0.5.0
[INFO] [stderr]    Compiling zstd-sys v2.0.9+zstd.1.5.5
[INFO] [stderr]    Compiling ahash v0.7.7
[INFO] [stderr]    Compiling winnow v0.5.32
[INFO] [stderr]    Compiling crunchy v0.2.2
[INFO] [stderr]    Compiling radium v0.6.2
[INFO] [stderr]    Compiling toml_datetime v0.6.5
[INFO] [stderr]    Compiling block-buffer v0.10.4
[INFO] [stderr]    Compiling num-iter v0.1.43
[INFO] [stderr]    Compiling libm v0.2.8
[INFO] [stderr]    Compiling http-types v2.12.0
[INFO] [stderr]    Compiling vcpkg v0.2.15
[INFO] [stderr]    Compiling num-bigint-dig v0.6.1
[INFO] [stderr]    Compiling num-bigint v0.2.6
[INFO] [stderr]    Compiling time-macros-impl v0.1.2
[INFO] [stderr]    Compiling async-attributes v1.1.2
[INFO] [stderr]    Compiling serde_derive v1.0.194
[INFO] [stderr]    Compiling thiserror-impl v1.0.56
[INFO] [stderr]    Compiling zeroize_derive v1.4.2
[INFO] [stderr]    Compiling polling v3.3.1
[INFO] [stderr]    Compiling toml_edit v0.19.15
[INFO] [stderr]    Compiling time-macros v0.1.1
[INFO] [stderr]    Compiling async-io v2.2.2
[INFO] [stderr]    Compiling digest v0.10.7
[INFO] [stderr]    Compiling rand_chacha v0.3.1
[INFO] [stderr]    Compiling bzip2-sys v0.1.11+1.0.8
[INFO] [stderr]    Compiling signal-hook-registry v1.4.1
[INFO] [stderr]    Compiling socket2 v0.4.10
[INFO] [stderr]    Compiling zstd-safe v5.0.2+zstd.1.5.2
[INFO] [stderr]    Compiling proc-macro-crate v1.3.1
[INFO] [stderr]    Compiling tap v1.0.1
[INFO] [stderr]    Compiling powerfmt v0.2.0
[INFO] [stderr]    Compiling time-core v0.1.2
[INFO] [stderr]    Compiling wyz v0.2.0
[INFO] [stderr]    Compiling infer v0.2.3
[INFO] [stderr]    Compiling arrayref v0.3.7
[INFO] [stderr]    Compiling funty v1.1.0
[INFO] [stderr]    Compiling time-macros v0.2.16
[INFO] [stderr]    Compiling deranged v0.3.11
[INFO] [stderr]    Compiling async-signal v0.2.5
[INFO] [stderr]    Compiling rand v0.8.5
[INFO] [stderr]    Compiling bitvec v0.20.4
[INFO] [stderr]    Compiling zeroize v1.7.0
[INFO] [stderr]    Compiling impl-trait-for-tuples v0.2.2
[INFO] [stderr]    Compiling parity-scale-codec-derive v2.3.1
[INFO] [stderr]    Compiling num_threads v0.1.6
[INFO] [stderr]    Compiling protobuf v2.28.0
[INFO] [stderr]    Compiling base64ct v1.6.0
[INFO] [stderr]    Compiling byte-slice-cast v1.2.2
[INFO] [stderr]    Compiling arrayvec v0.7.4
[INFO] [stderr]    Compiling either v1.9.0
[INFO] [stderr]    Compiling async-global-executor v2.4.1
[INFO] [stderr]    Compiling chrono v0.4.31
[INFO] [stderr]    Compiling static_assertions v1.1.0
[INFO] [stderr]    Compiling cfg-if v0.1.10
[INFO] [stderr]    Compiling constant_time_eq v0.1.5
[INFO] [stderr]    Compiling home v0.5.9
[INFO] [stderr]    Compiling bytes v1.5.0
[INFO] [stderr]    Compiling async-trait v0.1.77
[INFO] [stderr]    Compiling hex v0.4.3
[INFO] [stderr]    Compiling which v4.4.2
[INFO] [stderr]    Compiling pem v0.8.3
[INFO] [stderr]    Compiling sha2 v0.10.8
[INFO] [stderr]    Compiling hmac v0.12.1
[INFO] [stderr]    Compiling inout v0.1.3
[INFO] [stderr]    Compiling serde_fmt v1.0.3
[INFO] [stderr]    Compiling erased-serde v0.4.2
[INFO] [stderr]    Compiling generic-array v0.12.4
[INFO] [stderr]    Compiling serde_json v1.0.111
[INFO] [stderr]    Compiling digest v0.8.1
[INFO] [stderr]    Compiling rustc-hex v2.1.0
[INFO] [stderr]    Compiling crypto-mac v0.7.0
[INFO] [stderr]    Compiling toml v0.5.11
[INFO] [stderr]    Compiling value-bag-serde1 v1.4.3
[INFO] [stderr]    Compiling hmac v0.7.1
[INFO] [stderr]    Compiling kv-log-macro v1.0.7
[INFO] [stderr]    Compiling serde_urlencoded v0.7.1
[INFO] [stderr]    Compiling url v2.5.0
[INFO] [stderr]    Compiling protobuf-codegen v2.28.0
[INFO] [stderr]    Compiling serde_qs v0.8.5
[INFO] [stderr]    Compiling async-process v1.8.1
[INFO] [stderr]    Compiling cipher v0.4.4
[INFO] [stderr]    Compiling async-std v1.12.0
[INFO] [stderr]    Compiling protoc v2.28.0
[INFO] [stderr]    Compiling tempfile v3.9.0
[INFO] [stderr]    Compiling protoc-bin-vendored-linux-aarch_64 v3.0.0
[INFO] [stderr]    Compiling protoc-bin-vendored-win32 v3.0.0
[INFO] [stderr]    Compiling protoc-bin-vendored-linux-ppcle_64 v3.0.0
[INFO] [stderr]    Compiling protoc-bin-vendored-macos-x86_64 v3.0.0
[INFO] [stderr]    Compiling protoc-bin-vendored-linux-x86_32 v3.0.0
[INFO] [stderr]    Compiling protoc-bin-vendored-linux-x86_64 v3.0.0
[INFO] [stderr]    Compiling protoc-bin-vendored v3.0.0
[INFO] [stderr]    Compiling protoc-rust v2.28.0
[INFO] [stderr]    Compiling flate2 v1.0.28
[INFO] [stderr]    Compiling aes v0.8.3
[INFO] [stderr]    Compiling proc-macro-crate v0.1.5
[INFO] [stderr]    Compiling block-buffer v0.7.3
[INFO] [stderr]    Compiling uint v0.9.5
[INFO] [stderr]    Compiling sha1 v0.10.6
[INFO] [stderr]    Compiling libsqlite3-sys v0.24.2
[INFO] [stderr]    Compiling colored v2.1.0
[INFO] [stderr]    Compiling cipher v0.3.0
[INFO] [stderr]    Compiling fallible-streaming-iterator v0.1.9
[INFO] [stderr]    Compiling fallible-iterator v0.2.0
[INFO] [stderr]    Compiling hashbrown v0.11.2
[INFO] [stderr]    Compiling int-enum-impl v0.4.0
[INFO] [stderr]    Compiling sha2 v0.8.2
[INFO] [stderr]    Compiling parity-scale-codec v2.3.1
[INFO] [stderr]    Compiling hmac-drbg v0.2.0
[INFO] [stderr]    Compiling simple_asn1 v0.4.1
[INFO] [stderr]    Compiling password-hash v0.4.2
[INFO] [stderr]    Compiling time v0.3.31
[INFO] [stderr]    Compiling futures-sink v0.3.30
[INFO] [stderr]    Compiling httparse v1.8.0
[INFO] [stderr]    Compiling block-modes v0.8.1
[INFO] [stderr]    Compiling futures-channel v0.3.30
[INFO] [stderr]    Compiling rsa v0.3.0
[INFO] [stderr]    Compiling pbkdf2 v0.11.0
[INFO] [stderr]    Compiling int-enum v0.4.0
[INFO] [stderr]    Compiling impl-codec v0.5.1
[INFO] [stderr]    Compiling libsecp256k1 v0.3.5
[INFO] [stderr]    Compiling hashlink v0.7.0
[INFO] [stderr]    Compiling aes v0.7.5
[INFO] [stderr]    Compiling fixed-hash v0.7.0
[INFO] [stderr]    Compiling hkdf v0.8.0
[INFO] [stderr]    Compiling cyfs-base-derive v0.5.0
[INFO] [stderr]    Compiling futures-macro v0.3.30
[INFO] [stderr]    Compiling cyfs-base v0.6.12
[INFO] [stderr]    Compiling async-recursion v1.0.5
[INFO] [stderr]    Compiling pin-project-internal v1.1.3
[INFO] [stderr]    Compiling blake3 v0.3.8
[INFO] [stderr]    Compiling crypto-mac v0.8.0
[INFO] [stderr]    Compiling parking_lot_core v0.9.9
[INFO] [stderr]    Compiling base-x v0.2.11
[INFO] [stderr]    Compiling lru_time_cache v0.11.11
[INFO] [stderr]    Compiling base58 v0.2.0
[INFO] [stderr]    Compiling intbits v0.2.0
[INFO] [stderr]    Compiling futures-task v0.3.30
[INFO] [stderr]    Compiling futures-util v0.3.30
[INFO] [stderr]    Compiling rusqlite v0.27.0
[INFO] [stderr]    Compiling pin-project v1.1.3
[INFO] [stderr]    Compiling cyfs-ecies v0.1.4
[INFO] [stderr]    Compiling primitive-types v0.9.1
[INFO] [stderr]    Compiling rsa-export v0.1.2
[INFO] [stderr]    Compiling simple_logger v2.3.0
[INFO] [stderr]    Compiling itertools v0.10.5
[INFO] [stderr]    Compiling backtrace v0.3.69
[INFO] [stderr]    Compiling async-dup v1.2.4
[INFO] [stderr]    Compiling memoffset v0.6.5
[INFO] [stderr]    Compiling rustversion v1.0.14
[INFO] [stderr]    Compiling gimli v0.28.1
[INFO] [stderr]    Compiling arrayvec v0.5.2
[INFO] [stderr]    Compiling hmac v0.8.1
[INFO] [stderr]    Compiling bincode v1.3.3
[INFO] [stderr]    Compiling object v0.32.2
[INFO] [stderr]    Compiling rustc-demangle v0.1.23
[INFO] [stderr]    Compiling base64 v0.12.3
[INFO] [stderr]    Compiling ansi_term v0.12.1
[INFO] [stderr]    Compiling pin-project-lite v0.1.12
[INFO] [stderr]    Compiling async-sse v4.1.0
[INFO] [stderr]    Compiling parking_lot v0.12.1
[INFO] [stderr]    Compiling async-h1 v2.3.4
[INFO] [stderr]    Compiling addr2line v0.21.0
[INFO] [stderr]    Compiling futures-executor v0.3.30
[INFO] [stderr]    Compiling http-client v6.5.3
[INFO] [stderr]    Compiling femme v2.2.1
[INFO] [stderr]    Compiling dirs-sys v0.3.7
[INFO] [stderr]    Compiling route-recognizer v0.2.0
[INFO] [stderr]    Compiling strsim v0.8.0
[INFO] [stderr]    Compiling glob v0.3.1
[INFO] [stderr]    Compiling vec_map v0.8.2
[INFO] [stderr]    Compiling flexi_logger v0.19.5
[INFO] [stderr]    Compiling clap v2.34.0
[INFO] [stderr]    Compiling dirs v4.0.0
[INFO] [stderr]    Compiling futures v0.3.30
[INFO] [stderr]    Compiling nix v0.24.3
[INFO] [stderr]    Compiling sysinfo v0.27.8
[INFO] [stderr]    Compiling log-panics v2.1.0
[INFO] [stderr]    Compiling named-lock v0.3.0
[INFO] [stderr]    Compiling cyfs-async-h1 v2.3.3
[INFO] [stderr]    Compiling cyfs-sha2 v0.8.4
[INFO] [stderr]    Compiling thread_local v1.1.7
[INFO] [stderr]    Compiling fs2 v0.4.3
[INFO] [stderr]    Compiling c_linked_list v1.1.1
[INFO] [stderr]    Compiling bzip2 v0.4.4
[INFO] [stderr]    Compiling async-session v2.0.1
[INFO] [stderr]    Compiling tide v0.16.0
[INFO] [stderr]    Compiling zstd v0.11.2+zstd.1.5.2
[INFO] [stderr]    Compiling zip v0.6.6
[INFO] [stderr]    Compiling cyfs-util v0.6.8 (/opt/rustwide/workdir)
[INFO] [stdout] warning: variant `Released` is never constructed
[INFO] [stdout]   --> src/process/pid_lock.rs:28:5
[INFO] [stdout]    |
[INFO] [stdout] 25 | enum PidlockState {
[INFO] [stdout]    |      ------------ variant in this enum
[INFO] [stdout] ...
[INFO] [stdout] 28 |     Released,
[INFO] [stdout]    |     ^^^^^^^^
[INFO] [stdout]    |
[INFO] [stdout]    = note: `PidlockState` has a derived impl for the trait `Debug`, but this is intentionally ignored during dead code analysis
[INFO] [stdout]    = note: `#[warn(dead_code)]` on by default
[INFO] [stdout] 
[INFO] [stdout] 
[INFO] [stdout] warning: method `release` is never used
[INFO] [stdout]    --> src/process/pid_lock.rs:260:12
[INFO] [stdout]     |
[INFO] [stdout] 86  | impl PidLock {
[INFO] [stdout]     | ------------ method in this implementation
[INFO] [stdout] ...
[INFO] [stdout] 260 |     pub fn release(&mut self) -> PidLockResult {
[INFO] [stdout]     |            ^^^^^^^
[INFO] [stdout] 
[INFO] [stdout] 
[INFO] [stdout] warning: function `check_current_fid` is never used
[INFO] [stdout]    --> src/process/cmd_exec.rs:131:4
[INFO] [stdout]     |
[INFO] [stdout] 131 | fn check_current_fid(fid: &str) -> Result<bool, Box<dyn Error>> {
[INFO] [stdout]     |    ^^^^^^^^^^^^^^^^^
[INFO] [stdout] 
[INFO] [stdout] 
[INFO] [stdout] warning: field `service_name` is never read
[INFO] [stdout]  --> src/process/process_lock.rs:6:5
[INFO] [stdout]   |
[INFO] [stdout] 5 | pub struct ProcessLock {
[INFO] [stdout]   |            ----------- field in this struct
[INFO] [stdout] 6 |     service_name: String,
[INFO] [stdout]   |     ^^^^^^^^^^^^
[INFO] [stdout] 
[INFO] [stdout] 
[INFO] [stdout] warning: methods `acquire` and `release` are never used
[INFO] [stdout]   --> src/process/process_lock.rs:42:12
[INFO] [stdout]    |
[INFO] [stdout] 10 | impl ProcessLock {
[INFO] [stdout]    | ---------------- methods in this implementation
[INFO] [stdout] ...
[INFO] [stdout] 42 |     pub fn acquire(&mut self) -> Result<(), PidLockError> {
[INFO] [stdout]    |            ^^^^^^^
[INFO] [stdout] ...
[INFO] [stdout] 51 |     pub fn release(&mut self) -> Result<(), PidLockError> {
[INFO] [stdout]    |            ^^^^^^^
[INFO] [stdout] 
[INFO] [stdout] 
[INFO] [stdout] warning: field `dirty` is never read
[INFO] [stdout]   --> src/storage/sqlite_storage.rs:13:5
[INFO] [stdout]    |
[INFO] [stdout] 10 | pub struct SqliteStorage {
[INFO] [stdout]    |            ------------- field in this struct
[INFO] [stdout] ...
[INFO] [stdout] 13 |     dirty: bool,
[INFO] [stdout]    |     ^^^^^
[INFO] [stdout] 
[INFO] [stdout] 
[INFO] [stdout] warning: 6 warnings emitted
[INFO] [stdout] 
[INFO] [stdout] 
[INFO] [stderr]     Finished dev [unoptimized + debuginfo] target(s) in 1m 54s
[INFO] running `Command { std: "docker" "inspect" "0701c8b89d3f79e8d0905d35c837480e5f5551c7d4f23fd9bf74a18209a7ddfd", kill_on_drop: false }`
[INFO] running `Command { std: "docker" "rm" "-f" "0701c8b89d3f79e8d0905d35c837480e5f5551c7d4f23fd9bf74a18209a7ddfd", kill_on_drop: false }`
[INFO] [stdout] 0701c8b89d3f79e8d0905d35c837480e5f5551c7d4f23fd9bf74a18209a7ddfd
[INFO] running `Command { std: "docker" "create" "-v" "/var/lib/crater-agent-workspace/builds/worker-1-tc2/target:/opt/rustwide/target:rw,Z" "-v" "/var/lib/crater-agent-workspace/builds/worker-1-tc2/source:/opt/rustwide/workdir:ro,Z" "-v" "/var/lib/crater-agent-workspace/cargo-home:/opt/rustwide/cargo-home:ro,Z" "-v" "/var/lib/crater-agent-workspace/rustup-home:/opt/rustwide/rustup-home:ro,Z" "-e" "SOURCE_DIR=/opt/rustwide/workdir" "-e" "CARGO_TARGET_DIR=/opt/rustwide/target" "-e" "CARGO_INCREMENTAL=0" "-e" "RUST_BACKTRACE=full" "-e" "RUSTFLAGS=--cap-lints=warn" "-e" "RUSTDOCFLAGS=--cap-lints=warn" "-e" "CARGO_HOME=/opt/rustwide/cargo-home" "-e" "RUSTUP_HOME=/opt/rustwide/rustup-home" "-w" "/opt/rustwide/workdir" "-m" "1610612736" "--user" "0:0" "--network" "none" "ghcr.io/rust-lang/crates-build-env/linux@sha256:2788e3201cd34a07e3172128adcd8b3090168a8e3bcc40d7c032b9dda1df7d1c" "/opt/rustwide/cargo-home/bin/cargo" "+beta-2023-12-22" "test" "--frozen" "--no-run" "--message-format=json", kill_on_drop: false }`
[INFO] [stdout] bd18d35603e2511ea868b702470be06512dbfbe3207b339080c339cca31825ab
[INFO] running `Command { std: "docker" "start" "-a" "bd18d35603e2511ea868b702470be06512dbfbe3207b339080c339cca31825ab", kill_on_drop: false }`
[INFO] [stdout] warning: variant `Released` is never constructed
[INFO] [stdout]   --> src/process/pid_lock.rs:28:5
[INFO] [stdout]    |
[INFO] [stdout] 25 | enum PidlockState {
[INFO] [stdout]    |      ------------ variant in this enum
[INFO] [stdout] ...
[INFO] [stdout] 28 |     Released,
[INFO] [stdout]    |     ^^^^^^^^
[INFO] [stdout]    |
[INFO] [stdout]    = note: `PidlockState` has a derived impl for the trait `Debug`, but this is intentionally ignored during dead code analysis
[INFO] [stdout]    = note: `#[warn(dead_code)]` on by default
[INFO] [stdout] 
[INFO] [stdout] 
[INFO] [stdout] warning: method `release` is never used
[INFO] [stdout]    --> src/process/pid_lock.rs:260:12
[INFO] [stdout]     |
[INFO] [stdout] 86  | impl PidLock {
[INFO] [stdout]     | ------------ method in this implementation
[INFO] [stdout] ...
[INFO] [stdout] 260 |     pub fn release(&mut self) -> PidLockResult {
[INFO] [stdout]     |            ^^^^^^^
[INFO] [stdout] 
[INFO] [stdout] 
[INFO] [stdout] warning: function `check_current_fid` is never used
[INFO] [stdout]    --> src/process/cmd_exec.rs:131:4
[INFO] [stdout]     |
[INFO] [stdout] 131 | fn check_current_fid(fid: &str) -> Result<bool, Box<dyn Error>> {
[INFO] [stdout]     |    ^^^^^^^^^^^^^^^^^
[INFO] [stdout] 
[INFO] [stdout] 
[INFO] [stdout] warning: field `service_name` is never read
[INFO] [stdout]  --> src/process/process_lock.rs:6:5
[INFO] [stdout]   |
[INFO] [stdout] 5 | pub struct ProcessLock {
[INFO] [stdout]   |            ----------- field in this struct
[INFO] [stdout] 6 |     service_name: String,
[INFO] [stdout]   |     ^^^^^^^^^^^^
[INFO] [stdout] 
[INFO] [stdout] 
[INFO] [stdout] warning: methods `acquire` and `release` are never used
[INFO] [stdout]   --> src/process/process_lock.rs:42:12
[INFO] [stdout]    |
[INFO] [stdout] 10 | impl ProcessLock {
[INFO] [stdout]    | ---------------- methods in this implementation
[INFO] [stdout] ...
[INFO] [stdout] 42 |     pub fn acquire(&mut self) -> Result<(), PidLockError> {
[INFO] [stdout]    |            ^^^^^^^
[INFO] [stdout] ...
[INFO] [stdout] 51 |     pub fn release(&mut self) -> Result<(), PidLockError> {
[INFO] [stdout]    |            ^^^^^^^
[INFO] [stdout] 
[INFO] [stdout] 
[INFO] [stderr]    Compiling cyfs-util v0.6.8 (/opt/rustwide/workdir)
[INFO] [stdout] warning: field `dirty` is never read
[INFO] [stdout]   --> src/storage/sqlite_storage.rs:13:5
[INFO] [stdout]    |
[INFO] [stdout] 10 | pub struct SqliteStorage {
[INFO] [stdout]    |            ------------- field in this struct
[INFO] [stdout] ...
[INFO] [stdout] 13 |     dirty: bool,
[INFO] [stdout]    |     ^^^^^
[INFO] [stdout] 
[INFO] [stdout] 
[INFO] [stdout] warning: 6 warnings emitted
[INFO] [stdout] 
[INFO] [stdout] 
[INFO] [stdout] warning: variant `Released` is never constructed
[INFO] [stdout]   --> src/process/pid_lock.rs:28:5
[INFO] [stdout]    |
[INFO] [stdout] 25 | enum PidlockState {
[INFO] [stdout]    |      ------------ variant in this enum
[INFO] [stdout] ...
[INFO] [stdout] 28 |     Released,
[INFO] [stdout]    |     ^^^^^^^^
[INFO] [stdout]    |
[INFO] [stdout]    = note: `PidlockState` has a derived impl for the trait `Debug`, but this is intentionally ignored during dead code analysis
[INFO] [stdout]    = note: `#[warn(dead_code)]` on by default
[INFO] [stdout] 
[INFO] [stdout] 
[INFO] [stdout] warning: method `release` is never used
[INFO] [stdout]    --> src/process/pid_lock.rs:260:12
[INFO] [stdout]     |
[INFO] [stdout] 86  | impl PidLock {
[INFO] [stdout]     | ------------ method in this implementation
[INFO] [stdout] ...
[INFO] [stdout] 260 |     pub fn release(&mut self) -> PidLockResult {
[INFO] [stdout]     |            ^^^^^^^
[INFO] [stdout] 
[INFO] [stdout] 
[INFO] [stdout] warning: function `check_current_fid` is never used
[INFO] [stdout]    --> src/process/cmd_exec.rs:131:4
[INFO] [stdout]     |
[INFO] [stdout] 131 | fn check_current_fid(fid: &str) -> Result<bool, Box<dyn Error>> {
[INFO] [stdout]     |    ^^^^^^^^^^^^^^^^^
[INFO] [stdout] 
[INFO] [stdout] 
[INFO] [stdout] warning: field `service_name` is never read
[INFO] [stdout]  --> src/process/process_lock.rs:6:5
[INFO] [stdout]   |
[INFO] [stdout] 5 | pub struct ProcessLock {
[INFO] [stdout]   |            ----------- field in this struct
[INFO] [stdout] 6 |     service_name: String,
[INFO] [stdout]   |     ^^^^^^^^^^^^
[INFO] [stdout] 
[INFO] [stdout] 
[INFO] [stdout] warning: methods `acquire` and `release` are never used
[INFO] [stdout]   --> src/process/process_lock.rs:42:12
[INFO] [stdout]    |
[INFO] [stdout] 10 | impl ProcessLock {
[INFO] [stdout]    | ---------------- methods in this implementation
[INFO] [stdout] ...
[INFO] [stdout] 42 |     pub fn acquire(&mut self) -> Result<(), PidLockError> {
[INFO] [stdout]    |            ^^^^^^^
[INFO] [stdout] ...
[INFO] [stdout] 51 |     pub fn release(&mut self) -> Result<(), PidLockError> {
[INFO] [stdout]    |            ^^^^^^^
[INFO] [stdout] 
[INFO] [stdout] 
[INFO] [stdout] warning: field `dirty` is never read
[INFO] [stdout]   --> src/storage/sqlite_storage.rs:13:5
[INFO] [stdout]    |
[INFO] [stdout] 10 | pub struct SqliteStorage {
[INFO] [stdout]    |            ------------- field in this struct
[INFO] [stdout] ...
[INFO] [stdout] 13 |     dirty: bool,
[INFO] [stdout]    |     ^^^^^
[INFO] [stdout] 
[INFO] [stdout] 
[INFO] [stdout] warning: function `test_file` is never used
[INFO] [stdout]    --> src/util/read_helper.rs:210:14
[INFO] [stdout]     |
[INFO] [stdout] 210 |     async fn test_file() {
[INFO] [stdout]     |              ^^^^^^^^^
[INFO] [stdout] 
[INFO] [stdout] 
[INFO] [stdout] warning: 7 warnings emitted
[INFO] [stdout] 
[INFO] [stdout] 
[INFO] [stderr]     Finished test [unoptimized + debuginfo] target(s) in 10.80s
[INFO] running `Command { std: "docker" "inspect" "bd18d35603e2511ea868b702470be06512dbfbe3207b339080c339cca31825ab", kill_on_drop: false }`
[INFO] running `Command { std: "docker" "rm" "-f" "bd18d35603e2511ea868b702470be06512dbfbe3207b339080c339cca31825ab", kill_on_drop: false }`
[INFO] [stdout] bd18d35603e2511ea868b702470be06512dbfbe3207b339080c339cca31825ab
[INFO] running `Command { std: "docker" "create" "-v" "/var/lib/crater-agent-workspace/builds/worker-1-tc2/target:/opt/rustwide/target:rw,Z" "-v" "/var/lib/crater-agent-workspace/builds/worker-1-tc2/source:/opt/rustwide/workdir:ro,Z" "-v" "/var/lib/crater-agent-workspace/cargo-home:/opt/rustwide/cargo-home:ro,Z" "-v" "/var/lib/crater-agent-workspace/rustup-home:/opt/rustwide/rustup-home:ro,Z" "-e" "SOURCE_DIR=/opt/rustwide/workdir" "-e" "CARGO_TARGET_DIR=/opt/rustwide/target" "-e" "CARGO_INCREMENTAL=0" "-e" "RUST_BACKTRACE=full" "-e" "RUSTFLAGS=--cap-lints=warn" "-e" "RUSTDOCFLAGS=--cap-lints=warn" "-e" "CARGO_HOME=/opt/rustwide/cargo-home" "-e" "RUSTUP_HOME=/opt/rustwide/rustup-home" "-w" "/opt/rustwide/workdir" "-m" "1610612736" "--user" "0:0" "--network" "none" "ghcr.io/rust-lang/crates-build-env/linux@sha256:2788e3201cd34a07e3172128adcd8b3090168a8e3bcc40d7c032b9dda1df7d1c" "/opt/rustwide/cargo-home/bin/cargo" "+beta-2023-12-22" "test" "--frozen", kill_on_drop: false }`
[INFO] [stdout] 7fcd69ff926b9801e74d261a1bcb90e61a094dd71872ae32816ade8c60b097ee
[INFO] running `Command { std: "docker" "start" "-a" "7fcd69ff926b9801e74d261a1bcb90e61a094dd71872ae32816ade8c60b097ee", kill_on_drop: false }`
[INFO] [stderr] warning: variant `Released` is never constructed
[INFO] [stderr]   --> src/process/pid_lock.rs:28:5
[INFO] [stderr]    |
[INFO] [stderr] 25 | enum PidlockState {
[INFO] [stderr]    |      ------------ variant in this enum
[INFO] [stderr] ...
[INFO] [stderr] 28 |     Released,
[INFO] [stderr]    |     ^^^^^^^^
[INFO] [stderr]    |
[INFO] [stderr]    = note: `PidlockState` has a derived impl for the trait `Debug`, but this is intentionally ignored during dead code analysis
[INFO] [stderr]    = note: `#[warn(dead_code)]` on by default
[INFO] [stderr] 
[INFO] [stderr] warning: method `release` is never used
[INFO] [stderr]    --> src/process/pid_lock.rs:260:12
[INFO] [stderr]     |
[INFO] [stderr] 86  | impl PidLock {
[INFO] [stderr]     | ------------ method in this implementation
[INFO] [stderr] ...
[INFO] [stderr] 260 |     pub fn release(&mut self) -> PidLockResult {
[INFO] [stderr]     |            ^^^^^^^
[INFO] [stderr] 
[INFO] [stderr] warning: function `check_current_fid` is never used
[INFO] [stderr]    --> src/process/cmd_exec.rs:131:4
[INFO] [stderr]     |
[INFO] [stderr] 131 | fn check_current_fid(fid: &str) -> Result<bool, Box<dyn Error>> {
[INFO] [stderr]     |    ^^^^^^^^^^^^^^^^^
[INFO] [stderr] 
[INFO] [stderr] warning: field `service_name` is never read
[INFO] [stderr]  --> src/process/process_lock.rs:6:5
[INFO] [stderr]   |
[INFO] [stderr] 5 | pub struct ProcessLock {
[INFO] [stderr]   |            ----------- field in this struct
[INFO] [stderr] 6 |     service_name: String,
[INFO] [stderr]   |     ^^^^^^^^^^^^
[INFO] [stderr] 
[INFO] [stderr] warning: methods `acquire` and `release` are never used
[INFO] [stderr]   --> src/process/process_lock.rs:42:12
[INFO] [stderr]    |
[INFO] [stderr] 10 | impl ProcessLock {
[INFO] [stderr]    | ---------------- methods in this implementation
[INFO] [stderr] ...
[INFO] [stderr] 42 |     pub fn acquire(&mut self) -> Result<(), PidLockError> {
[INFO] [stderr]    |            ^^^^^^^
[INFO] [stderr] ...
[INFO] [stderr] 51 |     pub fn release(&mut self) -> Result<(), PidLockError> {
[INFO] [stderr]    |            ^^^^^^^
[INFO] [stderr] 
[INFO] [stderr] warning: field `dirty` is never read
[INFO] [stderr]   --> src/storage/sqlite_storage.rs:13:5
[INFO] [stderr]    |
[INFO] [stderr] 10 | pub struct SqliteStorage {
[INFO] [stderr]    |            ------------- field in this struct
[INFO] [stderr] ...
[INFO] [stderr] 13 |     dirty: bool,
[INFO] [stderr]    |     ^^^^^
[INFO] [stderr] 
[INFO] [stderr] warning: function `test_file` is never used
[INFO] [stderr]    --> src/util/read_helper.rs:210:14
[INFO] [stderr]     |
[INFO] [stderr] 210 |     async fn test_file() {
[INFO] [stderr]     |              ^^^^^^^^^
[INFO] [stderr] 
[INFO] [stderr] warning: `cyfs-util` (lib) generated 6 warnings
[INFO] [stderr] warning: `cyfs-util` (lib test) generated 7 warnings (6 duplicates)
[INFO] [stderr]     Finished test [unoptimized + debuginfo] target(s) in 0.17s
[INFO] [stderr]      Running unittests src/lib.rs (/opt/rustwide/target/debug/deps/cyfs_util-cdd7d744ea222bc9)
[INFO] [stdout] 
[INFO] [stdout] running 9 tests
[INFO] [stdout] test cache::tracker_cache::tests::test_file_range ... ok
[INFO] [stdout] test net::get_if_addrs::test ... ok
[INFO] [stderr] [2024-01-05 03:22:00.536] ERROR [cyfs_util::util::sn_dir] sn device folder is empty! dir=/cyfs/etc
[INFO] [stderr] [2024-01-05 03:22:00.536] INFO [cyfs_util::storage::file_storage] key insert: app_name
[INFO] [stderr] [2024-01-05 03:22:00.536] WARN [cyfs_async_h1::server::decode] got non ascii header: test -- 错误Header, String slice should be valid ASCII
[INFO] [stderr] [2024-01-05 03:22:00.537] INFO [cyfs_util::interface::http_tcp_listener] recv tcp http request: Request { method: Get, url: Url { scheme: "http", cannot_be_a_base: false, username: "", password: None, host: Some(Ipv4(127.0.0.1)), port: None, path: "/index.html", query: None, fragment: None }, headers: {"host": "127.0.0.1", "test": "%E9%94%99%E8%AF%AFHeader", "content-length": "0", "content-type": "application/octet-stream"}, version: Some(Http1_1), body: Body { reader: "<hidden>", length: Some(0), bytes_read: 0 }, local_addr: None, peer_addr: None, ext: Extensions, trailers_sender: Some(Sender { .. }), trailers_receiver: Some(Receiver { .. }), has_trailers: false }, len=Some(0)
[INFO] [stderr] [2024-01-05 03:22:00.537] INFO [cyfs_util::storage::file_storage] key insert: app_obj
[INFO] [stderr] [2024-01-05 03:22:00.537] INFO [tide::log::middleware] <-- Request received
[INFO] [stderr] [2024-01-05 03:22:00.537] INFO [tide::log::middleware] --> Response sent
[INFO] [stderr] [2024-01-05 03:22:00.537] WARN [cyfs_async_h1::client::decode] got non ascii header: test -- 错误Header, String slice should be valid ASCII
[INFO] [stdout] test interface::http_tcp_listener::test::test ... ok
[INFO] [stderr] [2024-01-05 03:22:00.538] INFO [cyfs_util::storage::file_storage] key removed: key=app_obj, value={"name":"jack","value":-1}
[INFO] [stderr] [2024-01-05 03:22:00.538] INFO [cyfs_util::storage::file_storage] key removed: key=app_name, value=xxx
[INFO] [stderr] [2024-01-05 03:22:00.539] INFO [cyfs_util::storage::file_storage] key insert: app_obj
[INFO] [stdout] test storage::local_store::tests::test_file_store ... ok
[INFO] [stderr] [2024-01-05 03:22:00.557] DEBUG [cyfs_util::storage::sqlite_storage] remove item return: Ok(1)
[INFO] [stderr] [2024-01-05 03:22:00.558] DEBUG [cyfs_util::storage::sqlite_storage] remove item return: Ok(0)
[INFO] [stdout] test storage::local_store::tests::test_sqlite_store ... ok
[INFO] [stderr] [2024-01-05 03:22:01.145] ERROR [log_panics] thread 'util::sn_dir::test::test' panicked at 'called `Result::unwrap()` on an `Err` value: "err: (InvalidData, sn device folder is empty! dir=/cyfs/etc, None)"': src/util/sn_dir.rs:177
[INFO] [stderr]    0: <backtrace::capture::Backtrace as core::default::Default>::default
[INFO] [stderr]              at /opt/rustwide/cargo-home/registry/src/index.crates.io-6f17d22bba15001f/backtrace-0.3.69/src/capture.rs:410:9
[INFO] [stderr]    1: log_panics::Config::install_panic_hook::{{closure}}
[INFO] [stderr]              at /opt/rustwide/cargo-home/registry/src/index.crates.io-6f17d22bba15001f/log-panics-2.1.0/src/lib.rs:115:29
[INFO] [stderr]    2: <alloc::boxed::Box<F,A> as core::ops::function::Fn<Args>>::call
[INFO] [stderr]              at /rustc/0e09125c6c3c2fd70d7de961bcf0e51575235fad/library/alloc/src/boxed.rs:2029:9
[INFO] [stderr]       std::panicking::rust_panic_with_hook
[INFO] [stderr]              at /rustc/0e09125c6c3c2fd70d7de961bcf0e51575235fad/library/std/src/panicking.rs:783:13
[INFO] [stderr]    3: std::panicking::begin_panic_handler::{{closure}}
[INFO] [stderr]              at /rustc/0e09125c6c3c2fd70d7de961bcf0e51575235fad/library/std/src/panicking.rs:657:13
[INFO] [stderr]    4: std::sys_common::backtrace::__rust_end_short_backtrace
[INFO] [stderr]              at /rustc/0e09125c6c3c2fd70d7de961bcf0e51575235fad/library/std/src/sys_common/backtrace.rs:171:18
[INFO] [stderr]    5: rust_begin_unwind
[INFO] [stderr]              at /rustc/0e09125c6c3c2fd70d7de961bcf0e51575235fad/library/std/src/panicking.rs:645:5
[INFO] [stderr]    6: core::panicking::panic_fmt
[INFO] [stderr]              at /rustc/0e09125c6c3c2fd70d7de961bcf0e51575235fad/library/core/src/panicking.rs:72:14
[INFO] [stderr]    7: core::result::unwrap_failed
[INFO] [stderr]              at /rustc/0e09125c6c3c2fd70d7de961bcf0e51575235fad/library/core/src/result.rs:1649:5
[INFO] [stderr]    8: core::result::Result<T,E>::unwrap
[INFO] [stderr]              at /rustc/0e09125c6c3c2fd70d7de961bcf0e51575235fad/library/core/src/result.rs:1073:23
[INFO] [stderr]    9: cyfs_util::util::sn_dir::test::test
[INFO] [stderr]              at src/util/sn_dir.rs:177:19
[INFO] [stderr]   10: cyfs_util::util::sn_dir::test::test::{{closure}}
[INFO] [stderr]              at src/util/sn_dir.rs:173:14
[INFO] [stderr]   11: core::ops::function::FnOnce::call_once
[INFO] [stderr]              at /rustc/0e09125c6c3c2fd70d7de961bcf0e51575235fad/library/core/src/ops/function.rs:250:5
[INFO] [stderr]   12: core::ops::function::FnOnce::call_once
[INFO] [stderr]              at /rustc/0e09125c6c3c2fd70d7de961bcf0e51575235fad/library/core/src/ops/function.rs:250:5
[INFO] [stderr]       test::__rust_begin_short_backtrace
[INFO] [stderr]              at /rustc/0e09125c6c3c2fd70d7de961bcf0e51575235fad/library/test/src/lib.rs:627:18
[INFO] [stderr]   13: test::run_test_in_process::{{closure}}
[INFO] [stderr]              at /rustc/0e09125c6c3c2fd70d7de961bcf0e51575235fad/library/test/src/lib.rs:650:60
[INFO] [stderr]       <core::panic::unwind_safe::AssertUnwindSafe<F> as core::ops::function::FnOnce<()>>::call_once
[INFO] [stderr]              at /rustc/0e09125c6c3c2fd70d7de961bcf0e51575235fad/library/core/src/panic/unwind_safe.rs:272:9
[INFO] [stderr]       std::panicking::try::do_call
[INFO] [stderr]              at /rustc/0e09125c6c3c2fd70d7de961bcf0e51575235fad/library/std/src/panicking.rs:552:40
[INFO] [stderr]       std::panicking::try
[INFO] [stderr]              at /rustc/0e09125c6c3c2fd70d7de961bcf0e51575235fad/library/std/src/panicking.rs:516:19
[INFO] [stderr]       std::panic::catch_unwind
[INFO] [stderr]              at /rustc/0e09125c6c3c2fd70d7de961bcf0e51575235fad/library/std/src/panic.rs:142:14
[INFO] [stderr]       test::run_test_in_process
[INFO] [stderr]              at /rustc/0e09125c6c3c2fd70d7de961bcf0e51575235fad/library/test/src/lib.rs:650:27
[INFO] [stderr]       test::run_test::{{closure}}
[INFO] [stderr]              at /rustc/0e09125c6c3c2fd70d7de961bcf0e51575235fad/library/test/src/lib.rs:573:43
[INFO] [stderr]   14: test::run_test::{{closure}}
[INFO] [stderr]              at /rustc/0e09125c6c3c2fd70d7de961bcf0e51575235fad/library/test/src/lib.rs:601:41
[INFO] [stderr]       std::sys_common::backtrace::__rust_begin_short_backtrace
[INFO] [stderr]              at /rustc/0e09125c6c3c2fd70d7de961bcf0e51575235fad/library/std/src/sys_common/backtrace.rs:155:18
[INFO] [stderr]   15: std::thread::Builder::spawn_unchecked_::{{closure}}::{{closure}}
[INFO] [stderr]              at /rustc/0e09125c6c3c2fd70d7de961bcf0e51575235fad/library/std/src/thread/mod.rs:529:17
[INFO] [stderr]       <core::panic::unwind_safe::AssertUnwindSafe<F> as core::ops::function::FnOnce<()>>::call_once
[INFO] [stderr]              at /rustc/0e09125c6c3c2fd70d7de961bcf0e51575235fad/library/core/src/panic/unwind_safe.rs:272:9
[INFO] [stderr]       std::panicking::try::do_call
[INFO] [stderr]              at /rustc/0e09125c6c3c2fd70d7de961bcf0e51575235fad/library/std/src/panicking.rs:552:40
[INFO] [stderr]       std::panicking::try
[INFO] [stderr]              at /rustc/0e09125c6c3c2fd70d7de961bcf0e51575235fad/library/std/src/panicking.rs:516:19
[INFO] [stderr]       std::panic::catch_unwind
[INFO] [stderr]              at /rustc/0e09125c6c3c2fd70d7de961bcf0e51575235fad/library/std/src/panic.rs:142:14
[INFO] [stderr]       std::thread::Builder::spawn_unchecked_::{{closure}}
[INFO] [stderr]              at /rustc/0e09125c6c3c2fd70d7de961bcf0e51575235fad/library/std/src/thread/mod.rs:528:30
[INFO] [stderr]       core::ops::function::FnOnce::call_once{{vtable.shim}}
[INFO] [stderr]              at /rustc/0e09125c6c3c2fd70d7de961bcf0e51575235fad/library/core/src/ops/function.rs:250:5
[INFO] [stderr]   16: <alloc::boxed::Box<F,A> as core::ops::function::FnOnce<Args>>::call_once
[INFO] [stderr]              at /rustc/0e09125c6c3c2fd70d7de961bcf0e51575235fad/library/alloc/src/boxed.rs:2015:9
[INFO] [stderr]       <alloc::boxed::Box<F,A> as core::ops::function::FnOnce<Args>>::call_once
[INFO] [stderr]              at /rustc/0e09125c6c3c2fd70d7de961bcf0e51575235fad/library/alloc/src/boxed.rs:2015:9
[INFO] [stderr]       std::sys::unix::thread::Thread::new::thread_start
[INFO] [stderr]              at /rustc/0e09125c6c3c2fd70d7de961bcf0e51575235fad/library/std/src/sys/unix/thread.rs:108:17
[INFO] [stderr]   17: <unknown>
[INFO] [stderr]   18: __clone
[INFO] [stderr] 
[INFO] [stderr] [2024-01-05 03:22:01.145] ERROR [log_panics] thread 'util::read_helper::tests::test' panicked at 'misaligned pointer dereference: address must be a multiple of 0x4 but is 0x7f82f9879a81': /opt/rustwide/cargo-home/registry/src/index.crates.io-6f17d22bba15001f/cyfs-base-0.6.12/src/objects/chunk.rs:229
[INFO] [stderr]    0: <backtrace::capture::Backtrace as core::default::Default>::default
[INFO] [stderr]              at /opt/rustwide/cargo-home/registry/src/index.crates.io-6f17d22bba15001f/backtrace-0.3.69/src/capture.rs:410:9
[INFO] [stderr]    1: log_panics::Config::install_panic_hook::{{closure}}
[INFO] [stderr]              at /opt/rustwide/cargo-home/registry/src/index.crates.io-6f17d22bba15001f/log-panics-2.1.0/src/lib.rs:115:29
[INFO] [stderr]    2: <alloc::boxed::Box<F,A> as core::ops::function::Fn<Args>>::call
[INFO] [stderr]              at /rustc/0e09125c6c3c2fd70d7de961bcf0e51575235fad/library/alloc/src/boxed.rs:2029:9
[INFO] [stderr]       std::panicking::rust_panic_with_hook
[INFO] [stderr]              at /rustc/0e09125c6c3c2fd70d7de961bcf0e51575235fad/library/std/src/panicking.rs:783:13
[INFO] [stderr]    3: std::panicking::begin_panic_handler::{{closure}}
[INFO] [stderr]              at /rustc/0e09125c6c3c2fd70d7de961bcf0e51575235fad/library/std/src/panicking.rs:657:13
[INFO] [stderr]    4: std::sys_common::backtrace::__rust_end_short_backtrace
[INFO] [stderr]              at /rustc/0e09125c6c3c2fd70d7de961bcf0e51575235fad/library/std/src/sys_common/backtrace.rs:171:18
[INFO] [stderr]    5: rust_begin_unwind
[INFO] [stderr]              at /rustc/0e09125c6c3c2fd70d7de961bcf0e51575235fad/library/std/src/panicking.rs:645:5
[INFO] [stderr]    6: core::panicking::panic_nounwind_fmt::runtime
[INFO] [stderr]              at /rustc/0e09125c6c3c2fd70d7de961bcf0e51575235fad/library/core/src/panicking.rs:110:18
[INFO] [stderr]       core::panicking::panic_nounwind_fmt
[INFO] [stderr]              at /rustc/0e09125c6c3c2fd70d7de961bcf0e51575235fad/library/core/src/panicking.rs:122:9
[INFO] [stderr]    7: core::panicking::panic_misaligned_pointer_dereference
[INFO] [stderr]              at /rustc/0e09125c6c3c2fd70d7de961bcf0e51575235fad/library/core/src/panicking.rs:221:5
[INFO] [stderr]    8: cyfs_base::objects::chunk::ChunkId::new
[INFO] [stderr]              at /opt/rustwide/cargo-home/registry/src/index.crates.io-6f17d22bba15001f/cyfs-base-0.6.12/src/objects/chunk.rs:229:13
[INFO] [stderr]    9: cyfs_base::objects::chunk::ChunkId::calculate::{{closure}}
[INFO] [stderr]              at /opt/rustwide/cargo-home/registry/src/index.crates.io-6f17d22bba15001f/cyfs-base-0.6.12/src/objects/chunk.rs:213:12
[INFO] [stderr]   10: cyfs_util::util::read_helper::tests::test1::{{closure}}
[INFO] [stderr]              at src/util/read_helper.rs:231:49
[INFO] [stderr]   11: cyfs_util::util::read_helper::tests::test::{{closure}}
[INFO] [stderr]              at src/util/read_helper.rs:346:21
[INFO] [stderr]   12: <async_std::task::builder::SupportTaskLocals<F> as core::future::future::Future>::poll::{{closure}}
[INFO] [stderr]              at /opt/rustwide/cargo-home/registry/src/index.crates.io-6f17d22bba15001f/async-std-1.12.0/src/task/builder.rs:199:17
[INFO] [stderr]   13: async_std::task::task_locals_wrapper::TaskLocalsWrapper::set_current::{{closure}}
[INFO] [stderr]              at /opt/rustwide/cargo-home/registry/src/index.crates.io-6f17d22bba15001f/async-std-1.12.0/src/task/task_locals_wrapper.rs:60:13
[INFO] [stderr]   14: std::thread::local::LocalKey<T>::try_with
[INFO] [stderr]              at /rustc/0e09125c6c3c2fd70d7de961bcf0e51575235fad/library/std/src/thread/local.rs:270:16
[INFO] [stderr]   15: std::thread::local::LocalKey<T>::with
[INFO] [stderr]              at /rustc/0e09125c6c3c2fd70d7de961bcf0e51575235fad/library/std/src/thread/local.rs:246:9
[INFO] [stderr]   16: async_std::task::task_locals_wrapper::TaskLocalsWrapper::set_current
[INFO] [stderr]              at /opt/rustwide/cargo-home/registry/src/index.crates.io-6f17d22bba15001f/async-std-1.12.0/src/task/task_locals_wrapper.rs:55:9
[INFO] [stderr]   17: <async_std::task::builder::SupportTaskLocals<F> as core::future::future::Future>::poll
[INFO] [stderr]              at /opt/rustwide/cargo-home/registry/src/index.crates.io-6f17d22bba15001f/async-std-1.12.0/src/task/builder.rs:197:13
[INFO] [stderr]   18: <futures_lite::future::Or<F1,F2> as core::future::future::Future>::poll
[INFO] [stderr]              at /opt/rustwide/cargo-home/registry/src/index.crates.io-6f17d22bba15001f/futures-lite-2.1.0/src/future.rs:446:33
[INFO] [stderr]   19: async_executor::Executor::run::{{closure}}
[INFO] [stderr]              at /opt/rustwide/cargo-home/registry/src/index.crates.io-6f17d22bba15001f/async-executor-1.8.0/src/lib.rs:261:32
[INFO] [stderr]   20: async_executor::LocalExecutor::run::{{closure}}
[INFO] [stderr]              at /opt/rustwide/cargo-home/registry/src/index.crates.io-6f17d22bba15001f/async-executor-1.8.0/src/lib.rs:480:34
[INFO] [stderr]   21: async_io::driver::block_on::{{closure}}
[INFO] [stderr]              at /opt/rustwide/cargo-home/registry/src/index.crates.io-6f17d22bba15001f/async-io-2.2.2/src/driver.rs:199:37
[INFO] [stderr]   22: std::thread::local::LocalKey<T>::try_with
[INFO] [stderr]              at /rustc/0e09125c6c3c2fd70d7de961bcf0e51575235fad/library/std/src/thread/local.rs:270:16
[INFO] [stderr]   23: std::thread::local::LocalKey<T>::with
[INFO] [stderr]              at /rustc/0e09125c6c3c2fd70d7de961bcf0e51575235fad/library/std/src/thread/local.rs:246:9
[INFO] [stderr]   24: async_io::driver::block_on
[INFO] [stdout] test util::sn_dir::test::test ... FAILED
[INFO] [stderr]              at /opt/rustwide/cargo-home/registry/src/index.crates.io-6f17d22bba15001f/async-io-2.2.2/src/driver.rs:175:5
[INFO] [stderr]   25: async_global_executor::reactor::block_on::{{closure}}
[INFO] [stderr]              at /opt/rustwide/cargo-home/registry/src/index.crates.io-6f17d22bba15001f/async-global-executor-2.4.1/src/reactor.rs:3:18
[INFO] [stderr]   26: async_global_executor::reactor::block_on
[INFO] [stderr]              at /opt/rustwide/cargo-home/registry/src/index.crates.io-6f17d22bba15001f/async-global-executor-2.4.1/src/reactor.rs:12:5
[INFO] [stderr]   27: async_global_executor::executor::block_on::{{closure}}
[INFO] [stderr]              at /opt/rustwide/cargo-home/registry/src/index.crates.io-6f17d22bba15001f/async-global-executor-2.4.1/src/executor.rs:26:36
[INFO] [stderr]   28: std::thread::local::LocalKey<T>::try_with
[INFO] [stderr]              at /rustc/0e09125c6c3c2fd70d7de961bcf0e51575235fad/library/std/src/thread/local.rs:270:16
[INFO] [stderr]   29: std::thread::local::LocalKey<T>::with
[INFO] [stderr]              at /rustc/0e09125c6c3c2fd70d7de961bcf0e51575235fad/library/std/src/thread/local.rs:246:9
[INFO] [stderr]   30: async_global_executor::executor::block_on
[INFO] [stderr]              at /opt/rustwide/cargo-home/registry/src/index.crates.io-6f17d22bba15001f/async-global-executor-2.4.1/src/executor.rs:26:5
[INFO] [stderr]   31: async_std::task::builder::Builder::blocking::{{closure}}::{{closure}}
[INFO] [stderr]              at /opt/rustwide/cargo-home/registry/src/index.crates.io-6f17d22bba15001f/async-std-1.12.0/src/task/builder.rs:171:25
[INFO] [stderr]   32: async_std::task::task_locals_wrapper::TaskLocalsWrapper::set_current::{{closure}}
[INFO] [stderr]              at /opt/rustwide/cargo-home/registry/src/index.crates.io-6f17d22bba15001f/async-std-1.12.0/src/task/task_locals_wrapper.rs:60:13
[INFO] [stderr]   33: std::thread::local::LocalKey<T>::try_with
[INFO] [stderr]              at /rustc/0e09125c6c3c2fd70d7de961bcf0e51575235fad/library/std/src/thread/local.rs:270:16
[INFO] [stderr]   34: std::thread::local::LocalKey<T>::with
[INFO] [stderr]              at /rustc/0e09125c6c3c2fd70d7de961bcf0e51575235fad/library/std/src/thread/local.rs:246:9
[INFO] [stderr]   35: async_std::task::task_locals_wrapper::TaskLocalsWrapper::set_current
[INFO] [stderr]              at /opt/rustwide/cargo-home/registry/src/index.crates.io-6f17d22bba15001f/async-std-1.12.0/src/task/task_locals_wrapper.rs:55:9
[INFO] [stderr]   36: async_std::task::builder::Builder::blocking::{{closure}}
[INFO] [stderr]              at /opt/rustwide/cargo-home/registry/src/index.crates.io-6f17d22bba15001f/async-std-1.12.0/src/task/builder.rs:168:17
[INFO] [stderr]   37: std::thread::local::LocalKey<T>::try_with
[INFO] [stderr]              at /rustc/0e09125c6c3c2fd70d7de961bcf0e51575235fad/library/std/src/thread/local.rs:270:16
[INFO] [stderr]   38: std::thread::local::LocalKey<T>::with
[INFO] [stderr]              at /rustc/0e09125c6c3c2fd70d7de961bcf0e51575235fad/library/std/src/thread/local.rs:246:9
[INFO] [stderr]   39: async_std::task::builder::Builder::blocking
[INFO] [stderr]              at /opt/rustwide/cargo-home/registry/src/index.crates.io-6f17d22bba15001f/async-std-1.12.0/src/task/builder.rs:161:9
[INFO] [stderr]   40: async_std::task::block_on::block_on
[INFO] [stderr]              at /opt/rustwide/cargo-home/registry/src/index.crates.io-6f17d22bba15001f/async-std-1.12.0/src/task/block_on.rs:33:5
[INFO] [stderr]   41: cyfs_util::util::read_helper::tests::test
[INFO] [stderr]              at src/util/read_helper.rs:345:9
[INFO] [stderr]   42: cyfs_util::util::read_helper::tests::test::{{closure}}
[INFO] [stderr]              at src/util/read_helper.rs:344:14
[INFO] [stderr]   43: core::ops::function::FnOnce::call_once
[INFO] [stderr]              at /rustc/0e09125c6c3c2fd70d7de961bcf0e51575235fad/library/core/src/ops/function.rs:250:5
[INFO] [stderr]   44: core::ops::function::FnOnce::call_once
[INFO] [stderr]              at /rustc/0e09125c6c3c2fd70d7de961bcf0e51575235fad/library/core/src/ops/function.rs:250:5
[INFO] [stderr]       test::__rust_begin_short_backtrace
[INFO] [stderr]              at /rustc/0e09125c6c3c2fd70d7de961bcf0e51575235fad/library/test/src/lib.rs:627:18
[INFO] [stderr]   45: test::run_test_in_process::{{closure}}
[INFO] [stderr]              at /rustc/0e09125c6c3c2fd70d7de961bcf0e51575235fad/library/test/src/lib.rs:650:60
[INFO] [stderr]       <core::panic::unwind_safe::AssertUnwindSafe<F> as core::ops::function::FnOnce<()>>::call_once
[INFO] [stderr]              at /rustc/0e09125c6c3c2fd70d7de961bcf0e51575235fad/library/core/src/panic/unwind_safe.rs:272:9
[INFO] [stderr]       std::panicking::try::do_call
[INFO] [stderr]              at /rustc/0e09125c6c3c2fd70d7de961bcf0e51575235fad/library/std/src/panicking.rs:552:40
[INFO] [stderr]       std::panicking::try
[INFO] [stderr]              at /rustc/0e09125c6c3c2fd70d7de961bcf0e51575235fad/library/std/src/panicking.rs:516:19
[INFO] [stderr]       std::panic::catch_unwind
[INFO] [stderr]              at /rustc/0e09125c6c3c2fd70d7de961bcf0e51575235fad/library/std/src/panic.rs:142:14
[INFO] [stderr]       test::run_test_in_process
[INFO] [stderr]              at /rustc/0e09125c6c3c2fd70d7de961bcf0e51575235fad/library/test/src/lib.rs:650:27
[INFO] [stderr]       test::run_test::{{closure}}
[INFO] [stderr]              at /rustc/0e09125c6c3c2fd70d7de961bcf0e51575235fad/library/test/src/lib.rs:573:43
[INFO] [stderr]   46: test::run_test::{{closure}}
[INFO] [stderr]              at /rustc/0e09125c6c3c2fd70d7de961bcf0e51575235fad/library/test/src/lib.rs:601:41
[INFO] [stderr]       std::sys_common::backtrace::__rust_begin_short_backtrace
[INFO] [stderr]              at /rustc/0e09125c6c3c2fd70d7de961bcf0e51575235fad/library/std/src/sys_common/backtrace.rs:155:18
[INFO] [stderr]   47: std::thread::Builder::spawn_unchecked_::{{closure}}::{{closure}}
[INFO] [stderr]              at /rustc/0e09125c6c3c2fd70d7de961bcf0e51575235fad/library/std/src/thread/mod.rs:529:17
[INFO] [stderr]       <core::panic::unwind_safe::AssertUnwindSafe<F> as core::ops::function::FnOnce<()>>::call_once
[INFO] [stderr]              at /rustc/0e09125c6c3c2fd70d7de961bcf0e51575235fad/library/core/src/panic/unwind_safe.rs:272:9
[INFO] [stderr]       std::panicking::try::do_call
[INFO] [stderr]              at /rustc/0e09125c6c3c2fd70d7de961bcf0e51575235fad/library/std/src/panicking.rs:552:40
[INFO] [stderr]       std::panicking::try
[INFO] [stderr]              at /rustc/0e09125c6c3c2fd70d7de961bcf0e51575235fad/library/std/src/panicking.rs:516:19
[INFO] [stderr]       std::panic::catch_unwind
[INFO] [stderr]              at /rustc/0e09125c6c3c2fd70d7de961bcf0e51575235fad/library/std/src/panic.rs:142:14
[INFO] [stderr]       std::thread::Builder::spawn_unchecked_::{{closure}}
[INFO] [stderr]              at /rustc/0e09125c6c3c2fd70d7de961bcf0e51575235fad/library/std/src/thread/mod.rs:528:30
[INFO] [stderr]       core::ops::function::FnOnce::call_once{{vtable.shim}}
[INFO] [stderr]              at /rustc/0e09125c6c3c2fd70d7de961bcf0e51575235fad/library/core/src/ops/function.rs:250:5
[INFO] [stderr]   48: <alloc::boxed::Box<F,A> as core::ops::function::FnOnce<Args>>::call_once
[INFO] [stderr]              at /rustc/0e09125c6c3c2fd70d7de961bcf0e51575235fad/library/alloc/src/boxed.rs:2015:9
[INFO] [stderr]       <alloc::boxed::Box<F,A> as core::ops::function::FnOnce<Args>>::call_once
[INFO] [stderr]              at /rustc/0e09125c6c3c2fd70d7de961bcf0e51575235fad/library/alloc/src/boxed.rs:2015:9
[INFO] [stderr]       std::sys::unix::thread::Thread::new::thread_start
[INFO] [stderr]              at /rustc/0e09125c6c3c2fd70d7de961bcf0e51575235fad/library/std/src/sys/unix/thread.rs:108:17
[INFO] [stderr]   49: <unknown>
[INFO] [stderr]   50: __clone
[INFO] [stderr] 
[INFO] [stderr] thread caused non-unwinding panic. aborting.
[INFO] [stderr] error: test failed, to rerun pass `--lib`
[INFO] [stderr] 
[INFO] [stderr] Caused by:
[INFO] [stderr]   process didn't exit successfully: `/opt/rustwide/target/debug/deps/cyfs_util-cdd7d744ea222bc9` (signal: 6, SIGABRT: process abort signal)
[INFO] running `Command { std: "docker" "inspect" "7fcd69ff926b9801e74d261a1bcb90e61a094dd71872ae32816ade8c60b097ee", kill_on_drop: false }`
[INFO] running `Command { std: "docker" "rm" "-f" "7fcd69ff926b9801e74d261a1bcb90e61a094dd71872ae32816ade8c60b097ee", kill_on_drop: false }`
[INFO] [stdout] 7fcd69ff926b9801e74d261a1bcb90e61a094dd71872ae32816ade8c60b097ee
