[INFO] fetching crate cyfs-task-manager 0.6.4...
[INFO] testing cyfs-task-manager-0.6.4 against 1.75.0 for beta-1.76-1
[INFO] extracting crate cyfs-task-manager 0.6.4 into /workspace/builds/worker-6-tc1/source
[INFO] validating manifest of crates.io crate cyfs-task-manager 0.6.4 on toolchain 1.75.0
[INFO] running `Command { std: CARGO_HOME="/workspace/cargo-home" RUSTUP_HOME="/workspace/rustup-home" "/workspace/cargo-home/bin/cargo" "+1.75.0" "metadata" "--manifest-path" "Cargo.toml" "--no-deps", kill_on_drop: false }`
[INFO] started tweaking crates.io crate cyfs-task-manager 0.6.4
[INFO] finished tweaking crates.io crate cyfs-task-manager 0.6.4
[INFO] tweaked toml for crates.io crate cyfs-task-manager 0.6.4 written to /workspace/builds/worker-6-tc1/source/Cargo.toml
[INFO] running `Command { std: CARGO_HOME="/workspace/cargo-home" RUSTUP_HOME="/workspace/rustup-home" "/workspace/cargo-home/bin/cargo" "+1.75.0" "generate-lockfile" "--manifest-path" "Cargo.toml", kill_on_drop: false }`
[INFO] [stderr]     Updating crates.io index
[INFO] running `Command { std: CARGO_HOME="/workspace/cargo-home" RUSTUP_HOME="/workspace/rustup-home" "/workspace/cargo-home/bin/cargo" "+1.75.0" "fetch" "--manifest-path" "Cargo.toml", kill_on_drop: false }`
[INFO] [stderr]  Downloading crates ...
[INFO] [stderr]   Downloaded protoc-bin-vendored v3.0.0
[INFO] [stderr]   Downloaded int-enum v0.4.0
[INFO] [stderr]   Downloaded cyfs-ecies v0.1.4
[INFO] [stderr]   Downloaded sqlx-rt v0.5.13
[INFO] [stderr]   Downloaded intbits v0.2.0
[INFO] [stderr]   Downloaded simple_logger v2.3.0
[INFO] [stderr]   Downloaded rsa-export v0.1.2
[INFO] [stderr]   Downloaded async-process v1.8.1
[INFO] [stderr]   Downloaded cyfs-base-derive v0.5.0
[INFO] [stderr]   Downloaded async-rustls v0.2.0
[INFO] [stderr]   Downloaded rsa v0.6.1
[INFO] [stderr]   Downloaded rusqlite v0.27.0
[INFO] [stderr]   Downloaded cyfs-base v0.6.12
[INFO] [stderr]   Downloaded sqlx-core v0.5.13
[INFO] [stderr]   Downloaded protoc-bin-vendored-linux-x86_32 v3.0.0
[INFO] [stderr]   Downloaded protoc-bin-vendored-linux-aarch_64 v3.0.0
[INFO] [stderr]   Downloaded universal-hash v0.4.0
[INFO] [stderr]   Downloaded libsqlite3-sys v0.24.2
[INFO] [stderr]   Downloaded protoc-bin-vendored-linux-ppcle_64 v3.0.0
[INFO] [stderr]   Downloaded protoc-bin-vendored-macos-x86_64 v3.0.0
[INFO] [stderr]   Downloaded crypto-mac v0.10.0
[INFO] [stderr]   Downloaded int-enum-impl v0.4.0
[INFO] [stderr]   Downloaded rsa v0.3.0
[INFO] [stderr]   Downloaded protoc-bin-vendored-win32 v3.0.0
[INFO] [stderr]   Downloaded protoc-bin-vendored-linux-x86_64 v3.0.0
[INFO] [stderr]   Downloaded flume v0.10.14
[INFO] [stderr]   Downloaded pkcs1 v0.3.3
[INFO] [stderr]   Downloaded num-bigint-dig v0.6.1
[INFO] [stderr]   Downloaded futures-intrusive v0.4.2
[INFO] [stderr]   Downloaded sqlx v0.5.13
[INFO] [stderr]   Downloaded event-listener v3.1.0
[INFO] [stderr]   Downloaded async-signal v0.2.5
[INFO] [stderr]   Downloaded sqlx-macros v0.5.13
[INFO] [stderr]   Downloaded fixed-hash v0.7.0
[INFO] [stderr]   Downloaded impl-codec v0.5.1
[INFO] [stderr]   Downloaded primitive-types v0.9.1
[INFO] running `Command { std: "docker" "create" "-v" "/var/lib/crater-agent-workspace/builds/worker-6-tc1/target:/opt/rustwide/target:rw,Z" "-v" "/var/lib/crater-agent-workspace/builds/worker-6-tc1/source:/opt/rustwide/workdir:ro,Z" "-v" "/var/lib/crater-agent-workspace/cargo-home:/opt/rustwide/cargo-home:ro,Z" "-v" "/var/lib/crater-agent-workspace/rustup-home:/opt/rustwide/rustup-home:ro,Z" "-e" "SOURCE_DIR=/opt/rustwide/workdir" "-e" "CARGO_TARGET_DIR=/opt/rustwide/target" "-e" "CARGO_HOME=/opt/rustwide/cargo-home" "-e" "RUSTUP_HOME=/opt/rustwide/rustup-home" "-w" "/opt/rustwide/workdir" "-m" "1610612736" "--user" "0:0" "--network" "none" "ghcr.io/rust-lang/crates-build-env/linux@sha256:2788e3201cd34a07e3172128adcd8b3090168a8e3bcc40d7c032b9dda1df7d1c" "/opt/rustwide/cargo-home/bin/cargo" "+1.75.0" "metadata" "--no-deps" "--format-version=1", kill_on_drop: false }`
[INFO] [stdout] 966756e75c3e60ce78d182f0146abc1df8f135a1f3e498a894dcbc30df0bd30f
[INFO] running `Command { std: "docker" "start" "-a" "966756e75c3e60ce78d182f0146abc1df8f135a1f3e498a894dcbc30df0bd30f", kill_on_drop: false }`
[INFO] running `Command { std: "docker" "inspect" "966756e75c3e60ce78d182f0146abc1df8f135a1f3e498a894dcbc30df0bd30f", kill_on_drop: false }`
[INFO] running `Command { std: "docker" "rm" "-f" "966756e75c3e60ce78d182f0146abc1df8f135a1f3e498a894dcbc30df0bd30f", kill_on_drop: false }`
[INFO] [stdout] 966756e75c3e60ce78d182f0146abc1df8f135a1f3e498a894dcbc30df0bd30f
[INFO] running `Command { std: "docker" "create" "-v" "/var/lib/crater-agent-workspace/builds/worker-6-tc1/target:/opt/rustwide/target:rw,Z" "-v" "/var/lib/crater-agent-workspace/builds/worker-6-tc1/source:/opt/rustwide/workdir:ro,Z" "-v" "/var/lib/crater-agent-workspace/cargo-home:/opt/rustwide/cargo-home:ro,Z" "-v" "/var/lib/crater-agent-workspace/rustup-home:/opt/rustwide/rustup-home:ro,Z" "-e" "SOURCE_DIR=/opt/rustwide/workdir" "-e" "CARGO_TARGET_DIR=/opt/rustwide/target" "-e" "CARGO_INCREMENTAL=0" "-e" "RUST_BACKTRACE=full" "-e" "RUSTFLAGS=--cap-lints=warn" "-e" "RUSTDOCFLAGS=--cap-lints=warn" "-e" "CARGO_HOME=/opt/rustwide/cargo-home" "-e" "RUSTUP_HOME=/opt/rustwide/rustup-home" "-w" "/opt/rustwide/workdir" "-m" "1610612736" "--user" "0:0" "--network" "none" "ghcr.io/rust-lang/crates-build-env/linux@sha256:2788e3201cd34a07e3172128adcd8b3090168a8e3bcc40d7c032b9dda1df7d1c" "/opt/rustwide/cargo-home/bin/cargo" "+1.75.0" "build" "--frozen" "--message-format=json", kill_on_drop: false }`
[INFO] [stdout] e178c5ad5462f8bbbb137cb9c4d0308ff495278e8653a51d7ec4e93a62347dde
[INFO] running `Command { std: "docker" "start" "-a" "e178c5ad5462f8bbbb137cb9c4d0308ff495278e8653a51d7ec4e93a62347dde", kill_on_drop: false }`
[INFO] [stderr]    Compiling libc v0.2.151
[INFO] [stderr]    Compiling typenum v1.17.0
[INFO] [stderr]    Compiling generic-array v0.14.7
[INFO] [stderr]    Compiling crossbeam-utils v0.8.18
[INFO] [stderr]    Compiling parking v2.2.0
[INFO] [stderr]    Compiling subtle v2.5.0
[INFO] [stderr]    Compiling futures-io v0.3.30
[INFO] [stderr]    Compiling syn v2.0.48
[INFO] [stderr]    Compiling value-bag v1.4.3
[INFO] [stderr]    Compiling linux-raw-sys v0.4.12
[INFO] [stderr]    Compiling libm v0.2.8
[INFO] [stderr]    Compiling num-traits v0.2.17
[INFO] [stderr]    Compiling fastrand v2.0.1
[INFO] [stderr]    Compiling concurrent-queue v2.4.0
[INFO] [stderr]    Compiling event-listener v4.0.2
[INFO] [stderr]    Compiling jobserver v0.1.27
[INFO] [stderr]    Compiling getrandom v0.2.11
[INFO] [stderr]    Compiling event-listener-strategy v0.4.0
[INFO] [stderr]    Compiling cc v1.0.83
[INFO] [stderr]    Compiling syn v1.0.109
[INFO] [stderr]    Compiling tracing-core v0.1.32
[INFO] [stderr]    Compiling async-lock v3.2.0
[INFO] [stderr]    Compiling futures-lite v2.1.0
[INFO] [stderr]    Compiling tracing v0.1.40
[INFO] [stderr]    Compiling crypto-common v0.1.6
[INFO] [stderr]    Compiling rand_core v0.6.4
[INFO] [stderr]    Compiling rustix v0.38.28
[INFO] [stderr]    Compiling base64ct v1.6.0
[INFO] [stderr]    Compiling cpufeatures v0.2.12
[INFO] [stderr]    Compiling block-buffer v0.10.4
[INFO] [stderr]    Compiling polling v2.8.0
[INFO] [stderr]    Compiling waker-fn v1.1.1
[INFO] [stderr]    Compiling fastrand v1.9.0
[INFO] [stderr]    Compiling io-lifetimes v1.0.11
[INFO] [stderr]    Compiling log v0.4.20
[INFO] [stderr]    Compiling futures-lite v1.13.0
[INFO] [stderr]    Compiling event-listener v2.5.3
[INFO] [stderr]    Compiling byteorder v1.5.0
[INFO] [stderr]    Compiling rustix v0.37.27
[INFO] [stderr]    Compiling ring v0.16.20
[INFO] [stderr]    Compiling rand_chacha v0.3.1
[INFO] [stderr]    Compiling async-io v1.13.0
[INFO] [stderr]    Compiling linux-raw-sys v0.3.8
[INFO] [stderr]    Compiling async-lock v2.8.0
[INFO] [stderr]    Compiling pem-rfc7468 v0.3.1
[INFO] [stderr]    Compiling socket2 v0.4.10
[INFO] [stderr]    Compiling signal-hook-registry v1.4.1
[INFO] [stderr]    Compiling lazy_static v1.4.0
[INFO] [stderr]    Compiling num-integer v0.1.45
[INFO] [stderr]    Compiling async-task v4.7.0
[INFO] [stderr]    Compiling atomic-waker v1.1.2
[INFO] [stderr]    Compiling const-oid v0.7.1
[INFO] [stderr]    Compiling piper v0.2.1
[INFO] [stderr]    Compiling async-channel v2.1.1
[INFO] [stderr]    Compiling lock_api v0.4.11
[INFO] [stderr]    Compiling blocking v1.5.1
[INFO] [stderr]    Compiling async-executor v1.8.0
[INFO] [stderr]    Compiling event-listener v3.1.0
[INFO] [stderr]    Compiling getrandom v0.1.16
[INFO] [stderr]    Compiling either v1.9.0
[INFO] [stderr]    Compiling smallvec v1.11.2
[INFO] [stderr]    Compiling opaque-debug v0.3.0
[INFO] [stderr]    Compiling scopeguard v1.2.0
[INFO] [stderr]    Compiling parking_lot_core v0.8.6
[INFO] [stderr]    Compiling thiserror v1.0.56
[INFO] [stderr]    Compiling serde_derive v1.0.194
[INFO] [stderr]    Compiling zeroize_derive v1.4.2
[INFO] [stderr]    Compiling thiserror-impl v1.0.56
[INFO] [stderr]    Compiling webpki v0.21.4
[INFO] [stderr]    Compiling sct v0.6.1
[INFO] [stderr]    Compiling unicode-normalization v0.1.22
[INFO] [stderr]    Compiling zeroize v1.7.0
[INFO] [stderr]    Compiling async-channel v1.9.0
[INFO] [stderr]    Compiling digest v0.10.7
[INFO] [stderr]    Compiling ahash v0.7.7
[INFO] [stderr]    Compiling num-iter v0.1.43
[INFO] [stderr]    Compiling instant v0.1.12
[INFO] [stderr]    Compiling unicode-bidi v0.3.14
[INFO] [stderr]    Compiling rand_core v0.5.1
[INFO] [stderr]    Compiling polling v3.3.1
[INFO] [stderr]    Compiling rand v0.8.5
[INFO] [stderr]    Compiling num-bigint-dig v0.8.4
[INFO] [stderr]    Compiling async-io v2.2.2
[INFO] [stderr]    Compiling idna v0.5.0
[INFO] [stderr]    Compiling crypto-bigint v0.3.2
[INFO] [stderr]    Compiling rand_chacha v0.2.2
[INFO] [stderr]    Compiling digest v0.9.0
[INFO] [stderr]    Compiling standback v0.2.17
[INFO] [stderr]    Compiling proc-macro-hack v0.5.20+deprecated
[INFO] [stderr]    Compiling hashbrown v0.14.3
[INFO] [stderr]    Compiling equivalent v1.0.1
[INFO] [stderr]    Compiling hashbrown v0.11.2
[INFO] [stderr]    Compiling der v0.5.1
[INFO] [stderr]    Compiling rand v0.7.3
[INFO] [stderr]    Compiling indexmap v2.1.0
[INFO] [stderr]    Compiling async-signal v0.2.5
[INFO] [stderr]    Compiling serde v1.0.194
[INFO] [stderr]    Compiling pin-project-internal v1.1.3
[INFO] [stderr]    Compiling zstd-sys v2.0.9+zstd.1.5.5
[INFO] [stderr]    Compiling cipher v0.2.5
[INFO] [stderr]    Compiling num-bigint v0.3.3
[INFO] [stderr]    Compiling crunchy v0.2.2
[INFO] [stderr]    Compiling protobuf v2.28.0
[INFO] [stderr]    Compiling winnow v0.5.32
[INFO] [stderr]    Compiling toml_datetime v0.6.5
[INFO] [stderr]    Compiling radium v0.6.2
[INFO] [stderr]    Compiling futures-sink v0.3.30
[INFO] [stderr]    Compiling subtle v1.0.0
[INFO] [stderr]    Compiling chrono v0.4.31
[INFO] [stderr]    Compiling async-process v1.8.1
[INFO] [stderr]    Compiling spki v0.5.4
[INFO] [stderr]    Compiling async-global-executor v2.4.1
[INFO] [stderr]    Compiling pin-project v1.1.3
[INFO] [stderr]    Compiling hashlink v0.7.0
[INFO] [stderr]    Compiling async-attributes v1.1.2
[INFO] [stderr]    Compiling spin v0.9.8
[INFO] [stderr]    Compiling toml_edit v0.19.15
[INFO] [stderr]    Compiling libsqlite3-sys v0.24.2
[INFO] [stderr]    Compiling itertools v0.10.5
[INFO] [stderr]    Compiling kv-log-macro v1.0.7
[INFO] [stderr]    Compiling block-buffer v0.9.0
[INFO] [stderr]    Compiling universal-hash v0.4.0
[INFO] [stderr]    Compiling autocfg v0.1.8
[INFO] [stderr]    Compiling generic-array v0.12.4
[INFO] [stderr]    Compiling paste v1.0.14
[INFO] [stderr]    Compiling home v0.5.9
[INFO] [stderr]    Compiling minimal-lexical v0.2.1
[INFO] [stderr]    Compiling byte-tools v0.3.1
[INFO] [stderr]    Compiling cpuid-bool v0.2.0
[INFO] [stderr]    Compiling const_fn v0.4.9
[INFO] [stderr]    Compiling digest v0.8.1
[INFO] [stderr]    Compiling crypto-mac v0.7.0
[INFO] [stderr]    Compiling polyval v0.4.5
[INFO] [stderr]    Compiling nom v7.1.3
[INFO] [stderr]    Compiling block-padding v0.1.5
[INFO] [stderr]    Compiling hmac v0.7.1
[INFO] [stderr]    Compiling which v4.4.2
[INFO] [stderr]    Compiling num-bigint-dig v0.6.1
[INFO] [stderr]    Compiling time-macros-impl v0.1.2
[INFO] [stderr]    Compiling sha2 v0.9.9
[INFO] [stderr]    Compiling async-std v1.12.0
[INFO] [stderr]    Compiling proc-macro-crate v1.3.1
[INFO] [stderr]    Compiling pkcs8 v0.8.0
[INFO] [stderr]    Compiling futures-channel v0.3.30
[INFO] [stderr]    Compiling aes-soft v0.6.4
[INFO] [stderr]    Compiling sha2 v0.10.8
[INFO] [stderr]    Compiling rustls v0.19.1
[INFO] [stderr]    Compiling futures-macro v0.3.30
[INFO] [stderr]    Compiling bzip2-sys v0.1.11+1.0.8
[INFO] [stderr]    Compiling crypto-mac v0.10.0
[INFO] [stderr]    Compiling time v0.2.27
[INFO] [stderr]    Compiling unicode_categories v0.1.1
[INFO] [stderr]    Compiling powerfmt v0.2.0
[INFO] [stderr]    Compiling wyz v0.2.0
[INFO] [stderr]    Compiling time-core v0.1.2
[INFO] [stderr]    Compiling tap v1.0.1
[INFO] [stderr]    Compiling funty v1.1.0
[INFO] [stderr]    Compiling crc32fast v1.3.2
[INFO] [stderr]    Compiling crc-catalog v1.1.1
[INFO] [stderr]    Compiling zstd-safe v5.0.2+zstd.1.5.2
[INFO] [stderr]    Compiling finl_unicode v1.2.0
[INFO] [stderr]    Compiling crc v2.1.0
[INFO] [stderr]    Compiling bitvec v0.20.4
[INFO] [stderr]    Compiling stringprep v0.1.4
[INFO] [stderr]    Compiling time-macros v0.2.16
[INFO] [stderr]    Compiling toml v0.5.11
[INFO] [stderr]    Compiling protobuf-codegen v2.28.0
[INFO] [stderr]    Compiling futures-util v0.3.30
[INFO] [stderr]    Compiling deranged v0.3.11
[INFO] [stderr]    Compiling async-rustls v0.2.0
[INFO] [stderr]    Compiling sqlformat v0.1.8
[INFO] [stderr]    Compiling hmac v0.10.1
[INFO] [stderr]    Compiling parity-scale-codec-derive v2.3.1
[INFO] [stderr]    Compiling parking_lot v0.11.2
[INFO] [stderr]    Compiling aes v0.6.0
[INFO] [stderr]    Compiling time-macros v0.1.1
[INFO] [stderr]    Compiling pkcs1 v0.3.3
[INFO] [stderr]    Compiling protoc v2.28.0
[INFO] [stderr]    Compiling num-bigint v0.2.6
[INFO] [stderr]    Compiling block-buffer v0.7.3
[INFO] [stderr]    Compiling ghash v0.3.1
[INFO] [stderr]    Compiling url v2.5.0
[INFO] [stderr]    Compiling ctr v0.6.0
[INFO] [stderr]    Compiling impl-trait-for-tuples v0.2.2
[INFO] [stderr]    Compiling webpki-roots v0.21.1
[INFO] [stderr]    Compiling tempfile v3.9.0
[INFO] [stderr]    Compiling aead v0.3.2
[INFO] [stderr]    Compiling inout v0.1.3
[INFO] [stderr]    Compiling atoi v0.4.0
[INFO] [stderr]    Compiling crossbeam-queue v0.3.10
[INFO] [stderr]    Compiling aho-corasick v1.1.2
[INFO] [stderr]    Compiling cookie v0.14.4
[INFO] [stderr]    Compiling protoc-bin-vendored-linux-x86_64 v3.0.0
[INFO] [stderr]    Compiling protoc-bin-vendored-linux-ppcle_64 v3.0.0
[INFO] [stderr]    Compiling arrayvec v0.7.4
[INFO] [stderr]    Compiling protoc-bin-vendored-linux-x86_32 v3.0.0
[INFO] [stderr]    Compiling regex-syntax v0.8.2
[INFO] [stderr]    Compiling protoc-bin-vendored-macos-x86_64 v3.0.0
[INFO] [stderr]    Compiling protoc-bin-vendored-linux-aarch_64 v3.0.0
[INFO] [stderr]    Compiling adler v1.0.2
[INFO] [stderr]    Compiling num_threads v0.1.6
[INFO] [stderr]    Compiling byte-slice-cast v1.2.2
[INFO] [stderr]    Compiling opaque-debug v0.2.3
[INFO] [stderr]    Compiling fake-simd v0.1.2
[INFO] [stderr]    Compiling protoc-bin-vendored-win32 v3.0.0
[INFO] [stderr]    Compiling anyhow v1.0.79
[INFO] [stderr]    Compiling protoc-bin-vendored v3.0.0
[INFO] [stderr]    Compiling sha2 v0.8.2
[INFO] [stderr]    Compiling futures-executor v0.3.30
[INFO] [stderr]    Compiling time v0.3.31
[INFO] [stderr]    Compiling miniz_oxide v0.7.1
[INFO] [stderr]    Compiling cipher v0.4.4
[INFO] [stderr]    Compiling aes-gcm v0.8.0
[INFO] [stderr]    Compiling protoc-rust v2.28.0
[INFO] [stderr]    Compiling simple_asn1 v0.4.1
[INFO] [stderr]    Compiling regex-automata v0.4.3
[INFO] [stderr]    Compiling sqlx-rt v0.5.13
[INFO] [stderr]    Compiling rsa v0.6.1
[INFO] [stderr]    Compiling futures-intrusive v0.4.2
[INFO] [stderr]    Compiling parity-scale-codec v2.3.1
[INFO] [stderr]    Compiling hkdf v0.10.0
[INFO] [stderr]    Compiling proc-macro-crate v0.1.5
[INFO] [stderr]    Compiling hmac-drbg v0.2.0
[INFO] [stderr]    Compiling sha-1 v0.10.1
[INFO] [stderr]    Compiling flume v0.10.14
[INFO] [stderr]    Compiling hmac v0.12.1
[INFO] [stderr]    Compiling password-hash v0.4.2
[INFO] [stderr]    Compiling cipher v0.3.0
[INFO] [stderr]    Compiling rustc-hex v2.1.0
[INFO] [stderr]    Compiling arrayref v0.3.7
[INFO] [stderr]    Compiling http-types v2.12.0
[INFO] [stderr]    Compiling async-trait v0.1.77
[INFO] [stderr]    Compiling heck v0.4.1
[INFO] [stderr]    Compiling pbkdf2 v0.11.0
[INFO] [stderr]    Compiling int-enum-impl v0.4.0
[INFO] [stderr]    Compiling fixed-hash v0.7.0
[INFO] [stderr]    Compiling libsecp256k1 v0.3.5
[INFO] [stderr]    Compiling regex v1.10.2
[INFO] [stderr]    Compiling impl-codec v0.5.1
[INFO] [stderr]    Compiling sqlx-core v0.5.13
[INFO] [stderr]    Compiling flate2 v1.0.28
[INFO] [stderr]    Compiling rsa v0.3.0
[INFO] [stderr]    Compiling cyfs-base v0.6.12
[INFO] [stderr]    Compiling aes v0.8.3
[INFO] [stderr]    Compiling serde_json v1.0.111
[INFO] [stderr]    Compiling uint v0.9.5
[INFO] [stderr]    Compiling serde_urlencoded v0.7.1
[INFO] [stderr]    Compiling hkdf v0.8.0
[INFO] [stderr]    Compiling serde_qs v0.8.5
[INFO] [stderr]    Compiling sha1 v0.10.6
[INFO] [stderr]    Compiling colored v2.1.0
[INFO] [stderr]    Compiling constant_time_eq v0.1.5
[INFO] [stderr]    Compiling infer v0.2.3
[INFO] [stderr]    Compiling dotenv v0.15.0
[INFO] [stderr]    Compiling fallible-streaming-iterator v0.1.9
[INFO] [stderr]    Compiling fallible-iterator v0.2.0
[INFO] [stderr]    Compiling block-padding v0.2.1
[INFO] [stderr]    Compiling block-modes v0.8.1
[INFO] [stderr]    Compiling simple_logger v2.3.0
[INFO] [stderr]    Compiling primitive-types v0.9.1
[INFO] [stderr]    Compiling cyfs-base-derive v0.5.0
[INFO] [stderr]    Compiling rusqlite v0.27.0
[INFO] [stderr]    Compiling rsa-export v0.1.2
[INFO] [stderr]    Compiling int-enum v0.4.0
[INFO] [stderr]    Compiling cyfs-ecies v0.1.4
[INFO] [stderr]    Compiling aes v0.7.5
[INFO] [stderr]    Compiling async-recursion v1.0.5
[INFO] [stderr]    Compiling base-x v0.2.11
[INFO] [stderr]    Compiling lru_time_cache v0.11.11
[INFO] [stderr]    Compiling base58 v0.2.0
[INFO] [stderr]    Compiling intbits v0.2.0
[INFO] [stderr]    Compiling futures v0.3.30
[INFO] [stderr]    Compiling sqlx-macros v0.5.13
[INFO] [stderr]    Compiling bzip2 v0.4.4
[INFO] [stderr]    Compiling zstd v0.11.2+zstd.1.5.2
[INFO] [stderr]    Compiling zip v0.6.6
[INFO] [stderr]    Compiling sqlx v0.5.13
[INFO] [stderr]    Compiling cyfs-task-manager v0.6.4 (/opt/rustwide/workdir)
[INFO] [stdout] warning: unused import: `sqlx as cyfs_sql`
[INFO] [stdout]  --> src/db_helper.rs:9:9
[INFO] [stdout]   |
[INFO] [stdout] 9 | pub use sqlx as cyfs_sql;
[INFO] [stdout]   |         ^^^^^^^^^^^^^^^^
[INFO] [stdout]   |
[INFO] [stdout]   = note: `#[warn(unused_imports)]` on by default
[INFO] [stdout] 
[INFO] [stdout] 
[INFO] [stdout] warning: type alias `SqlTransaction` is never used
[INFO] [stdout]   --> src/db_helper.rs:45:10
[INFO] [stdout]    |
[INFO] [stdout] 45 | pub type SqlTransaction<'a> = sqlx::Transaction<'a, sqlx::Any>;
[INFO] [stdout]    |          ^^^^^^^^^^^^^^
[INFO] [stdout]    |
[INFO] [stdout]    = note: `#[warn(dead_code)]` on by default
[INFO] [stdout] 
[INFO] [stdout] 
[INFO] [stdout] warning: method `raw_pool` is never used
[INFO] [stdout]    --> src/db_helper.rs:109:18
[INFO] [stdout]     |
[INFO] [stdout] 67  | impl<EM: ErrorMap<InError = sqlx::Error>> SqlPool<EM> {
[INFO] [stdout]     | ----------------------------------------------------- method in this implementation
[INFO] [stdout] ...
[INFO] [stdout] 109 |     pub async fn raw_pool(&self) -> RawSqlPool {
[INFO] [stdout]     |                  ^^^^^^^^
[INFO] [stdout] 
[INFO] [stdout] 
[INFO] [stdout] warning: field `locker` is never read
[INFO] [stdout]    --> src/object_locker.rs:144:5
[INFO] [stdout]     |
[INFO] [stdout] 143 | pub struct GuardObject<T> {
[INFO] [stdout]     |            ----------- field in this struct
[INFO] [stdout] 144 |     locker: Locker,
[INFO] [stdout]     |     ^^^^^^
[INFO] [stdout] 
[INFO] [stdout] 
[INFO] [stdout] warning: associated items `new` and `release_locker` are never used
[INFO] [stdout]    --> src/object_locker.rs:149:12
[INFO] [stdout]     |
[INFO] [stdout] 148 | impl <T> GuardObject<T> {
[INFO] [stdout]     | ----------------------- associated items in this implementation
[INFO] [stdout] 149 |     pub fn new(locker: Locker, obj: T) -> Self {
[INFO] [stdout]     |            ^^^
[INFO] [stdout] ...
[INFO] [stdout] 156 |     pub fn release_locker(self) -> T {
[INFO] [stdout]     |            ^^^^^^^^^^^^^^
[INFO] [stdout] 
[INFO] [stdout] 
[INFO] [stdout] warning: associated function `exist_dec` is never used
[INFO] [stdout]    --> src/task_manager.rs:461:8
[INFO] [stdout]     |
[INFO] [stdout] 59  | impl TaskManager {
[INFO] [stdout]     | ---------------- associated function in this implementation
[INFO] [stdout] ...
[INFO] [stdout] 461 |     fn exist_dec(dec_list: & Vec<DecInfo>, new_dec: &ObjectId, source: &DeviceId) -> bool {
[INFO] [stdout]     |        ^^^^^^^^^
[INFO] [stdout] 
[INFO] [stdout] 
[INFO] [stdout] warning: fields `source` and `dec_id` are never read
[INFO] [stdout]   --> src/task_store.rs:14:5
[INFO] [stdout]    |
[INFO] [stdout] 13 | pub struct QueryTaskParams {
[INFO] [stdout]    |            --------------- fields in this struct
[INFO] [stdout] 14 |     source: DeviceId,
[INFO] [stdout]    |     ^^^^^^
[INFO] [stdout] 15 |     dec_id: Option<ObjectId>,
[INFO] [stdout]    |     ^^^^^^
[INFO] [stdout] 
[INFO] [stdout] 
[INFO] [stdout] warning: casting `&T` to `&mut T` is undefined behavior, even if the reference is unused, consider instead using an `UnsafeCell`
[INFO] [stdout]    --> src/task.rs:230:28
[INFO] [stdout]     |
[INFO] [stdout] 230 |             let runnable = &mut *(self.runnable.as_ref() as *const dyn Runnable as *mut dyn Runnable);
[INFO] [stdout]     |                            ^^^^^^^^^^^^^^^^^^^^^^^^^^^^^^^^^^^^^^^^^^^^^^^^^^^^^^^^^^^^^^^^^^^^^^^^^^
[INFO] [stdout]     |
[INFO] [stdout]     = note: for more information, visit <https://doc.rust-lang.org/book/ch15-05-interior-mutability.html>
[INFO] [stdout]     = note: `#[warn(invalid_reference_casting)]` on by default
[INFO] [stdout] 
[INFO] [stdout] 
[INFO] [stdout] warning: 8 warnings emitted
[INFO] [stdout] 
[INFO] [stdout] 
[INFO] [stderr]     Finished dev [unoptimized + debuginfo] target(s) in 1m 03s
[INFO] running `Command { std: "docker" "inspect" "e178c5ad5462f8bbbb137cb9c4d0308ff495278e8653a51d7ec4e93a62347dde", kill_on_drop: false }`
[INFO] running `Command { std: "docker" "rm" "-f" "e178c5ad5462f8bbbb137cb9c4d0308ff495278e8653a51d7ec4e93a62347dde", kill_on_drop: false }`
[INFO] [stdout] e178c5ad5462f8bbbb137cb9c4d0308ff495278e8653a51d7ec4e93a62347dde
[INFO] running `Command { std: "docker" "create" "-v" "/var/lib/crater-agent-workspace/builds/worker-6-tc1/target:/opt/rustwide/target:rw,Z" "-v" "/var/lib/crater-agent-workspace/builds/worker-6-tc1/source:/opt/rustwide/workdir:ro,Z" "-v" "/var/lib/crater-agent-workspace/cargo-home:/opt/rustwide/cargo-home:ro,Z" "-v" "/var/lib/crater-agent-workspace/rustup-home:/opt/rustwide/rustup-home:ro,Z" "-e" "SOURCE_DIR=/opt/rustwide/workdir" "-e" "CARGO_TARGET_DIR=/opt/rustwide/target" "-e" "CARGO_INCREMENTAL=0" "-e" "RUST_BACKTRACE=full" "-e" "RUSTFLAGS=--cap-lints=warn" "-e" "RUSTDOCFLAGS=--cap-lints=warn" "-e" "CARGO_HOME=/opt/rustwide/cargo-home" "-e" "RUSTUP_HOME=/opt/rustwide/rustup-home" "-w" "/opt/rustwide/workdir" "-m" "1610612736" "--user" "0:0" "--network" "none" "ghcr.io/rust-lang/crates-build-env/linux@sha256:2788e3201cd34a07e3172128adcd8b3090168a8e3bcc40d7c032b9dda1df7d1c" "/opt/rustwide/cargo-home/bin/cargo" "+1.75.0" "test" "--frozen" "--no-run" "--message-format=json", kill_on_drop: false }`
[INFO] [stdout] 46ac5db2086ffcc3d0e2ee82a6027ae19a28ac374c18bbd8ce2b9228a030c132
[INFO] running `Command { std: "docker" "start" "-a" "46ac5db2086ffcc3d0e2ee82a6027ae19a28ac374c18bbd8ce2b9228a030c132", kill_on_drop: false }`
[INFO] [stdout] warning: unused import: `sqlx as cyfs_sql`
[INFO] [stdout]  --> src/db_helper.rs:9:9
[INFO] [stdout]   |
[INFO] [stdout] 9 | pub use sqlx as cyfs_sql;
[INFO] [stdout]   |         ^^^^^^^^^^^^^^^^
[INFO] [stdout]   |
[INFO] [stdout]   = note: `#[warn(unused_imports)]` on by default
[INFO] [stdout] 
[INFO] [stdout] 
[INFO] [stdout] warning: type alias `SqlTransaction` is never used
[INFO] [stdout]   --> src/db_helper.rs:45:10
[INFO] [stdout]    |
[INFO] [stdout] 45 | pub type SqlTransaction<'a> = sqlx::Transaction<'a, sqlx::Any>;
[INFO] [stdout]    |          ^^^^^^^^^^^^^^
[INFO] [stdout]    |
[INFO] [stdout]    = note: `#[warn(dead_code)]` on by default
[INFO] [stdout] 
[INFO] [stdout] 
[INFO] [stdout] warning: method `raw_pool` is never used
[INFO] [stdout]    --> src/db_helper.rs:109:18
[INFO] [stdout]     |
[INFO] [stdout] 67  | impl<EM: ErrorMap<InError = sqlx::Error>> SqlPool<EM> {
[INFO] [stdout]     | ----------------------------------------------------- method in this implementation
[INFO] [stdout] ...
[INFO] [stdout] 109 |     pub async fn raw_pool(&self) -> RawSqlPool {
[INFO] [stdout]     |                  ^^^^^^^^
[INFO] [stdout] 
[INFO] [stdout] 
[INFO] [stdout] warning: field `locker` is never read
[INFO] [stdout]    --> src/object_locker.rs:144:5
[INFO] [stdout]     |
[INFO] [stdout] 143 | pub struct GuardObject<T> {
[INFO] [stdout]     |            ----------- field in this struct
[INFO] [stdout] 144 |     locker: Locker,
[INFO] [stdout]     |     ^^^^^^
[INFO] [stdout] 
[INFO] [stdout] 
[INFO] [stdout] warning: associated items `new` and `release_locker` are never used
[INFO] [stdout]    --> src/object_locker.rs:149:12
[INFO] [stdout]     |
[INFO] [stdout] 148 | impl <T> GuardObject<T> {
[INFO] [stdout]     | ----------------------- associated items in this implementation
[INFO] [stdout] 149 |     pub fn new(locker: Locker, obj: T) -> Self {
[INFO] [stdout]     |            ^^^
[INFO] [stdout] ...
[INFO] [stdout] 156 |     pub fn release_locker(self) -> T {
[INFO] [stdout]     |            ^^^^^^^^^^^^^^
[INFO] [stdout] 
[INFO] [stdout] 
[INFO] [stdout] warning: associated function `exist_dec` is never used
[INFO] [stdout]    --> src/task_manager.rs:461:8
[INFO] [stdout]     |
[INFO] [stdout] 59  | impl TaskManager {
[INFO] [stdout]     | ---------------- associated function in this implementation
[INFO] [stdout] ...
[INFO] [stdout] 461 |     fn exist_dec(dec_list: & Vec<DecInfo>, new_dec: &ObjectId, source: &DeviceId) -> bool {
[INFO] [stdout]     |        ^^^^^^^^^
[INFO] [stdout] 
[INFO] [stdout] 
[INFO] [stdout] warning: fields `source` and `dec_id` are never read
[INFO] [stdout]   --> src/task_store.rs:14:5
[INFO] [stdout]    |
[INFO] [stdout] 13 | pub struct QueryTaskParams {
[INFO] [stdout]    |            --------------- fields in this struct
[INFO] [stdout] 14 |     source: DeviceId,
[INFO] [stdout]    |     ^^^^^^
[INFO] [stdout] 15 |     dec_id: Option<ObjectId>,
[INFO] [stdout]    |     ^^^^^^
[INFO] [stdout] 
[INFO] [stdout] 
[INFO] [stdout] warning: casting `&T` to `&mut T` is undefined behavior, even if the reference is unused, consider instead using an `UnsafeCell`
[INFO] [stdout]    --> src/task.rs:230:28
[INFO] [stdout]     |
[INFO] [stdout] 230 |             let runnable = &mut *(self.runnable.as_ref() as *const dyn Runnable as *mut dyn Runnable);
[INFO] [stdout]     |                            ^^^^^^^^^^^^^^^^^^^^^^^^^^^^^^^^^^^^^^^^^^^^^^^^^^^^^^^^^^^^^^^^^^^^^^^^^^
[INFO] [stdout]     |
[INFO] [stdout]     = note: for more information, visit <https://doc.rust-lang.org/book/ch15-05-interior-mutability.html>
[INFO] [stdout]     = note: `#[warn(invalid_reference_casting)]` on by default
[INFO] [stdout] 
[INFO] [stdout] 
[INFO] [stdout] warning: 8 warnings emitted
[INFO] [stdout] 
[INFO] [stdout] 
[INFO] [stderr]    Compiling cyfs-task-manager v0.6.4 (/opt/rustwide/workdir)
[INFO] [stdout] warning: unused import: `sqlx as cyfs_sql`
[INFO] [stdout]  --> src/db_helper.rs:9:9
[INFO] [stdout]   |
[INFO] [stdout] 9 | pub use sqlx as cyfs_sql;
[INFO] [stdout]   |         ^^^^^^^^^^^^^^^^
[INFO] [stdout]   |
[INFO] [stdout]   = note: `#[warn(unused_imports)]` on by default
[INFO] [stdout] 
[INFO] [stdout] 
[INFO] [stdout] warning: type alias `SqlTransaction` is never used
[INFO] [stdout]   --> src/db_helper.rs:45:10
[INFO] [stdout]    |
[INFO] [stdout] 45 | pub type SqlTransaction<'a> = sqlx::Transaction<'a, sqlx::Any>;
[INFO] [stdout]    |          ^^^^^^^^^^^^^^
[INFO] [stdout]    |
[INFO] [stdout]    = note: `#[warn(dead_code)]` on by default
[INFO] [stdout] 
[INFO] [stdout] 
[INFO] [stdout] warning: method `raw_pool` is never used
[INFO] [stdout]    --> src/db_helper.rs:109:18
[INFO] [stdout]     |
[INFO] [stdout] 67  | impl<EM: ErrorMap<InError = sqlx::Error>> SqlPool<EM> {
[INFO] [stdout]     | ----------------------------------------------------- method in this implementation
[INFO] [stdout] ...
[INFO] [stdout] 109 |     pub async fn raw_pool(&self) -> RawSqlPool {
[INFO] [stdout]     |                  ^^^^^^^^
[INFO] [stdout] 
[INFO] [stdout] 
[INFO] [stdout] warning: multiple fields are never read
[INFO] [stdout]    --> src/db_helper.rs:268:9
[INFO] [stdout]     |
[INFO] [stdout] 267 |     struct DescExtra {
[INFO] [stdout]     |            --------- fields in this struct
[INFO] [stdout] 268 |         obj_id: String,
[INFO] [stdout]     |         ^^^^^^
[INFO] [stdout] 269 |         rent_arrears: i64,
[INFO] [stdout]     |         ^^^^^^^^^^^^
[INFO] [stdout] 270 |         rent_arrears_count: i64,
[INFO] [stdout]     |         ^^^^^^^^^^^^^^^^^^
[INFO] [stdout] 271 |         rent_value: i64,
[INFO] [stdout]     |         ^^^^^^^^^^
[INFO] [stdout] 272 |         coin_id: i8,
[INFO] [stdout]     |         ^^^^^^^
[INFO] [stdout] 273 |         data_len: i32,
[INFO] [stdout]     |         ^^^^^^^^
[INFO] [stdout] 274 |         other_charge_balance: i64,
[INFO] [stdout]     |         ^^^^^^^^^^^^^^^^^^^^
[INFO] [stdout] 
[INFO] [stdout] 
[INFO] [stdout] warning: function `new` is never used
[INFO] [stdout]    --> src/db_helper.rs:277:14
[INFO] [stdout]     |
[INFO] [stdout] 277 |     async fn new<DB>() -> BuckyResult<DB::Connection>
[INFO] [stdout]     |              ^^^
[INFO] [stdout] 
[INFO] [stdout] 
[INFO] [stdout] warning: field `locker` is never read
[INFO] [stdout]    --> src/object_locker.rs:144:5
[INFO] [stdout]     |
[INFO] [stdout] 143 | pub struct GuardObject<T> {
[INFO] [stdout]     |            ----------- field in this struct
[INFO] [stdout] 144 |     locker: Locker,
[INFO] [stdout]     |     ^^^^^^
[INFO] [stdout] 
[INFO] [stdout] 
[INFO] [stdout] warning: associated items `new` and `release_locker` are never used
[INFO] [stdout]    --> src/object_locker.rs:149:12
[INFO] [stdout]     |
[INFO] [stdout] 148 | impl <T> GuardObject<T> {
[INFO] [stdout]     | ----------------------- associated items in this implementation
[INFO] [stdout] 149 |     pub fn new(locker: Locker, obj: T) -> Self {
[INFO] [stdout]     |            ^^^
[INFO] [stdout] ...
[INFO] [stdout] 156 |     pub fn release_locker(self) -> T {
[INFO] [stdout]     |            ^^^^^^^^^^^^^^
[INFO] [stdout] 
[INFO] [stdout] 
[INFO] [stdout] warning: associated function `exist_dec` is never used
[INFO] [stdout]    --> src/task_manager.rs:461:8
[INFO] [stdout]     |
[INFO] [stdout] 59  | impl TaskManager {
[INFO] [stdout]     | ---------------- associated function in this implementation
[INFO] [stdout] ...
[INFO] [stdout] 461 |     fn exist_dec(dec_list: & Vec<DecInfo>, new_dec: &ObjectId, source: &DeviceId) -> bool {
[INFO] [stdout]     |        ^^^^^^^^^
[INFO] [stdout] 
[INFO] [stdout] 
[INFO] [stdout] warning: fields `source` and `dec_id` are never read
[INFO] [stdout]   --> src/task_store.rs:14:5
[INFO] [stdout]    |
[INFO] [stdout] 13 | pub struct QueryTaskParams {
[INFO] [stdout]    |            --------------- fields in this struct
[INFO] [stdout] 14 |     source: DeviceId,
[INFO] [stdout]    |     ^^^^^^
[INFO] [stdout] 15 |     dec_id: Option<ObjectId>,
[INFO] [stdout]    |     ^^^^^^
[INFO] [stdout] 
[INFO] [stdout] 
[INFO] [stdout] warning: casting `&T` to `&mut T` is undefined behavior, even if the reference is unused, consider instead using an `UnsafeCell`
[INFO] [stdout]    --> src/task.rs:230:28
[INFO] [stdout]     |
[INFO] [stdout] 230 |             let runnable = &mut *(self.runnable.as_ref() as *const dyn Runnable as *mut dyn Runnable);
[INFO] [stdout]     |                            ^^^^^^^^^^^^^^^^^^^^^^^^^^^^^^^^^^^^^^^^^^^^^^^^^^^^^^^^^^^^^^^^^^^^^^^^^^
[INFO] [stdout]     |
[INFO] [stdout]     = note: for more information, visit <https://doc.rust-lang.org/book/ch15-05-interior-mutability.html>
[INFO] [stdout]     = note: `#[warn(invalid_reference_casting)]` on by default
[INFO] [stdout] 
[INFO] [stdout] 
[INFO] [stdout] warning: 10 warnings emitted
[INFO] [stdout] 
[INFO] [stdout] 
[INFO] [stderr]     Finished test [unoptimized + debuginfo] target(s) in 11.74s
[INFO] running `Command { std: "docker" "inspect" "46ac5db2086ffcc3d0e2ee82a6027ae19a28ac374c18bbd8ce2b9228a030c132", kill_on_drop: false }`
[INFO] running `Command { std: "docker" "rm" "-f" "46ac5db2086ffcc3d0e2ee82a6027ae19a28ac374c18bbd8ce2b9228a030c132", kill_on_drop: false }`
[INFO] [stdout] 46ac5db2086ffcc3d0e2ee82a6027ae19a28ac374c18bbd8ce2b9228a030c132
[INFO] running `Command { std: "docker" "create" "-v" "/var/lib/crater-agent-workspace/builds/worker-6-tc1/target:/opt/rustwide/target:rw,Z" "-v" "/var/lib/crater-agent-workspace/builds/worker-6-tc1/source:/opt/rustwide/workdir:ro,Z" "-v" "/var/lib/crater-agent-workspace/cargo-home:/opt/rustwide/cargo-home:ro,Z" "-v" "/var/lib/crater-agent-workspace/rustup-home:/opt/rustwide/rustup-home:ro,Z" "-e" "SOURCE_DIR=/opt/rustwide/workdir" "-e" "CARGO_TARGET_DIR=/opt/rustwide/target" "-e" "CARGO_INCREMENTAL=0" "-e" "RUST_BACKTRACE=full" "-e" "RUSTFLAGS=--cap-lints=warn" "-e" "RUSTDOCFLAGS=--cap-lints=warn" "-e" "CARGO_HOME=/opt/rustwide/cargo-home" "-e" "RUSTUP_HOME=/opt/rustwide/rustup-home" "-w" "/opt/rustwide/workdir" "-m" "1610612736" "--user" "0:0" "--network" "none" "ghcr.io/rust-lang/crates-build-env/linux@sha256:2788e3201cd34a07e3172128adcd8b3090168a8e3bcc40d7c032b9dda1df7d1c" "/opt/rustwide/cargo-home/bin/cargo" "+1.75.0" "test" "--frozen", kill_on_drop: false }`
[INFO] [stdout] d5b4abd283bca122f57aac496117a99478b910b8f1aad1a4da5c919055a807fb
[INFO] running `Command { std: "docker" "start" "-a" "d5b4abd283bca122f57aac496117a99478b910b8f1aad1a4da5c919055a807fb", kill_on_drop: false }`
[INFO] [stderr] warning: unused import: `sqlx as cyfs_sql`
[INFO] [stderr]  --> src/db_helper.rs:9:9
[INFO] [stderr]   |
[INFO] [stderr] 9 | pub use sqlx as cyfs_sql;
[INFO] [stderr]   |         ^^^^^^^^^^^^^^^^
[INFO] [stderr]   |
[INFO] [stderr]   = note: `#[warn(unused_imports)]` on by default
[INFO] [stderr] 
[INFO] [stderr] warning: type alias `SqlTransaction` is never used
[INFO] [stderr]   --> src/db_helper.rs:45:10
[INFO] [stderr]    |
[INFO] [stderr] 45 | pub type SqlTransaction<'a> = sqlx::Transaction<'a, sqlx::Any>;
[INFO] [stderr]    |          ^^^^^^^^^^^^^^
[INFO] [stderr]    |
[INFO] [stderr]    = note: `#[warn(dead_code)]` on by default
[INFO] [stderr] 
[INFO] [stderr] warning: method `raw_pool` is never used
[INFO] [stderr]    --> src/db_helper.rs:109:18
[INFO] [stderr]     |
[INFO] [stderr] 67  | impl<EM: ErrorMap<InError = sqlx::Error>> SqlPool<EM> {
[INFO] [stderr]     | ----------------------------------------------------- method in this implementation
[INFO] [stderr] ...
[INFO] [stderr] 109 |     pub async fn raw_pool(&self) -> RawSqlPool {
[INFO] [stderr]     |                  ^^^^^^^^
[INFO] [stderr] 
[INFO] [stderr] warning: field `locker` is never read
[INFO] [stderr]    --> src/object_locker.rs:144:5
[INFO] [stderr]     |
[INFO] [stderr] 143 | pub struct GuardObject<T> {
[INFO] [stderr]     |            ----------- field in this struct
[INFO] [stderr] 144 |     locker: Locker,
[INFO] [stderr]     |     ^^^^^^
[INFO] [stderr] 
[INFO] [stderr] warning: associated items `new` and `release_locker` are never used
[INFO] [stderr]    --> src/object_locker.rs:149:12
[INFO] [stderr]     |
[INFO] [stderr] 148 | impl <T> GuardObject<T> {
[INFO] [stderr]     | ----------------------- associated items in this implementation
[INFO] [stderr] 149 |     pub fn new(locker: Locker, obj: T) -> Self {
[INFO] [stderr]     |            ^^^
[INFO] [stderr] ...
[INFO] [stderr] 156 |     pub fn release_locker(self) -> T {
[INFO] [stderr]     |            ^^^^^^^^^^^^^^
[INFO] [stderr] 
[INFO] [stderr] warning: associated function `exist_dec` is never used
[INFO] [stderr]    --> src/task_manager.rs:461:8
[INFO] [stderr]     |
[INFO] [stderr] 59  | impl TaskManager {
[INFO] [stderr]     | ---------------- associated function in this implementation
[INFO] [stderr] ...
[INFO] [stderr] 461 |     fn exist_dec(dec_list: & Vec<DecInfo>, new_dec: &ObjectId, source: &DeviceId) -> bool {
[INFO] [stderr]     |        ^^^^^^^^^
[INFO] [stderr] 
[INFO] [stderr] warning: fields `source` and `dec_id` are never read
[INFO] [stderr]   --> src/task_store.rs:14:5
[INFO] [stderr]    |
[INFO] [stderr] 13 | pub struct QueryTaskParams {
[INFO] [stderr]    |            --------------- fields in this struct
[INFO] [stderr] 14 |     source: DeviceId,
[INFO] [stderr]    |     ^^^^^^
[INFO] [stderr] 15 |     dec_id: Option<ObjectId>,
[INFO] [stderr]    |     ^^^^^^
[INFO] [stderr] 
[INFO] [stderr] warning: casting `&T` to `&mut T` is undefined behavior, even if the reference is unused, consider instead using an `UnsafeCell`
[INFO] [stderr]    --> src/task.rs:230:28
[INFO] [stderr]     |
[INFO] [stderr] 230 |             let runnable = &mut *(self.runnable.as_ref() as *const dyn Runnable as *mut dyn Runnable);
[INFO] [stderr]     |                            ^^^^^^^^^^^^^^^^^^^^^^^^^^^^^^^^^^^^^^^^^^^^^^^^^^^^^^^^^^^^^^^^^^^^^^^^^^
[INFO] [stderr]     |
[INFO] [stderr]     = note: for more information, visit <https://doc.rust-lang.org/book/ch15-05-interior-mutability.html>
[INFO] [stderr]     = note: `#[warn(invalid_reference_casting)]` on by default
[INFO] [stderr] 
[INFO] [stderr] warning: multiple fields are never read
[INFO] [stderr]    --> src/db_helper.rs:268:9
[INFO] [stderr]     |
[INFO] [stderr] 267 |     struct DescExtra {
[INFO] [stderr]     |            --------- fields in this struct
[INFO] [stderr] 268 |         obj_id: String,
[INFO] [stderr]     |         ^^^^^^
[INFO] [stderr] 269 |         rent_arrears: i64,
[INFO] [stderr]     |         ^^^^^^^^^^^^
[INFO] [stderr] 270 |         rent_arrears_count: i64,
[INFO] [stderr]     |         ^^^^^^^^^^^^^^^^^^
[INFO] [stderr] 271 |         rent_value: i64,
[INFO] [stderr]     |         ^^^^^^^^^^
[INFO] [stderr] 272 |         coin_id: i8,
[INFO] [stderr]     |         ^^^^^^^
[INFO] [stderr] 273 |         data_len: i32,
[INFO] [stderr]     |         ^^^^^^^^
[INFO] [stderr] 274 |         other_charge_balance: i64,
[INFO] [stderr]     |         ^^^^^^^^^^^^^^^^^^^^
[INFO] [stderr] 
[INFO] [stderr] warning: function `new` is never used
[INFO] [stderr]    --> src/db_helper.rs:277:14
[INFO] [stderr]     |
[INFO] [stderr] 277 |     async fn new<DB>() -> BuckyResult<DB::Connection>
[INFO] [stderr]     |              ^^^
[INFO] [stderr] 
[INFO] [stderr] warning: `cyfs-task-manager` (lib) generated 8 warnings (run `cargo fix --lib -p cyfs-task-manager` to apply 1 suggestion)
[INFO] [stderr] warning: `cyfs-task-manager` (lib test) generated 10 warnings (8 duplicates)
[INFO] [stderr]     Finished test [unoptimized + debuginfo] target(s) in 0.68s
[INFO] [stderr]      Running unittests src/lib.rs (/opt/rustwide/target/debug/deps/cyfs_task_manager-d97cd93182069232)
[INFO] [stdout] 
[INFO] [stdout] running 3 tests
[INFO] [stdout] test db_helper::test_connection::test ... ok
[INFO] [stdout] test db_helper::test_connection::test_pool ... ok
[INFO] [stdout] test task::test_task::test_runnable ... FAILED
[INFO] [stdout] 
[INFO] [stdout] failures:
[INFO] [stdout] 
[INFO] [stdout] ---- task::test_task::test_runnable stdout ----
[INFO] [stdout] thread 'task::test_task::test_runnable' panicked at src/task.rs:472:13:
[INFO] [stdout] assertion `left == right` failed
[INFO] [stdout]   left: Failed
[INFO] [stdout]  right: Stopped
[INFO] [stdout] stack backtrace:
[INFO] [stdout]    0:     0x55b2c035edec - std::backtrace_rs::backtrace::libunwind::trace::ha637c64ce894333a
[INFO] [stdout]                                at /rustc/82e1608dfa6e0b5569232559e3d385fea5a93112/library/std/src/../../backtrace/src/backtrace/libunwind.rs:104:5
[INFO] [stdout]    1:     0x55b2c035edec - std::backtrace_rs::backtrace::trace_unsynchronized::h47f62dea28e0c88d
[INFO] [stdout]                                at /rustc/82e1608dfa6e0b5569232559e3d385fea5a93112/library/std/src/../../backtrace/src/backtrace/mod.rs:66:5
[INFO] [stdout]    2:     0x55b2c035edec - std::sys_common::backtrace::_print_fmt::h9eef0abe20ede486
[INFO] [stdout]                                at /rustc/82e1608dfa6e0b5569232559e3d385fea5a93112/library/std/src/sys_common/backtrace.rs:67:5
[INFO] [stdout]    3:     0x55b2c035edec - <std::sys_common::backtrace::_print::DisplayBacktrace as core::fmt::Display>::fmt::hed7f999df88cc644
[INFO] [stdout]                                at /rustc/82e1608dfa6e0b5569232559e3d385fea5a93112/library/std/src/sys_common/backtrace.rs:44:22
[INFO] [stdout]    4:     0x55b2c038b430 - core::fmt::rt::Argument::fmt::h1539a9308b8d058d
[INFO] [stdout]                                at /rustc/82e1608dfa6e0b5569232559e3d385fea5a93112/library/core/src/fmt/rt.rs:142:9
[INFO] [stdout]    5:     0x55b2c038b430 - core::fmt::write::h3a39390d8560d9c9
[INFO] [stdout]                                at /rustc/82e1608dfa6e0b5569232559e3d385fea5a93112/library/core/src/fmt/mod.rs:1120:17
[INFO] [stdout]    6:     0x55b2c035be9f - std::io::Write::write_fmt::h040b369f3a0f9cbc
[INFO] [stdout]                                at /rustc/82e1608dfa6e0b5569232559e3d385fea5a93112/library/std/src/io/mod.rs:1762:15
[INFO] [stdout]    7:     0x55b2c035ebd4 - std::sys_common::backtrace::_print::h894006fb5c6f3d45
[INFO] [stdout]                                at /rustc/82e1608dfa6e0b5569232559e3d385fea5a93112/library/std/src/sys_common/backtrace.rs:47:5
[INFO] [stdout]    8:     0x55b2c035ebd4 - std::sys_common::backtrace::print::h23a2d212c6fff936
[INFO] [stdout]                                at /rustc/82e1608dfa6e0b5569232559e3d385fea5a93112/library/std/src/sys_common/backtrace.rs:34:9
[INFO] [stdout]    9:     0x55b2c0360897 - std::panicking::default_hook::{{closure}}::h8a1d2ee00185001a
[INFO] [stdout]   10:     0x55b2c0360583 - std::panicking::default_hook::h6038f2eba384e475
[INFO] [stdout]                                at /rustc/82e1608dfa6e0b5569232559e3d385fea5a93112/library/std/src/panicking.rs:289:9
[INFO] [stdout]   11:     0x55b2bfd1fdc7 - <alloc::boxed::Box<F,A> as core::ops::function::Fn<Args>>::call::h0ad024c9bdc6d768
[INFO] [stdout]                                at /rustc/82e1608dfa6e0b5569232559e3d385fea5a93112/library/alloc/src/boxed.rs:2021:9
[INFO] [stdout]   12:     0x55b2bfd1fdc7 - test::test_main::{{closure}}::h7500b54257359db6
[INFO] [stdout]                                at /rustc/82e1608dfa6e0b5569232559e3d385fea5a93112/library/test/src/lib.rs:138:21
[INFO] [stdout]   13:     0x55b2c0360ea8 - <alloc::boxed::Box<F,A> as core::ops::function::Fn<Args>>::call::h1f8f335eaa9cfaee
[INFO] [stdout]                                at /rustc/82e1608dfa6e0b5569232559e3d385fea5a93112/library/alloc/src/boxed.rs:2021:9
[INFO] [stdout]   14:     0x55b2c0360ea8 - std::panicking::rust_panic_with_hook::h2b5517d590cab22e
[INFO] [stdout]                                at /rustc/82e1608dfa6e0b5569232559e3d385fea5a93112/library/std/src/panicking.rs:783:13
[INFO] [stdout]   15:     0x55b2c0360bfe - std::panicking::begin_panic_handler::{{closure}}::h233112c06e0ef43e
[INFO] [stdout]                                at /rustc/82e1608dfa6e0b5569232559e3d385fea5a93112/library/std/src/panicking.rs:657:13
[INFO] [stdout]   16:     0x55b2c035f2b6 - std::sys_common::backtrace::__rust_end_short_backtrace::h6e893f24d7ebbff8
[INFO] [stdout]                                at /rustc/82e1608dfa6e0b5569232559e3d385fea5a93112/library/std/src/sys_common/backtrace.rs:170:18
[INFO] [stdout]   17:     0x55b2c0360962 - rust_begin_unwind
[INFO] [stdout]                                at /rustc/82e1608dfa6e0b5569232559e3d385fea5a93112/library/std/src/panicking.rs:645:5
[INFO] [stdout]   18:     0x55b2bfc7b975 - core::panicking::panic_fmt::hbf0e066aabfa482c
[INFO] [stdout]                                at /rustc/82e1608dfa6e0b5569232559e3d385fea5a93112/library/core/src/panicking.rs:72:14
[INFO] [stdout]   19:     0x55b2bfc7be2b - core::panicking::assert_failed_inner::h0bba8b7c26ee4492
[INFO] [stdout]   20:     0x55b2bfcbbc4e - core::panicking::assert_failed::h001715057fe6a3be
[INFO] [stdout]                                at /rustc/82e1608dfa6e0b5569232559e3d385fea5a93112/library/core/src/panicking.rs:279:5
[INFO] [stdout]   21:     0x55b2bfcc2ba0 - cyfs_task_manager::task::test_task::test_runnable::{{closure}}::h0eb113a2d5228afa
[INFO] [stdout]                                at /opt/rustwide/workdir/src/task.rs:472:13
[INFO] [stdout]   22:     0x55b2bfca0262 - <async_std::task::builder::SupportTaskLocals<F> as core::future::future::Future>::poll::{{closure}}::hec5813be7d3adcde
[INFO] [stdout]                                at /opt/rustwide/cargo-home/registry/src/index.crates.io-6f17d22bba15001f/async-std-1.12.0/src/task/builder.rs:199:17
[INFO] [stdout]   23:     0x55b2bfcb3df3 - async_std::task::task_locals_wrapper::TaskLocalsWrapper::set_current::{{closure}}::h3ec41bbe2b3286bd
[INFO] [stdout]                                at /opt/rustwide/cargo-home/registry/src/index.crates.io-6f17d22bba15001f/async-std-1.12.0/src/task/task_locals_wrapper.rs:60:13
[INFO] [stdout]   24:     0x55b2bfc8d87e - std::thread::local::LocalKey<T>::try_with::h296315d5ed78cbe5
[INFO] [stdout]                                at /rustc/82e1608dfa6e0b5569232559e3d385fea5a93112/library/std/src/thread/local.rs:270:16
[INFO] [stdout]   25:     0x55b2bfc8caaa - std::thread::local::LocalKey<T>::with::h0fa3d34fe16cb96a
[INFO] [stdout]                                at /rustc/82e1608dfa6e0b5569232559e3d385fea5a93112/library/std/src/thread/local.rs:246:9
[INFO] [stdout]   26:     0x55b2bfcb3a28 - async_std::task::task_locals_wrapper::TaskLocalsWrapper::set_current::h9d8d86dfd021d8e2
[INFO] [stdout]                                at /opt/rustwide/cargo-home/registry/src/index.crates.io-6f17d22bba15001f/async-std-1.12.0/src/task/task_locals_wrapper.rs:55:9
[INFO] [stdout]   27:     0x55b2bfc9fff5 - <async_std::task::builder::SupportTaskLocals<F> as core::future::future::Future>::poll::h18be137eb451d7a4
[INFO] [stdout]                                at /opt/rustwide/cargo-home/registry/src/index.crates.io-6f17d22bba15001f/async-std-1.12.0/src/task/builder.rs:197:13
[INFO] [stdout]   28:     0x55b2bfcb9454 - <futures_lite::future::Or<F1,F2> as core::future::future::Future>::poll::ha15cb4704d1b7bdc
[INFO] [stdout]                                at /opt/rustwide/cargo-home/registry/src/index.crates.io-6f17d22bba15001f/futures-lite-2.1.0/src/future.rs:446:33
[INFO] [stdout]   29:     0x55b2bfcac4a0 - async_executor::Executor::run::{{closure}}::h523aab0edabcd3d6
[INFO] [stdout]                                at /opt/rustwide/cargo-home/registry/src/index.crates.io-6f17d22bba15001f/async-executor-1.8.0/src/lib.rs:261:32
[INFO] [stdout]   30:     0x55b2bfcab652 - async_executor::LocalExecutor::run::{{closure}}::h6ea70d4c8c2904ce
[INFO] [stdout]                                at /opt/rustwide/cargo-home/registry/src/index.crates.io-6f17d22bba15001f/async-executor-1.8.0/src/lib.rs:480:34
[INFO] [stdout]   31:     0x55b2bfc9c7ca - async_io::driver::block_on::{{closure}}::hac5d1c11346fafff
[INFO] [stdout]                                at /opt/rustwide/cargo-home/registry/src/index.crates.io-6f17d22bba15001f/async-io-2.2.2/src/driver.rs:199:37
[INFO] [stdout]   32:     0x55b2bfc903d7 - std::thread::local::LocalKey<T>::try_with::hd45bccda2ee29978
[INFO] [stdout]                                at /rustc/82e1608dfa6e0b5569232559e3d385fea5a93112/library/std/src/thread/local.rs:270:16
[INFO] [stdout]   33:     0x55b2bfc8d1ba - std::thread::local::LocalKey<T>::with::hc5017344719e365d
[INFO] [stdout]                                at /rustc/82e1608dfa6e0b5569232559e3d385fea5a93112/library/std/src/thread/local.rs:246:9
[INFO] [stdout]   34:     0x55b2bfc9220a - async_io::driver::block_on::h2400b8231ff372fd
[INFO] [stdout]                                at /opt/rustwide/cargo-home/registry/src/index.crates.io-6f17d22bba15001f/async-io-2.2.2/src/driver.rs:175:5
[INFO] [stdout]   35:     0x55b2bfcd06ef - async_global_executor::reactor::block_on::{{closure}}::h18d24d5c1864b813
[INFO] [stdout]                                at /opt/rustwide/cargo-home/registry/src/index.crates.io-6f17d22bba15001f/async-global-executor-2.4.1/src/reactor.rs:3:18
[INFO] [stdout]   36:     0x55b2bfcd05df - async_global_executor::reactor::block_on::h5713ee9da095ad63
[INFO] [stdout]                                at /opt/rustwide/cargo-home/registry/src/index.crates.io-6f17d22bba15001f/async-global-executor-2.4.1/src/reactor.rs:12:5
[INFO] [stdout]   37:     0x55b2bfcd0b7d - async_global_executor::executor::block_on::{{closure}}::h2b038f9397b6e26c
[INFO] [stdout]                                at /opt/rustwide/cargo-home/registry/src/index.crates.io-6f17d22bba15001f/async-global-executor-2.4.1/src/executor.rs:26:36
[INFO] [stdout]   38:     0x55b2bfc8e847 - std::thread::local::LocalKey<T>::try_with::h5346fb8eeffa0573
[INFO] [stdout]                                at /rustc/82e1608dfa6e0b5569232559e3d385fea5a93112/library/std/src/thread/local.rs:270:16
[INFO] [stdout]   39:     0x55b2bfc8d22a - std::thread::local::LocalKey<T>::with::hdfa5d6f3bfec3af6
[INFO] [stdout]                                at /rustc/82e1608dfa6e0b5569232559e3d385fea5a93112/library/std/src/thread/local.rs:246:9
[INFO] [stdout]   40:     0x55b2bfcd0a66 - async_global_executor::executor::block_on::hbb26cf373abb4a4b
[INFO] [stdout]                                at /opt/rustwide/cargo-home/registry/src/index.crates.io-6f17d22bba15001f/async-global-executor-2.4.1/src/executor.rs:26:5
[INFO] [stdout]   41:     0x55b2bfca4b8c - async_std::task::builder::Builder::blocking::{{closure}}::{{closure}}::h99155d8fb19a1618
[INFO] [stdout]                                at /opt/rustwide/cargo-home/registry/src/index.crates.io-6f17d22bba15001f/async-std-1.12.0/src/task/builder.rs:171:25
[INFO] [stdout]   42:     0x55b2bfcb414f - async_std::task::task_locals_wrapper::TaskLocalsWrapper::set_current::{{closure}}::h91f6a330f53b0f89
[INFO] [stdout]                                at /opt/rustwide/cargo-home/registry/src/index.crates.io-6f17d22bba15001f/async-std-1.12.0/src/task/task_locals_wrapper.rs:60:13
[INFO] [stdout]   43:     0x55b2bfc907b5 - std::thread::local::LocalKey<T>::try_with::hdbc5d2956358037e
[INFO] [stdout]                                at /rustc/82e1608dfa6e0b5569232559e3d385fea5a93112/library/std/src/thread/local.rs:270:16
[INFO] [stdout]   44:     0x55b2bfc8cdaa - std::thread::local::LocalKey<T>::with::h63bc9f49f1366c4b
[INFO] [stdout]                                at /rustc/82e1608dfa6e0b5569232559e3d385fea5a93112/library/std/src/thread/local.rs:246:9
[INFO] [stdout]   45:     0x55b2bfcb3ac6 - async_std::task::task_locals_wrapper::TaskLocalsWrapper::set_current::hbc42682fc8ba756a
[INFO] [stdout]                                at /opt/rustwide/cargo-home/registry/src/index.crates.io-6f17d22bba15001f/async-std-1.12.0/src/task/task_locals_wrapper.rs:55:9
[INFO] [stdout]   46:     0x55b2bfca47f3 - async_std::task::builder::Builder::blocking::{{closure}}::h58619d2c86d6f95a
[INFO] [stdout]                                at /opt/rustwide/cargo-home/registry/src/index.crates.io-6f17d22bba15001f/async-std-1.12.0/src/task/builder.rs:168:17
[INFO] [stdout]   47:     0x55b2bfc90fc7 - std::thread::local::LocalKey<T>::try_with::hf39bfa309e28b88c
[INFO] [stdout]                                at /rustc/82e1608dfa6e0b5569232559e3d385fea5a93112/library/std/src/thread/local.rs:270:16
[INFO] [stdout]   48:     0x55b2bfc8cd7a - std::thread::local::LocalKey<T>::with::h6156a876ef85cacf
[INFO] [stdout]                                at /rustc/82e1608dfa6e0b5569232559e3d385fea5a93112/library/std/src/thread/local.rs:246:9
[INFO] [stdout]   49:     0x55b2bfca390c - async_std::task::builder::Builder::blocking::h48d8b63bc0df74a6
[INFO] [stdout]                                at /opt/rustwide/cargo-home/registry/src/index.crates.io-6f17d22bba15001f/async-std-1.12.0/src/task/builder.rs:161:9
[INFO] [stdout]   50:     0x55b2bfcc88ae - async_std::task::block_on::block_on::h94beb117f12dfae4
[INFO] [stdout]                                at /opt/rustwide/cargo-home/registry/src/index.crates.io-6f17d22bba15001f/async-std-1.12.0/src/task/block_on.rs:33:5
[INFO] [stdout]   51:     0x55b2bfcc21b6 - cyfs_task_manager::task::test_task::test_runnable::h537f02b4f2ae4a56
[INFO] [stdout]                                at /opt/rustwide/workdir/src/task.rs:466:9
[INFO] [stdout]   52:     0x55b2bfcc2187 - cyfs_task_manager::task::test_task::test_runnable::{{closure}}::h6c5ad7ad2ca86aa7
[INFO] [stdout]                                at /opt/rustwide/workdir/src/task.rs:465:23
[INFO] [stdout]   53:     0x55b2bfc7c4c6 - core::ops::function::FnOnce::call_once::h2867fa1943593b7c
[INFO] [stdout]                                at /rustc/82e1608dfa6e0b5569232559e3d385fea5a93112/library/core/src/ops/function.rs:250:5
[INFO] [stdout]   54:     0x55b2bfd2541f - core::ops::function::FnOnce::call_once::h2b5d431d5046312d
[INFO] [stdout]                                at /rustc/82e1608dfa6e0b5569232559e3d385fea5a93112/library/core/src/ops/function.rs:250:5
[INFO] [stdout]   55:     0x55b2bfd2541f - test::__rust_begin_short_backtrace::h7714669af176e207
[INFO] [stdout]                                at /rustc/82e1608dfa6e0b5569232559e3d385fea5a93112/library/test/src/lib.rs:628:18
[INFO] [stdout]   56:     0x55b2bfd24435 - test::run_test_in_process::{{closure}}::h85218797dcbcec12
[INFO] [stdout]                                at /rustc/82e1608dfa6e0b5569232559e3d385fea5a93112/library/test/src/lib.rs:651:60
[INFO] [stdout]   57:     0x55b2bfd24435 - <core::panic::unwind_safe::AssertUnwindSafe<F> as core::ops::function::FnOnce<()>>::call_once::h76c106ea31c14d7b
[INFO] [stdout]                                at /rustc/82e1608dfa6e0b5569232559e3d385fea5a93112/library/core/src/panic/unwind_safe.rs:272:9
[INFO] [stdout]   58:     0x55b2bfd24435 - std::panicking::try::do_call::h3bd5d0f6620ee946
[INFO] [stdout]                                at /rustc/82e1608dfa6e0b5569232559e3d385fea5a93112/library/std/src/panicking.rs:552:40
[INFO] [stdout]   59:     0x55b2bfd24435 - std::panicking::try::h232e535e4744fe31
[INFO] [stdout]                                at /rustc/82e1608dfa6e0b5569232559e3d385fea5a93112/library/std/src/panicking.rs:516:19
[INFO] [stdout]   60:     0x55b2bfd24435 - std::panic::catch_unwind::h3ce3bd6ca8dbac68
[INFO] [stdout]                                at /rustc/82e1608dfa6e0b5569232559e3d385fea5a93112/library/std/src/panic.rs:142:14
[INFO] [stdout]   61:     0x55b2bfd24435 - test::run_test_in_process::hc97b257c9621286a
[INFO] [stdout]                                at /rustc/82e1608dfa6e0b5569232559e3d385fea5a93112/library/test/src/lib.rs:651:27
[INFO] [stdout]   62:     0x55b2bfd24435 - test::run_test::{{closure}}::h2aa798823a438d38
[INFO] [stdout]                                at /rustc/82e1608dfa6e0b5569232559e3d385fea5a93112/library/test/src/lib.rs:574:43
[INFO] [stdout]   63:     0x55b2bfcec6f6 - test::run_test::{{closure}}::h87d231c78fb59832
[INFO] [stdout]                                at /rustc/82e1608dfa6e0b5569232559e3d385fea5a93112/library/test/src/lib.rs:602:41
[INFO] [stdout]   64:     0x55b2bfcec6f6 - std::sys_common::backtrace::__rust_begin_short_backtrace::he6df152596625789
[INFO] [stdout]                                at /rustc/82e1608dfa6e0b5569232559e3d385fea5a93112/library/std/src/sys_common/backtrace.rs:154:18
[INFO] [stdout]   65:     0x55b2bfcf17a7 - std::thread::Builder::spawn_unchecked_::{{closure}}::{{closure}}::ha94be15d1e0acf36
[INFO] [stdout]                                at /rustc/82e1608dfa6e0b5569232559e3d385fea5a93112/library/std/src/thread/mod.rs:529:17
[INFO] [stdout]   66:     0x55b2bfcf17a7 - <core::panic::unwind_safe::AssertUnwindSafe<F> as core::ops::function::FnOnce<()>>::call_once::h9dc6bd6372f16606
[INFO] [stdout]                                at /rustc/82e1608dfa6e0b5569232559e3d385fea5a93112/library/core/src/panic/unwind_safe.rs:272:9
[INFO] [stdout]   67:     0x55b2bfcf17a7 - std::panicking::try::do_call::h9057517f80303cd4
[INFO] [stdout]                                at /rustc/82e1608dfa6e0b5569232559e3d385fea5a93112/library/std/src/panicking.rs:552:40
[INFO] [stdout]   68:     0x55b2bfcf17a7 - std::panicking::try::he3a30b11ee45340c
[INFO] [stdout]                                at /rustc/82e1608dfa6e0b5569232559e3d385fea5a93112/library/std/src/panicking.rs:516:19
[INFO] [stdout]   69:     0x55b2bfcf17a7 - std::panic::catch_unwind::h410458cfd3528b8b
[INFO] [stdout]                                at /rustc/82e1608dfa6e0b5569232559e3d385fea5a93112/library/std/src/panic.rs:142:14
[INFO] [stdout]   70:     0x55b2bfcf17a7 - std::thread::Builder::spawn_unchecked_::{{closure}}::h72ac3bdb567b737b
[INFO] [stdout]                                at /rustc/82e1608dfa6e0b5569232559e3d385fea5a93112/library/std/src/thread/mod.rs:528:30
[INFO] [stdout]   71:     0x55b2bfcf17a7 - core::ops::function::FnOnce::call_once{{vtable.shim}}::h38f34da3654a8344
[INFO] [stdout]                                at /rustc/82e1608dfa6e0b5569232559e3d385fea5a93112/library/core/src/ops/function.rs:250:5
[INFO] [stdout]   72:     0x55b2c0365b35 - <alloc::boxed::Box<F,A> as core::ops::function::FnOnce<Args>>::call_once::hc7eafaff61e32df9
[INFO] [stdout]                                at /rustc/82e1608dfa6e0b5569232559e3d385fea5a93112/library/alloc/src/boxed.rs:2007:9
[INFO] [stdout]   73:     0x55b2c0365b35 - <alloc::boxed::Box<F,A> as core::ops::function::FnOnce<Args>>::call_once::h6ba4a5de48dd2304
[INFO] [stdout]                                at /rustc/82e1608dfa6e0b5569232559e3d385fea5a93112/library/alloc/src/boxed.rs:2007:9
[INFO] [stdout]   74:     0x55b2c0365b35 - std::sys::unix::thread::Thread::new::thread_start::he469335aef763e45
[INFO] [stdout]                                at /rustc/82e1608dfa6e0b5569232559e3d385fea5a93112/library/std/src/sys/unix/thread.rs:108:17
[INFO] [stdout]   75:     0x7fd1731edac3 - <unknown>
[INFO] [stdout]   76:     0x7fd17327ebf4 - __clone
[INFO] [stdout]   77:                0x0 - <unknown>
[INFO] [stdout] 
[INFO] [stdout] 
[INFO] [stdout] failures:
[INFO] [stdout]     task::test_task::test_runnable
[INFO] [stdout] 
[INFO] [stdout] test result: FAILED. 2 passed; 1 failed; 0 ignored; 0 measured; 0 filtered out; finished in 2.17s
[INFO] [stdout] 
[INFO] [stderr] error: test failed, to rerun pass `--lib`
[INFO] running `Command { std: "docker" "inspect" "d5b4abd283bca122f57aac496117a99478b910b8f1aad1a4da5c919055a807fb", kill_on_drop: false }`
[INFO] running `Command { std: "docker" "rm" "-f" "d5b4abd283bca122f57aac496117a99478b910b8f1aad1a4da5c919055a807fb", kill_on_drop: false }`
[INFO] [stdout] d5b4abd283bca122f57aac496117a99478b910b8f1aad1a4da5c919055a807fb
