[INFO] fetching crate cyfs-sha2 0.8.4...
[INFO] testing cyfs-sha2-0.8.4 against 1.75.0 for beta-1.76-1
[INFO] extracting crate cyfs-sha2 0.8.4 into /workspace/builds/worker-3-tc1/source
[INFO] validating manifest of crates.io crate cyfs-sha2 0.8.4 on toolchain 1.75.0
[INFO] running `Command { std: CARGO_HOME="/workspace/cargo-home" RUSTUP_HOME="/workspace/rustup-home" "/workspace/cargo-home/bin/cargo" "+1.75.0" "metadata" "--manifest-path" "Cargo.toml" "--no-deps", kill_on_drop: false }`
[INFO] started tweaking crates.io crate cyfs-sha2 0.8.4
[INFO] finished tweaking crates.io crate cyfs-sha2 0.8.4
[INFO] tweaked toml for crates.io crate cyfs-sha2 0.8.4 written to /workspace/builds/worker-3-tc1/source/Cargo.toml
[INFO] crate crates.io crate cyfs-sha2 0.8.4 already has a lockfile, it will not be regenerated
[INFO] running `Command { std: CARGO_HOME="/workspace/cargo-home" RUSTUP_HOME="/workspace/rustup-home" "/workspace/cargo-home/bin/cargo" "+1.75.0" "fetch" "--manifest-path" "Cargo.toml", kill_on_drop: false }`
[INFO] [stderr]     Updating crates.io index
[INFO] [stderr]  Downloading crates ...
[INFO] [stderr]   Downloaded hex-literal-impl v0.1.2
[INFO] [stderr]   Downloaded hex-literal v0.1.4
[INFO] [stderr]   Downloaded blobby v0.1.2
[INFO] [stderr]   Downloaded cc v1.0.54
[INFO] [stderr]   Downloaded libc v0.2.70
[INFO] [stderr]   Downloaded sha2-asm v0.5.3
[INFO] [stderr]   Downloaded proc-macro-hack-impl v0.4.2
[INFO] [stderr]   Downloaded proc-macro-hack v0.4.2
[INFO] running `Command { std: "docker" "create" "-v" "/var/lib/crater-agent-workspace/builds/worker-3-tc1/target:/opt/rustwide/target:rw,Z" "-v" "/var/lib/crater-agent-workspace/builds/worker-3-tc1/source:/opt/rustwide/workdir:ro,Z" "-v" "/var/lib/crater-agent-workspace/cargo-home:/opt/rustwide/cargo-home:ro,Z" "-v" "/var/lib/crater-agent-workspace/rustup-home:/opt/rustwide/rustup-home:ro,Z" "-e" "SOURCE_DIR=/opt/rustwide/workdir" "-e" "CARGO_TARGET_DIR=/opt/rustwide/target" "-e" "CARGO_HOME=/opt/rustwide/cargo-home" "-e" "RUSTUP_HOME=/opt/rustwide/rustup-home" "-w" "/opt/rustwide/workdir" "-m" "1610612736" "--user" "0:0" "--network" "none" "ghcr.io/rust-lang/crates-build-env/linux@sha256:2788e3201cd34a07e3172128adcd8b3090168a8e3bcc40d7c032b9dda1df7d1c" "/opt/rustwide/cargo-home/bin/cargo" "+1.75.0" "metadata" "--no-deps" "--format-version=1", kill_on_drop: false }`
[INFO] [stdout] 8c685b9ecadf5bf121d2a27fe00c81167c04d235b82a34d4e9b6b9b288664f66
[INFO] running `Command { std: "docker" "start" "-a" "8c685b9ecadf5bf121d2a27fe00c81167c04d235b82a34d4e9b6b9b288664f66", kill_on_drop: false }`
[INFO] running `Command { std: "docker" "inspect" "8c685b9ecadf5bf121d2a27fe00c81167c04d235b82a34d4e9b6b9b288664f66", kill_on_drop: false }`
[INFO] running `Command { std: "docker" "rm" "-f" "8c685b9ecadf5bf121d2a27fe00c81167c04d235b82a34d4e9b6b9b288664f66", kill_on_drop: false }`
[INFO] [stdout] 8c685b9ecadf5bf121d2a27fe00c81167c04d235b82a34d4e9b6b9b288664f66
[INFO] running `Command { std: "docker" "create" "-v" "/var/lib/crater-agent-workspace/builds/worker-3-tc1/target:/opt/rustwide/target:rw,Z" "-v" "/var/lib/crater-agent-workspace/builds/worker-3-tc1/source:/opt/rustwide/workdir:ro,Z" "-v" "/var/lib/crater-agent-workspace/cargo-home:/opt/rustwide/cargo-home:ro,Z" "-v" "/var/lib/crater-agent-workspace/rustup-home:/opt/rustwide/rustup-home:ro,Z" "-e" "SOURCE_DIR=/opt/rustwide/workdir" "-e" "CARGO_TARGET_DIR=/opt/rustwide/target" "-e" "CARGO_INCREMENTAL=0" "-e" "RUST_BACKTRACE=full" "-e" "RUSTFLAGS=--cap-lints=warn" "-e" "RUSTDOCFLAGS=--cap-lints=warn" "-e" "CARGO_HOME=/opt/rustwide/cargo-home" "-e" "RUSTUP_HOME=/opt/rustwide/rustup-home" "-w" "/opt/rustwide/workdir" "-m" "1610612736" "--user" "0:0" "--network" "none" "ghcr.io/rust-lang/crates-build-env/linux@sha256:2788e3201cd34a07e3172128adcd8b3090168a8e3bcc40d7c032b9dda1df7d1c" "/opt/rustwide/cargo-home/bin/cargo" "+1.75.0" "build" "--frozen" "--message-format=json", kill_on_drop: false }`
[INFO] [stdout] 99fb8643b02dbc5299d00a43d58c7d0e91c978a7799f17bff25b5be9b0b070d9
[INFO] running `Command { std: "docker" "start" "-a" "99fb8643b02dbc5299d00a43d58c7d0e91c978a7799f17bff25b5be9b0b070d9", kill_on_drop: false }`
[INFO] [stderr]    Compiling typenum v1.12.0
[INFO] [stderr]    Compiling byteorder v1.3.4
[INFO] [stderr]    Compiling byte-tools v0.3.1
[INFO] [stderr]    Compiling opaque-debug v0.2.3
[INFO] [stderr]    Compiling fake-simd v0.1.2
[INFO] [stderr]    Compiling block-padding v0.1.5
[INFO] [stderr]    Compiling generic-array v0.12.4
[INFO] [stderr]    Compiling block-buffer v0.7.3
[INFO] [stderr]    Compiling digest v0.8.1
[INFO] [stderr]    Compiling cyfs-sha2 v0.8.4 (/opt/rustwide/workdir)
[INFO] [stderr]     Finished dev [unoptimized + debuginfo] target(s) in 1.18s
[INFO] running `Command { std: "docker" "inspect" "99fb8643b02dbc5299d00a43d58c7d0e91c978a7799f17bff25b5be9b0b070d9", kill_on_drop: false }`
[INFO] running `Command { std: "docker" "rm" "-f" "99fb8643b02dbc5299d00a43d58c7d0e91c978a7799f17bff25b5be9b0b070d9", kill_on_drop: false }`
[INFO] [stdout] 99fb8643b02dbc5299d00a43d58c7d0e91c978a7799f17bff25b5be9b0b070d9
[INFO] running `Command { std: "docker" "create" "-v" "/var/lib/crater-agent-workspace/builds/worker-3-tc1/target:/opt/rustwide/target:rw,Z" "-v" "/var/lib/crater-agent-workspace/builds/worker-3-tc1/source:/opt/rustwide/workdir:ro,Z" "-v" "/var/lib/crater-agent-workspace/cargo-home:/opt/rustwide/cargo-home:ro,Z" "-v" "/var/lib/crater-agent-workspace/rustup-home:/opt/rustwide/rustup-home:ro,Z" "-e" "SOURCE_DIR=/opt/rustwide/workdir" "-e" "CARGO_TARGET_DIR=/opt/rustwide/target" "-e" "CARGO_INCREMENTAL=0" "-e" "RUST_BACKTRACE=full" "-e" "RUSTFLAGS=--cap-lints=warn" "-e" "RUSTDOCFLAGS=--cap-lints=warn" "-e" "CARGO_HOME=/opt/rustwide/cargo-home" "-e" "RUSTUP_HOME=/opt/rustwide/rustup-home" "-w" "/opt/rustwide/workdir" "-m" "1610612736" "--user" "0:0" "--network" "none" "ghcr.io/rust-lang/crates-build-env/linux@sha256:2788e3201cd34a07e3172128adcd8b3090168a8e3bcc40d7c032b9dda1df7d1c" "/opt/rustwide/cargo-home/bin/cargo" "+1.75.0" "test" "--frozen" "--no-run" "--message-format=json", kill_on_drop: false }`
[INFO] [stdout] f31c3172496e9c4f7a10d42d04027737e467f6efb4f9eecd47f7aebb95616c75
[INFO] running `Command { std: "docker" "start" "-a" "f31c3172496e9c4f7a10d42d04027737e467f6efb4f9eecd47f7aebb95616c75", kill_on_drop: false }`
[INFO] [stderr]    Compiling proc-macro-hack-impl v0.4.2
[INFO] [stderr]    Compiling blobby v0.1.2
[INFO] [stderr]    Compiling digest v0.8.1
[INFO] [stderr]    Compiling cyfs-sha2 v0.8.4 (/opt/rustwide/workdir)
[INFO] [stderr]    Compiling proc-macro-hack v0.4.2
[INFO] [stderr]    Compiling hex-literal-impl v0.1.2
[INFO] [stderr]    Compiling hex-literal v0.1.4
[INFO] [stderr]     Finished test [unoptimized + debuginfo] target(s) in 0.81s
[INFO] running `Command { std: "docker" "inspect" "f31c3172496e9c4f7a10d42d04027737e467f6efb4f9eecd47f7aebb95616c75", kill_on_drop: false }`
[INFO] running `Command { std: "docker" "rm" "-f" "f31c3172496e9c4f7a10d42d04027737e467f6efb4f9eecd47f7aebb95616c75", kill_on_drop: false }`
[INFO] [stdout] f31c3172496e9c4f7a10d42d04027737e467f6efb4f9eecd47f7aebb95616c75
[INFO] running `Command { std: "docker" "create" "-v" "/var/lib/crater-agent-workspace/builds/worker-3-tc1/target:/opt/rustwide/target:rw,Z" "-v" "/var/lib/crater-agent-workspace/builds/worker-3-tc1/source:/opt/rustwide/workdir:ro,Z" "-v" "/var/lib/crater-agent-workspace/cargo-home:/opt/rustwide/cargo-home:ro,Z" "-v" "/var/lib/crater-agent-workspace/rustup-home:/opt/rustwide/rustup-home:ro,Z" "-e" "SOURCE_DIR=/opt/rustwide/workdir" "-e" "CARGO_TARGET_DIR=/opt/rustwide/target" "-e" "CARGO_INCREMENTAL=0" "-e" "RUST_BACKTRACE=full" "-e" "RUSTFLAGS=--cap-lints=warn" "-e" "RUSTDOCFLAGS=--cap-lints=warn" "-e" "CARGO_HOME=/opt/rustwide/cargo-home" "-e" "RUSTUP_HOME=/opt/rustwide/rustup-home" "-w" "/opt/rustwide/workdir" "-m" "1610612736" "--user" "0:0" "--network" "none" "ghcr.io/rust-lang/crates-build-env/linux@sha256:2788e3201cd34a07e3172128adcd8b3090168a8e3bcc40d7c032b9dda1df7d1c" "/opt/rustwide/cargo-home/bin/cargo" "+1.75.0" "test" "--frozen", kill_on_drop: false }`
[INFO] [stdout] c2cc0f734ef4252798b8b91a82b19425a81df381fa61460a270c302b9fb41596
[INFO] running `Command { std: "docker" "start" "-a" "c2cc0f734ef4252798b8b91a82b19425a81df381fa61460a270c302b9fb41596", kill_on_drop: false }`
[INFO] [stderr]     Finished test [unoptimized + debuginfo] target(s) in 0.01s
[INFO] [stderr]      Running unittests src/lib.rs (/opt/rustwide/target/debug/deps/cyfs_sha2-c7063c4486d28ae7)
[INFO] [stdout] 
[INFO] [stdout] running 0 tests
[INFO] [stdout] 
[INFO] [stdout] test result: ok. 0 passed; 0 failed; 0 ignored; 0 measured; 0 filtered out; finished in 0.00s
[INFO] [stdout] 
[INFO] [stderr]      Running tests/lib.rs (/opt/rustwide/target/debug/deps/lib-91aba065a800822e)
[INFO] [stdout] 
[INFO] [stdout] running 8 tests
[INFO] [stdout] test sha224_main ... ok
[INFO] [stdout] test sha256_main ... ok
[INFO] [stdout] test sha384_main ... ok
[INFO] [stdout] test sha512_224_main ... ok
[INFO] [stdout] test sha512_256_main ... ok
[INFO] [stdout] test sha512_main ... ok
[INFO] [stdout] test sha512_1million_a ... ok
[INFO] [stdout] test sha256_1million_a ... ok
[INFO] [stdout] 
[INFO] [stdout] test result: ok. 8 passed; 0 failed; 0 ignored; 0 measured; 0 filtered out; finished in 0.04s
[INFO] [stdout] 
[INFO] [stderr]    Doc-tests cyfs-sha2
[INFO] [stdout] 
[INFO] [stdout] running 9 tests
[INFO] [stdout] test src/sha256_utils.rs - sha256_utils::compress256 (line 185) ... ignored
[INFO] [stdout] test src/sha256_utils.rs - sha256_utils::compress256 (line 213) ... ignored
[INFO] [stdout] test src/sha256_utils.rs - sha256_utils::compress256 (line 221) ... ignored
[INFO] [stdout] test src/sha256_utils.rs - sha256_utils::compress256 (line 247) ... ignored
[INFO] [stdout] test src/sha512_utils.rs - sha512_utils::compress512 (line 203) ... ignored
[INFO] [stdout] test src/sha512_utils.rs - sha512_utils::compress512 (line 235) ... ignored
[INFO] [stdout] test src/sha512_utils.rs - sha512_utils::compress512 (line 243) ... ignored
[INFO] [stdout] test src/sha512_utils.rs - sha512_utils::compress512 (line 271) ... ignored
[INFO] [stdout] test src/lib.rs - (line 22) ... FAILED
[INFO] [stdout] 
[INFO] [stdout] failures:
[INFO] [stdout] 
[INFO] [stdout] ---- src/lib.rs - (line 22) stdout ----
[INFO] [stdout] error[E0463]: can't find crate for `sha2`
[INFO] [stdout]  --> src/lib.rs:24:1
[INFO] [stdout]   |
[INFO] [stdout] 3 | extern crate sha2;
[INFO] [stdout]   | ^^^^^^^^^^^^^^^^^^ can't find crate
[INFO] [stdout] 
[INFO] [stdout] error: proc-macro derive panicked
[INFO] [stdout]   --> src/lib.rs:37:24
[INFO] [stdout]    |
[INFO] [stdout] 16 |   assert_eq!(result[..], hex!("
[INFO] [stdout]    |  ________________________^
[INFO] [stdout] 17 | |     b94d27b9934d3e08a52e52d7da7dabfac484efe37a5380ee9088f7ace2efcde9
[INFO] [stdout] 18 | | ")[..]);
[INFO] [stdout]    | |__^
[INFO] [stdout]    |
[INFO] [stdout]    = help: message: assertion failed: source.starts_with(prefix)
[INFO] [stdout]    = note: this error originates in the macro `hex` (in Nightly builds, run with -Z macro-backtrace for more info)
[INFO] [stdout] 
[INFO] [stdout] error: proc-macro derive panicked
[INFO] [stdout]   --> src/lib.rs:46:24
[INFO] [stdout]    |
[INFO] [stdout] 25 |   assert_eq!(result[..], hex!("
[INFO] [stdout]    |  ________________________^
[INFO] [stdout] 26 | |     309ecc489c12d6eb4cc40f50c902f2b4d0ed77ee511a7c7a9bcd3ca86d4cd86f
[INFO] [stdout] 27 | |     989dd35bc5ff499670da34255b45b0cfd830e81f605dcf7dc5542e93ae9cd76f
[INFO] [stdout] 28 | | ")[..]);
[INFO] [stdout]    | |__^
[INFO] [stdout]    |
[INFO] [stdout]    = help: message: assertion failed: source.starts_with(prefix)
[INFO] [stdout]    = note: this error originates in the macro `hex` (in Nightly builds, run with -Z macro-backtrace for more info)
[INFO] [stdout] 
[INFO] [stdout] error: cannot find macro `proc_macro_call` in this scope
[INFO] [stdout]   --> src/lib.rs:46:24
[INFO] [stdout]    |
[INFO] [stdout] 25 |   assert_eq!(result[..], hex!("
[INFO] [stdout]    |  ________________________^
[INFO] [stdout] 26 | |     309ecc489c12d6eb4cc40f50c902f2b4d0ed77ee511a7c7a9bcd3ca86d4cd86f
[INFO] [stdout] 27 | |     989dd35bc5ff499670da34255b45b0cfd830e81f605dcf7dc5542e93ae9cd76f
[INFO] [stdout] 28 | | ")[..]);
[INFO] [stdout]    | |__^
[INFO] [stdout]    |
[INFO] [stdout]    = note: this error originates in the macro `hex` (in Nightly builds, run with -Z macro-backtrace for more info)
[INFO] [stdout] 
[INFO] [stdout] error: cannot find macro `proc_macro_call` in this scope
[INFO] [stdout]   --> src/lib.rs:37:24
[INFO] [stdout]    |
[INFO] [stdout] 16 |   assert_eq!(result[..], hex!("
[INFO] [stdout]    |  ________________________^
[INFO] [stdout] 17 | |     b94d27b9934d3e08a52e52d7da7dabfac484efe37a5380ee9088f7ace2efcde9
[INFO] [stdout] 18 | | ")[..]);
[INFO] [stdout]    | |__^
[INFO] [stdout]    |
[INFO] [stdout]    = note: this error originates in the macro `hex` (in Nightly builds, run with -Z macro-backtrace for more info)
[INFO] [stdout] 
[INFO] [stdout] error: aborting due to 5 previous errors
[INFO] [stdout] 
[INFO] [stdout] For more information about this error, try `rustc --explain E0463`.
[INFO] [stdout] Couldn't compile the test.
[INFO] [stdout] 
[INFO] [stdout] failures:
[INFO] [stdout]     src/lib.rs - (line 22)
[INFO] [stdout] 
[INFO] [stdout] test result: FAILED. 0 passed; 1 failed; 8 ignored; 0 measured; 0 filtered out; finished in 0.06s
[INFO] [stdout] 
[INFO] [stderr] error: doctest failed, to rerun pass `--doc`
[INFO] running `Command { std: "docker" "inspect" "c2cc0f734ef4252798b8b91a82b19425a81df381fa61460a270c302b9fb41596", kill_on_drop: false }`
[INFO] running `Command { std: "docker" "rm" "-f" "c2cc0f734ef4252798b8b91a82b19425a81df381fa61460a270c302b9fb41596", kill_on_drop: false }`
[INFO] [stdout] c2cc0f734ef4252798b8b91a82b19425a81df381fa61460a270c302b9fb41596
