[INFO] fetching crate cyclonedx-rust 0.1.2...
[INFO] testing cyclonedx-rust-0.1.2 against 1.75.0 for beta-1.76-1
[INFO] extracting crate cyclonedx-rust 0.1.2 into /workspace/builds/worker-6-tc1/source
[INFO] validating manifest of crates.io crate cyclonedx-rust 0.1.2 on toolchain 1.75.0
[INFO] running `Command { std: CARGO_HOME="/workspace/cargo-home" RUSTUP_HOME="/workspace/rustup-home" "/workspace/cargo-home/bin/cargo" "+1.75.0" "metadata" "--manifest-path" "Cargo.toml" "--no-deps", kill_on_drop: false }`
[INFO] started tweaking crates.io crate cyclonedx-rust 0.1.2
[INFO] finished tweaking crates.io crate cyclonedx-rust 0.1.2
[INFO] tweaked toml for crates.io crate cyclonedx-rust 0.1.2 written to /workspace/builds/worker-6-tc1/source/Cargo.toml
[INFO] running `Command { std: CARGO_HOME="/workspace/cargo-home" RUSTUP_HOME="/workspace/rustup-home" "/workspace/cargo-home/bin/cargo" "+1.75.0" "generate-lockfile" "--manifest-path" "Cargo.toml", kill_on_drop: false }`
[INFO] [stderr]     Updating crates.io index
[INFO] running `Command { std: CARGO_HOME="/workspace/cargo-home" RUSTUP_HOME="/workspace/rustup-home" "/workspace/cargo-home/bin/cargo" "+1.75.0" "fetch" "--manifest-path" "Cargo.toml", kill_on_drop: false }`
[INFO] [stderr]  Downloading crates ...
[INFO] [stderr]   Downloaded derive_builder v0.9.0
[INFO] [stderr]   Downloaded derive_builder_core v0.9.0
[INFO] [stderr]   Downloaded yaserde v0.6.0
[INFO] [stderr]   Downloaded yaserde_derive v0.6.0
[INFO] running `Command { std: "docker" "create" "-v" "/var/lib/crater-agent-workspace/builds/worker-6-tc1/target:/opt/rustwide/target:rw,Z" "-v" "/var/lib/crater-agent-workspace/builds/worker-6-tc1/source:/opt/rustwide/workdir:ro,Z" "-v" "/var/lib/crater-agent-workspace/cargo-home:/opt/rustwide/cargo-home:ro,Z" "-v" "/var/lib/crater-agent-workspace/rustup-home:/opt/rustwide/rustup-home:ro,Z" "-e" "SOURCE_DIR=/opt/rustwide/workdir" "-e" "CARGO_TARGET_DIR=/opt/rustwide/target" "-e" "CARGO_HOME=/opt/rustwide/cargo-home" "-e" "RUSTUP_HOME=/opt/rustwide/rustup-home" "-w" "/opt/rustwide/workdir" "-m" "1610612736" "--user" "0:0" "--network" "none" "ghcr.io/rust-lang/crates-build-env/linux@sha256:2788e3201cd34a07e3172128adcd8b3090168a8e3bcc40d7c032b9dda1df7d1c" "/opt/rustwide/cargo-home/bin/cargo" "+1.75.0" "metadata" "--no-deps" "--format-version=1", kill_on_drop: false }`
[INFO] [stdout] ec9c0e0254ec3857258a6aff4dde6c68f9a2819d0904d71740e60516ddc6a3cf
[INFO] running `Command { std: "docker" "start" "-a" "ec9c0e0254ec3857258a6aff4dde6c68f9a2819d0904d71740e60516ddc6a3cf", kill_on_drop: false }`
[INFO] running `Command { std: "docker" "inspect" "ec9c0e0254ec3857258a6aff4dde6c68f9a2819d0904d71740e60516ddc6a3cf", kill_on_drop: false }`
[INFO] running `Command { std: "docker" "rm" "-f" "ec9c0e0254ec3857258a6aff4dde6c68f9a2819d0904d71740e60516ddc6a3cf", kill_on_drop: false }`
[INFO] [stdout] ec9c0e0254ec3857258a6aff4dde6c68f9a2819d0904d71740e60516ddc6a3cf
[INFO] running `Command { std: "docker" "create" "-v" "/var/lib/crater-agent-workspace/builds/worker-6-tc1/target:/opt/rustwide/target:rw,Z" "-v" "/var/lib/crater-agent-workspace/builds/worker-6-tc1/source:/opt/rustwide/workdir:ro,Z" "-v" "/var/lib/crater-agent-workspace/cargo-home:/opt/rustwide/cargo-home:ro,Z" "-v" "/var/lib/crater-agent-workspace/rustup-home:/opt/rustwide/rustup-home:ro,Z" "-e" "SOURCE_DIR=/opt/rustwide/workdir" "-e" "CARGO_TARGET_DIR=/opt/rustwide/target" "-e" "CARGO_INCREMENTAL=0" "-e" "RUST_BACKTRACE=full" "-e" "RUSTFLAGS=--cap-lints=warn" "-e" "RUSTDOCFLAGS=--cap-lints=warn" "-e" "CARGO_HOME=/opt/rustwide/cargo-home" "-e" "RUSTUP_HOME=/opt/rustwide/rustup-home" "-w" "/opt/rustwide/workdir" "-m" "1610612736" "--user" "0:0" "--network" "none" "ghcr.io/rust-lang/crates-build-env/linux@sha256:2788e3201cd34a07e3172128adcd8b3090168a8e3bcc40d7c032b9dda1df7d1c" "/opt/rustwide/cargo-home/bin/cargo" "+1.75.0" "build" "--frozen" "--message-format=json", kill_on_drop: false }`
[INFO] [stdout] e6feb0a035033ba6271e25a5d050aa12b3cee0314fb429b91c14c7facb32bd85
[INFO] running `Command { std: "docker" "start" "-a" "e6feb0a035033ba6271e25a5d050aa12b3cee0314fb429b91c14c7facb32bd85", kill_on_drop: false }`
[INFO] [stderr]    Compiling syn v1.0.109
[INFO] [stderr]    Compiling fnv v1.0.7
[INFO] [stderr]    Compiling ident_case v1.0.1
[INFO] [stderr]    Compiling strsim v0.10.0
[INFO] [stderr]    Compiling serde v1.0.194
[INFO] [stderr]    Compiling strsim v0.9.3
[INFO] [stderr]    Compiling autocfg v1.1.0
[INFO] [stderr]    Compiling libc v0.2.151
[INFO] [stderr]    Compiling unicode-segmentation v1.10.1
[INFO] [stderr]    Compiling cfg-if v1.0.0
[INFO] [stderr]    Compiling iana-time-zone v0.1.59
[INFO] [stderr]    Compiling derive_builder v0.9.0
[INFO] [stderr]    Compiling log v0.4.20
[INFO] [stderr]    Compiling xml-rs v0.8.19
[INFO] [stderr]    Compiling syn v2.0.48
[INFO] [stderr]    Compiling strum v0.20.0
[INFO] [stderr]    Compiling num-traits v0.2.17
[INFO] [stderr]    Compiling heck v0.3.3
[INFO] [stderr]    Compiling yaserde v0.6.0
[INFO] [stderr]    Compiling getrandom v0.2.11
[INFO] [stderr]    Compiling uuid v0.8.2
[INFO] [stderr]    Compiling serde_derive v1.0.194
[INFO] [stderr]    Compiling darling_core v0.10.2
[INFO] [stderr]    Compiling darling_core v0.13.4
[INFO] [stderr]    Compiling strum_macros v0.20.1
[INFO] [stderr]    Compiling yaserde_derive v0.6.0
[INFO] [stderr]    Compiling darling_macro v0.10.2
[INFO] [stderr]    Compiling darling_macro v0.13.4
[INFO] [stderr]    Compiling darling v0.10.2
[INFO] [stderr]    Compiling derive_builder_core v0.9.0
[INFO] [stderr]    Compiling darling v0.13.4
[INFO] [stderr]    Compiling serde_with_macros v1.5.2
[INFO] [stderr]    Compiling chrono v0.4.31
[INFO] [stderr]    Compiling serde_json v1.0.111
[INFO] [stderr]    Compiling serde_with v1.14.0
[INFO] [stderr]    Compiling cyclonedx-rust v0.1.2 (/opt/rustwide/workdir)
[INFO] [stdout] warning: unreachable statement
[INFO] [stdout]    --> src/lib.rs:145:17
[INFO] [stdout]     |
[INFO] [stdout] 144 |                 unimplemented!();
[INFO] [stdout]     |                 ---------------- any code following this expression is unreachable
[INFO] [stdout] 145 |                 let cyclone_dx: CycloneDX = serde_json::from_reader(reader).unwrap();
[INFO] [stdout]     |                 ^^^^^^^^^^^^^^^^^^^^^^^^^^^^^^^^^^^^^^^^^^^^^^^^^^^^^^^^^^^^^^^^^^^^^ unreachable statement
[INFO] [stdout]     |
[INFO] [stdout]     = note: `#[warn(unreachable_code)]` on by default
[INFO] [stdout] 
[INFO] [stdout] 
[INFO] [stdout] warning: unreachable expression
[INFO] [stdout]    --> src/lib.rs:179:17
[INFO] [stdout]     |
[INFO] [stdout] 178 |                   unimplemented!();
[INFO] [stdout]     |                   ---------------- any code following this expression is unreachable
[INFO] [stdout] 179 | /                 match serde_json::to_writer_pretty(writer, &cyclone_dx) {
[INFO] [stdout] 180 | |                     Ok(_) => Ok(()),
[INFO] [stdout] 181 | |                     Err(err) => Err(err.to_string()),
[INFO] [stdout] 182 | |                 }
[INFO] [stdout]     | |_________________^ unreachable expression
[INFO] [stdout] 
[INFO] [stdout] 
[INFO] [stdout] warning: constant `XMLNS` is never used
[INFO] [stdout]   --> src/lib.rs:76:7
[INFO] [stdout]    |
[INFO] [stdout] 76 | const XMLNS: &'static str = "http://cyclonedx.org/schema/Bom/1.2";
[INFO] [stdout]    |       ^^^^^
[INFO] [stdout]    |
[INFO] [stdout]    = note: `#[warn(dead_code)]` on by default
[INFO] [stdout] 
[INFO] [stdout] 
[INFO] [stdout] warning: 3 warnings emitted
[INFO] [stdout] 
[INFO] [stdout] 
[INFO] [stderr]     Finished dev [unoptimized + debuginfo] target(s) in 11.89s
[INFO] running `Command { std: "docker" "inspect" "e6feb0a035033ba6271e25a5d050aa12b3cee0314fb429b91c14c7facb32bd85", kill_on_drop: false }`
[INFO] running `Command { std: "docker" "rm" "-f" "e6feb0a035033ba6271e25a5d050aa12b3cee0314fb429b91c14c7facb32bd85", kill_on_drop: false }`
[INFO] [stdout] e6feb0a035033ba6271e25a5d050aa12b3cee0314fb429b91c14c7facb32bd85
[INFO] running `Command { std: "docker" "create" "-v" "/var/lib/crater-agent-workspace/builds/worker-6-tc1/target:/opt/rustwide/target:rw,Z" "-v" "/var/lib/crater-agent-workspace/builds/worker-6-tc1/source:/opt/rustwide/workdir:ro,Z" "-v" "/var/lib/crater-agent-workspace/cargo-home:/opt/rustwide/cargo-home:ro,Z" "-v" "/var/lib/crater-agent-workspace/rustup-home:/opt/rustwide/rustup-home:ro,Z" "-e" "SOURCE_DIR=/opt/rustwide/workdir" "-e" "CARGO_TARGET_DIR=/opt/rustwide/target" "-e" "CARGO_INCREMENTAL=0" "-e" "RUST_BACKTRACE=full" "-e" "RUSTFLAGS=--cap-lints=warn" "-e" "RUSTDOCFLAGS=--cap-lints=warn" "-e" "CARGO_HOME=/opt/rustwide/cargo-home" "-e" "RUSTUP_HOME=/opt/rustwide/rustup-home" "-w" "/opt/rustwide/workdir" "-m" "1610612736" "--user" "0:0" "--network" "none" "ghcr.io/rust-lang/crates-build-env/linux@sha256:2788e3201cd34a07e3172128adcd8b3090168a8e3bcc40d7c032b9dda1df7d1c" "/opt/rustwide/cargo-home/bin/cargo" "+1.75.0" "test" "--frozen" "--no-run" "--message-format=json", kill_on_drop: false }`
[INFO] [stdout] 7a83a622808cf019d508b8ed160656f8e920548e095326dcfe5acb10da73bed6
[INFO] running `Command { std: "docker" "start" "-a" "7a83a622808cf019d508b8ed160656f8e920548e095326dcfe5acb10da73bed6", kill_on_drop: false }`
[INFO] [stdout] warning: unreachable statement
[INFO] [stdout]    --> src/lib.rs:145:17
[INFO] [stdout]     |
[INFO] [stdout] 144 |                 unimplemented!();
[INFO] [stdout]     |                 ---------------- any code following this expression is unreachable
[INFO] [stdout] 145 |                 let cyclone_dx: CycloneDX = serde_json::from_reader(reader).unwrap();
[INFO] [stdout]     |                 ^^^^^^^^^^^^^^^^^^^^^^^^^^^^^^^^^^^^^^^^^^^^^^^^^^^^^^^^^^^^^^^^^^^^^ unreachable statement
[INFO] [stdout]     |
[INFO] [stdout]     = note: `#[warn(unreachable_code)]` on by default
[INFO] [stdout] 
[INFO] [stdout] 
[INFO] [stdout] warning: unreachable expression
[INFO] [stdout]    --> src/lib.rs:179:17
[INFO] [stdout]     |
[INFO] [stdout] 178 |                   unimplemented!();
[INFO] [stdout]     |                   ---------------- any code following this expression is unreachable
[INFO] [stdout] 179 | /                 match serde_json::to_writer_pretty(writer, &cyclone_dx) {
[INFO] [stdout] 180 | |                     Ok(_) => Ok(()),
[INFO] [stdout] 181 | |                     Err(err) => Err(err.to_string()),
[INFO] [stdout] 182 | |                 }
[INFO] [stdout]     | |_________________^ unreachable expression
[INFO] [stdout] 
[INFO] [stdout] 
[INFO] [stderr]    Compiling cyclonedx-rust v0.1.2 (/opt/rustwide/workdir)
[INFO] [stdout] warning: constant `XMLNS` is never used
[INFO] [stdout]   --> src/lib.rs:76:7
[INFO] [stdout]    |
[INFO] [stdout] 76 | const XMLNS: &'static str = "http://cyclonedx.org/schema/Bom/1.2";
[INFO] [stdout]    |       ^^^^^
[INFO] [stdout]    |
[INFO] [stdout]    = note: `#[warn(dead_code)]` on by default
[INFO] [stdout] 
[INFO] [stdout] 
[INFO] [stdout] warning: 3 warnings emitted
[INFO] [stdout] 
[INFO] [stdout] 
[INFO] [stdout] warning: unreachable statement
[INFO] [stdout]    --> src/lib.rs:145:17
[INFO] [stdout]     |
[INFO] [stdout] 144 |                 unimplemented!();
[INFO] [stdout]     |                 ---------------- any code following this expression is unreachable
[INFO] [stdout] 145 |                 let cyclone_dx: CycloneDX = serde_json::from_reader(reader).unwrap();
[INFO] [stdout]     |                 ^^^^^^^^^^^^^^^^^^^^^^^^^^^^^^^^^^^^^^^^^^^^^^^^^^^^^^^^^^^^^^^^^^^^^ unreachable statement
[INFO] [stdout]     |
[INFO] [stdout]     = note: `#[warn(unreachable_code)]` on by default
[INFO] [stdout] 
[INFO] [stdout] 
[INFO] [stdout] warning: unreachable expression
[INFO] [stdout]    --> src/lib.rs:179:17
[INFO] [stdout]     |
[INFO] [stdout] 178 |                   unimplemented!();
[INFO] [stdout]     |                   ---------------- any code following this expression is unreachable
[INFO] [stdout] 179 | /                 match serde_json::to_writer_pretty(writer, &cyclone_dx) {
[INFO] [stdout] 180 | |                     Ok(_) => Ok(()),
[INFO] [stdout] 181 | |                     Err(err) => Err(err.to_string()),
[INFO] [stdout] 182 | |                 }
[INFO] [stdout]     | |_________________^ unreachable expression
[INFO] [stdout] 
[INFO] [stdout] 
[INFO] [stdout] warning: constant `XMLNS` is never used
[INFO] [stdout]   --> src/lib.rs:76:7
[INFO] [stdout]    |
[INFO] [stdout] 76 | const XMLNS: &'static str = "http://cyclonedx.org/schema/Bom/1.2";
[INFO] [stdout]    |       ^^^^^
[INFO] [stdout]    |
[INFO] [stdout]    = note: `#[warn(dead_code)]` on by default
[INFO] [stdout] 
[INFO] [stdout] 
[INFO] [stdout] warning: unused `Result` that must be used
[INFO] [stdout]    --> src/lib.rs:284:9
[INFO] [stdout]     |
[INFO] [stdout] 284 |         CycloneDX::encode(&mut buffer, cyclone_dx, CycloneDXFormatType::XML);
[INFO] [stdout]     |         ^^^^^^^^^^^^^^^^^^^^^^^^^^^^^^^^^^^^^^^^^^^^^^^^^^^^^^^^^^^^^^^^^^^^
[INFO] [stdout]     |
[INFO] [stdout]     = note: this `Result` may be an `Err` variant, which should be handled
[INFO] [stdout]     = note: `#[warn(unused_must_use)]` on by default
[INFO] [stdout] help: use `let _ = ...` to ignore the resulting value
[INFO] [stdout]     |
[INFO] [stdout] 284 |         let _ = CycloneDX::encode(&mut buffer, cyclone_dx, CycloneDXFormatType::XML);
[INFO] [stdout]     |         +++++++
[INFO] [stdout] 
[INFO] [stdout] 
[INFO] [stdout] warning: unused `Result` that must be used
[INFO] [stdout]    --> src/lib.rs:294:9
[INFO] [stdout]     |
[INFO] [stdout] 294 |         CycloneDX::encode(&mut writer, cyclone_dx, CycloneDXFormatType::XML);
[INFO] [stdout]     |         ^^^^^^^^^^^^^^^^^^^^^^^^^^^^^^^^^^^^^^^^^^^^^^^^^^^^^^^^^^^^^^^^^^^^
[INFO] [stdout]     |
[INFO] [stdout]     = note: this `Result` may be an `Err` variant, which should be handled
[INFO] [stdout] help: use `let _ = ...` to ignore the resulting value
[INFO] [stdout]     |
[INFO] [stdout] 294 |         let _ = CycloneDX::encode(&mut writer, cyclone_dx, CycloneDXFormatType::XML);
[INFO] [stdout]     |         +++++++
[INFO] [stdout] 
[INFO] [stdout] 
[INFO] [stdout] warning: 5 warnings emitted
[INFO] [stdout] 
[INFO] [stdout] 
[INFO] [stderr]     Finished test [unoptimized + debuginfo] target(s) in 5.26s
[INFO] running `Command { std: "docker" "inspect" "7a83a622808cf019d508b8ed160656f8e920548e095326dcfe5acb10da73bed6", kill_on_drop: false }`
[INFO] running `Command { std: "docker" "rm" "-f" "7a83a622808cf019d508b8ed160656f8e920548e095326dcfe5acb10da73bed6", kill_on_drop: false }`
[INFO] [stdout] 7a83a622808cf019d508b8ed160656f8e920548e095326dcfe5acb10da73bed6
[INFO] running `Command { std: "docker" "create" "-v" "/var/lib/crater-agent-workspace/builds/worker-6-tc1/target:/opt/rustwide/target:rw,Z" "-v" "/var/lib/crater-agent-workspace/builds/worker-6-tc1/source:/opt/rustwide/workdir:ro,Z" "-v" "/var/lib/crater-agent-workspace/cargo-home:/opt/rustwide/cargo-home:ro,Z" "-v" "/var/lib/crater-agent-workspace/rustup-home:/opt/rustwide/rustup-home:ro,Z" "-e" "SOURCE_DIR=/opt/rustwide/workdir" "-e" "CARGO_TARGET_DIR=/opt/rustwide/target" "-e" "CARGO_INCREMENTAL=0" "-e" "RUST_BACKTRACE=full" "-e" "RUSTFLAGS=--cap-lints=warn" "-e" "RUSTDOCFLAGS=--cap-lints=warn" "-e" "CARGO_HOME=/opt/rustwide/cargo-home" "-e" "RUSTUP_HOME=/opt/rustwide/rustup-home" "-w" "/opt/rustwide/workdir" "-m" "1610612736" "--user" "0:0" "--network" "none" "ghcr.io/rust-lang/crates-build-env/linux@sha256:2788e3201cd34a07e3172128adcd8b3090168a8e3bcc40d7c032b9dda1df7d1c" "/opt/rustwide/cargo-home/bin/cargo" "+1.75.0" "test" "--frozen", kill_on_drop: false }`
[INFO] [stdout] cd6eb734e77e9091315ef15aaaae61c2134e6f9218d860742107e14c8eb73e38
[INFO] running `Command { std: "docker" "start" "-a" "cd6eb734e77e9091315ef15aaaae61c2134e6f9218d860742107e14c8eb73e38", kill_on_drop: false }`
[INFO] [stderr] warning: unreachable statement
[INFO] [stderr]    --> src/lib.rs:145:17
[INFO] [stderr]     |
[INFO] [stderr] 144 |                 unimplemented!();
[INFO] [stderr]     |                 ---------------- any code following this expression is unreachable
[INFO] [stderr] 145 |                 let cyclone_dx: CycloneDX = serde_json::from_reader(reader).unwrap();
[INFO] [stderr]     |                 ^^^^^^^^^^^^^^^^^^^^^^^^^^^^^^^^^^^^^^^^^^^^^^^^^^^^^^^^^^^^^^^^^^^^^ unreachable statement
[INFO] [stderr]     |
[INFO] [stderr]     = note: `#[warn(unreachable_code)]` on by default
[INFO] [stderr] 
[INFO] [stderr] warning: unreachable expression
[INFO] [stderr]    --> src/lib.rs:179:17
[INFO] [stderr]     |
[INFO] [stderr] 178 |                   unimplemented!();
[INFO] [stderr]     |                   ---------------- any code following this expression is unreachable
[INFO] [stderr] 179 | /                 match serde_json::to_writer_pretty(writer, &cyclone_dx) {
[INFO] [stderr] 180 | |                     Ok(_) => Ok(()),
[INFO] [stderr] 181 | |                     Err(err) => Err(err.to_string()),
[INFO] [stderr] 182 | |                 }
[INFO] [stderr]     | |_________________^ unreachable expression
[INFO] [stderr] 
[INFO] [stderr] warning: constant `XMLNS` is never used
[INFO] [stderr]   --> src/lib.rs:76:7
[INFO] [stderr]    |
[INFO] [stderr] 76 | const XMLNS: &'static str = "http://cyclonedx.org/schema/Bom/1.2";
[INFO] [stderr]    |       ^^^^^
[INFO] [stderr]    |
[INFO] [stderr]    = note: `#[warn(dead_code)]` on by default
[INFO] [stderr] 
[INFO] [stderr] warning: unused `Result` that must be used
[INFO] [stderr]    --> src/lib.rs:284:9
[INFO] [stderr]     |
[INFO] [stderr] 284 |         CycloneDX::encode(&mut buffer, cyclone_dx, CycloneDXFormatType::XML);
[INFO] [stderr]     |         ^^^^^^^^^^^^^^^^^^^^^^^^^^^^^^^^^^^^^^^^^^^^^^^^^^^^^^^^^^^^^^^^^^^^
[INFO] [stderr]     |
[INFO] [stderr]     = note: this `Result` may be an `Err` variant, which should be handled
[INFO] [stderr]     = note: `#[warn(unused_must_use)]` on by default
[INFO] [stderr] help: use `let _ = ...` to ignore the resulting value
[INFO] [stderr]     |
[INFO] [stderr] 284 |         let _ = CycloneDX::encode(&mut buffer, cyclone_dx, CycloneDXFormatType::XML);
[INFO] [stderr]     |         +++++++
[INFO] [stderr] 
[INFO] [stderr] warning: unused `Result` that must be used
[INFO] [stderr]    --> src/lib.rs:294:9
[INFO] [stderr]     |
[INFO] [stderr] 294 |         CycloneDX::encode(&mut writer, cyclone_dx, CycloneDXFormatType::XML);
[INFO] [stderr]     |         ^^^^^^^^^^^^^^^^^^^^^^^^^^^^^^^^^^^^^^^^^^^^^^^^^^^^^^^^^^^^^^^^^^^^
[INFO] [stderr]     |
[INFO] [stderr]     = note: this `Result` may be an `Err` variant, which should be handled
[INFO] [stderr] help: use `let _ = ...` to ignore the resulting value
[INFO] [stderr]     |
[INFO] [stderr] 294 |         let _ = CycloneDX::encode(&mut writer, cyclone_dx, CycloneDXFormatType::XML);
[INFO] [stderr]     |         +++++++
[INFO] [stderr] 
[INFO] [stderr] warning: `cyclonedx-rust` (lib) generated 3 warnings
[INFO] [stderr] warning: `cyclonedx-rust` (lib test) generated 5 warnings (3 duplicates)
[INFO] [stderr]     Finished test [unoptimized + debuginfo] target(s) in 0.05s
[INFO] [stderr]      Running unittests src/lib.rs (/opt/rustwide/target/debug/deps/cyclonedx_rust-afdc819786b2b7fc)
[INFO] [stdout] 
[INFO] [stdout] running 19 tests
[INFO] [stdout] test common::license::tests::print_expression_license_xml ... ok
[INFO] [stdout] test component::classification::tests::print_xml ... ok
[INFO] [stdout] test common::attached_text::tests::print_xml ... ok
[INFO] [stdout] test common::hash_type::tests::print_xml ... ok
[INFO] [stdout] test common::organization::tests::print_xml ... ok
[INFO] [stdout] test component::external_reference::tests::print_xml ... ok
[INFO] [stdout] test common::license::tests::print_license_xml ... ok
[INFO] [stdout] test metadata::tests::author_builder ... ok
[INFO] [stdout] test component::tests::can_decode ... ok
[INFO] [stdout] test metadata::tests::tool_builder ... ok
[INFO] [stdout] test component::pedigree_type::tests::print_xml ... ok
[INFO] [stdout] test service::tests::can_decode ... ok
[INFO] [stdout] test metadata::tests::can_decode ... ok
[INFO] [stdout] test tests::can_decode_using_decoder ... ok
[INFO] [stdout] test tests::can_encode_basic_xml ... ok
[INFO] [stdout] test tests::error_if_invalid_writer ... ok
[INFO] [stdout] test tests::can_recode_xml ... ok
[INFO] [stdout] test service::tests::print_xml ... ok
[INFO] [stdout] test tests::can_decode ... ok
[INFO] [stdout] 
[INFO] [stdout] test result: ok. 19 passed; 0 failed; 0 ignored; 0 measured; 0 filtered out; finished in 0.02s
[INFO] [stdout] 
[INFO] [stderr]    Doc-tests cyclonedx-rust
[INFO] [stdout] 
[INFO] [stdout] running 4 tests
[INFO] [stdout] test src/lib.rs - (line 9) ... ok
[INFO] [stdout] test src/lib.rs - (line 15) ... ok
[INFO] [stdout] test src/lib.rs - (line 29) ... FAILED
[INFO] [stdout] test src/lib.rs - (line 42) ... ok
[INFO] [stdout] 
[INFO] [stdout] failures:
[INFO] [stdout] 
[INFO] [stdout] ---- src/lib.rs - (line 29) stdout ----
[INFO] [stdout] Test executable failed (exit status: 101).
[INFO] [stdout] 
[INFO] [stdout] stderr:
[INFO] [stdout] thread 'main' panicked at src/lib.rs:9:57:
[INFO] [stdout] called `Result::unwrap()` on an `Err` value: Os { code: 30, kind: ReadOnlyFilesystem, message: "Read-only file system" }
[INFO] [stdout] stack backtrace:
[INFO] [stdout]    0:     0x558ec82c511c - std::backtrace_rs::backtrace::libunwind::trace::ha637c64ce894333a
[INFO] [stdout]                                at /rustc/82e1608dfa6e0b5569232559e3d385fea5a93112/library/std/src/../../backtrace/src/backtrace/libunwind.rs:104:5
[INFO] [stdout]    1:     0x558ec82c511c - std::backtrace_rs::backtrace::trace_unsynchronized::h47f62dea28e0c88d
[INFO] [stdout]                                at /rustc/82e1608dfa6e0b5569232559e3d385fea5a93112/library/std/src/../../backtrace/src/backtrace/mod.rs:66:5
[INFO] [stdout]    2:     0x558ec82c511c - std::sys_common::backtrace::_print_fmt::h9eef0abe20ede486
[INFO] [stdout]                                at /rustc/82e1608dfa6e0b5569232559e3d385fea5a93112/library/std/src/sys_common/backtrace.rs:67:5
[INFO] [stdout]    3:     0x558ec82c511c - <std::sys_common::backtrace::_print::DisplayBacktrace as core::fmt::Display>::fmt::hed7f999df88cc644
[INFO] [stdout]                                at /rustc/82e1608dfa6e0b5569232559e3d385fea5a93112/library/std/src/sys_common/backtrace.rs:44:22
[INFO] [stdout]    4:     0x558ec82e4f30 - core::fmt::rt::Argument::fmt::h1539a9308b8d058d
[INFO] [stdout]                                at /rustc/82e1608dfa6e0b5569232559e3d385fea5a93112/library/core/src/fmt/rt.rs:142:9
[INFO] [stdout]    5:     0x558ec82e4f30 - core::fmt::write::h3a39390d8560d9c9
[INFO] [stdout]                                at /rustc/82e1608dfa6e0b5569232559e3d385fea5a93112/library/core/src/fmt/mod.rs:1120:17
[INFO] [stdout]    6:     0x558ec82c35cf - std::io::Write::write_fmt::h5fc9997dfe05f882
[INFO] [stdout]                                at /rustc/82e1608dfa6e0b5569232559e3d385fea5a93112/library/std/src/io/mod.rs:1762:15
[INFO] [stdout]    7:     0x558ec82c4f04 - std::sys_common::backtrace::_print::h894006fb5c6f3d45
[INFO] [stdout]                                at /rustc/82e1608dfa6e0b5569232559e3d385fea5a93112/library/std/src/sys_common/backtrace.rs:47:5
[INFO] [stdout]    8:     0x558ec82c4f04 - std::sys_common::backtrace::print::h23a2d212c6fff936
[INFO] [stdout]                                at /rustc/82e1608dfa6e0b5569232559e3d385fea5a93112/library/std/src/sys_common/backtrace.rs:34:9
[INFO] [stdout]    9:     0x558ec82c6417 - std::panicking::default_hook::{{closure}}::h8a1d2ee00185001a
[INFO] [stdout]   10:     0x558ec82c617f - std::panicking::default_hook::h6038f2eba384e475
[INFO] [stdout]                                at /rustc/82e1608dfa6e0b5569232559e3d385fea5a93112/library/std/src/panicking.rs:292:9
[INFO] [stdout]   11:     0x558ec82c6898 - std::panicking::rust_panic_with_hook::h2b5517d590cab22e
[INFO] [stdout]                                at /rustc/82e1608dfa6e0b5569232559e3d385fea5a93112/library/std/src/panicking.rs:779:13
[INFO] [stdout]   12:     0x558ec82c677e - std::panicking::begin_panic_handler::{{closure}}::h233112c06e0ef43e
[INFO] [stdout]                                at /rustc/82e1608dfa6e0b5569232559e3d385fea5a93112/library/std/src/panicking.rs:657:13
[INFO] [stdout]   13:     0x558ec82c55e6 - std::sys_common::backtrace::__rust_end_short_backtrace::h6e893f24d7ebbff8
[INFO] [stdout]                                at /rustc/82e1608dfa6e0b5569232559e3d385fea5a93112/library/std/src/sys_common/backtrace.rs:170:18
[INFO] [stdout]   14:     0x558ec82c64e2 - rust_begin_unwind
[INFO] [stdout]                                at /rustc/82e1608dfa6e0b5569232559e3d385fea5a93112/library/std/src/panicking.rs:645:5
[INFO] [stdout]   15:     0x558ec81fce05 - core::panicking::panic_fmt::hbf0e066aabfa482c
[INFO] [stdout]                                at /rustc/82e1608dfa6e0b5569232559e3d385fea5a93112/library/core/src/panicking.rs:72:14
[INFO] [stdout]   16:     0x558ec81fd263 - core::result::unwrap_failed::hddb4fea594200c52
[INFO] [stdout]                                at /rustc/82e1608dfa6e0b5569232559e3d385fea5a93112/library/core/src/result.rs:1653:5
[INFO] [stdout]   17:     0x558ec82435e4 - core::result::Result<T,E>::unwrap::hac20e146f7dd2af8
[INFO] [stdout]   18:     0x558ec825f863 - rust_out::main::_doctest_main_src_lib_rs_29_0::h09901ababe3d8214
[INFO] [stdout]   19:     0x558ec825f826 - rust_out::main::hc20c0d07e2402830
[INFO] [stdout]   20:     0x558ec823a5c3 - core::ops::function::FnOnce::call_once::hbc459743598298c4
[INFO] [stdout]   21:     0x558ec8235b66 - std::sys_common::backtrace::__rust_begin_short_backtrace::h62debe7d3058b76a
[INFO] [stdout]   22:     0x558ec8236439 - std::rt::lang_start::{{closure}}::h8f486f3e1e6418b2
[INFO] [stdout]   23:     0x558ec82c1077 - core::ops::function::impls::<impl core::ops::function::FnOnce<A> for &F>::call_once::hd95060ecd5e1ca24
[INFO] [stdout]                                at /rustc/82e1608dfa6e0b5569232559e3d385fea5a93112/library/core/src/ops/function.rs:284:13
[INFO] [stdout]   24:     0x558ec82c1077 - std::panicking::try::do_call::h6e8cf51db32a6e4b
[INFO] [stdout]                                at /rustc/82e1608dfa6e0b5569232559e3d385fea5a93112/library/std/src/panicking.rs:552:40
[INFO] [stdout]   25:     0x558ec82c1077 - std::panicking::try::h3a52eefe24fe3c29
[INFO] [stdout]                                at /rustc/82e1608dfa6e0b5569232559e3d385fea5a93112/library/std/src/panicking.rs:516:19
[INFO] [stdout]   26:     0x558ec82c1077 - std::panic::catch_unwind::h24c28c23c02c3841
[INFO] [stdout]                                at /rustc/82e1608dfa6e0b5569232559e3d385fea5a93112/library/std/src/panic.rs:142:14
[INFO] [stdout]   27:     0x558ec82c1077 - std::rt::lang_start_internal::{{closure}}::h705d3c9cbc06ef47
[INFO] [stdout]                                at /rustc/82e1608dfa6e0b5569232559e3d385fea5a93112/library/std/src/rt.rs:148:48
[INFO] [stdout]   28:     0x558ec82c1077 - std::panicking::try::do_call::ha21f52ba13158470
[INFO] [stdout]                                at /rustc/82e1608dfa6e0b5569232559e3d385fea5a93112/library/std/src/panicking.rs:552:40
[INFO] [stdout]   29:     0x558ec82c1077 - std::panicking::try::h5581346bf6aeb1f8
[INFO] [stdout]                                at /rustc/82e1608dfa6e0b5569232559e3d385fea5a93112/library/std/src/panicking.rs:516:19
[INFO] [stdout]   30:     0x558ec82c1077 - std::panic::catch_unwind::h7919645a6b72e25b
[INFO] [stdout]                                at /rustc/82e1608dfa6e0b5569232559e3d385fea5a93112/library/std/src/panic.rs:142:14
[INFO] [stdout]   31:     0x558ec82c1077 - std::rt::lang_start_internal::h12de51168669836e
[INFO] [stdout]                                at /rustc/82e1608dfa6e0b5569232559e3d385fea5a93112/library/std/src/rt.rs:148:20
[INFO] [stdout]   32:     0x558ec8236417 - std::rt::lang_start::h2c48f91a7bf85629
[INFO] [stdout]   33:     0x558ec825f955 - main
[INFO] [stdout]   34:     0x7f4fb32cfd90 - <unknown>
[INFO] [stdout]   35:     0x7f4fb32cfe40 - __libc_start_main
[INFO] [stdout]   36:     0x558ec81fd525 - _start
[INFO] [stdout]   37:                0x0 - <unknown>
[INFO] [stdout] 
[INFO] [stdout] 
[INFO] [stdout] 
[INFO] [stdout] failures:
[INFO] [stdout]     src/lib.rs - (line 29)
[INFO] [stdout] 
[INFO] [stdout] test result: FAILED. 3 passed; 1 failed; 0 ignored; 0 measured; 0 filtered out; finished in 1.39s
[INFO] [stdout] 
[INFO] [stderr] error: doctest failed, to rerun pass `--doc`
[INFO] running `Command { std: "docker" "inspect" "cd6eb734e77e9091315ef15aaaae61c2134e6f9218d860742107e14c8eb73e38", kill_on_drop: false }`
[INFO] running `Command { std: "docker" "rm" "-f" "cd6eb734e77e9091315ef15aaaae61c2134e6f9218d860742107e14c8eb73e38", kill_on_drop: false }`
[INFO] [stdout] cd6eb734e77e9091315ef15aaaae61c2134e6f9218d860742107e14c8eb73e38
[INFO] testing cyclonedx-rust-0.1.2 against beta-2023-12-22 for beta-1.76-1
[INFO] extracting crate cyclonedx-rust 0.1.2 into /workspace/builds/worker-6-tc2/source
[INFO] validating manifest of crates.io crate cyclonedx-rust 0.1.2 on toolchain beta-2023-12-22
[INFO] running `Command { std: CARGO_HOME="/workspace/cargo-home" RUSTUP_HOME="/workspace/rustup-home" "/workspace/cargo-home/bin/cargo" "+beta-2023-12-22" "metadata" "--manifest-path" "Cargo.toml" "--no-deps", kill_on_drop: false }`
[INFO] started tweaking crates.io crate cyclonedx-rust 0.1.2
[INFO] finished tweaking crates.io crate cyclonedx-rust 0.1.2
[INFO] tweaked toml for crates.io crate cyclonedx-rust 0.1.2 written to /workspace/builds/worker-6-tc2/source/Cargo.toml
[INFO] running `Command { std: CARGO_HOME="/workspace/cargo-home" RUSTUP_HOME="/workspace/rustup-home" "/workspace/cargo-home/bin/cargo" "+beta-2023-12-22" "generate-lockfile" "--manifest-path" "Cargo.toml", kill_on_drop: false }`
[INFO] [stderr]     Updating crates.io index
[INFO] running `Command { std: CARGO_HOME="/workspace/cargo-home" RUSTUP_HOME="/workspace/rustup-home" "/workspace/cargo-home/bin/cargo" "+beta-2023-12-22" "fetch" "--manifest-path" "Cargo.toml", kill_on_drop: false }`
[INFO] running `Command { std: "docker" "create" "-v" "/var/lib/crater-agent-workspace/builds/worker-6-tc2/target:/opt/rustwide/target:rw,Z" "-v" "/var/lib/crater-agent-workspace/builds/worker-6-tc2/source:/opt/rustwide/workdir:ro,Z" "-v" "/var/lib/crater-agent-workspace/cargo-home:/opt/rustwide/cargo-home:ro,Z" "-v" "/var/lib/crater-agent-workspace/rustup-home:/opt/rustwide/rustup-home:ro,Z" "-e" "SOURCE_DIR=/opt/rustwide/workdir" "-e" "CARGO_TARGET_DIR=/opt/rustwide/target" "-e" "CARGO_HOME=/opt/rustwide/cargo-home" "-e" "RUSTUP_HOME=/opt/rustwide/rustup-home" "-w" "/opt/rustwide/workdir" "-m" "1610612736" "--user" "0:0" "--network" "none" "ghcr.io/rust-lang/crates-build-env/linux@sha256:2788e3201cd34a07e3172128adcd8b3090168a8e3bcc40d7c032b9dda1df7d1c" "/opt/rustwide/cargo-home/bin/cargo" "+beta-2023-12-22" "metadata" "--no-deps" "--format-version=1", kill_on_drop: false }`
[INFO] [stdout] b1ddf20e9c5d6eefbac23ae406675993f48bd918167e6072f1a3da54f46773df
[INFO] running `Command { std: "docker" "start" "-a" "b1ddf20e9c5d6eefbac23ae406675993f48bd918167e6072f1a3da54f46773df", kill_on_drop: false }`
[INFO] running `Command { std: "docker" "inspect" "b1ddf20e9c5d6eefbac23ae406675993f48bd918167e6072f1a3da54f46773df", kill_on_drop: false }`
[INFO] running `Command { std: "docker" "rm" "-f" "b1ddf20e9c5d6eefbac23ae406675993f48bd918167e6072f1a3da54f46773df", kill_on_drop: false }`
[INFO] [stdout] b1ddf20e9c5d6eefbac23ae406675993f48bd918167e6072f1a3da54f46773df
[INFO] running `Command { std: "docker" "create" "-v" "/var/lib/crater-agent-workspace/builds/worker-6-tc2/target:/opt/rustwide/target:rw,Z" "-v" "/var/lib/crater-agent-workspace/builds/worker-6-tc2/source:/opt/rustwide/workdir:ro,Z" "-v" "/var/lib/crater-agent-workspace/cargo-home:/opt/rustwide/cargo-home:ro,Z" "-v" "/var/lib/crater-agent-workspace/rustup-home:/opt/rustwide/rustup-home:ro,Z" "-e" "SOURCE_DIR=/opt/rustwide/workdir" "-e" "CARGO_TARGET_DIR=/opt/rustwide/target" "-e" "CARGO_INCREMENTAL=0" "-e" "RUST_BACKTRACE=full" "-e" "RUSTFLAGS=--cap-lints=warn" "-e" "RUSTDOCFLAGS=--cap-lints=warn" "-e" "CARGO_HOME=/opt/rustwide/cargo-home" "-e" "RUSTUP_HOME=/opt/rustwide/rustup-home" "-w" "/opt/rustwide/workdir" "-m" "1610612736" "--user" "0:0" "--network" "none" "ghcr.io/rust-lang/crates-build-env/linux@sha256:2788e3201cd34a07e3172128adcd8b3090168a8e3bcc40d7c032b9dda1df7d1c" "/opt/rustwide/cargo-home/bin/cargo" "+beta-2023-12-22" "build" "--frozen" "--message-format=json", kill_on_drop: false }`
[INFO] [stdout] 37b10925e8ca6ada27c7ff5dd16027245fd8e5f3a8262696dd3df2087aff9012
[INFO] running `Command { std: "docker" "start" "-a" "37b10925e8ca6ada27c7ff5dd16027245fd8e5f3a8262696dd3df2087aff9012", kill_on_drop: false }`
[INFO] [stderr]    Compiling syn v1.0.109
[INFO] [stderr]    Compiling ident_case v1.0.1
[INFO] [stderr]    Compiling fnv v1.0.7
[INFO] [stderr]    Compiling strsim v0.10.0
[INFO] [stderr]    Compiling serde v1.0.194
[INFO] [stderr]    Compiling autocfg v1.1.0
[INFO] [stderr]    Compiling strsim v0.9.3
[INFO] [stderr]    Compiling libc v0.2.151
[INFO] [stderr]    Compiling unicode-segmentation v1.10.1
[INFO] [stderr]    Compiling derive_builder v0.9.0
[INFO] [stderr]    Compiling iana-time-zone v0.1.59
[INFO] [stderr]    Compiling cfg-if v1.0.0
[INFO] [stderr]    Compiling xml-rs v0.8.19
[INFO] [stderr]    Compiling log v0.4.20
[INFO] [stderr]    Compiling syn v2.0.48
[INFO] [stderr]    Compiling strum v0.20.0
[INFO] [stderr]    Compiling num-traits v0.2.17
[INFO] [stderr]    Compiling heck v0.3.3
[INFO] [stderr]    Compiling yaserde v0.6.0
[INFO] [stderr]    Compiling getrandom v0.2.11
[INFO] [stderr]    Compiling uuid v0.8.2
[INFO] [stderr]    Compiling serde_derive v1.0.194
[INFO] [stderr]    Compiling darling_core v0.10.2
[INFO] [stderr]    Compiling darling_core v0.13.4
[INFO] [stderr]    Compiling yaserde_derive v0.6.0
[INFO] [stderr]    Compiling strum_macros v0.20.1
[INFO] [stderr]    Compiling darling_macro v0.10.2
[INFO] [stderr]    Compiling darling_macro v0.13.4
[INFO] [stderr]    Compiling darling v0.10.2
[INFO] [stderr]    Compiling derive_builder_core v0.9.0
[INFO] [stderr]    Compiling darling v0.13.4
[INFO] [stderr]    Compiling serde_with_macros v1.5.2
[INFO] [stderr]    Compiling chrono v0.4.31
[INFO] [stderr]    Compiling serde_json v1.0.111
[INFO] [stderr]    Compiling serde_with v1.14.0
[INFO] [stderr]    Compiling cyclonedx-rust v0.1.2 (/opt/rustwide/workdir)
[INFO] [stdout] warning: unreachable statement
[INFO] [stdout]    --> src/lib.rs:145:17
[INFO] [stdout]     |
[INFO] [stdout] 144 |                 unimplemented!();
[INFO] [stdout]     |                 ---------------- any code following this expression is unreachable
[INFO] [stdout] 145 |                 let cyclone_dx: CycloneDX = serde_json::from_reader(reader).unwrap();
[INFO] [stdout]     |                 ^^^^^^^^^^^^^^^^^^^^^^^^^^^^^^^^^^^^^^^^^^^^^^^^^^^^^^^^^^^^^^^^^^^^^ unreachable statement
[INFO] [stdout]     |
[INFO] [stdout]     = note: `#[warn(unreachable_code)]` on by default
[INFO] [stdout] 
[INFO] [stdout] 
[INFO] [stdout] warning: unreachable expression
[INFO] [stdout]    --> src/lib.rs:179:17
[INFO] [stdout]     |
[INFO] [stdout] 178 |                   unimplemented!();
[INFO] [stdout]     |                   ---------------- any code following this expression is unreachable
[INFO] [stdout] 179 | /                 match serde_json::to_writer_pretty(writer, &cyclone_dx) {
[INFO] [stdout] 180 | |                     Ok(_) => Ok(()),
[INFO] [stdout] 181 | |                     Err(err) => Err(err.to_string()),
[INFO] [stdout] 182 | |                 }
[INFO] [stdout]     | |_________________^ unreachable expression
[INFO] [stdout] 
[INFO] [stdout] 
[INFO] [stdout] warning: constant `XMLNS` is never used
[INFO] [stdout]   --> src/lib.rs:76:7
[INFO] [stdout]    |
[INFO] [stdout] 76 | const XMLNS: &'static str = "http://cyclonedx.org/schema/Bom/1.2";
[INFO] [stdout]    |       ^^^^^
[INFO] [stdout]    |
[INFO] [stdout]    = note: `#[warn(dead_code)]` on by default
[INFO] [stdout] 
[INFO] [stdout] 
[INFO] [stdout] warning: 3 warnings emitted
[INFO] [stdout] 
[INFO] [stdout] 
[INFO] [stderr]     Finished dev [unoptimized + debuginfo] target(s) in 15.10s
[INFO] running `Command { std: "docker" "inspect" "37b10925e8ca6ada27c7ff5dd16027245fd8e5f3a8262696dd3df2087aff9012", kill_on_drop: false }`
[INFO] running `Command { std: "docker" "rm" "-f" "37b10925e8ca6ada27c7ff5dd16027245fd8e5f3a8262696dd3df2087aff9012", kill_on_drop: false }`
[INFO] [stdout] 37b10925e8ca6ada27c7ff5dd16027245fd8e5f3a8262696dd3df2087aff9012
[INFO] running `Command { std: "docker" "create" "-v" "/var/lib/crater-agent-workspace/builds/worker-6-tc2/target:/opt/rustwide/target:rw,Z" "-v" "/var/lib/crater-agent-workspace/builds/worker-6-tc2/source:/opt/rustwide/workdir:ro,Z" "-v" "/var/lib/crater-agent-workspace/cargo-home:/opt/rustwide/cargo-home:ro,Z" "-v" "/var/lib/crater-agent-workspace/rustup-home:/opt/rustwide/rustup-home:ro,Z" "-e" "SOURCE_DIR=/opt/rustwide/workdir" "-e" "CARGO_TARGET_DIR=/opt/rustwide/target" "-e" "CARGO_INCREMENTAL=0" "-e" "RUST_BACKTRACE=full" "-e" "RUSTFLAGS=--cap-lints=warn" "-e" "RUSTDOCFLAGS=--cap-lints=warn" "-e" "CARGO_HOME=/opt/rustwide/cargo-home" "-e" "RUSTUP_HOME=/opt/rustwide/rustup-home" "-w" "/opt/rustwide/workdir" "-m" "1610612736" "--user" "0:0" "--network" "none" "ghcr.io/rust-lang/crates-build-env/linux@sha256:2788e3201cd34a07e3172128adcd8b3090168a8e3bcc40d7c032b9dda1df7d1c" "/opt/rustwide/cargo-home/bin/cargo" "+beta-2023-12-22" "test" "--frozen" "--no-run" "--message-format=json", kill_on_drop: false }`
[INFO] [stdout] 7282cb90fe575e1128de23afaafe642cb845cbd4204ac9abd7650d39084f615f
[INFO] running `Command { std: "docker" "start" "-a" "7282cb90fe575e1128de23afaafe642cb845cbd4204ac9abd7650d39084f615f", kill_on_drop: false }`
[INFO] [stdout] warning: unreachable statement
[INFO] [stdout]    --> src/lib.rs:145:17
[INFO] [stdout]     |
[INFO] [stdout] 144 |                 unimplemented!();
[INFO] [stdout]     |                 ---------------- any code following this expression is unreachable
[INFO] [stdout] 145 |                 let cyclone_dx: CycloneDX = serde_json::from_reader(reader).unwrap();
[INFO] [stdout]     |                 ^^^^^^^^^^^^^^^^^^^^^^^^^^^^^^^^^^^^^^^^^^^^^^^^^^^^^^^^^^^^^^^^^^^^^ unreachable statement
[INFO] [stdout]     |
[INFO] [stdout]     = note: `#[warn(unreachable_code)]` on by default
[INFO] [stdout] 
[INFO] [stdout] 
[INFO] [stdout] warning: unreachable expression
[INFO] [stdout]    --> src/lib.rs:179:17
[INFO] [stdout]     |
[INFO] [stdout] 178 |                   unimplemented!();
[INFO] [stdout]     |                   ---------------- any code following this expression is unreachable
[INFO] [stdout] 179 | /                 match serde_json::to_writer_pretty(writer, &cyclone_dx) {
[INFO] [stdout] 180 | |                     Ok(_) => Ok(()),
[INFO] [stdout] 181 | |                     Err(err) => Err(err.to_string()),
[INFO] [stdout] 182 | |                 }
[INFO] [stdout]     | |_________________^ unreachable expression
[INFO] [stdout] 
[INFO] [stdout] 
[INFO] [stdout] warning: constant `XMLNS` is never used
[INFO] [stdout]   --> src/lib.rs:76:7
[INFO] [stdout]    |
[INFO] [stdout] 76 | const XMLNS: &'static str = "http://cyclonedx.org/schema/Bom/1.2";
[INFO] [stdout]    |       ^^^^^
[INFO] [stdout]    |
[INFO] [stdout]    = note: `#[warn(dead_code)]` on by default
[INFO] [stdout] 
[INFO] [stdout] 
[INFO] [stdout] warning: 3 warnings emitted
[INFO] [stdout] 
[INFO] [stdout] 
[INFO] [stderr]    Compiling cyclonedx-rust v0.1.2 (/opt/rustwide/workdir)
[INFO] [stdout] warning: unreachable statement
[INFO] [stdout]    --> src/lib.rs:145:17
[INFO] [stdout]     |
[INFO] [stdout] 144 |                 unimplemented!();
[INFO] [stdout]     |                 ---------------- any code following this expression is unreachable
[INFO] [stdout] 145 |                 let cyclone_dx: CycloneDX = serde_json::from_reader(reader).unwrap();
[INFO] [stdout]     |                 ^^^^^^^^^^^^^^^^^^^^^^^^^^^^^^^^^^^^^^^^^^^^^^^^^^^^^^^^^^^^^^^^^^^^^ unreachable statement
[INFO] [stdout]     |
[INFO] [stdout]     = note: `#[warn(unreachable_code)]` on by default
[INFO] [stdout] 
[INFO] [stdout] 
[INFO] [stdout] warning: unreachable expression
[INFO] [stdout]    --> src/lib.rs:179:17
[INFO] [stdout]     |
[INFO] [stdout] 178 |                   unimplemented!();
[INFO] [stdout]     |                   ---------------- any code following this expression is unreachable
[INFO] [stdout] 179 | /                 match serde_json::to_writer_pretty(writer, &cyclone_dx) {
[INFO] [stdout] 180 | |                     Ok(_) => Ok(()),
[INFO] [stdout] 181 | |                     Err(err) => Err(err.to_string()),
[INFO] [stdout] 182 | |                 }
[INFO] [stdout]     | |_________________^ unreachable expression
[INFO] [stdout] 
[INFO] [stdout] 
[INFO] [stdout] warning: constant `XMLNS` is never used
[INFO] [stdout]   --> src/lib.rs:76:7
[INFO] [stdout]    |
[INFO] [stdout] 76 | const XMLNS: &'static str = "http://cyclonedx.org/schema/Bom/1.2";
[INFO] [stdout]    |       ^^^^^
[INFO] [stdout]    |
[INFO] [stdout]    = note: `#[warn(dead_code)]` on by default
[INFO] [stdout] 
[INFO] [stdout] 
[INFO] [stdout] warning: unused `Result` that must be used
[INFO] [stdout]    --> src/lib.rs:284:9
[INFO] [stdout]     |
[INFO] [stdout] 284 |         CycloneDX::encode(&mut buffer, cyclone_dx, CycloneDXFormatType::XML);
[INFO] [stdout]     |         ^^^^^^^^^^^^^^^^^^^^^^^^^^^^^^^^^^^^^^^^^^^^^^^^^^^^^^^^^^^^^^^^^^^^
[INFO] [stdout]     |
[INFO] [stdout]     = note: this `Result` may be an `Err` variant, which should be handled
[INFO] [stdout]     = note: `#[warn(unused_must_use)]` on by default
[INFO] [stdout] help: use `let _ = ...` to ignore the resulting value
[INFO] [stdout]     |
[INFO] [stdout] 284 |         let _ = CycloneDX::encode(&mut buffer, cyclone_dx, CycloneDXFormatType::XML);
[INFO] [stdout]     |         +++++++
[INFO] [stdout] 
[INFO] [stdout] 
[INFO] [stdout] warning: unused `Result` that must be used
[INFO] [stdout]    --> src/lib.rs:294:9
[INFO] [stdout]     |
[INFO] [stdout] 294 |         CycloneDX::encode(&mut writer, cyclone_dx, CycloneDXFormatType::XML);
[INFO] [stdout]     |         ^^^^^^^^^^^^^^^^^^^^^^^^^^^^^^^^^^^^^^^^^^^^^^^^^^^^^^^^^^^^^^^^^^^^
[INFO] [stdout]     |
[INFO] [stdout]     = note: this `Result` may be an `Err` variant, which should be handled
[INFO] [stdout] help: use `let _ = ...` to ignore the resulting value
[INFO] [stdout]     |
[INFO] [stdout] 294 |         let _ = CycloneDX::encode(&mut writer, cyclone_dx, CycloneDXFormatType::XML);
[INFO] [stdout]     |         +++++++
[INFO] [stdout] 
[INFO] [stdout] 
[INFO] [stdout] warning: 5 warnings emitted
[INFO] [stdout] 
[INFO] [stdout] 
[INFO] [stderr]     Finished test [unoptimized + debuginfo] target(s) in 5.32s
[INFO] running `Command { std: "docker" "inspect" "7282cb90fe575e1128de23afaafe642cb845cbd4204ac9abd7650d39084f615f", kill_on_drop: false }`
[INFO] running `Command { std: "docker" "rm" "-f" "7282cb90fe575e1128de23afaafe642cb845cbd4204ac9abd7650d39084f615f", kill_on_drop: false }`
[INFO] [stdout] 7282cb90fe575e1128de23afaafe642cb845cbd4204ac9abd7650d39084f615f
[INFO] running `Command { std: "docker" "create" "-v" "/var/lib/crater-agent-workspace/builds/worker-6-tc2/target:/opt/rustwide/target:rw,Z" "-v" "/var/lib/crater-agent-workspace/builds/worker-6-tc2/source:/opt/rustwide/workdir:ro,Z" "-v" "/var/lib/crater-agent-workspace/cargo-home:/opt/rustwide/cargo-home:ro,Z" "-v" "/var/lib/crater-agent-workspace/rustup-home:/opt/rustwide/rustup-home:ro,Z" "-e" "SOURCE_DIR=/opt/rustwide/workdir" "-e" "CARGO_TARGET_DIR=/opt/rustwide/target" "-e" "CARGO_INCREMENTAL=0" "-e" "RUST_BACKTRACE=full" "-e" "RUSTFLAGS=--cap-lints=warn" "-e" "RUSTDOCFLAGS=--cap-lints=warn" "-e" "CARGO_HOME=/opt/rustwide/cargo-home" "-e" "RUSTUP_HOME=/opt/rustwide/rustup-home" "-w" "/opt/rustwide/workdir" "-m" "1610612736" "--user" "0:0" "--network" "none" "ghcr.io/rust-lang/crates-build-env/linux@sha256:2788e3201cd34a07e3172128adcd8b3090168a8e3bcc40d7c032b9dda1df7d1c" "/opt/rustwide/cargo-home/bin/cargo" "+beta-2023-12-22" "test" "--frozen", kill_on_drop: false }`
[INFO] [stdout] 4c3fbded55dfcb8aebc46c8152fe83caff7bb184819cb5334f15a9b18dc6e0d1
[INFO] running `Command { std: "docker" "start" "-a" "4c3fbded55dfcb8aebc46c8152fe83caff7bb184819cb5334f15a9b18dc6e0d1", kill_on_drop: false }`
[INFO] [stderr] warning: unreachable statement
[INFO] [stderr]    --> src/lib.rs:145:17
[INFO] [stderr]     |
[INFO] [stderr] 144 |                 unimplemented!();
[INFO] [stderr]     |                 ---------------- any code following this expression is unreachable
[INFO] [stderr] 145 |                 let cyclone_dx: CycloneDX = serde_json::from_reader(reader).unwrap();
[INFO] [stderr]     |                 ^^^^^^^^^^^^^^^^^^^^^^^^^^^^^^^^^^^^^^^^^^^^^^^^^^^^^^^^^^^^^^^^^^^^^ unreachable statement
[INFO] [stderr]     |
[INFO] [stderr]     = note: `#[warn(unreachable_code)]` on by default
[INFO] [stderr] 
[INFO] [stderr] warning: unreachable expression
[INFO] [stderr]    --> src/lib.rs:179:17
[INFO] [stderr]     |
[INFO] [stderr] 178 |                   unimplemented!();
[INFO] [stderr]     |                   ---------------- any code following this expression is unreachable
[INFO] [stderr] 179 | /                 match serde_json::to_writer_pretty(writer, &cyclone_dx) {
[INFO] [stderr] 180 | |                     Ok(_) => Ok(()),
[INFO] [stderr] 181 | |                     Err(err) => Err(err.to_string()),
[INFO] [stderr] 182 | |                 }
[INFO] [stderr]     | |_________________^ unreachable expression
[INFO] [stderr] 
[INFO] [stderr] warning: constant `XMLNS` is never used
[INFO] [stderr]   --> src/lib.rs:76:7
[INFO] [stderr]    |
[INFO] [stderr] 76 | const XMLNS: &'static str = "http://cyclonedx.org/schema/Bom/1.2";
[INFO] [stderr]    |       ^^^^^
[INFO] [stderr]    |
[INFO] [stderr]    = note: `#[warn(dead_code)]` on by default
[INFO] [stderr] 
[INFO] [stderr] warning: unused `Result` that must be used
[INFO] [stderr]    --> src/lib.rs:284:9
[INFO] [stderr]     |
[INFO] [stderr] 284 |         CycloneDX::encode(&mut buffer, cyclone_dx, CycloneDXFormatType::XML);
[INFO] [stderr]     |         ^^^^^^^^^^^^^^^^^^^^^^^^^^^^^^^^^^^^^^^^^^^^^^^^^^^^^^^^^^^^^^^^^^^^
[INFO] [stderr]     |
[INFO] [stderr]     = note: this `Result` may be an `Err` variant, which should be handled
[INFO] [stderr]     = note: `#[warn(unused_must_use)]` on by default
[INFO] [stderr] help: use `let _ = ...` to ignore the resulting value
[INFO] [stderr]     |
[INFO] [stderr] 284 |         let _ = CycloneDX::encode(&mut buffer, cyclone_dx, CycloneDXFormatType::XML);
[INFO] [stderr]     |         +++++++
[INFO] [stderr] 
[INFO] [stderr] warning: unused `Result` that must be used
[INFO] [stderr]    --> src/lib.rs:294:9
[INFO] [stderr]     |
[INFO] [stderr] 294 |         CycloneDX::encode(&mut writer, cyclone_dx, CycloneDXFormatType::XML);
[INFO] [stderr]     |         ^^^^^^^^^^^^^^^^^^^^^^^^^^^^^^^^^^^^^^^^^^^^^^^^^^^^^^^^^^^^^^^^^^^^
[INFO] [stderr]     |
[INFO] [stderr]     = note: this `Result` may be an `Err` variant, which should be handled
[INFO] [stderr] help: use `let _ = ...` to ignore the resulting value
[INFO] [stderr]     |
[INFO] [stderr] 294 |         let _ = CycloneDX::encode(&mut writer, cyclone_dx, CycloneDXFormatType::XML);
[INFO] [stderr]     |         +++++++
[INFO] [stderr] 
[INFO] [stderr] warning: `cyclonedx-rust` (lib) generated 3 warnings
[INFO] [stderr] warning: `cyclonedx-rust` (lib test) generated 5 warnings (3 duplicates)
[INFO] [stderr]     Finished test [unoptimized + debuginfo] target(s) in 0.06s
[INFO] [stderr]      Running unittests src/lib.rs (/opt/rustwide/target/debug/deps/cyclonedx_rust-a9302ba84702add3)
[INFO] [stdout] 
[INFO] [stdout] running 19 tests
[INFO] [stdout] test common::license::tests::print_expression_license_xml ... ok
[INFO] [stdout] test common::attached_text::tests::print_xml ... ok
[INFO] [stdout] test common::hash_type::tests::print_xml ... ok
[INFO] [stdout] test common::license::tests::print_license_xml ... ok
[INFO] [stdout] test component::classification::tests::print_xml ... ok
[INFO] [stdout] test component::tests::can_decode ... ok
[INFO] [stdout] test common::organization::tests::print_xml ... ok
[INFO] [stdout] test component::external_reference::tests::print_xml ... ok
[INFO] [stdout] test component::pedigree_type::tests::print_xml ... ok
[INFO] [stdout] test tests::can_encode_basic_xml ... ok
[INFO] [stdout] test metadata::tests::author_builder ... ok
[INFO] [stdout] test tests::error_if_invalid_writer ... ok
[INFO] [stdout] test metadata::tests::tool_builder ... ok
[INFO] [stdout] test service::tests::can_decode ... ok
[INFO] [stdout] test tests::can_recode_xml ... ok
[INFO] [stdout] test service::tests::print_xml ... ok
[INFO] [stdout] test metadata::tests::can_decode ... ok
[INFO] [stdout] test tests::can_decode ... ok
[INFO] [stdout] test tests::can_decode_using_decoder ... ok
[INFO] [stdout] 
[INFO] [stdout] test result: ok. 19 passed; 0 failed; 0 ignored; 0 measured; 0 filtered out; finished in 0.02s
[INFO] [stdout] 
[INFO] [stderr]    Doc-tests cyclonedx-rust
[INFO] [stdout] 
[INFO] [stdout] running 4 tests
[INFO] [stdout] test src/lib.rs - (line 9) ... ok
[INFO] [stdout] test src/lib.rs - (line 15) ... ok
[INFO] [stdout] test src/lib.rs - (line 29) ... FAILED
[INFO] [stdout] test src/lib.rs - (line 42) ... ok
[INFO] [stdout] 
[INFO] [stdout] failures:
[INFO] [stdout] 
[INFO] [stdout] ---- src/lib.rs - (line 29) stdout ----
[INFO] [stdout] Test executable failed (exit status: 101).
[INFO] [stdout] 
[INFO] [stdout] stderr:
[INFO] [stdout] thread 'main' panicked at src/lib.rs:9:57:
[INFO] [stdout] called `Result::unwrap()` on an `Err` value: Os { code: 30, kind: ReadOnlyFilesystem, message: "Read-only file system" }
[INFO] [stdout] stack backtrace:
[INFO] [stdout]    0:     0x559779a93466 - std::backtrace_rs::backtrace::libunwind::trace::h261606ad26a499c1
[INFO] [stdout]                                at /rustc/0e09125c6c3c2fd70d7de961bcf0e51575235fad/library/std/src/../../backtrace/src/backtrace/libunwind.rs:104:5
[INFO] [stdout]    1:     0x559779a93466 - std::backtrace_rs::backtrace::trace_unsynchronized::hd183f0625477fb28
[INFO] [stdout]                                at /rustc/0e09125c6c3c2fd70d7de961bcf0e51575235fad/library/std/src/../../backtrace/src/backtrace/mod.rs:66:5
[INFO] [stdout]    2:     0x559779a93466 - std::sys_common::backtrace::_print_fmt::hd7f8fef21b4eda67
[INFO] [stdout]                                at /rustc/0e09125c6c3c2fd70d7de961bcf0e51575235fad/library/std/src/sys_common/backtrace.rs:68:5
[INFO] [stdout]    3:     0x559779a93466 - <std::sys_common::backtrace::_print::DisplayBacktrace as core::fmt::Display>::fmt::h623d9b51f2f453f1
[INFO] [stdout]                                at /rustc/0e09125c6c3c2fd70d7de961bcf0e51575235fad/library/std/src/sys_common/backtrace.rs:44:22
[INFO] [stdout]    4:     0x559779ab23a0 - core::fmt::rt::Argument::fmt::h9f417ac76a86f368
[INFO] [stdout]                                at /rustc/0e09125c6c3c2fd70d7de961bcf0e51575235fad/library/core/src/fmt/rt.rs:142:9
[INFO] [stdout]    5:     0x559779ab23a0 - core::fmt::write::hc9b6faf4ac2aeff7
[INFO] [stdout]                                at /rustc/0e09125c6c3c2fd70d7de961bcf0e51575235fad/library/core/src/fmt/mod.rs:1120:17
[INFO] [stdout]    6:     0x559779a9191f - std::io::Write::write_fmt::hfead1eee52c2e65e
[INFO] [stdout]                                at /rustc/0e09125c6c3c2fd70d7de961bcf0e51575235fad/library/std/src/io/mod.rs:1810:15
[INFO] [stdout]    7:     0x559779a93244 - std::sys_common::backtrace::_print::hd5d66399c7df88a2
[INFO] [stdout]                                at /rustc/0e09125c6c3c2fd70d7de961bcf0e51575235fad/library/std/src/sys_common/backtrace.rs:47:5
[INFO] [stdout]    8:     0x559779a93244 - std::sys_common::backtrace::print::he81ed2da642d37e5
[INFO] [stdout]                                at /rustc/0e09125c6c3c2fd70d7de961bcf0e51575235fad/library/std/src/sys_common/backtrace.rs:34:9
[INFO] [stdout]    9:     0x559779a947a7 - std::panicking::default_hook::{{closure}}::h85773f4fa117163d
[INFO] [stdout]   10:     0x559779a94509 - std::panicking::default_hook::h6a1694a91d09b278
[INFO] [stdout]                                at /rustc/0e09125c6c3c2fd70d7de961bcf0e51575235fad/library/std/src/panicking.rs:292:9
[INFO] [stdout]   11:     0x559779a94c38 - std::panicking::rust_panic_with_hook::h0a7ad96e90f7145b
[INFO] [stdout]                                at /rustc/0e09125c6c3c2fd70d7de961bcf0e51575235fad/library/std/src/panicking.rs:779:13
[INFO] [stdout]   12:     0x559779a94b12 - std::panicking::begin_panic_handler::{{closure}}::h7919090525c6485e
[INFO] [stdout]                                at /rustc/0e09125c6c3c2fd70d7de961bcf0e51575235fad/library/std/src/panicking.rs:657:13
[INFO] [stdout]   13:     0x559779a93966 - std::sys_common::backtrace::__rust_end_short_backtrace::hf3289479464f7dfe
[INFO] [stdout]                                at /rustc/0e09125c6c3c2fd70d7de961bcf0e51575235fad/library/std/src/sys_common/backtrace.rs:171:18
[INFO] [stdout]   14:     0x559779a94870 - rust_begin_unwind
[INFO] [stdout]                                at /rustc/0e09125c6c3c2fd70d7de961bcf0e51575235fad/library/std/src/panicking.rs:645:5
[INFO] [stdout]   15:     0x5597799cce05 - core::panicking::panic_fmt::hcc9f77c5c132af55
[INFO] [stdout]                                at /rustc/0e09125c6c3c2fd70d7de961bcf0e51575235fad/library/core/src/panicking.rs:72:14
[INFO] [stdout]   16:     0x5597799cd273 - core::result::unwrap_failed::hbe14f498be1452f9
[INFO] [stdout]                                at /rustc/0e09125c6c3c2fd70d7de961bcf0e51575235fad/library/core/src/result.rs:1649:5
[INFO] [stdout]   17:     0x559779a14014 - core::result::Result<T,E>::unwrap::he129f1c8932222bf
[INFO] [stdout]   18:     0x559779a300c3 - rust_out::main::_doctest_main_src_lib_rs_29_0::hc346ea2719b576fb
[INFO] [stdout]   19:     0x559779a30086 - rust_out::main::h71185a25be64b52e
[INFO] [stdout]   20:     0x559779a0add3 - core::ops::function::FnOnce::call_once::h0a5e8bc522cf7e26
[INFO] [stdout]   21:     0x559779a063c6 - std::sys_common::backtrace::__rust_begin_short_backtrace::h904992c6a2208b49
[INFO] [stdout]   22:     0x559779a06c89 - std::rt::lang_start::{{closure}}::h95a4dad7805b7c7c
[INFO] [stdout]   23:     0x559779a8f2c1 - core::ops::function::impls::<impl core::ops::function::FnOnce<A> for &F>::call_once::h4eb4c5e1620f29b0
[INFO] [stdout]                                at /rustc/0e09125c6c3c2fd70d7de961bcf0e51575235fad/library/core/src/ops/function.rs:284:13
[INFO] [stdout]   24:     0x559779a8f2c1 - std::panicking::try::do_call::h73fd26535faffcdf
[INFO] [stdout]                                at /rustc/0e09125c6c3c2fd70d7de961bcf0e51575235fad/library/std/src/panicking.rs:552:40
[INFO] [stdout]   25:     0x559779a8f2c1 - std::panicking::try::h77ff1d98f0fb9f39
[INFO] [stdout]                                at /rustc/0e09125c6c3c2fd70d7de961bcf0e51575235fad/library/std/src/panicking.rs:516:19
[INFO] [stdout]   26:     0x559779a8f2c1 - std::panic::catch_unwind::hab3caf2448b95e37
[INFO] [stdout]                                at /rustc/0e09125c6c3c2fd70d7de961bcf0e51575235fad/library/std/src/panic.rs:142:14
[INFO] [stdout]   27:     0x559779a8f2c1 - std::rt::lang_start_internal::{{closure}}::h8086711f9c783f78
[INFO] [stdout]                                at /rustc/0e09125c6c3c2fd70d7de961bcf0e51575235fad/library/std/src/rt.rs:148:48
[INFO] [stdout]   28:     0x559779a8f2c1 - std::panicking::try::do_call::hf920d4dc291cd6ca
[INFO] [stdout]                                at /rustc/0e09125c6c3c2fd70d7de961bcf0e51575235fad/library/std/src/panicking.rs:552:40
[INFO] [stdout]   29:     0x559779a8f2c1 - std::panicking::try::h2b806ccc0a85db74
[INFO] [stdout]                                at /rustc/0e09125c6c3c2fd70d7de961bcf0e51575235fad/library/std/src/panicking.rs:516:19
[INFO] [stdout]   30:     0x559779a8f2c1 - std::panic::catch_unwind::h038489539c507df2
[INFO] [stdout]                                at /rustc/0e09125c6c3c2fd70d7de961bcf0e51575235fad/library/std/src/panic.rs:142:14
[INFO] [stdout]   31:     0x559779a8f2c1 - std::rt::lang_start_internal::h28503b88912e8a5c
[INFO] [stdout]                                at /rustc/0e09125c6c3c2fd70d7de961bcf0e51575235fad/library/std/src/rt.rs:148:20
[INFO] [stdout]   32:     0x559779a06c67 - std::rt::lang_start::h9942cc54b4d5350a
[INFO] [stdout]   33:     0x559779a301b5 - main
[INFO] [stdout]   34:     0x7fc6a8796d90 - <unknown>
[INFO] [stdout]   35:     0x7fc6a8796e40 - __libc_start_main
[INFO] [stdout]   36:     0x5597799cd535 - _start
[INFO] [stdout]   37:                0x0 - <unknown>
[INFO] [stdout] 
[INFO] [stdout] 
[INFO] [stdout] 
[INFO] [stdout] failures:
[INFO] [stdout]     src/lib.rs - (line 29)
[INFO] [stdout] 
[INFO] [stdout] test result: FAILED. 3 passed; 1 failed; 0 ignored; 0 measured; 0 filtered out; finished in 1.18s
[INFO] [stdout] 
[INFO] [stderr] error: doctest failed, to rerun pass `--doc`
[INFO] running `Command { std: "docker" "inspect" "4c3fbded55dfcb8aebc46c8152fe83caff7bb184819cb5334f15a9b18dc6e0d1", kill_on_drop: false }`
[INFO] running `Command { std: "docker" "rm" "-f" "4c3fbded55dfcb8aebc46c8152fe83caff7bb184819cb5334f15a9b18dc6e0d1", kill_on_drop: false }`
[INFO] [stdout] 4c3fbded55dfcb8aebc46c8152fe83caff7bb184819cb5334f15a9b18dc6e0d1
