[INFO] fetching crate cxx-qt 0.6.0...
[INFO] testing cxx-qt-0.6.0 against 1.75.0 for beta-1.76-1
[INFO] extracting crate cxx-qt 0.6.0 into /workspace/builds/worker-6-tc1/source
[INFO] validating manifest of crates.io crate cxx-qt 0.6.0 on toolchain 1.75.0
[INFO] running `Command { std: CARGO_HOME="/workspace/cargo-home" RUSTUP_HOME="/workspace/rustup-home" "/workspace/cargo-home/bin/cargo" "+1.75.0" "metadata" "--manifest-path" "Cargo.toml" "--no-deps", kill_on_drop: false }`
[INFO] started tweaking crates.io crate cxx-qt 0.6.0
[INFO] finished tweaking crates.io crate cxx-qt 0.6.0
[INFO] tweaked toml for crates.io crate cxx-qt 0.6.0 written to /workspace/builds/worker-6-tc1/source/Cargo.toml
[INFO] running `Command { std: CARGO_HOME="/workspace/cargo-home" RUSTUP_HOME="/workspace/rustup-home" "/workspace/cargo-home/bin/cargo" "+1.75.0" "generate-lockfile" "--manifest-path" "Cargo.toml", kill_on_drop: false }`
[INFO] [stderr]     Blocking waiting for file lock on package cache
[INFO] [stderr]     Updating crates.io index
[INFO] running `Command { std: CARGO_HOME="/workspace/cargo-home" RUSTUP_HOME="/workspace/rustup-home" "/workspace/cargo-home/bin/cargo" "+1.75.0" "fetch" "--manifest-path" "Cargo.toml", kill_on_drop: false }`
[INFO] [stderr]     Blocking waiting for file lock on package cache
[INFO] [stderr]  Downloading crates ...
[INFO] [stderr]   Downloaded cxx-qt-gen v0.6.0
[INFO] [stderr]   Downloaded clang-format v0.3.0
[INFO] [stderr]   Downloaded cxx-qt-macro v0.6.0
[INFO] running `Command { std: "docker" "create" "-v" "/var/lib/crater-agent-workspace/builds/worker-6-tc1/target:/opt/rustwide/target:rw,Z" "-v" "/var/lib/crater-agent-workspace/builds/worker-6-tc1/source:/opt/rustwide/workdir:ro,Z" "-v" "/var/lib/crater-agent-workspace/cargo-home:/opt/rustwide/cargo-home:ro,Z" "-v" "/var/lib/crater-agent-workspace/rustup-home:/opt/rustwide/rustup-home:ro,Z" "-e" "SOURCE_DIR=/opt/rustwide/workdir" "-e" "CARGO_TARGET_DIR=/opt/rustwide/target" "-e" "CARGO_HOME=/opt/rustwide/cargo-home" "-e" "RUSTUP_HOME=/opt/rustwide/rustup-home" "-w" "/opt/rustwide/workdir" "-m" "1610612736" "--user" "0:0" "--network" "none" "ghcr.io/rust-lang/crates-build-env/linux@sha256:2788e3201cd34a07e3172128adcd8b3090168a8e3bcc40d7c032b9dda1df7d1c" "/opt/rustwide/cargo-home/bin/cargo" "+1.75.0" "metadata" "--no-deps" "--format-version=1", kill_on_drop: false }`
[INFO] [stdout] f154813d6aa063ec04fd8ebc278ec978431f78f35c4101f44006868d2808f824
[INFO] running `Command { std: "docker" "start" "-a" "f154813d6aa063ec04fd8ebc278ec978431f78f35c4101f44006868d2808f824", kill_on_drop: false }`
[INFO] running `Command { std: "docker" "inspect" "f154813d6aa063ec04fd8ebc278ec978431f78f35c4101f44006868d2808f824", kill_on_drop: false }`
[INFO] running `Command { std: "docker" "rm" "-f" "f154813d6aa063ec04fd8ebc278ec978431f78f35c4101f44006868d2808f824", kill_on_drop: false }`
[INFO] [stdout] f154813d6aa063ec04fd8ebc278ec978431f78f35c4101f44006868d2808f824
[INFO] running `Command { std: "docker" "create" "-v" "/var/lib/crater-agent-workspace/builds/worker-6-tc1/target:/opt/rustwide/target:rw,Z" "-v" "/var/lib/crater-agent-workspace/builds/worker-6-tc1/source:/opt/rustwide/workdir:ro,Z" "-v" "/var/lib/crater-agent-workspace/cargo-home:/opt/rustwide/cargo-home:ro,Z" "-v" "/var/lib/crater-agent-workspace/rustup-home:/opt/rustwide/rustup-home:ro,Z" "-e" "SOURCE_DIR=/opt/rustwide/workdir" "-e" "CARGO_TARGET_DIR=/opt/rustwide/target" "-e" "CARGO_INCREMENTAL=0" "-e" "RUST_BACKTRACE=full" "-e" "RUSTFLAGS=--cap-lints=warn" "-e" "RUSTDOCFLAGS=--cap-lints=warn" "-e" "CARGO_HOME=/opt/rustwide/cargo-home" "-e" "RUSTUP_HOME=/opt/rustwide/rustup-home" "-w" "/opt/rustwide/workdir" "-m" "1610612736" "--user" "0:0" "--network" "none" "ghcr.io/rust-lang/crates-build-env/linux@sha256:2788e3201cd34a07e3172128adcd8b3090168a8e3bcc40d7c032b9dda1df7d1c" "/opt/rustwide/cargo-home/bin/cargo" "+1.75.0" "build" "--frozen" "--message-format=json", kill_on_drop: false }`
[INFO] [stdout] 4a70238ef7fa5a77d2e08f559c7ff4f17fb59884aa38432d2c3e6436ad083f6c
[INFO] running `Command { std: "docker" "start" "-a" "4a70238ef7fa5a77d2e08f559c7ff4f17fb59884aa38432d2c3e6436ad083f6c", kill_on_drop: false }`
[INFO] [stderr]    Compiling libc v0.2.151
[INFO] [stderr]    Compiling unicode-segmentation v1.10.1
[INFO] [stderr]    Compiling cxxbridge-flags v1.0.114
[INFO] [stderr]    Compiling indoc v2.0.4
[INFO] [stderr]    Compiling syn v2.0.48
[INFO] [stderr]    Compiling convert_case v0.6.0
[INFO] [stderr]    Compiling cc v1.0.83
[INFO] [stderr]    Compiling link-cplusplus v1.0.9
[INFO] [stderr]    Compiling cxx v1.0.114
[INFO] [stderr]    Compiling thiserror-impl v1.0.56
[INFO] [stderr]    Compiling cxxbridge-macro v1.0.114
[INFO] [stderr]    Compiling thiserror v1.0.56
[INFO] [stderr]    Compiling clang-format v0.3.0
[INFO] [stderr]    Compiling cxx-qt-gen v0.6.0
[INFO] [stderr]    Compiling cxx-qt-macro v0.6.0
[INFO] [stderr]    Compiling cxx-qt v0.6.0 (/opt/rustwide/workdir)
[INFO] [stderr]     Finished dev [unoptimized + debuginfo] target(s) in 15.28s
[INFO] running `Command { std: "docker" "inspect" "4a70238ef7fa5a77d2e08f559c7ff4f17fb59884aa38432d2c3e6436ad083f6c", kill_on_drop: false }`
[INFO] running `Command { std: "docker" "rm" "-f" "4a70238ef7fa5a77d2e08f559c7ff4f17fb59884aa38432d2c3e6436ad083f6c", kill_on_drop: false }`
[INFO] [stdout] 4a70238ef7fa5a77d2e08f559c7ff4f17fb59884aa38432d2c3e6436ad083f6c
[INFO] running `Command { std: "docker" "create" "-v" "/var/lib/crater-agent-workspace/builds/worker-6-tc1/target:/opt/rustwide/target:rw,Z" "-v" "/var/lib/crater-agent-workspace/builds/worker-6-tc1/source:/opt/rustwide/workdir:ro,Z" "-v" "/var/lib/crater-agent-workspace/cargo-home:/opt/rustwide/cargo-home:ro,Z" "-v" "/var/lib/crater-agent-workspace/rustup-home:/opt/rustwide/rustup-home:ro,Z" "-e" "SOURCE_DIR=/opt/rustwide/workdir" "-e" "CARGO_TARGET_DIR=/opt/rustwide/target" "-e" "CARGO_INCREMENTAL=0" "-e" "RUST_BACKTRACE=full" "-e" "RUSTFLAGS=--cap-lints=warn" "-e" "RUSTDOCFLAGS=--cap-lints=warn" "-e" "CARGO_HOME=/opt/rustwide/cargo-home" "-e" "RUSTUP_HOME=/opt/rustwide/rustup-home" "-w" "/opt/rustwide/workdir" "-m" "1610612736" "--user" "0:0" "--network" "none" "ghcr.io/rust-lang/crates-build-env/linux@sha256:2788e3201cd34a07e3172128adcd8b3090168a8e3bcc40d7c032b9dda1df7d1c" "/opt/rustwide/cargo-home/bin/cargo" "+1.75.0" "test" "--frozen" "--no-run" "--message-format=json", kill_on_drop: false }`
[INFO] [stdout] 706b1434efa098a4aa9319ee0b694c3ca005790ed3ea7b4fab423be2fcf29557
[INFO] running `Command { std: "docker" "start" "-a" "706b1434efa098a4aa9319ee0b694c3ca005790ed3ea7b4fab423be2fcf29557", kill_on_drop: false }`
[INFO] [stderr]    Compiling cxx-qt v0.6.0 (/opt/rustwide/workdir)
[INFO] [stderr]     Finished test [unoptimized + debuginfo] target(s) in 0.51s
[INFO] running `Command { std: "docker" "inspect" "706b1434efa098a4aa9319ee0b694c3ca005790ed3ea7b4fab423be2fcf29557", kill_on_drop: false }`
[INFO] running `Command { std: "docker" "rm" "-f" "706b1434efa098a4aa9319ee0b694c3ca005790ed3ea7b4fab423be2fcf29557", kill_on_drop: false }`
[INFO] [stdout] 706b1434efa098a4aa9319ee0b694c3ca005790ed3ea7b4fab423be2fcf29557
[INFO] running `Command { std: "docker" "create" "-v" "/var/lib/crater-agent-workspace/builds/worker-6-tc1/target:/opt/rustwide/target:rw,Z" "-v" "/var/lib/crater-agent-workspace/builds/worker-6-tc1/source:/opt/rustwide/workdir:ro,Z" "-v" "/var/lib/crater-agent-workspace/cargo-home:/opt/rustwide/cargo-home:ro,Z" "-v" "/var/lib/crater-agent-workspace/rustup-home:/opt/rustwide/rustup-home:ro,Z" "-e" "SOURCE_DIR=/opt/rustwide/workdir" "-e" "CARGO_TARGET_DIR=/opt/rustwide/target" "-e" "CARGO_INCREMENTAL=0" "-e" "RUST_BACKTRACE=full" "-e" "RUSTFLAGS=--cap-lints=warn" "-e" "RUSTDOCFLAGS=--cap-lints=warn" "-e" "CARGO_HOME=/opt/rustwide/cargo-home" "-e" "RUSTUP_HOME=/opt/rustwide/rustup-home" "-w" "/opt/rustwide/workdir" "-m" "1610612736" "--user" "0:0" "--network" "none" "ghcr.io/rust-lang/crates-build-env/linux@sha256:2788e3201cd34a07e3172128adcd8b3090168a8e3bcc40d7c032b9dda1df7d1c" "/opt/rustwide/cargo-home/bin/cargo" "+1.75.0" "test" "--frozen", kill_on_drop: false }`
[INFO] [stdout] 2ee6fc00df0903f7ed08d77b8265413cecc51d36cffb3e499d7bbfc195e85828
[INFO] running `Command { std: "docker" "start" "-a" "2ee6fc00df0903f7ed08d77b8265413cecc51d36cffb3e499d7bbfc195e85828", kill_on_drop: false }`
[INFO] [stderr]     Finished test [unoptimized + debuginfo] target(s) in 0.03s
[INFO] [stderr]      Running unittests src/lib.rs (/opt/rustwide/target/debug/deps/cxx_qt-0810e8297f15bacb)
[INFO] [stdout] 
[INFO] [stdout] running 0 tests
[INFO] [stdout] 
[INFO] [stdout] test result: ok. 0 passed; 0 failed; 0 ignored; 0 measured; 0 filtered out; finished in 0.00s
[INFO] [stdout] 
[INFO] [stderr]    Doc-tests cxx-qt
[INFO] [stdout] 
[INFO] [stdout] running 4 tests
[INFO] [stdout] test src/lib.rs - Initialize (line 297) ... ignored
[INFO] [stdout] test src/lib.rs - Threading (line 95) ... ignored
[INFO] [stdout] test src/lib.rs - Locking (line 60) ... FAILED
[INFO] [stdout] test src/lib.rs - Constructor (line 172) ... FAILED
[INFO] [stdout] 
[INFO] [stdout] failures:
[INFO] [stdout] 
[INFO] [stdout] ---- src/lib.rs - Locking (line 60) stdout ----
[INFO] [stdout] error[E0433]: failed to resolve: use of undeclared crate or module `cxx_qt_lib`
[INFO] [stdout]  --> src/lib.rs:62:1
[INFO] [stdout]   |
[INFO] [stdout] 4 | #[cxx_qt::bridge]
[INFO] [stdout]   | ^^^^^^^^^^^^^^^^^ use of undeclared crate or module `cxx_qt_lib`
[INFO] [stdout]   |
[INFO] [stdout]   = note: this error originates in the attribute macro `cxx_qt::bridge` (in Nightly builds, run with -Z macro-backtrace for more info)
[INFO] [stdout] 
[INFO] [stdout] error: aborting due to previous error
[INFO] [stdout] 
[INFO] [stdout] For more information about this error, try `rustc --explain E0433`.
[INFO] [stdout] Couldn't compile the test.
[INFO] [stdout] ---- src/lib.rs - Constructor (line 172) stdout ----
[INFO] [stdout] error[E0433]: failed to resolve: use of undeclared crate or module `cxx_qt_lib`
[INFO] [stdout]  --> src/lib.rs:174:1
[INFO] [stdout]   |
[INFO] [stdout] 4 | #[cxx_qt::bridge]
[INFO] [stdout]   | ^^^^^^^^^^^^^^^^^ use of undeclared crate or module `cxx_qt_lib`
[INFO] [stdout]   |
[INFO] [stdout]   = note: this error originates in the attribute macro `cxx_qt::bridge` (in Nightly builds, run with -Z macro-backtrace for more info)
[INFO] [stdout] 
[INFO] [stdout] error: aborting due to previous error
[INFO] [stdout] 
[INFO] [stdout] For more information about this error, try `rustc --explain E0433`.
[INFO] [stdout] Couldn't compile the test.
[INFO] [stdout] 
[INFO] [stdout] failures:
[INFO] [stdout]     src/lib.rs - Constructor (line 172)
[INFO] [stdout]     src/lib.rs - Locking (line 60)
[INFO] [stdout] 
[INFO] [stdout] test result: FAILED. 0 passed; 2 failed; 2 ignored; 0 measured; 0 filtered out; finished in 0.14s
[INFO] [stdout] 
[INFO] [stderr] error: doctest failed, to rerun pass `--doc`
[INFO] running `Command { std: "docker" "inspect" "2ee6fc00df0903f7ed08d77b8265413cecc51d36cffb3e499d7bbfc195e85828", kill_on_drop: false }`
[INFO] running `Command { std: "docker" "rm" "-f" "2ee6fc00df0903f7ed08d77b8265413cecc51d36cffb3e499d7bbfc195e85828", kill_on_drop: false }`
[INFO] [stdout] 2ee6fc00df0903f7ed08d77b8265413cecc51d36cffb3e499d7bbfc195e85828
[INFO] testing cxx-qt-0.6.0 against beta-2023-12-22 for beta-1.76-1
[INFO] extracting crate cxx-qt 0.6.0 into /workspace/builds/worker-6-tc2/source
[INFO] validating manifest of crates.io crate cxx-qt 0.6.0 on toolchain beta-2023-12-22
[INFO] running `Command { std: CARGO_HOME="/workspace/cargo-home" RUSTUP_HOME="/workspace/rustup-home" "/workspace/cargo-home/bin/cargo" "+beta-2023-12-22" "metadata" "--manifest-path" "Cargo.toml" "--no-deps", kill_on_drop: false }`
[INFO] started tweaking crates.io crate cxx-qt 0.6.0
[INFO] finished tweaking crates.io crate cxx-qt 0.6.0
[INFO] tweaked toml for crates.io crate cxx-qt 0.6.0 written to /workspace/builds/worker-6-tc2/source/Cargo.toml
[INFO] running `Command { std: CARGO_HOME="/workspace/cargo-home" RUSTUP_HOME="/workspace/rustup-home" "/workspace/cargo-home/bin/cargo" "+beta-2023-12-22" "generate-lockfile" "--manifest-path" "Cargo.toml", kill_on_drop: false }`
[INFO] [stderr]     Updating crates.io index
[INFO] running `Command { std: CARGO_HOME="/workspace/cargo-home" RUSTUP_HOME="/workspace/rustup-home" "/workspace/cargo-home/bin/cargo" "+beta-2023-12-22" "fetch" "--manifest-path" "Cargo.toml", kill_on_drop: false }`
[INFO] running `Command { std: "docker" "create" "-v" "/var/lib/crater-agent-workspace/builds/worker-6-tc2/target:/opt/rustwide/target:rw,Z" "-v" "/var/lib/crater-agent-workspace/builds/worker-6-tc2/source:/opt/rustwide/workdir:ro,Z" "-v" "/var/lib/crater-agent-workspace/cargo-home:/opt/rustwide/cargo-home:ro,Z" "-v" "/var/lib/crater-agent-workspace/rustup-home:/opt/rustwide/rustup-home:ro,Z" "-e" "SOURCE_DIR=/opt/rustwide/workdir" "-e" "CARGO_TARGET_DIR=/opt/rustwide/target" "-e" "CARGO_HOME=/opt/rustwide/cargo-home" "-e" "RUSTUP_HOME=/opt/rustwide/rustup-home" "-w" "/opt/rustwide/workdir" "-m" "1610612736" "--user" "0:0" "--network" "none" "ghcr.io/rust-lang/crates-build-env/linux@sha256:2788e3201cd34a07e3172128adcd8b3090168a8e3bcc40d7c032b9dda1df7d1c" "/opt/rustwide/cargo-home/bin/cargo" "+beta-2023-12-22" "metadata" "--no-deps" "--format-version=1", kill_on_drop: false }`
[INFO] [stdout] 1391ea57e390f5dde08b37409971ae0883f2a8c9ac710e9d89677f4c3650c61a
[INFO] running `Command { std: "docker" "start" "-a" "1391ea57e390f5dde08b37409971ae0883f2a8c9ac710e9d89677f4c3650c61a", kill_on_drop: false }`
[INFO] running `Command { std: "docker" "inspect" "1391ea57e390f5dde08b37409971ae0883f2a8c9ac710e9d89677f4c3650c61a", kill_on_drop: false }`
[INFO] running `Command { std: "docker" "rm" "-f" "1391ea57e390f5dde08b37409971ae0883f2a8c9ac710e9d89677f4c3650c61a", kill_on_drop: false }`
[INFO] [stdout] 1391ea57e390f5dde08b37409971ae0883f2a8c9ac710e9d89677f4c3650c61a
[INFO] running `Command { std: "docker" "create" "-v" "/var/lib/crater-agent-workspace/builds/worker-6-tc2/target:/opt/rustwide/target:rw,Z" "-v" "/var/lib/crater-agent-workspace/builds/worker-6-tc2/source:/opt/rustwide/workdir:ro,Z" "-v" "/var/lib/crater-agent-workspace/cargo-home:/opt/rustwide/cargo-home:ro,Z" "-v" "/var/lib/crater-agent-workspace/rustup-home:/opt/rustwide/rustup-home:ro,Z" "-e" "SOURCE_DIR=/opt/rustwide/workdir" "-e" "CARGO_TARGET_DIR=/opt/rustwide/target" "-e" "CARGO_INCREMENTAL=0" "-e" "RUST_BACKTRACE=full" "-e" "RUSTFLAGS=--cap-lints=warn" "-e" "RUSTDOCFLAGS=--cap-lints=warn" "-e" "CARGO_HOME=/opt/rustwide/cargo-home" "-e" "RUSTUP_HOME=/opt/rustwide/rustup-home" "-w" "/opt/rustwide/workdir" "-m" "1610612736" "--user" "0:0" "--network" "none" "ghcr.io/rust-lang/crates-build-env/linux@sha256:2788e3201cd34a07e3172128adcd8b3090168a8e3bcc40d7c032b9dda1df7d1c" "/opt/rustwide/cargo-home/bin/cargo" "+beta-2023-12-22" "build" "--frozen" "--message-format=json", kill_on_drop: false }`
[INFO] [stdout] eeb51a416e123fae095633a76239c4ba64e41c3edbd817b6de29a42900b26690
[INFO] running `Command { std: "docker" "start" "-a" "eeb51a416e123fae095633a76239c4ba64e41c3edbd817b6de29a42900b26690", kill_on_drop: false }`
[INFO] [stderr]    Compiling libc v0.2.151
[INFO] [stderr]    Compiling cxxbridge-flags v1.0.114
[INFO] [stderr]    Compiling unicode-segmentation v1.10.1
[INFO] [stderr]    Compiling indoc v2.0.4
[INFO] [stderr]    Compiling syn v2.0.48
[INFO] [stderr]    Compiling convert_case v0.6.0
[INFO] [stderr]    Compiling cc v1.0.83
[INFO] [stderr]    Compiling link-cplusplus v1.0.9
[INFO] [stderr]    Compiling cxx v1.0.114
[INFO] [stderr]    Compiling thiserror-impl v1.0.56
[INFO] [stderr]    Compiling cxxbridge-macro v1.0.114
[INFO] [stderr]    Compiling thiserror v1.0.56
[INFO] [stderr]    Compiling clang-format v0.3.0
[INFO] [stderr]    Compiling cxx-qt-gen v0.6.0
[INFO] [stderr]    Compiling cxx-qt-macro v0.6.0
[INFO] [stderr]    Compiling cxx-qt v0.6.0 (/opt/rustwide/workdir)
[INFO] [stderr]     Finished dev [unoptimized + debuginfo] target(s) in 17.67s
[INFO] running `Command { std: "docker" "inspect" "eeb51a416e123fae095633a76239c4ba64e41c3edbd817b6de29a42900b26690", kill_on_drop: false }`
[INFO] running `Command { std: "docker" "rm" "-f" "eeb51a416e123fae095633a76239c4ba64e41c3edbd817b6de29a42900b26690", kill_on_drop: false }`
[INFO] [stdout] eeb51a416e123fae095633a76239c4ba64e41c3edbd817b6de29a42900b26690
[INFO] running `Command { std: "docker" "create" "-v" "/var/lib/crater-agent-workspace/builds/worker-6-tc2/target:/opt/rustwide/target:rw,Z" "-v" "/var/lib/crater-agent-workspace/builds/worker-6-tc2/source:/opt/rustwide/workdir:ro,Z" "-v" "/var/lib/crater-agent-workspace/cargo-home:/opt/rustwide/cargo-home:ro,Z" "-v" "/var/lib/crater-agent-workspace/rustup-home:/opt/rustwide/rustup-home:ro,Z" "-e" "SOURCE_DIR=/opt/rustwide/workdir" "-e" "CARGO_TARGET_DIR=/opt/rustwide/target" "-e" "CARGO_INCREMENTAL=0" "-e" "RUST_BACKTRACE=full" "-e" "RUSTFLAGS=--cap-lints=warn" "-e" "RUSTDOCFLAGS=--cap-lints=warn" "-e" "CARGO_HOME=/opt/rustwide/cargo-home" "-e" "RUSTUP_HOME=/opt/rustwide/rustup-home" "-w" "/opt/rustwide/workdir" "-m" "1610612736" "--user" "0:0" "--network" "none" "ghcr.io/rust-lang/crates-build-env/linux@sha256:2788e3201cd34a07e3172128adcd8b3090168a8e3bcc40d7c032b9dda1df7d1c" "/opt/rustwide/cargo-home/bin/cargo" "+beta-2023-12-22" "test" "--frozen" "--no-run" "--message-format=json", kill_on_drop: false }`
[INFO] [stdout] 829f1f875bb89c49aceb0baa92c7d6f9169457c0db98de7dedae5854c9c81578
[INFO] running `Command { std: "docker" "start" "-a" "829f1f875bb89c49aceb0baa92c7d6f9169457c0db98de7dedae5854c9c81578", kill_on_drop: false }`
[INFO] [stderr]    Compiling cxx-qt v0.6.0 (/opt/rustwide/workdir)
[INFO] [stderr]     Finished test [unoptimized + debuginfo] target(s) in 0.47s
[INFO] running `Command { std: "docker" "inspect" "829f1f875bb89c49aceb0baa92c7d6f9169457c0db98de7dedae5854c9c81578", kill_on_drop: false }`
[INFO] running `Command { std: "docker" "rm" "-f" "829f1f875bb89c49aceb0baa92c7d6f9169457c0db98de7dedae5854c9c81578", kill_on_drop: false }`
[INFO] [stdout] 829f1f875bb89c49aceb0baa92c7d6f9169457c0db98de7dedae5854c9c81578
[INFO] running `Command { std: "docker" "create" "-v" "/var/lib/crater-agent-workspace/builds/worker-6-tc2/target:/opt/rustwide/target:rw,Z" "-v" "/var/lib/crater-agent-workspace/builds/worker-6-tc2/source:/opt/rustwide/workdir:ro,Z" "-v" "/var/lib/crater-agent-workspace/cargo-home:/opt/rustwide/cargo-home:ro,Z" "-v" "/var/lib/crater-agent-workspace/rustup-home:/opt/rustwide/rustup-home:ro,Z" "-e" "SOURCE_DIR=/opt/rustwide/workdir" "-e" "CARGO_TARGET_DIR=/opt/rustwide/target" "-e" "CARGO_INCREMENTAL=0" "-e" "RUST_BACKTRACE=full" "-e" "RUSTFLAGS=--cap-lints=warn" "-e" "RUSTDOCFLAGS=--cap-lints=warn" "-e" "CARGO_HOME=/opt/rustwide/cargo-home" "-e" "RUSTUP_HOME=/opt/rustwide/rustup-home" "-w" "/opt/rustwide/workdir" "-m" "1610612736" "--user" "0:0" "--network" "none" "ghcr.io/rust-lang/crates-build-env/linux@sha256:2788e3201cd34a07e3172128adcd8b3090168a8e3bcc40d7c032b9dda1df7d1c" "/opt/rustwide/cargo-home/bin/cargo" "+beta-2023-12-22" "test" "--frozen", kill_on_drop: false }`
[INFO] [stdout] bae9c3bba6fa28b486a9e59617b72759d701d316a7b2e1860240be714baa15b9
[INFO] running `Command { std: "docker" "start" "-a" "bae9c3bba6fa28b486a9e59617b72759d701d316a7b2e1860240be714baa15b9", kill_on_drop: false }`
[INFO] [stderr]     Finished test [unoptimized + debuginfo] target(s) in 0.04s
[INFO] [stderr]      Running unittests src/lib.rs (/opt/rustwide/target/debug/deps/cxx_qt-051ea12026a1db70)
[INFO] [stdout] 
[INFO] [stdout] running 0 tests
[INFO] [stdout] 
[INFO] [stdout] test result: ok. 0 passed; 0 failed; 0 ignored; 0 measured; 0 filtered out; finished in 0.00s
[INFO] [stdout] 
[INFO] [stderr]    Doc-tests cxx-qt
[INFO] [stdout] 
[INFO] [stdout] running 4 tests
[INFO] [stdout] test src/lib.rs - Initialize (line 297) ... ignored
[INFO] [stdout] test src/lib.rs - Threading (line 95) ... ignored
[INFO] [stdout] test src/lib.rs - Locking (line 60) ... FAILED
[INFO] [stdout] test src/lib.rs - Constructor (line 172) ... FAILED
[INFO] [stderr] error: doctest failed, to rerun pass `--doc`
[INFO] [stdout] 
[INFO] [stdout] failures:
[INFO] [stdout] 
[INFO] [stdout] ---- src/lib.rs - Locking (line 60) stdout ----
[INFO] [stdout] error[E0433]: failed to resolve: use of undeclared crate or module `cxx_qt_lib`
[INFO] [stdout]  --> src/lib.rs:62:1
[INFO] [stdout]   |
[INFO] [stdout] 4 | #[cxx_qt::bridge]
[INFO] [stdout]   | ^^^^^^^^^^^^^^^^^ use of undeclared crate or module `cxx_qt_lib`
[INFO] [stdout]   |
[INFO] [stdout]   = note: this error originates in the attribute macro `cxx_qt::bridge` (in Nightly builds, run with -Z macro-backtrace for more info)
[INFO] [stdout] 
[INFO] [stdout] error: aborting due to 1 previous error
[INFO] [stdout] 
[INFO] [stdout] For more information about this error, try `rustc --explain E0433`.
[INFO] [stdout] Couldn't compile the test.
[INFO] [stdout] ---- src/lib.rs - Constructor (line 172) stdout ----
[INFO] [stdout] error[E0433]: failed to resolve: use of undeclared crate or module `cxx_qt_lib`
[INFO] [stdout]  --> src/lib.rs:174:1
[INFO] [stdout]   |
[INFO] [stdout] 4 | #[cxx_qt::bridge]
[INFO] [stdout]   | ^^^^^^^^^^^^^^^^^ use of undeclared crate or module `cxx_qt_lib`
[INFO] [stdout]   |
[INFO] [stdout]   = note: this error originates in the attribute macro `cxx_qt::bridge` (in Nightly builds, run with -Z macro-backtrace for more info)
[INFO] [stdout] 
[INFO] [stdout] error: aborting due to 1 previous error
[INFO] [stdout] 
[INFO] [stdout] For more information about this error, try `rustc --explain E0433`.
[INFO] [stdout] Couldn't compile the test.
[INFO] [stdout] 
[INFO] [stdout] failures:
[INFO] [stdout]     src/lib.rs - Constructor (line 172)
[INFO] [stdout]     src/lib.rs - Locking (line 60)
[INFO] [stdout] 
[INFO] [stdout] test result: FAILED. 0 passed; 2 failed; 2 ignored; 0 measured; 0 filtered out; finished in 0.16s
[INFO] [stdout] 
[INFO] running `Command { std: "docker" "inspect" "bae9c3bba6fa28b486a9e59617b72759d701d316a7b2e1860240be714baa15b9", kill_on_drop: false }`
[INFO] running `Command { std: "docker" "rm" "-f" "bae9c3bba6fa28b486a9e59617b72759d701d316a7b2e1860240be714baa15b9", kill_on_drop: false }`
[INFO] [stdout] bae9c3bba6fa28b486a9e59617b72759d701d316a7b2e1860240be714baa15b9
