[INFO] fetching crate cw-multi-test 0.19.0...
[INFO] testing cw-multi-test-0.19.0 against 1.75.0 for beta-1.76-1
[INFO] extracting crate cw-multi-test 0.19.0 into /workspace/builds/worker-0-tc1/source
[INFO] validating manifest of crates.io crate cw-multi-test 0.19.0 on toolchain 1.75.0
[INFO] running `Command { std: CARGO_HOME="/workspace/cargo-home" RUSTUP_HOME="/workspace/rustup-home" "/workspace/cargo-home/bin/cargo" "+1.75.0" "metadata" "--manifest-path" "Cargo.toml" "--no-deps", kill_on_drop: false }`
[INFO] started tweaking crates.io crate cw-multi-test 0.19.0
[INFO] finished tweaking crates.io crate cw-multi-test 0.19.0
[INFO] tweaked toml for crates.io crate cw-multi-test 0.19.0 written to /workspace/builds/worker-0-tc1/source/Cargo.toml
[INFO] running `Command { std: CARGO_HOME="/workspace/cargo-home" RUSTUP_HOME="/workspace/rustup-home" "/workspace/cargo-home/bin/cargo" "+1.75.0" "generate-lockfile" "--manifest-path" "Cargo.toml", kill_on_drop: false }`
[INFO] [stderr]     Updating crates.io index
[INFO] running `Command { std: CARGO_HOME="/workspace/cargo-home" RUSTUP_HOME="/workspace/rustup-home" "/workspace/cargo-home/bin/cargo" "+1.75.0" "fetch" "--manifest-path" "Cargo.toml", kill_on_drop: false }`
[INFO] running `Command { std: "docker" "create" "-v" "/var/lib/crater-agent-workspace/builds/worker-0-tc1/target:/opt/rustwide/target:rw,Z" "-v" "/var/lib/crater-agent-workspace/builds/worker-0-tc1/source:/opt/rustwide/workdir:ro,Z" "-v" "/var/lib/crater-agent-workspace/cargo-home:/opt/rustwide/cargo-home:ro,Z" "-v" "/var/lib/crater-agent-workspace/rustup-home:/opt/rustwide/rustup-home:ro,Z" "-e" "SOURCE_DIR=/opt/rustwide/workdir" "-e" "CARGO_TARGET_DIR=/opt/rustwide/target" "-e" "CARGO_HOME=/opt/rustwide/cargo-home" "-e" "RUSTUP_HOME=/opt/rustwide/rustup-home" "-w" "/opt/rustwide/workdir" "-m" "1610612736" "--user" "0:0" "--network" "none" "ghcr.io/rust-lang/crates-build-env/linux@sha256:2788e3201cd34a07e3172128adcd8b3090168a8e3bcc40d7c032b9dda1df7d1c" "/opt/rustwide/cargo-home/bin/cargo" "+1.75.0" "metadata" "--no-deps" "--format-version=1", kill_on_drop: false }`
[INFO] [stdout] 4517bb7b35b9c5a1a0b2c6bdabacbe3f994d13b7c56270a482a9e726acc1f2b6
[INFO] running `Command { std: "docker" "start" "-a" "4517bb7b35b9c5a1a0b2c6bdabacbe3f994d13b7c56270a482a9e726acc1f2b6", kill_on_drop: false }`
[INFO] running `Command { std: "docker" "inspect" "4517bb7b35b9c5a1a0b2c6bdabacbe3f994d13b7c56270a482a9e726acc1f2b6", kill_on_drop: false }`
[INFO] running `Command { std: "docker" "rm" "-f" "4517bb7b35b9c5a1a0b2c6bdabacbe3f994d13b7c56270a482a9e726acc1f2b6", kill_on_drop: false }`
[INFO] [stdout] 4517bb7b35b9c5a1a0b2c6bdabacbe3f994d13b7c56270a482a9e726acc1f2b6
[INFO] running `Command { std: "docker" "create" "-v" "/var/lib/crater-agent-workspace/builds/worker-0-tc1/target:/opt/rustwide/target:rw,Z" "-v" "/var/lib/crater-agent-workspace/builds/worker-0-tc1/source:/opt/rustwide/workdir:ro,Z" "-v" "/var/lib/crater-agent-workspace/cargo-home:/opt/rustwide/cargo-home:ro,Z" "-v" "/var/lib/crater-agent-workspace/rustup-home:/opt/rustwide/rustup-home:ro,Z" "-e" "SOURCE_DIR=/opt/rustwide/workdir" "-e" "CARGO_TARGET_DIR=/opt/rustwide/target" "-e" "CARGO_INCREMENTAL=0" "-e" "RUST_BACKTRACE=full" "-e" "RUSTFLAGS=--cap-lints=warn" "-e" "RUSTDOCFLAGS=--cap-lints=warn" "-e" "CARGO_HOME=/opt/rustwide/cargo-home" "-e" "RUSTUP_HOME=/opt/rustwide/rustup-home" "-w" "/opt/rustwide/workdir" "-m" "1610612736" "--user" "0:0" "--network" "none" "ghcr.io/rust-lang/crates-build-env/linux@sha256:2788e3201cd34a07e3172128adcd8b3090168a8e3bcc40d7c032b9dda1df7d1c" "/opt/rustwide/cargo-home/bin/cargo" "+1.75.0" "build" "--frozen" "--message-format=json", kill_on_drop: false }`
[INFO] [stdout] f149b22e2ab1cd00c7c041a77e57fb86bf7c047e14b1697adf7e9380f0745177
[INFO] running `Command { std: "docker" "start" "-a" "f149b22e2ab1cd00c7c041a77e57fb86bf7c047e14b1697adf7e9380f0745177", kill_on_drop: false }`
[INFO] [stderr]    Compiling zeroize v1.7.0
[INFO] [stderr]    Compiling generic-array v0.14.7
[INFO] [stderr]    Compiling subtle v2.5.0
[INFO] [stderr]    Compiling const-oid v0.9.6
[INFO] [stderr]    Compiling syn v1.0.109
[INFO] [stderr]    Compiling base16ct v0.2.0
[INFO] [stderr]    Compiling once_cell v1.19.0
[INFO] [stderr]    Compiling libc v0.2.151
[INFO] [stderr]    Compiling schemars v0.8.16
[INFO] [stderr]    Compiling dyn-clone v1.0.16
[INFO] [stderr]    Compiling bnum v0.8.1
[INFO] [stderr]    Compiling syn v2.0.48
[INFO] [stderr]    Compiling bech32 v0.9.1
[INFO] [stderr]    Compiling forward_ref v1.0.0
[INFO] [stderr]    Compiling semver v1.0.21
[INFO] [stderr]    Compiling either v1.9.0
[INFO] [stderr]    Compiling der v0.7.8
[INFO] [stderr]    Compiling bytes v1.5.0
[INFO] [stderr]    Compiling itertools v0.11.0
[INFO] [stderr]    Compiling itertools v0.12.0
[INFO] [stderr]    Compiling getrandom v0.2.11
[INFO] [stderr]    Compiling crypto-common v0.1.6
[INFO] [stderr]    Compiling block-buffer v0.10.4
[INFO] [stderr]    Compiling digest v0.9.0
[INFO] [stderr]    Compiling block-buffer v0.9.0
[INFO] [stderr]    Compiling rand_core v0.6.4
[INFO] [stderr]    Compiling ahash v0.7.7
[INFO] [stderr]    Compiling curve25519-dalek v3.2.0
[INFO] [stderr]    Compiling sha2 v0.9.9
[INFO] [stderr]    Compiling digest v0.10.7
[INFO] [stderr]    Compiling ff v0.13.0
[INFO] [stderr]    Compiling crypto-bigint v0.5.5
[INFO] [stderr]    Compiling hashbrown v0.12.3
[INFO] [stderr]    Compiling spki v0.7.3
[INFO] [stderr]    Compiling sec1 v0.7.3
[INFO] [stderr]    Compiling group v0.13.0
[INFO] [stderr]    Compiling hmac v0.12.1
[INFO] [stderr]    Compiling signature v2.2.0
[INFO] [stderr]    Compiling pkcs8 v0.10.2
[INFO] [stderr]    Compiling rfc6979 v0.4.0
[INFO] [stderr]    Compiling sha2 v0.10.8
[INFO] [stderr]    Compiling serde_derive v1.0.194
[INFO] [stderr]    Compiling thiserror-impl v1.0.56
[INFO] [stderr]    Compiling prost-derive v0.12.3
[INFO] [stderr]    Compiling elliptic-curve v0.13.8
[INFO] [stderr]    Compiling ecdsa v0.16.9
[INFO] [stderr]    Compiling k256 v0.13.2
[INFO] [stderr]    Compiling thiserror v1.0.56
[INFO] [stderr]    Compiling serde_derive_internals v0.26.0
[INFO] [stderr]    Compiling prost v0.12.3
[INFO] [stderr]    Compiling schemars_derive v0.8.16
[INFO] [stderr]    Compiling cosmwasm-derive v1.5.0
[INFO] [stderr]    Compiling derivative v2.2.0
[INFO] [stderr]    Compiling cosmwasm-schema-derive v1.5.0
[INFO] [stderr]    Compiling serde v1.0.194
[INFO] [stderr]    Compiling serde_json v1.0.111
[INFO] [stderr]    Compiling ed25519-zebra v3.1.0
[INFO] [stderr]    Compiling serde-json-wasm v0.5.1
[INFO] [stderr]    Compiling cosmwasm-crypto v1.5.0
[INFO] [stderr]    Compiling cosmwasm-std v1.5.0
[INFO] [stderr]    Compiling cosmwasm-schema v1.5.0
[INFO] [stderr]    Compiling cw-storage-plus v1.2.0
[INFO] [stderr]    Compiling cw2 v1.1.2
[INFO] [stderr]    Compiling cw-utils v1.0.3
[INFO] [stderr]    Compiling cw-multi-test v0.19.0 (/opt/rustwide/workdir)
[INFO] [stderr]     Finished dev [unoptimized + debuginfo] target(s) in 13.63s
[INFO] running `Command { std: "docker" "inspect" "f149b22e2ab1cd00c7c041a77e57fb86bf7c047e14b1697adf7e9380f0745177", kill_on_drop: false }`
[INFO] running `Command { std: "docker" "rm" "-f" "f149b22e2ab1cd00c7c041a77e57fb86bf7c047e14b1697adf7e9380f0745177", kill_on_drop: false }`
[INFO] [stdout] f149b22e2ab1cd00c7c041a77e57fb86bf7c047e14b1697adf7e9380f0745177
[INFO] running `Command { std: "docker" "create" "-v" "/var/lib/crater-agent-workspace/builds/worker-0-tc1/target:/opt/rustwide/target:rw,Z" "-v" "/var/lib/crater-agent-workspace/builds/worker-0-tc1/source:/opt/rustwide/workdir:ro,Z" "-v" "/var/lib/crater-agent-workspace/cargo-home:/opt/rustwide/cargo-home:ro,Z" "-v" "/var/lib/crater-agent-workspace/rustup-home:/opt/rustwide/rustup-home:ro,Z" "-e" "SOURCE_DIR=/opt/rustwide/workdir" "-e" "CARGO_TARGET_DIR=/opt/rustwide/target" "-e" "CARGO_INCREMENTAL=0" "-e" "RUST_BACKTRACE=full" "-e" "RUSTFLAGS=--cap-lints=warn" "-e" "RUSTDOCFLAGS=--cap-lints=warn" "-e" "CARGO_HOME=/opt/rustwide/cargo-home" "-e" "RUSTUP_HOME=/opt/rustwide/rustup-home" "-w" "/opt/rustwide/workdir" "-m" "1610612736" "--user" "0:0" "--network" "none" "ghcr.io/rust-lang/crates-build-env/linux@sha256:2788e3201cd34a07e3172128adcd8b3090168a8e3bcc40d7c032b9dda1df7d1c" "/opt/rustwide/cargo-home/bin/cargo" "+1.75.0" "test" "--frozen" "--no-run" "--message-format=json", kill_on_drop: false }`
[INFO] [stdout] b1b995cbf810b8209d6c3007e1d4c89b44b181dbb04bfd4a09386f12b1fc4551
[INFO] running `Command { std: "docker" "start" "-a" "b1b995cbf810b8209d6c3007e1d4c89b44b181dbb04bfd4a09386f12b1fc4551", kill_on_drop: false }`
[INFO] [stderr]    Compiling hex-literal v0.4.1
[INFO] [stderr]    Compiling ahash v0.7.7
[INFO] [stderr]    Compiling k256 v0.13.2
[INFO] [stderr]    Compiling hashbrown v0.12.3
[INFO] [stderr]    Compiling ed25519-zebra v3.1.0
[INFO] [stderr]    Compiling cosmwasm-crypto v1.5.0
[INFO] [stderr]    Compiling cosmwasm-std v1.5.0
[INFO] [stderr]    Compiling cw-storage-plus v1.2.0
[INFO] [stderr]    Compiling cw2 v1.1.2
[INFO] [stderr]    Compiling cw-utils v1.0.3
[INFO] [stderr]    Compiling cw-multi-test v0.19.0 (/opt/rustwide/workdir)
[INFO] [stderr]     Finished test [unoptimized + debuginfo] target(s) in 8.47s
[INFO] running `Command { std: "docker" "inspect" "b1b995cbf810b8209d6c3007e1d4c89b44b181dbb04bfd4a09386f12b1fc4551", kill_on_drop: false }`
[INFO] running `Command { std: "docker" "rm" "-f" "b1b995cbf810b8209d6c3007e1d4c89b44b181dbb04bfd4a09386f12b1fc4551", kill_on_drop: false }`
[INFO] [stdout] b1b995cbf810b8209d6c3007e1d4c89b44b181dbb04bfd4a09386f12b1fc4551
[INFO] running `Command { std: "docker" "create" "-v" "/var/lib/crater-agent-workspace/builds/worker-0-tc1/target:/opt/rustwide/target:rw,Z" "-v" "/var/lib/crater-agent-workspace/builds/worker-0-tc1/source:/opt/rustwide/workdir:ro,Z" "-v" "/var/lib/crater-agent-workspace/cargo-home:/opt/rustwide/cargo-home:ro,Z" "-v" "/var/lib/crater-agent-workspace/rustup-home:/opt/rustwide/rustup-home:ro,Z" "-e" "SOURCE_DIR=/opt/rustwide/workdir" "-e" "CARGO_TARGET_DIR=/opt/rustwide/target" "-e" "CARGO_INCREMENTAL=0" "-e" "RUST_BACKTRACE=full" "-e" "RUSTFLAGS=--cap-lints=warn" "-e" "RUSTDOCFLAGS=--cap-lints=warn" "-e" "CARGO_HOME=/opt/rustwide/cargo-home" "-e" "RUSTUP_HOME=/opt/rustwide/rustup-home" "-w" "/opt/rustwide/workdir" "-m" "1610612736" "--user" "0:0" "--network" "none" "ghcr.io/rust-lang/crates-build-env/linux@sha256:2788e3201cd34a07e3172128adcd8b3090168a8e3bcc40d7c032b9dda1df7d1c" "/opt/rustwide/cargo-home/bin/cargo" "+1.75.0" "test" "--frozen", kill_on_drop: false }`
[INFO] [stdout] bcf7e6db6fdef178842c5efd356cd1b59140ad78864c6dd516634d9081ce303d
[INFO] running `Command { std: "docker" "start" "-a" "bcf7e6db6fdef178842c5efd356cd1b59140ad78864c6dd516634d9081ce303d", kill_on_drop: false }`
[INFO] [stderr]     Finished test [unoptimized + debuginfo] target(s) in 0.07s
[INFO] [stderr]      Running unittests src/lib.rs (/opt/rustwide/target/debug/deps/cw_multi_test-fdd0fdaa77519990)
[INFO] [stdout] 
[INFO] [stdout] running 105 tests
[INFO] [stdout] test bank::test::fail_on_zero_values ... ok
[INFO] [stdout] test prefixed_storage::length_prefixed::tests::to_length_prefixed_calculates_capacity_correctly ... ok
[INFO] [stdout] test prefixed_storage::length_prefixed::tests::to_length_prefixed_works ... ok
[INFO] [stdout] test prefixed_storage::length_prefixed::tests::to_length_prefixed_nested_works ... ok
[INFO] [stdout] test prefixed_storage::length_prefixed::tests::to_length_prefixed_works_for_long_prefix ... ok
[INFO] [stdout] test prefixed_storage::length_prefixed::tests::to_length_prefixed_nested_allows_many_long_namespaces ... ok
[INFO] [stdout] test prefixed_storage::tests::readonly_prefixed_storage_get ... ok
[INFO] [stdout] test prefixed_storage::tests::prefixed_storage_multilevel_set_and_get ... ok
[INFO] [stdout] test prefixed_storage::tests::prefixed_storage_set_and_get ... ok
[INFO] [stdout] test prefixed_storage::namespace_helpers::tests::prefix_get_set ... ok
[INFO] [stdout] test bank::test::get_set_balance ... ok
[INFO] [stdout] test prefixed_storage::namespace_helpers::tests::range_works ... ok
[INFO] [stdout] test prefixed_storage::length_prefixed::tests::to_length_prefixed_nested_calculates_capacity_correctly ... ok
[INFO] [stdout] test prefixed_storage::namespace_helpers::tests::range_with_prefix_wrap_over ... ok
[INFO] [stdout] test prefixed_storage::tests::readonly_prefixed_storage_multilevel_get ... ok
[INFO] [stdout] test prefixed_storage::namespace_helpers::tests::range_with_start_end_set ... ok
[INFO] [stdout] test staking::test::msg::execute ... ok
[INFO] [stdout] test staking::test::msg::delegation_queries_unbonding ... ok
[INFO] [stdout] test staking::test::msg::delegations_slashed ... ok
[INFO] [stdout] test prefixed_storage::namespace_helpers::tests::namespace_upper_bound_works ... ok
[INFO] [stdout] test staking::test::msg::can_set_withdraw_address ... ok
[INFO] [stdout] test prefixed_storage::length_prefixed::tests::encode_length_works ... ok
[INFO] [stdout] test staking::test::msg::partial_unbonding_reduces_stake ... ok
[INFO] [stdout] test staking::test::msg::rewards_initial_wait ... ok
[INFO] [stdout] test staking::test::rewards_work_for_single_delegator ... ok
[INFO] [stdout] test staking::test::rewards_work_for_multiple_delegators ... ok
[INFO] [stdout] test staking::test::msg::query_staking ... ok
[INFO] [stdout] test bank::test::burn_coins ... ok
[INFO] [stdout] test prefixed_storage::length_prefixed::tests::encode_length_panics_for_large_values - should panic ... ok
[INFO] [stdout] test prefixed_storage::length_prefixed::tests::to_length_prefixed_panics_for_too_long_prefix - should panic ... ok
[INFO] [stdout] test staking::test::add_get_validators ... ok
[INFO] [stdout] test staking::test::msg::cannot_slash_nonexistent ... ok
[INFO] [stdout] test bank::test::send_coins ... ok
[INFO] [stdout] test staking::test::msg::cannot_steal ... ok
[INFO] [stdout] test staking::test::msg::denom_validation ... ok
[INFO] [stdout] test staking::test::msg::non_existent_validator ... ok
[INFO] [stdout] test staking::test::msg::zero_staking_forbidden ... ok
[INFO] [stdout] test tests::test_app::protobuf_wrapped_data::execute_wrapped_properly ... ok
[INFO] [stdout] test staking::test::validator_slashing ... ok
[INFO] [stdout] test tests::test_app::errors::simple_instantiation ... ok
[INFO] [stdout] test tests::test_app::custom_handler::dispatches_messages ... ok
[INFO] [stdout] test tests::test_app::api::api_addr_validate_should_work ... ok
[INFO] [stdout] test tests::test_app::custom_messages::triggering_custom_msg ... ok
[INFO] [stdout] test tests::test_app::api::api_addr_humanize_should_work ... ok
[INFO] [stdout] test tests::test_app::api::api_addr_canonicalize_should_work ... ok
[INFO] [stdout] test tests::test_app::multi_level_bank_cache ... ok
[INFO] [stdout] test tests::test_app::errors::simple_call ... ok
[INFO] [stdout] test tests::test_app::protobuf_wrapped_data::instantiate_with_data_works ... ok
[INFO] [stdout] test tests::test_app::reply_data_overwrite::multiple_submsg ... ok
[INFO] [stdout] test tests::test_app::protobuf_wrapped_data::instantiate_with_reply_works ... ok
[INFO] [stdout] test tests::test_app::errors::double_nested_call ... ok
[INFO] [stdout] test tests::test_app::protobuf_wrapped_data::instantiate_wrapped_properly ... ok
[INFO] [stdout] test tests::test_app::reply_data_overwrite::multiple_submsg_no_reply ... ok
[INFO] [stdout] test tests::test_app::reply_data_overwrite::multiple_submsg_mixed ... ok
[INFO] [stdout] test tests::test_app::reply_data_overwrite::nested_submsg ... ok
[INFO] [stdout] test tests::test_app::reply_data_overwrite::no_submsg ... ok
[INFO] [stdout] test tests::test_app::response_validation::empty_event_attribute_value ... ok
[INFO] [stdout] test tests::test_app::reply_data_overwrite::single_no_submsg_data ... ok
[INFO] [stdout] test tests::test_app::reflect_sub_message_reply_works ... ok
[INFO] [stdout] test tests::test_app::reflect_success ... ok
[INFO] [stdout] test tests::test_app::reflect_error ... ok
[INFO] [stdout] test tests::test_app::reply_data_overwrite::single_submsg_no_reply ... ok
[INFO] [stdout] test tests::test_app::sent_funds_properly_visible_on_execution ... ok
[INFO] [stdout] test tests::test_app::response_validation::too_short_event_type ... ok
[INFO] [stdout] test tests::test_app::errors::nested_call ... ok
[INFO] [stdout] test tests::test_app::sent_wasm_migration_works ... ok
[INFO] [stdout] test tests::test_app::send_tokens ... ok
[INFO] [stdout] test tests::test_app::update_block ... ok
[INFO] [stdout] test tests::test_app::simple_contract ... ok
[INFO] [stdout] test tests::test_custom_handler::custom_handler_has_no_sudo ... ok
[INFO] [stdout] test tests::test_custom_handler::custom_handler_works ... ok
[INFO] [stdout] test tests::test_app::reply_data_overwrite::single_submsg_reply_returns_none ... ok
[INFO] [stdout] test tests::test_app::reply_data_overwrite::single_no_top_level_data ... ok
[INFO] [stdout] test tests::test_ibc::substituting_ibc ... ok
[INFO] [stdout] test transactions::test::delete_from_base ... ok
[INFO] [stdout] test tests::test_app::response_validation::empty_attribute_key ... ok
[INFO] [stdout] test tests::test_app::response_validation::empty_event_attribute_key ... ok
[INFO] [stdout] test tests::test_app::response_validation::empty_attribute_value ... ok
[INFO] [stdout] test tests::test_gov::default_gov ... ok
[INFO] [stdout] test transactions::test::commit_writes_through ... ok
[INFO] [stdout] test transactions::test::wrap_box_dyn_storage ... ok
[INFO] [stdout] test transactions::test::storage_transaction_iterator_empty_base ... ok
[INFO] [stdout] test transactions::test::wrap_box_storage ... ok
[INFO] [stdout] test tests::test_app::sudo_works ... ok
[INFO] [stdout] test tests::test_gov::substituting_gov ... ok
[INFO] [stdout] test tests::test_ibc::default_ibc ... ok
[INFO] [stdout] test tests::test_app::reply_data_overwrite::single_submsg ... ok
[INFO] [stdout] test tests::test_app::send_update_admin_works ... ok
[INFO] [stdout] test transactions::test::ignore_same_as_rollback ... ok
[INFO] [stdout] test transactions::test::storage_remains_readable ... ok
[INFO] [stdout] test transactions::test::storage_transaction_iterator_removed_items_from_base ... ok
[INFO] [stdout] test transactions::test::wrap_ref_cell ... ok
[INFO] [stdout] test transactions::test::wrap_ref_cell_dyn_storage ... ok
[INFO] [stdout] test transactions::test::wrap_storage ... ok
[INFO] [stdout] test wasm::test::remove_this_test_in_version_1_0 ... ok
[INFO] [stdout] test wasm::test::can_use_custom_address_generator ... ok
[INFO] [stdout] test wasm::test::update_clear_admin_works ... ok
[INFO] [stdout] test wasm::test::contract_send_coins ... ok
[INFO] [stdout] test transactions::test::delete_local ... ok
[INFO] [stdout] test wasm::test::query_contract_info ... ok
[INFO] [stdout] test wasm::test::can_dump_raw_wasm_state ... ok
[INFO] [stdout] test wasm::test::register_contract ... ok
[INFO] [stdout] test wasm::test::uses_simple_address_generator_by_default ... ok
[INFO] [stdout] test transactions::test::storage_transaction_iterator_with_base_data ... ok
[INFO] [stdout] test wasm::test::multi_level_wasm_cache ... ok
[INFO] [stdout] 
[INFO] [stdout] test result: ok. 105 passed; 0 failed; 0 ignored; 0 measured; 0 filtered out; finished in 0.20s
[INFO] [stdout] 
[INFO] [stderr]      Running tests/mod.rs (/opt/rustwide/target/debug/deps/mod-3426315d7dd9f219)
[INFO] [stdout] 
[INFO] [stdout] running 43 tests
[INFO] [stdout] test test_addons::test_api::test_bech32::api_bech32_should_differ_from_bech32m ... ok
[INFO] [stdout] test test_addons::test_api::test_bech32::address_validate_invalid_address ... ok
[INFO] [stdout] test test_addons::test_api::test_bech32::address_canonicalize_humanize_should_work ... ok
[INFO] [stdout] test test_addons::test_api::test_bech32::address_humanize_prefix_too_long ... ok
[INFO] [stdout] test test_addons::test_api::test_bech32::address_validate_should_work ... ok
[INFO] [stdout] test test_addons::test_api::test_bech32::addr_validate_invalid_prefix ... ok
[INFO] [stdout] test test_addons::test_api::test_bech32::address_validate_invalid_variant ... ok
[INFO] [stdout] test test_addons::test_api::test_bech32::debug_should_not_panic ... ok
[INFO] [stdout] test test_addons::test_api::test_bech32::ed25519_batch_verify_works ... ok
[INFO] [stdout] test test_addons::test_api::test_bech32m::address_humanize_prefix_too_long ... ok
[INFO] [stdout] test test_addons::test_api::test_bech32m::address_canonicalize_humanize_should_work ... ok
[INFO] [stdout] test test_addons::test_api::test_bech32m::address_validate_should_work ... ok
[INFO] [stdout] test test_addons::test_api::test_bech32m::api_bech32m_should_differ_from_bech32 ... ok
[INFO] [stdout] test test_addons::test_api::test_bech32m::address_validate_invalid_address ... ok
[INFO] [stdout] test test_addons::test_api::test_bech32::secp256k1_recover_pubkey_works ... ok
[INFO] [stdout] test test_addons::test_api::test_bech32m::addr_validate_invalid_prefix ... ok
[INFO] [stdout] test test_addons::test_api::test_bech32m::new_api_bech32m_should_work ... ok
[INFO] [stdout] test test_addons::test_api::test_bech32m::ed25519_batch_verify_works ... ok
[INFO] [stdout] test test_addons::test_api::test_bech32m::ed25519_verify_works ... ok
[INFO] [stdout] test test_addons::test_api::test_bech32m::debug_should_not_panic ... ok
[INFO] [stdout] test test_addons::test_api::test_bech32m::address_validate_invalid_variant ... ok
[INFO] [stdout] test test_addons::test_api::test_bech32::secp256k1_verify_works ... ok
[INFO] [stdout] test test_app_builder::test_with_api::building_app_with_custom_api_should_work ... ok
[INFO] [stdout] test test_addons::test_api::test_bech32m::secp256k1_recover_pubkey_works ... ok
[INFO] [stdout] test test_addons::test_api::test_bech32::ed25519_verify_works ... ok
[INFO] [stdout] test test_addons::test_api::test_bech32::new_api_bech32_should_work ... ok
[INFO] [stdout] test test_addons::test_api::test_bech32m::secp256k1_verify_works ... ok
[INFO] [stdout] test test_app_builder::test_with_block::building_app_with_custom_block_should_work ... ok
[INFO] [stdout] test test_module::test_accepting_module::accepting_module_new_works ... ok
[INFO] [stdout] test test_addons::test_api::test_bech32::address_make_prefix_too_long - should panic ... ok
[INFO] [stdout] test test_app_builder::test_with_wasm::compiling_with_wasm_keeper_should_work ... ok
[INFO] [stdout] test test_app_builder::test_with_bank::building_app_with_custom_bank_should_work ... ok
[INFO] [stdout] test test_app_builder::test_with_gov::building_app_with_custom_gov_should_work ... ok
[INFO] [stdout] test test_module::test_accepting_module::accepting_module_default_works ... ok
[INFO] [stdout] test test_app_builder::test_with_distribution::building_app_with_custom_distribution_should_work ... ok
[INFO] [stdout] test test_addons::test_api::test_bech32m::address_make_prefix_too_long - should panic ... ok
[INFO] [stdout] test test_app_builder::test_with_wasm::building_app_with_custom_wasm_should_work ... ok
[INFO] [stdout] test test_module::test_failing_module::failing_module_default_works ... ok
[INFO] [stdout] test test_app_builder::test_with_storage::building_app_with_custom_storage_should_work ... ok
[INFO] [stdout] test test_app_builder::test_with_staking::building_app_with_custom_staking_should_work ... ok
[INFO] [stdout] test test_module::test_failing_module::failing_module_new_works ... ok
[INFO] [stdout] test test_wasm::test_with_addr_gen::contract_address_should_work ... ok
[INFO] [stdout] test test_app_builder::test_with_ibc::building_app_with_custom_ibc_should_work ... ok
[INFO] [stdout] 
[INFO] [stdout] test result: ok. 43 passed; 0 failed; 0 ignored; 0 measured; 0 filtered out; finished in 0.15s
[INFO] [stdout] 
[INFO] [stderr]    Doc-tests cw-multi-test
[INFO] [stdout] 
[INFO] [stdout] running 16 tests
[INFO] [stdout] test src/addons/api/bech32m.rs - addons::api::bech32m::MockApiBech32m::new (line 17) ... FAILED
[INFO] [stdout] test src/addons/api/bech32.rs - addons::api::bech32::MockApiBech32::addr_canonicalize (line 72) ... FAILED
[INFO] [stdout] test src/addons/api/bech32m.rs - addons::api::bech32m::MockApiBech32m::addr_canonicalize (line 55) ... FAILED
[INFO] [stdout] test src/addons/api/bech32m.rs - addons::api::bech32m::MockApiBech32m::addr_humanize (line 76) ... FAILED
[INFO] [stdout] test src/addons/addresses/mock.rs - addons::addresses::mock::MockAddressGenerator::contract_address (line 43) ... FAILED
[INFO] [stdout] test src/addons/api/bech32.rs - addons::api::bech32::MockApiBech32::addr_make (line 167) ... ok
[INFO] [stdout] test src/addresses.rs - addresses::AddressGenerator::contract_address (line 42) ... ok
[INFO] [stdout] test src/addons/api/bech32.rs - addons::api::bech32::MockApiBech32::new (line 24) ... ok
[INFO] [stdout] test src/addons/api/bech32m.rs - addons::api::bech32m::MockApiBech32m::addr_validate (line 37) ... ok
[INFO] [stdout] test src/addons/addresses/mock.rs - addons::addresses::mock::MockAddressGenerator::predictable_contract_address (line 87) ... ok
[INFO] [stdout] test src/app.rs - app::App<BankT,ApiT,StorageT,CustomT,WasmT,StakingT,DistrT,IbcT,GovT>::duplicate_code (line 262) ... ok
[INFO] [stdout] test src/addons/api/bech32.rs - addons::api::bech32::MockApiBech32::addr_humanize (line 100) ... ok
[INFO] [stdout] test src/addons/api/bech32.rs - addons::api::bech32::MockApiBech32::addr_validate (line 54) ... ok
[INFO] [stdout] test src/addresses.rs - addresses::AddressGenerator::predictable_contract_address (line 84) ... ok
[INFO] [stdout] test src/addons/api/bech32m.rs - addons::api::bech32m::MockApiBech32m::addr_make (line 138) ... ok
[INFO] [stdout] test src/app_builder.rs - app_builder::BasicAppBuilder (line 17) ... ok
[INFO] [stdout] 
[INFO] [stdout] failures:
[INFO] [stdout] 
[INFO] [stdout] ---- src/addons/api/bech32m.rs - addons::api::bech32m::MockApiBech32m::new (line 17) stdout ----
[INFO] [stdout] error: linking with `cc` failed: exit status: 1
[INFO] [stdout]   |
[INFO] [stdout]   = note: LC_ALL="C" PATH="/opt/rustwide/rustup-home/toolchains/1.75.0-x86_64-unknown-linux-gnu/lib/rustlib/x86_64-unknown-linux-gnu/bin:/opt/rustwide/cargo-home/bin:/usr/local/sbin:/usr/local/bin:/usr/sbin:/usr/bin:/sbin:/bin" VSLANG="1033" "cc" "-m64" "/tmp/rustcvcmX9T/symbols.o" "/tmp/rustdoctest2rc7OC/rust_out.rust_out.263fb70ac1c95110-cgu.0.rcgu.o" "/tmp/rustdoctest2rc7OC/rust_out.2uel00cfmdh5ufit.rcgu.o" "-Wl,--as-needed" "-L" "/opt/rustwide/target/debug/deps" "-L" "/opt/rustwide/target/debug/deps" "-L" "/opt/rustwide/rustup-home/toolchains/1.75.0-x86_64-unknown-linux-gnu/lib/rustlib/x86_64-unknown-linux-gnu/lib" "-Wl,-Bstatic" "/opt/rustwide/target/debug/deps/libcw_multi_test-5c5887a182d63759.rlib" "/opt/rustwide/target/debug/deps/libprost-0c5f18b5db32ed51.rlib" "/opt/rustwide/target/debug/deps/libbytes-0304e5ce84a023bb.rlib" "/opt/rustwide/target/debug/deps/libanyhow-309ab2c875f40ec7.rlib" "/opt/rustwide/target/debug/deps/libitertools-d5032ed1dd75b47b.rlib" "/opt/rustwide/target/debug/deps/libeither-133233cc595b9fa0.rlib" "/opt/rustwide/target/debug/deps/libcw_utils-5d6d0cb392e6be1b.rlib" "/opt/rustwide/target/debug/deps/libcw2-14458953fcf838a9.rlib" "/opt/rustwide/target/debug/deps/libsemver-b1ba94f2f6280e11.rlib" "/opt/rustwide/target/debug/deps/libcosmwasm_schema-7c860cb20abef63d.rlib" "/opt/rustwide/target/debug/deps/libcw_storage_plus-9ad2ac2a12168490.rlib" "/opt/rustwide/target/debug/deps/libcosmwasm_std-766e28e5bba10068.rlib" "/opt/rustwide/target/debug/deps/libserde_json_wasm-c9ee20db72caeb78.rlib" "/opt/rustwide/target/debug/deps/libstatic_assertions-06b6572b5d394a0a.rlib" "/opt/rustwide/target/debug/deps/libbech32-516f765430a06e4b.rlib" "/opt/rustwide/target/debug/deps/libbnum-dc283d74cec448c9.rlib" "/opt/rustwide/target/debug/deps/libforward_ref-9c0ea7731177807a.rlib" "/opt/rustwide/target/debug/deps/libcosmwasm_crypto-1a8c69925cdc9c8e.rlib" "/opt/rustwide/target/debug/deps/libk256-5ebd32668b748ac8.rlib" "/opt/rustwide/target/debug/deps/libecdsa-7eb697d58dfad2cf.rlib" "/opt/rustwide/target/debug/deps/librfc6979-ee4bd562ae25a483.rlib" "/opt/rustwide/target/debug/deps/libhmac-69c95355a27c4a61.rlib" "/opt/rustwide/target/debug/deps/libsignature-19aa9b3604c8d4c3.rlib" "/opt/rustwide/target/debug/deps/libelliptic_curve-0e527aa49135394c.rlib" "/opt/rustwide/target/debug/deps/libpkcs8-45727c515dcf9e2f.rlib" "/opt/rustwide/target/debug/deps/libspki-ea8fef2d4b42aaf7.rlib" "/opt/rustwide/target/debug/deps/libsec1-49365ea752550545.rlib" "/opt/rustwide/target/debug/deps/libder-6f663d800d8d3488.rlib" "/opt/rustwide/target/debug/deps/libcrypto_bigint-04fb5c253b32fdac.rlib" "/opt/rustwide/target/debug/deps/libbase16ct-5a39198f00022b13.rlib" "/opt/rustwide/target/debug/deps/libgroup-abf4b2f1af9229be.rlib" "/opt/rustwide/target/debug/deps/libff-6ae394a81e415ea9.rlib" "/opt/rustwide/target/debug/deps/libed25519_zebra-f24d1f5ca82aeddb.rlib" "/opt/rustwide/target/debug/deps/libhex-05644b5497b79c5b.rlib" "/opt/rustwide/target/debug/deps/libsha2-b3e8beb63d25bac7.rlib" "/opt/rustwide/target/debug/deps/libopaque_debug-15273823c1ba1453.rlib" "/opt/rustwide/target/debug/deps/libblock_buffer-c3a9d5a588a6d633.rlib" "/opt/rustwide/target/debug/deps/librand_core-6fa27236058cb8c8.rlib" "/opt/rustwide/target/debug/deps/libhashbrown-47428a7dcac053d9.rlib" "/opt/rustwide/target/debug/deps/libahash-3385b06ce3fe8bde.rlib" "/opt/rustwide/target/debug/deps/libgetrandom-c78bd293558182e6.rlib" "/opt/rustwide/target/debug/deps/liblibc-b911f0b3efb8300e.rlib" "/opt/rustwide/target/debug/deps/libonce_cell-63be820ac0ed0954.rlib" "/opt/rustwide/target/debug/deps/libcurve25519_dalek-60d2b1a133c4a2a9.rlib" "/opt/rustwide/target/debug/deps/librand_core-f26e923223cac036.rlib" "/opt/rustwide/target/debug/deps/libdigest-bb4faab652a43f62.rlib" "/opt/rustwide/target/debug/deps/libbyteorder-9cfef299f4e51c39.rlib" "/opt/rustwide/target/debug/deps/libbase64-c757f6e1d18850a5.rlib" "/opt/rustwide/target/debug/deps/libthiserror-37863dc5ca039736.rlib" "/opt/rustwide/target/debug/deps/libsha2-f1124b5372475e5d.rlib" "/opt/rustwide/target/debug/deps/libcpufeatures-b8d9ed5bb45874e9.rlib" "/opt/rustwide/target/debug/deps/libcfg_if-61dc7a6799e72b18.rlib" "/opt/rustwide/target/debug/deps/libdigest-d2ce14f9f274c614.rlib" "/opt/rustwide/target/debug/deps/libsubtle-2878f8213ac4aa38.rlib" "/opt/rustwide/target/debug/deps/libconst_oid-c8a247a7b7eb265f.rlib" "/opt/rustwide/target/debug/deps/libblock_buffer-5e59f5d26d2f973d.rlib" "/opt/rustwide/target/debug/deps/libcrypto_common-cab3786875b45b7a.rlib" "/opt/rustwide/target/debug/deps/libgeneric_array-02553e878c92486b.rlib" "/opt/rustwide/target/debug/deps/libtypenum-da95465dc70d2c95.rlib" "/opt/rustwide/target/debug/deps/libzeroize-6ee87dcf7a762ed8.rlib" "/opt/rustwide/target/debug/deps/libschemars-14dc4d50f0a167a6.rlib" "/opt/rustwide/target/debug/deps/libdyn_clone-9450e4caca538bf4.rlib" "/opt/rustwide/target/debug/deps/libserde_json-d551c03b996d25d5.rlib" "/opt/rustwide/target/debug/deps/libryu-5f304b1b6393964f.rlib" "/opt/rustwide/target/debug/deps/libitoa-5f181af53b99b92c.rlib" "/opt/rustwide/target/debug/deps/libserde-98d2aaf1c356c4c5.rlib" "/opt/rustwide/rustup-home/toolchains/1.75.0-x86_64-unknown-linux-gnu/lib/rustlib/x86_64-unknown-linux-gnu/lib/libstd-90f6ddbf82de36ec.rlib" "/opt/rustwide/rustup-home/toolchains/1.75.0-x86_64-unknown-linux-gnu/lib/rustlib/x86_64-unknown-linux-gnu/lib/libpanic_unwind-480c41e9d4e1f677.rlib" "/opt/rustwide/rustup-home/toolchains/1.75.0-x86_64-unknown-linux-gnu/lib/rustlib/x86_64-unknown-linux-gnu/lib/libobject-db744c0ca03eed1d.rlib" "/opt/rustwide/rustup-home/toolchains/1.75.0-x86_64-unknown-linux-gnu/lib/rustlib/x86_64-unknown-linux-gnu/lib/libmemchr-8ba652dc7d4b285a.rlib" "/opt/rustwide/rustup-home/toolchains/1.75.0-x86_64-unknown-linux-gnu/lib/rustlib/x86_64-unknown-linux-gnu/lib/libaddr2line-d5f4520a9ebc0d58.rlib" "/opt/rustwide/rustup-home/toolchains/1.75.0-x86_64-unknown-linux-gnu/lib/rustlib/x86_64-unknown-linux-gnu/lib/libgimli-4ad84de58f0cb463.rlib" "/opt/rustwide/rustup-home/toolchains/1.75.0-x86_64-unknown-linux-gnu/lib/rustlib/x86_64-unknown-linux-gnu/lib/librustc_demangle-0d10aae2e0f38735.rlib" "/opt/rustwide/rustup-home/toolchains/1.75.0-x86_64-unknown-linux-gnu/lib/rustlib/x86_64-unknown-linux-gnu/lib/libstd_detect-0c17cff739e6745b.rlib" "/opt/rustwide/rustup-home/toolchains/1.75.0-x86_64-unknown-linux-gnu/lib/rustlib/x86_64-unknown-linux-gnu/lib/libhashbrown-b29e17139dde1aa8.rlib" "/opt/rustwide/rustup-home/toolchains/1.75.0-x86_64-unknown-linux-gnu/lib/rustlib/x86_64-unknown-linux-gnu/lib/librustc_std_workspace_alloc-1f975299829cc7bd.rlib" "/opt/rustwide/rustup-home/toolchains/1.75.0-x86_64-unknown-linux-gnu/lib/rustlib/x86_64-unknown-linux-gnu/lib/libminiz_oxide-86bae3bc3079f89b.rlib" "/opt/rustwide/rustup-home/toolchains/1.75.0-x86_64-unknown-linux-gnu/lib/rustlib/x86_64-unknown-linux-gnu/lib/libadler-321b82c30dffdf5f.rlib" "/opt/rustwide/rustup-home/toolchains/1.75.0-x86_64-unknown-linux-gnu/lib/rustlib/x86_64-unknown-linux-gnu/lib/libunwind-3dd8a6810a0bdfef.rlib" "/opt/rustwide/rustup-home/toolchains/1.75.0-x86_64-unknown-linux-gnu/lib/rustlib/x86_64-unknown-linux-gnu/lib/libcfg_if-eb39a61c0c879984.rlib" "/opt/rustwide/rustup-home/toolchains/1.75.0-x86_64-unknown-linux-gnu/lib/rustlib/x86_64-unknown-linux-gnu/lib/liblibc-aa769569f91c3548.rlib" "/opt/rustwide/rustup-home/toolchains/1.75.0-x86_64-unknown-linux-gnu/lib/rustlib/x86_64-unknown-linux-gnu/lib/liballoc-510a192a50a983ed.rlib" "/opt/rustwide/rustup-home/toolchains/1.75.0-x86_64-unknown-linux-gnu/lib/rustlib/x86_64-unknown-linux-gnu/lib/librustc_std_workspace_core-0577018320f99037.rlib" "/opt/rustwide/rustup-home/toolchains/1.75.0-x86_64-unknown-linux-gnu/lib/rustlib/x86_64-unknown-linux-gnu/lib/libcore-193cf992125ccd4c.rlib" "/opt/rustwide/rustup-home/toolchains/1.75.0-x86_64-unknown-linux-gnu/lib/rustlib/x86_64-unknown-linux-gnu/lib/libcompiler_builtins-8e138eaf26ebb4a8.rlib" "-Wl,-Bdynamic" "-lc" "-lm" "-lrt" "-lpthread" "-lgcc_s" "-lutil" "-lrt" "-lpthread" "-lm" "-ldl" "-lc" "-Wl,--eh-frame-hdr" "-Wl,-z,noexecstack" "-L" "/opt/rustwide/rustup-home/toolchains/1.75.0-x86_64-unknown-linux-gnu/lib/rustlib/x86_64-unknown-linux-gnu/lib" "-o" "/tmp/rustdoctest2rc7OC/rust_out" "-Wl,--gc-sections" "-pie" "-Wl,-z,relro,-z,now" "-nodefaultlibs"
[INFO] [stdout]   = note: collect2: fatal error: ld terminated with signal 9 [Killed]
[INFO] [stdout]           compilation terminated.
[INFO] [stdout]           
[INFO] [stdout] 
[INFO] [stdout] error: aborting due to previous error
[INFO] [stdout] 
[INFO] [stdout] Couldn't compile the test.
[INFO] [stdout] ---- src/addons/api/bech32.rs - addons::api::bech32::MockApiBech32::addr_canonicalize (line 72) stdout ----
[INFO] [stdout] error: linking with `cc` failed: exit status: 1
[INFO] [stdout]   |
[INFO] [stdout]   = note: LC_ALL="C" PATH="/opt/rustwide/rustup-home/toolchains/1.75.0-x86_64-unknown-linux-gnu/lib/rustlib/x86_64-unknown-linux-gnu/bin:/opt/rustwide/cargo-home/bin:/usr/local/sbin:/usr/local/bin:/usr/sbin:/usr/bin:/sbin:/bin" VSLANG="1033" "cc" "-m64" "/tmp/rustcVUUy6F/symbols.o" "/tmp/rustdoctestmyQ3EB/rust_out.rust_out.263fb70ac1c95110-cgu.0.rcgu.o" "/tmp/rustdoctestmyQ3EB/rust_out.2uel00cfmdh5ufit.rcgu.o" "-Wl,--as-needed" "-L" "/opt/rustwide/target/debug/deps" "-L" "/opt/rustwide/target/debug/deps" "-L" "/opt/rustwide/rustup-home/toolchains/1.75.0-x86_64-unknown-linux-gnu/lib/rustlib/x86_64-unknown-linux-gnu/lib" "-Wl,-Bstatic" "/opt/rustwide/target/debug/deps/libcw_multi_test-5c5887a182d63759.rlib" "/opt/rustwide/target/debug/deps/libprost-0c5f18b5db32ed51.rlib" "/opt/rustwide/target/debug/deps/libbytes-0304e5ce84a023bb.rlib" "/opt/rustwide/target/debug/deps/libanyhow-309ab2c875f40ec7.rlib" "/opt/rustwide/target/debug/deps/libitertools-d5032ed1dd75b47b.rlib" "/opt/rustwide/target/debug/deps/libeither-133233cc595b9fa0.rlib" "/opt/rustwide/target/debug/deps/libcw_utils-5d6d0cb392e6be1b.rlib" "/opt/rustwide/target/debug/deps/libcw2-14458953fcf838a9.rlib" "/opt/rustwide/target/debug/deps/libsemver-b1ba94f2f6280e11.rlib" "/opt/rustwide/target/debug/deps/libcosmwasm_schema-7c860cb20abef63d.rlib" "/opt/rustwide/target/debug/deps/libcw_storage_plus-9ad2ac2a12168490.rlib" "/opt/rustwide/target/debug/deps/libcosmwasm_std-766e28e5bba10068.rlib" "/opt/rustwide/target/debug/deps/libserde_json_wasm-c9ee20db72caeb78.rlib" "/opt/rustwide/target/debug/deps/libstatic_assertions-06b6572b5d394a0a.rlib" "/opt/rustwide/target/debug/deps/libbech32-516f765430a06e4b.rlib" "/opt/rustwide/target/debug/deps/libbnum-dc283d74cec448c9.rlib" "/opt/rustwide/target/debug/deps/libforward_ref-9c0ea7731177807a.rlib" "/opt/rustwide/target/debug/deps/libcosmwasm_crypto-1a8c69925cdc9c8e.rlib" "/opt/rustwide/target/debug/deps/libk256-5ebd32668b748ac8.rlib" "/opt/rustwide/target/debug/deps/libecdsa-7eb697d58dfad2cf.rlib" "/opt/rustwide/target/debug/deps/librfc6979-ee4bd562ae25a483.rlib" "/opt/rustwide/target/debug/deps/libhmac-69c95355a27c4a61.rlib" "/opt/rustwide/target/debug/deps/libsignature-19aa9b3604c8d4c3.rlib" "/opt/rustwide/target/debug/deps/libelliptic_curve-0e527aa49135394c.rlib" "/opt/rustwide/target/debug/deps/libpkcs8-45727c515dcf9e2f.rlib" "/opt/rustwide/target/debug/deps/libspki-ea8fef2d4b42aaf7.rlib" "/opt/rustwide/target/debug/deps/libsec1-49365ea752550545.rlib" "/opt/rustwide/target/debug/deps/libder-6f663d800d8d3488.rlib" "/opt/rustwide/target/debug/deps/libcrypto_bigint-04fb5c253b32fdac.rlib" "/opt/rustwide/target/debug/deps/libbase16ct-5a39198f00022b13.rlib" "/opt/rustwide/target/debug/deps/libgroup-abf4b2f1af9229be.rlib" "/opt/rustwide/target/debug/deps/libff-6ae394a81e415ea9.rlib" "/opt/rustwide/target/debug/deps/libed25519_zebra-f24d1f5ca82aeddb.rlib" "/opt/rustwide/target/debug/deps/libhex-05644b5497b79c5b.rlib" "/opt/rustwide/target/debug/deps/libsha2-b3e8beb63d25bac7.rlib" "/opt/rustwide/target/debug/deps/libopaque_debug-15273823c1ba1453.rlib" "/opt/rustwide/target/debug/deps/libblock_buffer-c3a9d5a588a6d633.rlib" "/opt/rustwide/target/debug/deps/librand_core-6fa27236058cb8c8.rlib" "/opt/rustwide/target/debug/deps/libhashbrown-47428a7dcac053d9.rlib" "/opt/rustwide/target/debug/deps/libahash-3385b06ce3fe8bde.rlib" "/opt/rustwide/target/debug/deps/libgetrandom-c78bd293558182e6.rlib" "/opt/rustwide/target/debug/deps/liblibc-b911f0b3efb8300e.rlib" "/opt/rustwide/target/debug/deps/libonce_cell-63be820ac0ed0954.rlib" "/opt/rustwide/target/debug/deps/libcurve25519_dalek-60d2b1a133c4a2a9.rlib" "/opt/rustwide/target/debug/deps/librand_core-f26e923223cac036.rlib" "/opt/rustwide/target/debug/deps/libdigest-bb4faab652a43f62.rlib" "/opt/rustwide/target/debug/deps/libbyteorder-9cfef299f4e51c39.rlib" "/opt/rustwide/target/debug/deps/libbase64-c757f6e1d18850a5.rlib" "/opt/rustwide/target/debug/deps/libthiserror-37863dc5ca039736.rlib" "/opt/rustwide/target/debug/deps/libsha2-f1124b5372475e5d.rlib" "/opt/rustwide/target/debug/deps/libcpufeatures-b8d9ed5bb45874e9.rlib" "/opt/rustwide/target/debug/deps/libcfg_if-61dc7a6799e72b18.rlib" "/opt/rustwide/target/debug/deps/libdigest-d2ce14f9f274c614.rlib" "/opt/rustwide/target/debug/deps/libsubtle-2878f8213ac4aa38.rlib" "/opt/rustwide/target/debug/deps/libconst_oid-c8a247a7b7eb265f.rlib" "/opt/rustwide/target/debug/deps/libblock_buffer-5e59f5d26d2f973d.rlib" "/opt/rustwide/target/debug/deps/libcrypto_common-cab3786875b45b7a.rlib" "/opt/rustwide/target/debug/deps/libgeneric_array-02553e878c92486b.rlib" "/opt/rustwide/target/debug/deps/libtypenum-da95465dc70d2c95.rlib" "/opt/rustwide/target/debug/deps/libzeroize-6ee87dcf7a762ed8.rlib" "/opt/rustwide/target/debug/deps/libschemars-14dc4d50f0a167a6.rlib" "/opt/rustwide/target/debug/deps/libdyn_clone-9450e4caca538bf4.rlib" "/opt/rustwide/target/debug/deps/libserde_json-d551c03b996d25d5.rlib" "/opt/rustwide/target/debug/deps/libryu-5f304b1b6393964f.rlib" "/opt/rustwide/target/debug/deps/libitoa-5f181af53b99b92c.rlib" "/opt/rustwide/target/debug/deps/libserde-98d2aaf1c356c4c5.rlib" "/opt/rustwide/rustup-home/toolchains/1.75.0-x86_64-unknown-linux-gnu/lib/rustlib/x86_64-unknown-linux-gnu/lib/libstd-90f6ddbf82de36ec.rlib" "/opt/rustwide/rustup-home/toolchains/1.75.0-x86_64-unknown-linux-gnu/lib/rustlib/x86_64-unknown-linux-gnu/lib/libpanic_unwind-480c41e9d4e1f677.rlib" "/opt/rustwide/rustup-home/toolchains/1.75.0-x86_64-unknown-linux-gnu/lib/rustlib/x86_64-unknown-linux-gnu/lib/libobject-db744c0ca03eed1d.rlib" "/opt/rustwide/rustup-home/toolchains/1.75.0-x86_64-unknown-linux-gnu/lib/rustlib/x86_64-unknown-linux-gnu/lib/libmemchr-8ba652dc7d4b285a.rlib" "/opt/rustwide/rustup-home/toolchains/1.75.0-x86_64-unknown-linux-gnu/lib/rustlib/x86_64-unknown-linux-gnu/lib/libaddr2line-d5f4520a9ebc0d58.rlib" "/opt/rustwide/rustup-home/toolchains/1.75.0-x86_64-unknown-linux-gnu/lib/rustlib/x86_64-unknown-linux-gnu/lib/libgimli-4ad84de58f0cb463.rlib" "/opt/rustwide/rustup-home/toolchains/1.75.0-x86_64-unknown-linux-gnu/lib/rustlib/x86_64-unknown-linux-gnu/lib/librustc_demangle-0d10aae2e0f38735.rlib" "/opt/rustwide/rustup-home/toolchains/1.75.0-x86_64-unknown-linux-gnu/lib/rustlib/x86_64-unknown-linux-gnu/lib/libstd_detect-0c17cff739e6745b.rlib" "/opt/rustwide/rustup-home/toolchains/1.75.0-x86_64-unknown-linux-gnu/lib/rustlib/x86_64-unknown-linux-gnu/lib/libhashbrown-b29e17139dde1aa8.rlib" "/opt/rustwide/rustup-home/toolchains/1.75.0-x86_64-unknown-linux-gnu/lib/rustlib/x86_64-unknown-linux-gnu/lib/librustc_std_workspace_alloc-1f975299829cc7bd.rlib" "/opt/rustwide/rustup-home/toolchains/1.75.0-x86_64-unknown-linux-gnu/lib/rustlib/x86_64-unknown-linux-gnu/lib/libminiz_oxide-86bae3bc3079f89b.rlib" "/opt/rustwide/rustup-home/toolchains/1.75.0-x86_64-unknown-linux-gnu/lib/rustlib/x86_64-unknown-linux-gnu/lib/libadler-321b82c30dffdf5f.rlib" "/opt/rustwide/rustup-home/toolchains/1.75.0-x86_64-unknown-linux-gnu/lib/rustlib/x86_64-unknown-linux-gnu/lib/libunwind-3dd8a6810a0bdfef.rlib" "/opt/rustwide/rustup-home/toolchains/1.75.0-x86_64-unknown-linux-gnu/lib/rustlib/x86_64-unknown-linux-gnu/lib/libcfg_if-eb39a61c0c879984.rlib" "/opt/rustwide/rustup-home/toolchains/1.75.0-x86_64-unknown-linux-gnu/lib/rustlib/x86_64-unknown-linux-gnu/lib/liblibc-aa769569f91c3548.rlib" "/opt/rustwide/rustup-home/toolchains/1.75.0-x86_64-unknown-linux-gnu/lib/rustlib/x86_64-unknown-linux-gnu/lib/liballoc-510a192a50a983ed.rlib" "/opt/rustwide/rustup-home/toolchains/1.75.0-x86_64-unknown-linux-gnu/lib/rustlib/x86_64-unknown-linux-gnu/lib/librustc_std_workspace_core-0577018320f99037.rlib" "/opt/rustwide/rustup-home/toolchains/1.75.0-x86_64-unknown-linux-gnu/lib/rustlib/x86_64-unknown-linux-gnu/lib/libcore-193cf992125ccd4c.rlib" "/opt/rustwide/rustup-home/toolchains/1.75.0-x86_64-unknown-linux-gnu/lib/rustlib/x86_64-unknown-linux-gnu/lib/libcompiler_builtins-8e138eaf26ebb4a8.rlib" "-Wl,-Bdynamic" "-lc" "-lm" "-lrt" "-lpthread" "-lgcc_s" "-lutil" "-lrt" "-lpthread" "-lm" "-ldl" "-lc" "-Wl,--eh-frame-hdr" "-Wl,-z,noexecstack" "-L" "/opt/rustwide/rustup-home/toolchains/1.75.0-x86_64-unknown-linux-gnu/lib/rustlib/x86_64-unknown-linux-gnu/lib" "-o" "/tmp/rustdoctestmyQ3EB/rust_out" "-Wl,--gc-sections" "-pie" "-Wl,-z,relro,-z,now" "-nodefaultlibs"
[INFO] [stdout]   = note: collect2: fatal error: ld terminated with signal 9 [Killed]
[INFO] [stdout]           compilation terminated.
[INFO] [stdout]           
[INFO] [stdout] 
[INFO] [stdout] error: aborting due to previous error
[INFO] [stdout] 
[INFO] [stdout] Couldn't compile the test.
[INFO] [stdout] ---- src/addons/api/bech32m.rs - addons::api::bech32m::MockApiBech32m::addr_canonicalize (line 55) stdout ----
[INFO] [stdout] error: linking with `cc` failed: exit status: 1
[INFO] [stdout]   |
[INFO] [stdout]   = note: LC_ALL="C" PATH="/opt/rustwide/rustup-home/toolchains/1.75.0-x86_64-unknown-linux-gnu/lib/rustlib/x86_64-unknown-linux-gnu/bin:/opt/rustwide/cargo-home/bin:/usr/local/sbin:/usr/local/bin:/usr/sbin:/usr/bin:/sbin:/bin" VSLANG="1033" "cc" "-m64" "/tmp/rustcrDP2va/symbols.o" "/tmp/rustdoctestOytjld/rust_out.rust_out.263fb70ac1c95110-cgu.0.rcgu.o" "/tmp/rustdoctestOytjld/rust_out.2uel00cfmdh5ufit.rcgu.o" "-Wl,--as-needed" "-L" "/opt/rustwide/target/debug/deps" "-L" "/opt/rustwide/target/debug/deps" "-L" "/opt/rustwide/rustup-home/toolchains/1.75.0-x86_64-unknown-linux-gnu/lib/rustlib/x86_64-unknown-linux-gnu/lib" "-Wl,-Bstatic" "/opt/rustwide/target/debug/deps/libcw_multi_test-5c5887a182d63759.rlib" "/opt/rustwide/target/debug/deps/libprost-0c5f18b5db32ed51.rlib" "/opt/rustwide/target/debug/deps/libbytes-0304e5ce84a023bb.rlib" "/opt/rustwide/target/debug/deps/libanyhow-309ab2c875f40ec7.rlib" "/opt/rustwide/target/debug/deps/libitertools-d5032ed1dd75b47b.rlib" "/opt/rustwide/target/debug/deps/libeither-133233cc595b9fa0.rlib" "/opt/rustwide/target/debug/deps/libcw_utils-5d6d0cb392e6be1b.rlib" "/opt/rustwide/target/debug/deps/libcw2-14458953fcf838a9.rlib" "/opt/rustwide/target/debug/deps/libsemver-b1ba94f2f6280e11.rlib" "/opt/rustwide/target/debug/deps/libcosmwasm_schema-7c860cb20abef63d.rlib" "/opt/rustwide/target/debug/deps/libcw_storage_plus-9ad2ac2a12168490.rlib" "/opt/rustwide/target/debug/deps/libcosmwasm_std-766e28e5bba10068.rlib" "/opt/rustwide/target/debug/deps/libserde_json_wasm-c9ee20db72caeb78.rlib" "/opt/rustwide/target/debug/deps/libstatic_assertions-06b6572b5d394a0a.rlib" "/opt/rustwide/target/debug/deps/libbech32-516f765430a06e4b.rlib" "/opt/rustwide/target/debug/deps/libbnum-dc283d74cec448c9.rlib" "/opt/rustwide/target/debug/deps/libforward_ref-9c0ea7731177807a.rlib" "/opt/rustwide/target/debug/deps/libcosmwasm_crypto-1a8c69925cdc9c8e.rlib" "/opt/rustwide/target/debug/deps/libk256-5ebd32668b748ac8.rlib" "/opt/rustwide/target/debug/deps/libecdsa-7eb697d58dfad2cf.rlib" "/opt/rustwide/target/debug/deps/librfc6979-ee4bd562ae25a483.rlib" "/opt/rustwide/target/debug/deps/libhmac-69c95355a27c4a61.rlib" "/opt/rustwide/target/debug/deps/libsignature-19aa9b3604c8d4c3.rlib" "/opt/rustwide/target/debug/deps/libelliptic_curve-0e527aa49135394c.rlib" "/opt/rustwide/target/debug/deps/libpkcs8-45727c515dcf9e2f.rlib" "/opt/rustwide/target/debug/deps/libspki-ea8fef2d4b42aaf7.rlib" "/opt/rustwide/target/debug/deps/libsec1-49365ea752550545.rlib" "/opt/rustwide/target/debug/deps/libder-6f663d800d8d3488.rlib" "/opt/rustwide/target/debug/deps/libcrypto_bigint-04fb5c253b32fdac.rlib" "/opt/rustwide/target/debug/deps/libbase16ct-5a39198f00022b13.rlib" "/opt/rustwide/target/debug/deps/libgroup-abf4b2f1af9229be.rlib" "/opt/rustwide/target/debug/deps/libff-6ae394a81e415ea9.rlib" "/opt/rustwide/target/debug/deps/libed25519_zebra-f24d1f5ca82aeddb.rlib" "/opt/rustwide/target/debug/deps/libhex-05644b5497b79c5b.rlib" "/opt/rustwide/target/debug/deps/libsha2-b3e8beb63d25bac7.rlib" "/opt/rustwide/target/debug/deps/libopaque_debug-15273823c1ba1453.rlib" "/opt/rustwide/target/debug/deps/libblock_buffer-c3a9d5a588a6d633.rlib" "/opt/rustwide/target/debug/deps/librand_core-6fa27236058cb8c8.rlib" "/opt/rustwide/target/debug/deps/libhashbrown-47428a7dcac053d9.rlib" "/opt/rustwide/target/debug/deps/libahash-3385b06ce3fe8bde.rlib" "/opt/rustwide/target/debug/deps/libgetrandom-c78bd293558182e6.rlib" "/opt/rustwide/target/debug/deps/liblibc-b911f0b3efb8300e.rlib" "/opt/rustwide/target/debug/deps/libonce_cell-63be820ac0ed0954.rlib" "/opt/rustwide/target/debug/deps/libcurve25519_dalek-60d2b1a133c4a2a9.rlib" "/opt/rustwide/target/debug/deps/librand_core-f26e923223cac036.rlib" "/opt/rustwide/target/debug/deps/libdigest-bb4faab652a43f62.rlib" "/opt/rustwide/target/debug/deps/libbyteorder-9cfef299f4e51c39.rlib" "/opt/rustwide/target/debug/deps/libbase64-c757f6e1d18850a5.rlib" "/opt/rustwide/target/debug/deps/libthiserror-37863dc5ca039736.rlib" "/opt/rustwide/target/debug/deps/libsha2-f1124b5372475e5d.rlib" "/opt/rustwide/target/debug/deps/libcpufeatures-b8d9ed5bb45874e9.rlib" "/opt/rustwide/target/debug/deps/libcfg_if-61dc7a6799e72b18.rlib" "/opt/rustwide/target/debug/deps/libdigest-d2ce14f9f274c614.rlib" "/opt/rustwide/target/debug/deps/libsubtle-2878f8213ac4aa38.rlib" "/opt/rustwide/target/debug/deps/libconst_oid-c8a247a7b7eb265f.rlib" "/opt/rustwide/target/debug/deps/libblock_buffer-5e59f5d26d2f973d.rlib" "/opt/rustwide/target/debug/deps/libcrypto_common-cab3786875b45b7a.rlib" "/opt/rustwide/target/debug/deps/libgeneric_array-02553e878c92486b.rlib" "/opt/rustwide/target/debug/deps/libtypenum-da95465dc70d2c95.rlib" "/opt/rustwide/target/debug/deps/libzeroize-6ee87dcf7a762ed8.rlib" "/opt/rustwide/target/debug/deps/libschemars-14dc4d50f0a167a6.rlib" "/opt/rustwide/target/debug/deps/libdyn_clone-9450e4caca538bf4.rlib" "/opt/rustwide/target/debug/deps/libserde_json-d551c03b996d25d5.rlib" "/opt/rustwide/target/debug/deps/libryu-5f304b1b6393964f.rlib" "/opt/rustwide/target/debug/deps/libitoa-5f181af53b99b92c.rlib" "/opt/rustwide/target/debug/deps/libserde-98d2aaf1c356c4c5.rlib" "/opt/rustwide/rustup-home/toolchains/1.75.0-x86_64-unknown-linux-gnu/lib/rustlib/x86_64-unknown-linux-gnu/lib/libstd-90f6ddbf82de36ec.rlib" "/opt/rustwide/rustup-home/toolchains/1.75.0-x86_64-unknown-linux-gnu/lib/rustlib/x86_64-unknown-linux-gnu/lib/libpanic_unwind-480c41e9d4e1f677.rlib" "/opt/rustwide/rustup-home/toolchains/1.75.0-x86_64-unknown-linux-gnu/lib/rustlib/x86_64-unknown-linux-gnu/lib/libobject-db744c0ca03eed1d.rlib" "/opt/rustwide/rustup-home/toolchains/1.75.0-x86_64-unknown-linux-gnu/lib/rustlib/x86_64-unknown-linux-gnu/lib/libmemchr-8ba652dc7d4b285a.rlib" "/opt/rustwide/rustup-home/toolchains/1.75.0-x86_64-unknown-linux-gnu/lib/rustlib/x86_64-unknown-linux-gnu/lib/libaddr2line-d5f4520a9ebc0d58.rlib" "/opt/rustwide/rustup-home/toolchains/1.75.0-x86_64-unknown-linux-gnu/lib/rustlib/x86_64-unknown-linux-gnu/lib/libgimli-4ad84de58f0cb463.rlib" "/opt/rustwide/rustup-home/toolchains/1.75.0-x86_64-unknown-linux-gnu/lib/rustlib/x86_64-unknown-linux-gnu/lib/librustc_demangle-0d10aae2e0f38735.rlib" "/opt/rustwide/rustup-home/toolchains/1.75.0-x86_64-unknown-linux-gnu/lib/rustlib/x86_64-unknown-linux-gnu/lib/libstd_detect-0c17cff739e6745b.rlib" "/opt/rustwide/rustup-home/toolchains/1.75.0-x86_64-unknown-linux-gnu/lib/rustlib/x86_64-unknown-linux-gnu/lib/libhashbrown-b29e17139dde1aa8.rlib" "/opt/rustwide/rustup-home/toolchains/1.75.0-x86_64-unknown-linux-gnu/lib/rustlib/x86_64-unknown-linux-gnu/lib/librustc_std_workspace_alloc-1f975299829cc7bd.rlib" "/opt/rustwide/rustup-home/toolchains/1.75.0-x86_64-unknown-linux-gnu/lib/rustlib/x86_64-unknown-linux-gnu/lib/libminiz_oxide-86bae3bc3079f89b.rlib" "/opt/rustwide/rustup-home/toolchains/1.75.0-x86_64-unknown-linux-gnu/lib/rustlib/x86_64-unknown-linux-gnu/lib/libadler-321b82c30dffdf5f.rlib" "/opt/rustwide/rustup-home/toolchains/1.75.0-x86_64-unknown-linux-gnu/lib/rustlib/x86_64-unknown-linux-gnu/lib/libunwind-3dd8a6810a0bdfef.rlib" "/opt/rustwide/rustup-home/toolchains/1.75.0-x86_64-unknown-linux-gnu/lib/rustlib/x86_64-unknown-linux-gnu/lib/libcfg_if-eb39a61c0c879984.rlib" "/opt/rustwide/rustup-home/toolchains/1.75.0-x86_64-unknown-linux-gnu/lib/rustlib/x86_64-unknown-linux-gnu/lib/liblibc-aa769569f91c3548.rlib" "/opt/rustwide/rustup-home/toolchains/1.75.0-x86_64-unknown-linux-gnu/lib/rustlib/x86_64-unknown-linux-gnu/lib/liballoc-510a192a50a983ed.rlib" "/opt/rustwide/rustup-home/toolchains/1.75.0-x86_64-unknown-linux-gnu/lib/rustlib/x86_64-unknown-linux-gnu/lib/librustc_std_workspace_core-0577018320f99037.rlib" "/opt/rustwide/rustup-home/toolchains/1.75.0-x86_64-unknown-linux-gnu/lib/rustlib/x86_64-unknown-linux-gnu/lib/libcore-193cf992125ccd4c.rlib" "/opt/rustwide/rustup-home/toolchains/1.75.0-x86_64-unknown-linux-gnu/lib/rustlib/x86_64-unknown-linux-gnu/lib/libcompiler_builtins-8e138eaf26ebb4a8.rlib" "-Wl,-Bdynamic" "-lc" "-lm" "-lrt" "-lpthread" "-lgcc_s" "-lutil" "-lrt" "-lpthread" "-lm" "-ldl" "-lc" "-Wl,--eh-frame-hdr" "-Wl,-z,noexecstack" "-L" "/opt/rustwide/rustup-home/toolchains/1.75.0-x86_64-unknown-linux-gnu/lib/rustlib/x86_64-unknown-linux-gnu/lib" "-o" "/tmp/rustdoctestOytjld/rust_out" "-Wl,--gc-sections" "-pie" "-Wl,-z,relro,-z,now" "-nodefaultlibs"
[INFO] [stdout]   = note: collect2: fatal error: ld terminated with signal 9 [Killed]
[INFO] [stdout]           compilation terminated.
[INFO] [stdout]           
[INFO] [stdout] 
[INFO] [stdout] error: aborting due to previous error
[INFO] [stdout] 
[INFO] [stdout] Couldn't compile the test.
[INFO] [stdout] ---- src/addons/api/bech32m.rs - addons::api::bech32m::MockApiBech32m::addr_humanize (line 76) stdout ----
[INFO] [stdout] error: linking with `cc` failed: exit status: 1
[INFO] [stdout]   |
[INFO] [stdout]   = note: LC_ALL="C" PATH="/opt/rustwide/rustup-home/toolchains/1.75.0-x86_64-unknown-linux-gnu/lib/rustlib/x86_64-unknown-linux-gnu/bin:/opt/rustwide/cargo-home/bin:/usr/local/sbin:/usr/local/bin:/usr/sbin:/usr/bin:/sbin:/bin" VSLANG="1033" "cc" "-m64" "/tmp/rustctylaTd/symbols.o" "/tmp/rustdoctestKhJSrQ/rust_out.rust_out.263fb70ac1c95110-cgu.0.rcgu.o" "/tmp/rustdoctestKhJSrQ/rust_out.2uel00cfmdh5ufit.rcgu.o" "-Wl,--as-needed" "-L" "/opt/rustwide/target/debug/deps" "-L" "/opt/rustwide/target/debug/deps" "-L" "/opt/rustwide/rustup-home/toolchains/1.75.0-x86_64-unknown-linux-gnu/lib/rustlib/x86_64-unknown-linux-gnu/lib" "-Wl,-Bstatic" "/opt/rustwide/target/debug/deps/libcw_multi_test-5c5887a182d63759.rlib" "/opt/rustwide/target/debug/deps/libprost-0c5f18b5db32ed51.rlib" "/opt/rustwide/target/debug/deps/libbytes-0304e5ce84a023bb.rlib" "/opt/rustwide/target/debug/deps/libanyhow-309ab2c875f40ec7.rlib" "/opt/rustwide/target/debug/deps/libitertools-d5032ed1dd75b47b.rlib" "/opt/rustwide/target/debug/deps/libeither-133233cc595b9fa0.rlib" "/opt/rustwide/target/debug/deps/libcw_utils-5d6d0cb392e6be1b.rlib" "/opt/rustwide/target/debug/deps/libcw2-14458953fcf838a9.rlib" "/opt/rustwide/target/debug/deps/libsemver-b1ba94f2f6280e11.rlib" "/opt/rustwide/target/debug/deps/libcosmwasm_schema-7c860cb20abef63d.rlib" "/opt/rustwide/target/debug/deps/libcw_storage_plus-9ad2ac2a12168490.rlib" "/opt/rustwide/target/debug/deps/libcosmwasm_std-766e28e5bba10068.rlib" "/opt/rustwide/target/debug/deps/libserde_json_wasm-c9ee20db72caeb78.rlib" "/opt/rustwide/target/debug/deps/libstatic_assertions-06b6572b5d394a0a.rlib" "/opt/rustwide/target/debug/deps/libbech32-516f765430a06e4b.rlib" "/opt/rustwide/target/debug/deps/libbnum-dc283d74cec448c9.rlib" "/opt/rustwide/target/debug/deps/libforward_ref-9c0ea7731177807a.rlib" "/opt/rustwide/target/debug/deps/libcosmwasm_crypto-1a8c69925cdc9c8e.rlib" "/opt/rustwide/target/debug/deps/libk256-5ebd32668b748ac8.rlib" "/opt/rustwide/target/debug/deps/libecdsa-7eb697d58dfad2cf.rlib" "/opt/rustwide/target/debug/deps/librfc6979-ee4bd562ae25a483.rlib" "/opt/rustwide/target/debug/deps/libhmac-69c95355a27c4a61.rlib" "/opt/rustwide/target/debug/deps/libsignature-19aa9b3604c8d4c3.rlib" "/opt/rustwide/target/debug/deps/libelliptic_curve-0e527aa49135394c.rlib" "/opt/rustwide/target/debug/deps/libpkcs8-45727c515dcf9e2f.rlib" "/opt/rustwide/target/debug/deps/libspki-ea8fef2d4b42aaf7.rlib" "/opt/rustwide/target/debug/deps/libsec1-49365ea752550545.rlib" "/opt/rustwide/target/debug/deps/libder-6f663d800d8d3488.rlib" "/opt/rustwide/target/debug/deps/libcrypto_bigint-04fb5c253b32fdac.rlib" "/opt/rustwide/target/debug/deps/libbase16ct-5a39198f00022b13.rlib" "/opt/rustwide/target/debug/deps/libgroup-abf4b2f1af9229be.rlib" "/opt/rustwide/target/debug/deps/libff-6ae394a81e415ea9.rlib" "/opt/rustwide/target/debug/deps/libed25519_zebra-f24d1f5ca82aeddb.rlib" "/opt/rustwide/target/debug/deps/libhex-05644b5497b79c5b.rlib" "/opt/rustwide/target/debug/deps/libsha2-b3e8beb63d25bac7.rlib" "/opt/rustwide/target/debug/deps/libopaque_debug-15273823c1ba1453.rlib" "/opt/rustwide/target/debug/deps/libblock_buffer-c3a9d5a588a6d633.rlib" "/opt/rustwide/target/debug/deps/librand_core-6fa27236058cb8c8.rlib" "/opt/rustwide/target/debug/deps/libhashbrown-47428a7dcac053d9.rlib" "/opt/rustwide/target/debug/deps/libahash-3385b06ce3fe8bde.rlib" "/opt/rustwide/target/debug/deps/libgetrandom-c78bd293558182e6.rlib" "/opt/rustwide/target/debug/deps/liblibc-b911f0b3efb8300e.rlib" "/opt/rustwide/target/debug/deps/libonce_cell-63be820ac0ed0954.rlib" "/opt/rustwide/target/debug/deps/libcurve25519_dalek-60d2b1a133c4a2a9.rlib" "/opt/rustwide/target/debug/deps/librand_core-f26e923223cac036.rlib" "/opt/rustwide/target/debug/deps/libdigest-bb4faab652a43f62.rlib" "/opt/rustwide/target/debug/deps/libbyteorder-9cfef299f4e51c39.rlib" "/opt/rustwide/target/debug/deps/libbase64-c757f6e1d18850a5.rlib" "/opt/rustwide/target/debug/deps/libthiserror-37863dc5ca039736.rlib" "/opt/rustwide/target/debug/deps/libsha2-f1124b5372475e5d.rlib" "/opt/rustwide/target/debug/deps/libcpufeatures-b8d9ed5bb45874e9.rlib" "/opt/rustwide/target/debug/deps/libcfg_if-61dc7a6799e72b18.rlib" "/opt/rustwide/target/debug/deps/libdigest-d2ce14f9f274c614.rlib" "/opt/rustwide/target/debug/deps/libsubtle-2878f8213ac4aa38.rlib" "/opt/rustwide/target/debug/deps/libconst_oid-c8a247a7b7eb265f.rlib" "/opt/rustwide/target/debug/deps/libblock_buffer-5e59f5d26d2f973d.rlib" "/opt/rustwide/target/debug/deps/libcrypto_common-cab3786875b45b7a.rlib" "/opt/rustwide/target/debug/deps/libgeneric_array-02553e878c92486b.rlib" "/opt/rustwide/target/debug/deps/libtypenum-da95465dc70d2c95.rlib" "/opt/rustwide/target/debug/deps/libzeroize-6ee87dcf7a762ed8.rlib" "/opt/rustwide/target/debug/deps/libschemars-14dc4d50f0a167a6.rlib" "/opt/rustwide/target/debug/deps/libdyn_clone-9450e4caca538bf4.rlib" "/opt/rustwide/target/debug/deps/libserde_json-d551c03b996d25d5.rlib" "/opt/rustwide/target/debug/deps/libryu-5f304b1b6393964f.rlib" "/opt/rustwide/target/debug/deps/libitoa-5f181af53b99b92c.rlib" "/opt/rustwide/target/debug/deps/libserde-98d2aaf1c356c4c5.rlib" "/opt/rustwide/rustup-home/toolchains/1.75.0-x86_64-unknown-linux-gnu/lib/rustlib/x86_64-unknown-linux-gnu/lib/libstd-90f6ddbf82de36ec.rlib" "/opt/rustwide/rustup-home/toolchains/1.75.0-x86_64-unknown-linux-gnu/lib/rustlib/x86_64-unknown-linux-gnu/lib/libpanic_unwind-480c41e9d4e1f677.rlib" "/opt/rustwide/rustup-home/toolchains/1.75.0-x86_64-unknown-linux-gnu/lib/rustlib/x86_64-unknown-linux-gnu/lib/libobject-db744c0ca03eed1d.rlib" "/opt/rustwide/rustup-home/toolchains/1.75.0-x86_64-unknown-linux-gnu/lib/rustlib/x86_64-unknown-linux-gnu/lib/libmemchr-8ba652dc7d4b285a.rlib" "/opt/rustwide/rustup-home/toolchains/1.75.0-x86_64-unknown-linux-gnu/lib/rustlib/x86_64-unknown-linux-gnu/lib/libaddr2line-d5f4520a9ebc0d58.rlib" "/opt/rustwide/rustup-home/toolchains/1.75.0-x86_64-unknown-linux-gnu/lib/rustlib/x86_64-unknown-linux-gnu/lib/libgimli-4ad84de58f0cb463.rlib" "/opt/rustwide/rustup-home/toolchains/1.75.0-x86_64-unknown-linux-gnu/lib/rustlib/x86_64-unknown-linux-gnu/lib/librustc_demangle-0d10aae2e0f38735.rlib" "/opt/rustwide/rustup-home/toolchains/1.75.0-x86_64-unknown-linux-gnu/lib/rustlib/x86_64-unknown-linux-gnu/lib/libstd_detect-0c17cff739e6745b.rlib" "/opt/rustwide/rustup-home/toolchains/1.75.0-x86_64-unknown-linux-gnu/lib/rustlib/x86_64-unknown-linux-gnu/lib/libhashbrown-b29e17139dde1aa8.rlib" "/opt/rustwide/rustup-home/toolchains/1.75.0-x86_64-unknown-linux-gnu/lib/rustlib/x86_64-unknown-linux-gnu/lib/librustc_std_workspace_alloc-1f975299829cc7bd.rlib" "/opt/rustwide/rustup-home/toolchains/1.75.0-x86_64-unknown-linux-gnu/lib/rustlib/x86_64-unknown-linux-gnu/lib/libminiz_oxide-86bae3bc3079f89b.rlib" "/opt/rustwide/rustup-home/toolchains/1.75.0-x86_64-unknown-linux-gnu/lib/rustlib/x86_64-unknown-linux-gnu/lib/libadler-321b82c30dffdf5f.rlib" "/opt/rustwide/rustup-home/toolchains/1.75.0-x86_64-unknown-linux-gnu/lib/rustlib/x86_64-unknown-linux-gnu/lib/libunwind-3dd8a6810a0bdfef.rlib" "/opt/rustwide/rustup-home/toolchains/1.75.0-x86_64-unknown-linux-gnu/lib/rustlib/x86_64-unknown-linux-gnu/lib/libcfg_if-eb39a61c0c879984.rlib" "/opt/rustwide/rustup-home/toolchains/1.75.0-x86_64-unknown-linux-gnu/lib/rustlib/x86_64-unknown-linux-gnu/lib/liblibc-aa769569f91c3548.rlib" "/opt/rustwide/rustup-home/toolchains/1.75.0-x86_64-unknown-linux-gnu/lib/rustlib/x86_64-unknown-linux-gnu/lib/liballoc-510a192a50a983ed.rlib" "/opt/rustwide/rustup-home/toolchains/1.75.0-x86_64-unknown-linux-gnu/lib/rustlib/x86_64-unknown-linux-gnu/lib/librustc_std_workspace_core-0577018320f99037.rlib" "/opt/rustwide/rustup-home/toolchains/1.75.0-x86_64-unknown-linux-gnu/lib/rustlib/x86_64-unknown-linux-gnu/lib/libcore-193cf992125ccd4c.rlib" "/opt/rustwide/rustup-home/toolchains/1.75.0-x86_64-unknown-linux-gnu/lib/rustlib/x86_64-unknown-linux-gnu/lib/libcompiler_builtins-8e138eaf26ebb4a8.rlib" "-Wl,-Bdynamic" "-lc" "-lm" "-lrt" "-lpthread" "-lgcc_s" "-lutil" "-lrt" "-lpthread" "-lm" "-ldl" "-lc" "-Wl,--eh-frame-hdr" "-Wl,-z,noexecstack" "-L" "/opt/rustwide/rustup-home/toolchains/1.75.0-x86_64-unknown-linux-gnu/lib/rustlib/x86_64-unknown-linux-gnu/lib" "-o" "/tmp/rustdoctestKhJSrQ/rust_out" "-Wl,--gc-sections" "-pie" "-Wl,-z,relro,-z,now" "-nodefaultlibs"
[INFO] [stdout]   = note: collect2: fatal error: ld terminated with signal 9 [Killed]
[INFO] [stdout]           compilation terminated.
[INFO] [stdout]           
[INFO] [stdout] 
[INFO] [stdout] error: aborting due to previous error
[INFO] [stdout] 
[INFO] [stdout] Couldn't compile the test.
[INFO] [stdout] ---- src/addons/addresses/mock.rs - addons::addresses::mock::MockAddressGenerator::contract_address (line 43) stdout ----
[INFO] [stdout] error: linking with `cc` failed: exit status: 1
[INFO] [stdout]   |
[INFO] [stdout]   = note: LC_ALL="C" PATH="/opt/rustwide/rustup-home/toolchains/1.75.0-x86_64-unknown-linux-gnu/lib/rustlib/x86_64-unknown-linux-gnu/bin:/opt/rustwide/cargo-home/bin:/usr/local/sbin:/usr/local/bin:/usr/sbin:/usr/bin:/sbin:/bin" VSLANG="1033" "cc" "-m64" "/tmp/rustcbphoDP/symbols.o" "/tmp/rustdoctestZ3ccG7/rust_out.rust_out.263fb70ac1c95110-cgu.0.rcgu.o" "/tmp/rustdoctestZ3ccG7/rust_out.2uel00cfmdh5ufit.rcgu.o" "-Wl,--as-needed" "-L" "/opt/rustwide/target/debug/deps" "-L" "/opt/rustwide/target/debug/deps" "-L" "/opt/rustwide/rustup-home/toolchains/1.75.0-x86_64-unknown-linux-gnu/lib/rustlib/x86_64-unknown-linux-gnu/lib" "-Wl,-Bstatic" "/opt/rustwide/target/debug/deps/libcw_multi_test-5c5887a182d63759.rlib" "/opt/rustwide/target/debug/deps/libprost-0c5f18b5db32ed51.rlib" "/opt/rustwide/target/debug/deps/libbytes-0304e5ce84a023bb.rlib" "/opt/rustwide/target/debug/deps/libanyhow-309ab2c875f40ec7.rlib" "/opt/rustwide/target/debug/deps/libitertools-d5032ed1dd75b47b.rlib" "/opt/rustwide/target/debug/deps/libeither-133233cc595b9fa0.rlib" "/opt/rustwide/target/debug/deps/libcw_utils-5d6d0cb392e6be1b.rlib" "/opt/rustwide/target/debug/deps/libcw2-14458953fcf838a9.rlib" "/opt/rustwide/target/debug/deps/libsemver-b1ba94f2f6280e11.rlib" "/opt/rustwide/target/debug/deps/libcosmwasm_schema-7c860cb20abef63d.rlib" "/opt/rustwide/target/debug/deps/libcw_storage_plus-9ad2ac2a12168490.rlib" "/opt/rustwide/target/debug/deps/libcosmwasm_std-766e28e5bba10068.rlib" "/opt/rustwide/target/debug/deps/libserde_json_wasm-c9ee20db72caeb78.rlib" "/opt/rustwide/target/debug/deps/libstatic_assertions-06b6572b5d394a0a.rlib" "/opt/rustwide/target/debug/deps/libbech32-516f765430a06e4b.rlib" "/opt/rustwide/target/debug/deps/libbnum-dc283d74cec448c9.rlib" "/opt/rustwide/target/debug/deps/libforward_ref-9c0ea7731177807a.rlib" "/opt/rustwide/target/debug/deps/libcosmwasm_crypto-1a8c69925cdc9c8e.rlib" "/opt/rustwide/target/debug/deps/libk256-5ebd32668b748ac8.rlib" "/opt/rustwide/target/debug/deps/libecdsa-7eb697d58dfad2cf.rlib" "/opt/rustwide/target/debug/deps/librfc6979-ee4bd562ae25a483.rlib" "/opt/rustwide/target/debug/deps/libhmac-69c95355a27c4a61.rlib" "/opt/rustwide/target/debug/deps/libsignature-19aa9b3604c8d4c3.rlib" "/opt/rustwide/target/debug/deps/libelliptic_curve-0e527aa49135394c.rlib" "/opt/rustwide/target/debug/deps/libpkcs8-45727c515dcf9e2f.rlib" "/opt/rustwide/target/debug/deps/libspki-ea8fef2d4b42aaf7.rlib" "/opt/rustwide/target/debug/deps/libsec1-49365ea752550545.rlib" "/opt/rustwide/target/debug/deps/libder-6f663d800d8d3488.rlib" "/opt/rustwide/target/debug/deps/libcrypto_bigint-04fb5c253b32fdac.rlib" "/opt/rustwide/target/debug/deps/libbase16ct-5a39198f00022b13.rlib" "/opt/rustwide/target/debug/deps/libgroup-abf4b2f1af9229be.rlib" "/opt/rustwide/target/debug/deps/libff-6ae394a81e415ea9.rlib" "/opt/rustwide/target/debug/deps/libed25519_zebra-f24d1f5ca82aeddb.rlib" "/opt/rustwide/target/debug/deps/libhex-05644b5497b79c5b.rlib" "/opt/rustwide/target/debug/deps/libsha2-b3e8beb63d25bac7.rlib" "/opt/rustwide/target/debug/deps/libopaque_debug-15273823c1ba1453.rlib" "/opt/rustwide/target/debug/deps/libblock_buffer-c3a9d5a588a6d633.rlib" "/opt/rustwide/target/debug/deps/librand_core-6fa27236058cb8c8.rlib" "/opt/rustwide/target/debug/deps/libhashbrown-47428a7dcac053d9.rlib" "/opt/rustwide/target/debug/deps/libahash-3385b06ce3fe8bde.rlib" "/opt/rustwide/target/debug/deps/libgetrandom-c78bd293558182e6.rlib" "/opt/rustwide/target/debug/deps/liblibc-b911f0b3efb8300e.rlib" "/opt/rustwide/target/debug/deps/libonce_cell-63be820ac0ed0954.rlib" "/opt/rustwide/target/debug/deps/libcurve25519_dalek-60d2b1a133c4a2a9.rlib" "/opt/rustwide/target/debug/deps/librand_core-f26e923223cac036.rlib" "/opt/rustwide/target/debug/deps/libdigest-bb4faab652a43f62.rlib" "/opt/rustwide/target/debug/deps/libbyteorder-9cfef299f4e51c39.rlib" "/opt/rustwide/target/debug/deps/libbase64-c757f6e1d18850a5.rlib" "/opt/rustwide/target/debug/deps/libthiserror-37863dc5ca039736.rlib" "/opt/rustwide/target/debug/deps/libsha2-f1124b5372475e5d.rlib" "/opt/rustwide/target/debug/deps/libcpufeatures-b8d9ed5bb45874e9.rlib" "/opt/rustwide/target/debug/deps/libcfg_if-61dc7a6799e72b18.rlib" "/opt/rustwide/target/debug/deps/libdigest-d2ce14f9f274c614.rlib" "/opt/rustwide/target/debug/deps/libsubtle-2878f8213ac4aa38.rlib" "/opt/rustwide/target/debug/deps/libconst_oid-c8a247a7b7eb265f.rlib" "/opt/rustwide/target/debug/deps/libblock_buffer-5e59f5d26d2f973d.rlib" "/opt/rustwide/target/debug/deps/libcrypto_common-cab3786875b45b7a.rlib" "/opt/rustwide/target/debug/deps/libgeneric_array-02553e878c92486b.rlib" "/opt/rustwide/target/debug/deps/libtypenum-da95465dc70d2c95.rlib" "/opt/rustwide/target/debug/deps/libzeroize-6ee87dcf7a762ed8.rlib" "/opt/rustwide/target/debug/deps/libschemars-14dc4d50f0a167a6.rlib" "/opt/rustwide/target/debug/deps/libdyn_clone-9450e4caca538bf4.rlib" "/opt/rustwide/target/debug/deps/libserde_json-d551c03b996d25d5.rlib" "/opt/rustwide/target/debug/deps/libryu-5f304b1b6393964f.rlib" "/opt/rustwide/target/debug/deps/libitoa-5f181af53b99b92c.rlib" "/opt/rustwide/target/debug/deps/libserde-98d2aaf1c356c4c5.rlib" "/opt/rustwide/rustup-home/toolchains/1.75.0-x86_64-unknown-linux-gnu/lib/rustlib/x86_64-unknown-linux-gnu/lib/libstd-90f6ddbf82de36ec.rlib" "/opt/rustwide/rustup-home/toolchains/1.75.0-x86_64-unknown-linux-gnu/lib/rustlib/x86_64-unknown-linux-gnu/lib/libpanic_unwind-480c41e9d4e1f677.rlib" "/opt/rustwide/rustup-home/toolchains/1.75.0-x86_64-unknown-linux-gnu/lib/rustlib/x86_64-unknown-linux-gnu/lib/libobject-db744c0ca03eed1d.rlib" "/opt/rustwide/rustup-home/toolchains/1.75.0-x86_64-unknown-linux-gnu/lib/rustlib/x86_64-unknown-linux-gnu/lib/libmemchr-8ba652dc7d4b285a.rlib" "/opt/rustwide/rustup-home/toolchains/1.75.0-x86_64-unknown-linux-gnu/lib/rustlib/x86_64-unknown-linux-gnu/lib/libaddr2line-d5f4520a9ebc0d58.rlib" "/opt/rustwide/rustup-home/toolchains/1.75.0-x86_64-unknown-linux-gnu/lib/rustlib/x86_64-unknown-linux-gnu/lib/libgimli-4ad84de58f0cb463.rlib" "/opt/rustwide/rustup-home/toolchains/1.75.0-x86_64-unknown-linux-gnu/lib/rustlib/x86_64-unknown-linux-gnu/lib/librustc_demangle-0d10aae2e0f38735.rlib" "/opt/rustwide/rustup-home/toolchains/1.75.0-x86_64-unknown-linux-gnu/lib/rustlib/x86_64-unknown-linux-gnu/lib/libstd_detect-0c17cff739e6745b.rlib" "/opt/rustwide/rustup-home/toolchains/1.75.0-x86_64-unknown-linux-gnu/lib/rustlib/x86_64-unknown-linux-gnu/lib/libhashbrown-b29e17139dde1aa8.rlib" "/opt/rustwide/rustup-home/toolchains/1.75.0-x86_64-unknown-linux-gnu/lib/rustlib/x86_64-unknown-linux-gnu/lib/librustc_std_workspace_alloc-1f975299829cc7bd.rlib" "/opt/rustwide/rustup-home/toolchains/1.75.0-x86_64-unknown-linux-gnu/lib/rustlib/x86_64-unknown-linux-gnu/lib/libminiz_oxide-86bae3bc3079f89b.rlib" "/opt/rustwide/rustup-home/toolchains/1.75.0-x86_64-unknown-linux-gnu/lib/rustlib/x86_64-unknown-linux-gnu/lib/libadler-321b82c30dffdf5f.rlib" "/opt/rustwide/rustup-home/toolchains/1.75.0-x86_64-unknown-linux-gnu/lib/rustlib/x86_64-unknown-linux-gnu/lib/libunwind-3dd8a6810a0bdfef.rlib" "/opt/rustwide/rustup-home/toolchains/1.75.0-x86_64-unknown-linux-gnu/lib/rustlib/x86_64-unknown-linux-gnu/lib/libcfg_if-eb39a61c0c879984.rlib" "/opt/rustwide/rustup-home/toolchains/1.75.0-x86_64-unknown-linux-gnu/lib/rustlib/x86_64-unknown-linux-gnu/lib/liblibc-aa769569f91c3548.rlib" "/opt/rustwide/rustup-home/toolchains/1.75.0-x86_64-unknown-linux-gnu/lib/rustlib/x86_64-unknown-linux-gnu/lib/liballoc-510a192a50a983ed.rlib" "/opt/rustwide/rustup-home/toolchains/1.75.0-x86_64-unknown-linux-gnu/lib/rustlib/x86_64-unknown-linux-gnu/lib/librustc_std_workspace_core-0577018320f99037.rlib" "/opt/rustwide/rustup-home/toolchains/1.75.0-x86_64-unknown-linux-gnu/lib/rustlib/x86_64-unknown-linux-gnu/lib/libcore-193cf992125ccd4c.rlib" "/opt/rustwide/rustup-home/toolchains/1.75.0-x86_64-unknown-linux-gnu/lib/rustlib/x86_64-unknown-linux-gnu/lib/libcompiler_builtins-8e138eaf26ebb4a8.rlib" "-Wl,-Bdynamic" "-lc" "-lm" "-lrt" "-lpthread" "-lgcc_s" "-lutil" "-lrt" "-lpthread" "-lm" "-ldl" "-lc" "-Wl,--eh-frame-hdr" "-Wl,-z,noexecstack" "-L" "/opt/rustwide/rustup-home/toolchains/1.75.0-x86_64-unknown-linux-gnu/lib/rustlib/x86_64-unknown-linux-gnu/lib" "-o" "/tmp/rustdoctestZ3ccG7/rust_out" "-Wl,--gc-sections" "-pie" "-Wl,-z,relro,-z,now" "-nodefaultlibs"
[INFO] [stdout]   = note: collect2: fatal error: ld terminated with signal 9 [Killed]
[INFO] [stdout]           compilation terminated.
[INFO] [stdout]           
[INFO] [stdout] 
[INFO] [stdout] error: aborting due to previous error
[INFO] [stdout] 
[INFO] [stdout] Couldn't compile the test.
[INFO] [stdout] 
[INFO] [stdout] failures:
[INFO] [stdout]     src/addons/addresses/mock.rs - addons::addresses::mock::MockAddressGenerator::contract_address (line 43)
[INFO] [stdout]     src/addons/api/bech32.rs - addons::api::bech32::MockApiBech32::addr_canonicalize (line 72)
[INFO] [stdout]     src/addons/api/bech32m.rs - addons::api::bech32m::MockApiBech32m::addr_canonicalize (line 55)
[INFO] [stdout]     src/addons/api/bech32m.rs - addons::api::bech32m::MockApiBech32m::addr_humanize (line 76)
[INFO] [stdout]     src/addons/api/bech32m.rs - addons::api::bech32m::MockApiBech32m::new (line 17)
[INFO] [stdout] 
[INFO] [stdout] test result: FAILED. 11 passed; 5 failed; 0 ignored; 0 measured; 0 filtered out; finished in 4.37s
[INFO] [stdout] 
[INFO] [stderr] error: doctest failed, to rerun pass `--doc`
[INFO] running `Command { std: "docker" "inspect" "bcf7e6db6fdef178842c5efd356cd1b59140ad78864c6dd516634d9081ce303d", kill_on_drop: false }`
[INFO] running `Command { std: "docker" "rm" "-f" "bcf7e6db6fdef178842c5efd356cd1b59140ad78864c6dd516634d9081ce303d", kill_on_drop: false }`
[INFO] [stdout] bcf7e6db6fdef178842c5efd356cd1b59140ad78864c6dd516634d9081ce303d
[INFO] testing cw-multi-test-0.19.0 against beta-2023-12-22 for beta-1.76-1
[INFO] extracting crate cw-multi-test 0.19.0 into /workspace/builds/worker-0-tc2/source
[INFO] validating manifest of crates.io crate cw-multi-test 0.19.0 on toolchain beta-2023-12-22
[INFO] running `Command { std: CARGO_HOME="/workspace/cargo-home" RUSTUP_HOME="/workspace/rustup-home" "/workspace/cargo-home/bin/cargo" "+beta-2023-12-22" "metadata" "--manifest-path" "Cargo.toml" "--no-deps", kill_on_drop: false }`
[INFO] started tweaking crates.io crate cw-multi-test 0.19.0
[INFO] finished tweaking crates.io crate cw-multi-test 0.19.0
[INFO] tweaked toml for crates.io crate cw-multi-test 0.19.0 written to /workspace/builds/worker-0-tc2/source/Cargo.toml
[INFO] running `Command { std: CARGO_HOME="/workspace/cargo-home" RUSTUP_HOME="/workspace/rustup-home" "/workspace/cargo-home/bin/cargo" "+beta-2023-12-22" "generate-lockfile" "--manifest-path" "Cargo.toml", kill_on_drop: false }`
[INFO] [stderr]     Updating crates.io index
[INFO] running `Command { std: CARGO_HOME="/workspace/cargo-home" RUSTUP_HOME="/workspace/rustup-home" "/workspace/cargo-home/bin/cargo" "+beta-2023-12-22" "fetch" "--manifest-path" "Cargo.toml", kill_on_drop: false }`
[INFO] running `Command { std: "docker" "create" "-v" "/var/lib/crater-agent-workspace/builds/worker-0-tc2/target:/opt/rustwide/target:rw,Z" "-v" "/var/lib/crater-agent-workspace/builds/worker-0-tc2/source:/opt/rustwide/workdir:ro,Z" "-v" "/var/lib/crater-agent-workspace/cargo-home:/opt/rustwide/cargo-home:ro,Z" "-v" "/var/lib/crater-agent-workspace/rustup-home:/opt/rustwide/rustup-home:ro,Z" "-e" "SOURCE_DIR=/opt/rustwide/workdir" "-e" "CARGO_TARGET_DIR=/opt/rustwide/target" "-e" "CARGO_HOME=/opt/rustwide/cargo-home" "-e" "RUSTUP_HOME=/opt/rustwide/rustup-home" "-w" "/opt/rustwide/workdir" "-m" "1610612736" "--user" "0:0" "--network" "none" "ghcr.io/rust-lang/crates-build-env/linux@sha256:2788e3201cd34a07e3172128adcd8b3090168a8e3bcc40d7c032b9dda1df7d1c" "/opt/rustwide/cargo-home/bin/cargo" "+beta-2023-12-22" "metadata" "--no-deps" "--format-version=1", kill_on_drop: false }`
[INFO] [stdout] 1db20e92bf3d10c52cc0398d1e66e8f4869c3f2e221626a9feeae7fb877bc49e
[INFO] running `Command { std: "docker" "start" "-a" "1db20e92bf3d10c52cc0398d1e66e8f4869c3f2e221626a9feeae7fb877bc49e", kill_on_drop: false }`
[INFO] running `Command { std: "docker" "inspect" "1db20e92bf3d10c52cc0398d1e66e8f4869c3f2e221626a9feeae7fb877bc49e", kill_on_drop: false }`
[INFO] running `Command { std: "docker" "rm" "-f" "1db20e92bf3d10c52cc0398d1e66e8f4869c3f2e221626a9feeae7fb877bc49e", kill_on_drop: false }`
[INFO] [stdout] 1db20e92bf3d10c52cc0398d1e66e8f4869c3f2e221626a9feeae7fb877bc49e
[INFO] running `Command { std: "docker" "create" "-v" "/var/lib/crater-agent-workspace/builds/worker-0-tc2/target:/opt/rustwide/target:rw,Z" "-v" "/var/lib/crater-agent-workspace/builds/worker-0-tc2/source:/opt/rustwide/workdir:ro,Z" "-v" "/var/lib/crater-agent-workspace/cargo-home:/opt/rustwide/cargo-home:ro,Z" "-v" "/var/lib/crater-agent-workspace/rustup-home:/opt/rustwide/rustup-home:ro,Z" "-e" "SOURCE_DIR=/opt/rustwide/workdir" "-e" "CARGO_TARGET_DIR=/opt/rustwide/target" "-e" "CARGO_INCREMENTAL=0" "-e" "RUST_BACKTRACE=full" "-e" "RUSTFLAGS=--cap-lints=warn" "-e" "RUSTDOCFLAGS=--cap-lints=warn" "-e" "CARGO_HOME=/opt/rustwide/cargo-home" "-e" "RUSTUP_HOME=/opt/rustwide/rustup-home" "-w" "/opt/rustwide/workdir" "-m" "1610612736" "--user" "0:0" "--network" "none" "ghcr.io/rust-lang/crates-build-env/linux@sha256:2788e3201cd34a07e3172128adcd8b3090168a8e3bcc40d7c032b9dda1df7d1c" "/opt/rustwide/cargo-home/bin/cargo" "+beta-2023-12-22" "build" "--frozen" "--message-format=json", kill_on_drop: false }`
[INFO] [stdout] 30cbf751ebf1d919dc5c46246d0bf6e1f06084734d9f9b36951c9215a8bc8c27
[INFO] running `Command { std: "docker" "start" "-a" "30cbf751ebf1d919dc5c46246d0bf6e1f06084734d9f9b36951c9215a8bc8c27", kill_on_drop: false }`
[INFO] [stderr]    Compiling zeroize v1.7.0
[INFO] [stderr]    Compiling generic-array v0.14.7
[INFO] [stderr]    Compiling subtle v2.5.0
[INFO] [stderr]    Compiling const-oid v0.9.6
[INFO] [stderr]    Compiling libc v0.2.151
[INFO] [stderr]    Compiling syn v1.0.109
[INFO] [stderr]    Compiling once_cell v1.19.0
[INFO] [stderr]    Compiling base16ct v0.2.0
[INFO] [stderr]    Compiling schemars v0.8.16
[INFO] [stderr]    Compiling dyn-clone v1.0.16
[INFO] [stderr]    Compiling bnum v0.8.1
[INFO] [stderr]    Compiling syn v2.0.48
[INFO] [stderr]    Compiling forward_ref v1.0.0
[INFO] [stderr]    Compiling bech32 v0.9.1
[INFO] [stderr]    Compiling semver v1.0.21
[INFO] [stderr]    Compiling either v1.9.0
[INFO] [stderr]    Compiling bytes v1.5.0
[INFO] [stderr]    Compiling der v0.7.8
[INFO] [stderr]    Compiling itertools v0.11.0
[INFO] [stderr]    Compiling itertools v0.12.0
[INFO] [stderr]    Compiling getrandom v0.2.11
[INFO] [stderr]    Compiling rand_core v0.6.4
[INFO] [stderr]    Compiling ahash v0.7.7
[INFO] [stderr]    Compiling block-buffer v0.10.4
[INFO] [stderr]    Compiling crypto-common v0.1.6
[INFO] [stderr]    Compiling digest v0.9.0
[INFO] [stderr]    Compiling block-buffer v0.9.0
[INFO] [stderr]    Compiling curve25519-dalek v3.2.0
[INFO] [stderr]    Compiling digest v0.10.7
[INFO] [stderr]    Compiling sha2 v0.9.9
[INFO] [stderr]    Compiling ff v0.13.0
[INFO] [stderr]    Compiling crypto-bigint v0.5.5
[INFO] [stderr]    Compiling hashbrown v0.12.3
[INFO] [stderr]    Compiling group v0.13.0
[INFO] [stderr]    Compiling hmac v0.12.1
[INFO] [stderr]    Compiling signature v2.2.0
[INFO] [stderr]    Compiling sha2 v0.10.8
[INFO] [stderr]    Compiling rfc6979 v0.4.0
[INFO] [stderr]    Compiling spki v0.7.3
[INFO] [stderr]    Compiling sec1 v0.7.3
[INFO] [stderr]    Compiling pkcs8 v0.10.2
[INFO] [stderr]    Compiling elliptic-curve v0.13.8
[INFO] [stderr]    Compiling serde_derive v1.0.194
[INFO] [stderr]    Compiling thiserror-impl v1.0.56
[INFO] [stderr]    Compiling prost-derive v0.12.3
[INFO] [stderr]    Compiling ecdsa v0.16.9
[INFO] [stderr]    Compiling k256 v0.13.2
[INFO] [stderr]    Compiling serde_derive_internals v0.26.0
[INFO] [stderr]    Compiling thiserror v1.0.56
[INFO] [stderr]    Compiling prost v0.12.3
[INFO] [stderr]    Compiling schemars_derive v0.8.16
[INFO] [stderr]    Compiling cosmwasm-derive v1.5.0
[INFO] [stderr]    Compiling derivative v2.2.0
[INFO] [stderr]    Compiling cosmwasm-schema-derive v1.5.0
[INFO] [stderr]    Compiling serde v1.0.194
[INFO] [stderr]    Compiling serde_json v1.0.111
[INFO] [stderr]    Compiling ed25519-zebra v3.1.0
[INFO] [stderr]    Compiling serde-json-wasm v0.5.1
[INFO] [stderr]    Compiling cosmwasm-crypto v1.5.0
[INFO] [stderr]    Compiling cosmwasm-std v1.5.0
[INFO] [stderr]    Compiling cosmwasm-schema v1.5.0
[INFO] [stderr]    Compiling cw-storage-plus v1.2.0
[INFO] [stderr]    Compiling cw2 v1.1.2
[INFO] [stderr]    Compiling cw-utils v1.0.3
[INFO] [stderr]    Compiling cw-multi-test v0.19.0 (/opt/rustwide/workdir)
[INFO] [stderr]     Finished dev [unoptimized + debuginfo] target(s) in 13.58s
[INFO] running `Command { std: "docker" "inspect" "30cbf751ebf1d919dc5c46246d0bf6e1f06084734d9f9b36951c9215a8bc8c27", kill_on_drop: false }`
[INFO] running `Command { std: "docker" "rm" "-f" "30cbf751ebf1d919dc5c46246d0bf6e1f06084734d9f9b36951c9215a8bc8c27", kill_on_drop: false }`
[INFO] [stdout] 30cbf751ebf1d919dc5c46246d0bf6e1f06084734d9f9b36951c9215a8bc8c27
[INFO] running `Command { std: "docker" "create" "-v" "/var/lib/crater-agent-workspace/builds/worker-0-tc2/target:/opt/rustwide/target:rw,Z" "-v" "/var/lib/crater-agent-workspace/builds/worker-0-tc2/source:/opt/rustwide/workdir:ro,Z" "-v" "/var/lib/crater-agent-workspace/cargo-home:/opt/rustwide/cargo-home:ro,Z" "-v" "/var/lib/crater-agent-workspace/rustup-home:/opt/rustwide/rustup-home:ro,Z" "-e" "SOURCE_DIR=/opt/rustwide/workdir" "-e" "CARGO_TARGET_DIR=/opt/rustwide/target" "-e" "CARGO_INCREMENTAL=0" "-e" "RUST_BACKTRACE=full" "-e" "RUSTFLAGS=--cap-lints=warn" "-e" "RUSTDOCFLAGS=--cap-lints=warn" "-e" "CARGO_HOME=/opt/rustwide/cargo-home" "-e" "RUSTUP_HOME=/opt/rustwide/rustup-home" "-w" "/opt/rustwide/workdir" "-m" "1610612736" "--user" "0:0" "--network" "none" "ghcr.io/rust-lang/crates-build-env/linux@sha256:2788e3201cd34a07e3172128adcd8b3090168a8e3bcc40d7c032b9dda1df7d1c" "/opt/rustwide/cargo-home/bin/cargo" "+beta-2023-12-22" "test" "--frozen" "--no-run" "--message-format=json", kill_on_drop: false }`
[INFO] [stdout] 8ddb3c5f8a2d75ddbec57ad8b2ac75ce50f70f0818e6fcc28e4c2c71632b6e3c
[INFO] running `Command { std: "docker" "start" "-a" "8ddb3c5f8a2d75ddbec57ad8b2ac75ce50f70f0818e6fcc28e4c2c71632b6e3c", kill_on_drop: false }`
[INFO] [stderr]    Compiling hex-literal v0.4.1
[INFO] [stderr]    Compiling ahash v0.7.7
[INFO] [stderr]    Compiling k256 v0.13.2
[INFO] [stderr]    Compiling hashbrown v0.12.3
[INFO] [stderr]    Compiling ed25519-zebra v3.1.0
[INFO] [stderr]    Compiling cosmwasm-crypto v1.5.0
[INFO] [stderr]    Compiling cosmwasm-std v1.5.0
[INFO] [stderr]    Compiling cw-storage-plus v1.2.0
[INFO] [stderr]    Compiling cw2 v1.1.2
[INFO] [stderr]    Compiling cw-utils v1.0.3
[INFO] [stderr]    Compiling cw-multi-test v0.19.0 (/opt/rustwide/workdir)
[INFO] [stderr]     Finished test [unoptimized + debuginfo] target(s) in 10.96s
[INFO] running `Command { std: "docker" "inspect" "8ddb3c5f8a2d75ddbec57ad8b2ac75ce50f70f0818e6fcc28e4c2c71632b6e3c", kill_on_drop: false }`
[INFO] running `Command { std: "docker" "rm" "-f" "8ddb3c5f8a2d75ddbec57ad8b2ac75ce50f70f0818e6fcc28e4c2c71632b6e3c", kill_on_drop: false }`
[INFO] [stdout] 8ddb3c5f8a2d75ddbec57ad8b2ac75ce50f70f0818e6fcc28e4c2c71632b6e3c
[INFO] running `Command { std: "docker" "create" "-v" "/var/lib/crater-agent-workspace/builds/worker-0-tc2/target:/opt/rustwide/target:rw,Z" "-v" "/var/lib/crater-agent-workspace/builds/worker-0-tc2/source:/opt/rustwide/workdir:ro,Z" "-v" "/var/lib/crater-agent-workspace/cargo-home:/opt/rustwide/cargo-home:ro,Z" "-v" "/var/lib/crater-agent-workspace/rustup-home:/opt/rustwide/rustup-home:ro,Z" "-e" "SOURCE_DIR=/opt/rustwide/workdir" "-e" "CARGO_TARGET_DIR=/opt/rustwide/target" "-e" "CARGO_INCREMENTAL=0" "-e" "RUST_BACKTRACE=full" "-e" "RUSTFLAGS=--cap-lints=warn" "-e" "RUSTDOCFLAGS=--cap-lints=warn" "-e" "CARGO_HOME=/opt/rustwide/cargo-home" "-e" "RUSTUP_HOME=/opt/rustwide/rustup-home" "-w" "/opt/rustwide/workdir" "-m" "1610612736" "--user" "0:0" "--network" "none" "ghcr.io/rust-lang/crates-build-env/linux@sha256:2788e3201cd34a07e3172128adcd8b3090168a8e3bcc40d7c032b9dda1df7d1c" "/opt/rustwide/cargo-home/bin/cargo" "+beta-2023-12-22" "test" "--frozen", kill_on_drop: false }`
[INFO] [stdout] 378bb2b058ca2bf47db63bf46a5ae969c971a8fee7dc55174caaa503072ec20d
[INFO] running `Command { std: "docker" "start" "-a" "378bb2b058ca2bf47db63bf46a5ae969c971a8fee7dc55174caaa503072ec20d", kill_on_drop: false }`
[INFO] [stderr]     Finished test [unoptimized + debuginfo] target(s) in 0.11s
[INFO] [stderr]      Running unittests src/lib.rs (/opt/rustwide/target/debug/deps/cw_multi_test-ba5ed4fda7838b30)
[INFO] [stdout] 
[INFO] [stdout] running 105 tests
[INFO] [stdout] test bank::test::fail_on_zero_values ... ok
[INFO] [stdout] test prefixed_storage::length_prefixed::tests::to_length_prefixed_nested_allows_many_long_namespaces ... ok
[INFO] [stdout] test prefixed_storage::length_prefixed::tests::to_length_prefixed_nested_works ... ok
[INFO] [stdout] test prefixed_storage::length_prefixed::tests::to_length_prefixed_nested_calculates_capacity_correctly ... ok
[INFO] [stdout] test prefixed_storage::length_prefixed::tests::to_length_prefixed_works ... ok
[INFO] [stdout] test prefixed_storage::namespace_helpers::tests::namespace_upper_bound_works ... ok
[INFO] [stdout] test prefixed_storage::namespace_helpers::tests::prefix_get_set ... ok
[INFO] [stdout] test prefixed_storage::length_prefixed::tests::encode_length_works ... ok
[INFO] [stdout] test prefixed_storage::length_prefixed::tests::to_length_prefixed_calculates_capacity_correctly ... ok
[INFO] [stdout] test prefixed_storage::namespace_helpers::tests::range_with_start_end_set ... ok
[INFO] [stdout] test prefixed_storage::namespace_helpers::tests::range_with_prefix_wrap_over ... ok
[INFO] [stdout] test prefixed_storage::namespace_helpers::tests::range_works ... ok
[INFO] [stdout] test prefixed_storage::tests::readonly_prefixed_storage_get ... ok
[INFO] [stdout] test prefixed_storage::tests::prefixed_storage_multilevel_set_and_get ... ok
[INFO] [stdout] test prefixed_storage::tests::readonly_prefixed_storage_multilevel_get ... ok
[INFO] [stdout] test prefixed_storage::length_prefixed::tests::to_length_prefixed_works_for_long_prefix ... ok
[INFO] [stdout] test bank::test::get_set_balance ... ok
[INFO] [stdout] test prefixed_storage::tests::prefixed_storage_set_and_get ... ok
[INFO] [stdout] test staking::test::msg::delegation_queries_unbonding ... ok
[INFO] [stdout] test staking::test::msg::execute ... ok
[INFO] [stdout] test staking::test::msg::delegations_slashed ... ok
[INFO] [stdout] test staking::test::msg::can_set_withdraw_address ... ok
[INFO] [stdout] test staking::test::msg::partial_unbonding_reduces_stake ... ok
[INFO] [stdout] test staking::test::rewards_work_for_multiple_delegators ... ok
[INFO] [stdout] test staking::test::msg::rewards_initial_wait ... ok
[INFO] [stdout] test staking::test::rewards_work_for_single_delegator ... ok
[INFO] [stdout] test staking::test::msg::query_staking ... ok
[INFO] [stdout] test tests::test_app::api::api_addr_canonicalize_should_work ... ok
[INFO] [stdout] test staking::test::validator_slashing ... ok
[INFO] [stdout] test tests::test_app::custom_handler::dispatches_messages ... ok
[INFO] [stdout] test tests::test_app::api::api_addr_humanize_should_work ... ok
[INFO] [stdout] test tests::test_app::api::api_addr_validate_should_work ... ok
[INFO] [stdout] test tests::test_app::multi_level_bank_cache ... ok
[INFO] [stdout] test prefixed_storage::length_prefixed::tests::encode_length_panics_for_large_values - should panic ... ok
[INFO] [stdout] test prefixed_storage::length_prefixed::tests::to_length_prefixed_panics_for_too_long_prefix - should panic ... ok
[INFO] [stdout] test bank::test::burn_coins ... ok
[INFO] [stdout] test bank::test::send_coins ... ok
[INFO] [stdout] test tests::test_app::protobuf_wrapped_data::instantiate_with_data_works ... ok
[INFO] [stdout] test tests::test_app::protobuf_wrapped_data::instantiate_with_reply_works ... ok
[INFO] [stdout] test staking::test::msg::cannot_slash_nonexistent ... ok
[INFO] [stdout] test staking::test::msg::cannot_steal ... ok
[INFO] [stdout] test staking::test::add_get_validators ... ok
[INFO] [stdout] test staking::test::msg::non_existent_validator ... ok
[INFO] [stdout] test staking::test::msg::denom_validation ... ok
[INFO] [stdout] test staking::test::msg::zero_staking_forbidden ... ok
[INFO] [stdout] test tests::test_app::custom_messages::triggering_custom_msg ... ok
[INFO] [stdout] test tests::test_app::errors::simple_instantiation ... ok
[INFO] [stdout] test tests::test_app::errors::simple_call ... ok
[INFO] [stdout] test tests::test_app::protobuf_wrapped_data::execute_wrapped_properly ... ok
[INFO] [stdout] test tests::test_app::errors::nested_call ... ok
[INFO] [stdout] test tests::test_app::reply_data_overwrite::single_submsg_no_reply ... ok
[INFO] [stdout] test tests::test_app::reply_data_overwrite::single_submsg ... ok
[INFO] [stdout] test tests::test_app::reflect_error ... ok
[INFO] [stdout] test tests::test_app::reply_data_overwrite::multiple_submsg ... ok
[INFO] [stdout] test tests::test_app::reply_data_overwrite::single_no_submsg_data ... ok
[INFO] [stdout] test tests::test_app::protobuf_wrapped_data::instantiate_wrapped_properly ... ok
[INFO] [stdout] test tests::test_app::reflect_success ... ok
[INFO] [stdout] test tests::test_app::response_validation::empty_event_attribute_key ... ok
[INFO] [stdout] test tests::test_app::sent_funds_properly_visible_on_execution ... ok
[INFO] [stdout] test tests::test_app::reply_data_overwrite::multiple_submsg_mixed ... ok
[INFO] [stdout] test tests::test_app::reply_data_overwrite::no_submsg ... ok
[INFO] [stdout] test tests::test_app::response_validation::empty_attribute_value ... ok
[INFO] [stdout] test tests::test_app::response_validation::too_short_event_type ... ok
[INFO] [stdout] test tests::test_app::reply_data_overwrite::single_no_top_level_data ... ok
[INFO] [stdout] test tests::test_app::reflect_sub_message_reply_works ... ok
[INFO] [stdout] test tests::test_app::reply_data_overwrite::nested_submsg ... ok
[INFO] [stdout] test tests::test_app::reply_data_overwrite::multiple_submsg_no_reply ... ok
[INFO] [stdout] test tests::test_app::send_tokens ... ok
[INFO] [stdout] test tests::test_app::sent_wasm_migration_works ... ok
[INFO] [stdout] test tests::test_app::sudo_works ... ok
[INFO] [stdout] test tests::test_app::update_block ... ok
[INFO] [stdout] test tests::test_app::response_validation::empty_event_attribute_value ... ok
[INFO] [stdout] test tests::test_app::reply_data_overwrite::single_submsg_reply_returns_none ... ok
[INFO] [stdout] test tests::test_app::errors::double_nested_call ... ok
[INFO] [stdout] test tests::test_gov::default_gov ... ok
[INFO] [stdout] test transactions::test::commit_writes_through ... ok
[INFO] [stdout] test transactions::test::delete_from_base ... ok
[INFO] [stdout] test tests::test_app::send_update_admin_works ... ok
[INFO] [stdout] test tests::test_custom_handler::custom_handler_has_no_sudo ... ok
[INFO] [stdout] test transactions::test::wrap_box_storage ... ok
[INFO] [stdout] test tests::test_app::response_validation::empty_attribute_key ... ok
[INFO] [stdout] test transactions::test::wrap_ref_cell_dyn_storage ... ok
[INFO] [stdout] test transactions::test::delete_local ... ok
[INFO] [stdout] test tests::test_ibc::substituting_ibc ... ok
[INFO] [stdout] test wasm::test::can_use_custom_address_generator ... ok
[INFO] [stdout] test wasm::test::query_contract_info ... ok
[INFO] [stdout] test transactions::test::wrap_ref_cell ... ok
[INFO] [stdout] test transactions::test::storage_transaction_iterator_removed_items_from_base ... ok
[INFO] [stdout] test transactions::test::storage_transaction_iterator_with_base_data ... ok
[INFO] [stdout] test transactions::test::wrap_box_dyn_storage ... ok
[INFO] [stdout] test transactions::test::storage_remains_readable ... ok
[INFO] [stdout] test transactions::test::wrap_storage ... ok
[INFO] [stdout] test transactions::test::storage_transaction_iterator_empty_base ... ok
[INFO] [stdout] test wasm::test::can_dump_raw_wasm_state ... ok
[INFO] [stdout] test wasm::test::register_contract ... ok
[INFO] [stdout] test tests::test_gov::substituting_gov ... ok
[INFO] [stdout] test wasm::test::contract_send_coins ... ok
[INFO] [stdout] test wasm::test::multi_level_wasm_cache ... ok
[INFO] [stdout] test wasm::test::remove_this_test_in_version_1_0 ... ok
[INFO] [stdout] test transactions::test::ignore_same_as_rollback ... ok
[INFO] [stdout] test tests::test_ibc::default_ibc ... ok
[INFO] [stdout] test wasm::test::update_clear_admin_works ... ok
[INFO] [stdout] test tests::test_custom_handler::custom_handler_works ... ok
[INFO] [stdout] test wasm::test::uses_simple_address_generator_by_default ... ok
[INFO] [stdout] test tests::test_app::simple_contract ... ok
[INFO] [stdout] 
[INFO] [stdout] test result: ok. 105 passed; 0 failed; 0 ignored; 0 measured; 0 filtered out; finished in 0.18s
[INFO] [stdout] 
[INFO] [stderr]      Running tests/mod.rs (/opt/rustwide/target/debug/deps/mod-e2474abc635c5be3)
[INFO] [stdout] 
[INFO] [stdout] running 43 tests
[INFO] [stdout] test test_addons::test_api::test_bech32::address_humanize_prefix_too_long ... ok
[INFO] [stdout] test test_addons::test_api::test_bech32::api_bech32_should_differ_from_bech32m ... ok
[INFO] [stdout] test test_addons::test_api::test_bech32::debug_should_not_panic ... ok
[INFO] [stdout] test test_addons::test_api::test_bech32::ed25519_batch_verify_works ... ok
[INFO] [stdout] test test_addons::test_api::test_bech32::address_validate_invalid_address ... ok
[INFO] [stdout] test test_addons::test_api::test_bech32::address_canonicalize_humanize_should_work ... ok
[INFO] [stdout] test test_addons::test_api::test_bech32::address_validate_invalid_variant ... ok
[INFO] [stdout] test test_addons::test_api::test_bech32::address_validate_should_work ... ok
[INFO] [stdout] test test_addons::test_api::test_bech32m::addr_validate_invalid_prefix ... ok
[INFO] [stdout] test test_addons::test_api::test_bech32::ed25519_verify_works ... ok
[INFO] [stdout] test test_addons::test_api::test_bech32::addr_validate_invalid_prefix ... ok
[INFO] [stdout] test test_addons::test_api::test_bech32m::address_canonicalize_humanize_should_work ... ok
[INFO] [stdout] test test_addons::test_api::test_bech32m::address_validate_should_work ... ok
[INFO] [stdout] test test_addons::test_api::test_bech32m::address_validate_invalid_variant ... ok
[INFO] [stdout] test test_addons::test_api::test_bech32m::ed25519_batch_verify_works ... ok
[INFO] [stdout] test test_addons::test_api::test_bech32m::api_bech32m_should_differ_from_bech32 ... ok
[INFO] [stdout] test test_addons::test_api::test_bech32::new_api_bech32_should_work ... ok
[INFO] [stdout] test test_addons::test_api::test_bech32m::debug_should_not_panic ... ok
[INFO] [stdout] test test_app_builder::test_with_api::building_app_with_custom_api_should_work ... ok
[INFO] [stdout] test test_addons::test_api::test_bech32m::address_validate_invalid_address ... ok
[INFO] [stdout] test test_addons::test_api::test_bech32m::ed25519_verify_works ... ok
[INFO] [stdout] test test_addons::test_api::test_bech32m::new_api_bech32m_should_work ... ok
[INFO] [stdout] test test_addons::test_api::test_bech32m::address_humanize_prefix_too_long ... ok
[INFO] [stdout] test test_addons::test_api::test_bech32::secp256k1_verify_works ... ok
[INFO] [stdout] test test_app_builder::test_with_block::building_app_with_custom_block_should_work ... ok
[INFO] [stdout] test test_app_builder::test_with_wasm::compiling_with_wasm_keeper_should_work ... ok
[INFO] [stdout] test test_module::test_accepting_module::accepting_module_new_works ... ok
[INFO] [stdout] test test_module::test_accepting_module::accepting_module_default_works ... ok
[INFO] [stdout] test test_addons::test_api::test_bech32::secp256k1_recover_pubkey_works ... ok
[INFO] [stdout] test test_addons::test_api::test_bech32m::secp256k1_verify_works ... ok
[INFO] [stdout] test test_addons::test_api::test_bech32m::secp256k1_recover_pubkey_works ... ok
[INFO] [stdout] test test_addons::test_api::test_bech32m::address_make_prefix_too_long - should panic ... ok
[INFO] [stdout] test test_app_builder::test_with_bank::building_app_with_custom_bank_should_work ... ok
[INFO] [stdout] test test_addons::test_api::test_bech32::address_make_prefix_too_long - should panic ... ok
[INFO] [stdout] test test_app_builder::test_with_distribution::building_app_with_custom_distribution_should_work ... ok
[INFO] [stdout] test test_app_builder::test_with_ibc::building_app_with_custom_ibc_should_work ... ok
[INFO] [stdout] test test_app_builder::test_with_staking::building_app_with_custom_staking_should_work ... ok
[INFO] [stdout] test test_app_builder::test_with_storage::building_app_with_custom_storage_should_work ... ok
[INFO] [stdout] test test_app_builder::test_with_gov::building_app_with_custom_gov_should_work ... ok
[INFO] [stdout] test test_app_builder::test_with_wasm::building_app_with_custom_wasm_should_work ... ok
[INFO] [stdout] test test_module::test_failing_module::failing_module_default_works ... ok
[INFO] [stdout] test test_module::test_failing_module::failing_module_new_works ... ok
[INFO] [stdout] test test_wasm::test_with_addr_gen::contract_address_should_work ... ok
[INFO] [stdout] 
[INFO] [stdout] test result: ok. 43 passed; 0 failed; 0 ignored; 0 measured; 0 filtered out; finished in 0.08s
[INFO] [stdout] 
[INFO] [stderr]    Doc-tests cw-multi-test
[INFO] [stdout] 
[INFO] [stdout] running 16 tests
[INFO] [stdout] test src/addresses.rs - addresses::AddressGenerator::contract_address (line 42) ... FAILED
[INFO] [stdout] test src/addons/api/bech32m.rs - addons::api::bech32m::MockApiBech32m::new (line 17) ... FAILED
[INFO] [stdout] test src/app_builder.rs - app_builder::BasicAppBuilder (line 17) ... FAILED
[INFO] [stdout] test src/addons/api/bech32.rs - addons::api::bech32::MockApiBech32::addr_make (line 167) ... FAILED
[INFO] [stdout] test src/addons/api/bech32.rs - addons::api::bech32::MockApiBech32::addr_canonicalize (line 72) ... ok
[INFO] [stdout] test src/addons/api/bech32m.rs - addons::api::bech32m::MockApiBech32m::addr_humanize (line 76) ... ok
[INFO] [stdout] test src/addons/addresses/mock.rs - addons::addresses::mock::MockAddressGenerator::predictable_contract_address (line 87) ... ok
[INFO] [stdout] test src/addons/api/bech32m.rs - addons::api::bech32m::MockApiBech32m::addr_validate (line 37) ... ok
[INFO] [stdout] test src/addons/api/bech32.rs - addons::api::bech32::MockApiBech32::addr_humanize (line 100) ... ok
[INFO] [stdout] test src/addons/api/bech32.rs - addons::api::bech32::MockApiBech32::addr_validate (line 54) ... ok
[INFO] [stdout] test src/addons/addresses/mock.rs - addons::addresses::mock::MockAddressGenerator::contract_address (line 43) ... ok
[INFO] [stdout] test src/addons/api/bech32.rs - addons::api::bech32::MockApiBech32::new (line 24) ... ok
[INFO] [stdout] test src/app.rs - app::App<BankT,ApiT,StorageT,CustomT,WasmT,StakingT,DistrT,IbcT,GovT>::duplicate_code (line 262) ... ok
[INFO] [stdout] test src/addons/api/bech32m.rs - addons::api::bech32m::MockApiBech32m::addr_make (line 138) ... ok
[INFO] [stdout] test src/addresses.rs - addresses::AddressGenerator::predictable_contract_address (line 84) ... ok
[INFO] [stdout] test src/addons/api/bech32m.rs - addons::api::bech32m::MockApiBech32m::addr_canonicalize (line 55) ... ok
[INFO] [stdout] 
[INFO] [stdout] failures:
[INFO] [stdout] 
[INFO] [stdout] ---- src/addresses.rs - addresses::AddressGenerator::contract_address (line 42) stdout ----
[INFO] [stdout] error: linking with `cc` failed: exit status: 1
[INFO] [stdout]   |
[INFO] [stdout]   = note: LC_ALL="C" PATH="/opt/rustwide/rustup-home/toolchains/beta-2023-12-22-x86_64-unknown-linux-gnu/lib/rustlib/x86_64-unknown-linux-gnu/bin:/opt/rustwide/cargo-home/bin:/usr/local/sbin:/usr/local/bin:/usr/sbin:/usr/bin:/sbin:/bin" VSLANG="1033" "cc" "-m64" "/tmp/rustccgk3OM/symbols.o" "/tmp/rustdoctestRJS1MI/rust_out.rust_out.1380c8ea7c88b8e2-cgu.0.rcgu.o" "/tmp/rustdoctestRJS1MI/rust_out.3lr6z6385pynyhem.rcgu.o" "-Wl,--as-needed" "-L" "/opt/rustwide/target/debug/deps" "-L" "/opt/rustwide/target/debug/deps" "-L" "/opt/rustwide/rustup-home/toolchains/beta-2023-12-22-x86_64-unknown-linux-gnu/lib/rustlib/x86_64-unknown-linux-gnu/lib" "-Wl,-Bstatic" "/opt/rustwide/target/debug/deps/libcw_multi_test-bb24a72072b6d965.rlib" "/opt/rustwide/target/debug/deps/libprost-a1da61a6e8e09565.rlib" "/opt/rustwide/target/debug/deps/libbytes-534a8eae86e8a125.rlib" "/opt/rustwide/target/debug/deps/libanyhow-5d20277346359413.rlib" "/opt/rustwide/target/debug/deps/libitertools-f36ccafa8b07e355.rlib" "/opt/rustwide/target/debug/deps/libeither-49b31dd90481588d.rlib" "/opt/rustwide/target/debug/deps/libcw_utils-f3229a37ea7bc7bd.rlib" "/opt/rustwide/target/debug/deps/libcw2-d51df785c4c1ff40.rlib" "/opt/rustwide/target/debug/deps/libsemver-36a30ce3d927ef86.rlib" "/opt/rustwide/target/debug/deps/libcosmwasm_schema-fd6390924edd86e6.rlib" "/opt/rustwide/target/debug/deps/libcw_storage_plus-4cfa960e78e37fd9.rlib" "/opt/rustwide/target/debug/deps/libcosmwasm_std-b15d7b4403cc15d2.rlib" "/opt/rustwide/target/debug/deps/libserde_json_wasm-9d46f9b97fef24e0.rlib" "/opt/rustwide/target/debug/deps/libstatic_assertions-0ef270c4de502b0e.rlib" "/opt/rustwide/target/debug/deps/libbech32-c8a3479dcbde9ab1.rlib" "/opt/rustwide/target/debug/deps/libbnum-e394843a864c5b97.rlib" "/opt/rustwide/target/debug/deps/libforward_ref-11ca4f27202615be.rlib" "/opt/rustwide/target/debug/deps/libcosmwasm_crypto-b92f19db8a23e7a5.rlib" "/opt/rustwide/target/debug/deps/libk256-322f8e3935f9e931.rlib" "/opt/rustwide/target/debug/deps/libecdsa-fc75d6494888f3d0.rlib" "/opt/rustwide/target/debug/deps/librfc6979-bb5e2efdc41010f3.rlib" "/opt/rustwide/target/debug/deps/libhmac-5fb7dfbc1c8fea39.rlib" "/opt/rustwide/target/debug/deps/libsignature-b5fb598204515967.rlib" "/opt/rustwide/target/debug/deps/libelliptic_curve-68483cd12826a86b.rlib" "/opt/rustwide/target/debug/deps/libpkcs8-c05ef7072d0178a4.rlib" "/opt/rustwide/target/debug/deps/libspki-fb7c8a5098fdd7f7.rlib" "/opt/rustwide/target/debug/deps/libsec1-ff8b8b496ffb1307.rlib" "/opt/rustwide/target/debug/deps/libder-74d78864db68cfad.rlib" "/opt/rustwide/target/debug/deps/libcrypto_bigint-709349b0e41959f4.rlib" "/opt/rustwide/target/debug/deps/libbase16ct-424a1b5ae11715cb.rlib" "/opt/rustwide/target/debug/deps/libgroup-b91ce7e2d907e63a.rlib" "/opt/rustwide/target/debug/deps/libff-75f14906c0e47361.rlib" "/opt/rustwide/target/debug/deps/libed25519_zebra-47260c153ef79999.rlib" "/opt/rustwide/target/debug/deps/libhex-bf5d7c1623e40692.rlib" "/opt/rustwide/target/debug/deps/libsha2-b6658c4e2e596dfc.rlib" "/opt/rustwide/target/debug/deps/libopaque_debug-75789ad55cd94475.rlib" "/opt/rustwide/target/debug/deps/libblock_buffer-f3b5b2cada2f601a.rlib" "/opt/rustwide/target/debug/deps/librand_core-f3599372481e7abf.rlib" "/opt/rustwide/target/debug/deps/libhashbrown-b5f9d51ced44896f.rlib" "/opt/rustwide/target/debug/deps/libahash-c66a6d3994eb7a5e.rlib" "/opt/rustwide/target/debug/deps/libgetrandom-ad535883d8628c89.rlib" "/opt/rustwide/target/debug/deps/liblibc-449fce0ba19f2718.rlib" "/opt/rustwide/target/debug/deps/libonce_cell-334d739f4e3a4961.rlib" "/opt/rustwide/target/debug/deps/libcurve25519_dalek-f2b635a882966da5.rlib" "/opt/rustwide/target/debug/deps/librand_core-565a6260151bf7a3.rlib" "/opt/rustwide/target/debug/deps/libdigest-3f4d867b8e88c61b.rlib" "/opt/rustwide/target/debug/deps/libbyteorder-e7844cdd6aa72cda.rlib" "/opt/rustwide/target/debug/deps/libbase64-47ce12bf5fcc4351.rlib" "/opt/rustwide/target/debug/deps/libthiserror-8c15acb09feb03ec.rlib" "/opt/rustwide/target/debug/deps/libsha2-4cf8b6f67710892f.rlib" "/opt/rustwide/target/debug/deps/libcpufeatures-6b5d33967087d885.rlib" "/opt/rustwide/target/debug/deps/libcfg_if-e7002d307f97bc56.rlib" "/opt/rustwide/target/debug/deps/libdigest-7796dfb004e0acab.rlib" "/opt/rustwide/target/debug/deps/libsubtle-1eadd361a21d8e17.rlib" "/opt/rustwide/target/debug/deps/libconst_oid-fa489412cb0010c0.rlib" "/opt/rustwide/target/debug/deps/libblock_buffer-d00a91292bad7293.rlib" "/opt/rustwide/target/debug/deps/libcrypto_common-84e4a9ba773edcaa.rlib" "/opt/rustwide/target/debug/deps/libgeneric_array-8b390b5620fa09f5.rlib" "/opt/rustwide/target/debug/deps/libtypenum-b40ba058056b0bf8.rlib" "/opt/rustwide/target/debug/deps/libzeroize-184e930bc40b290b.rlib" "/opt/rustwide/target/debug/deps/libschemars-61118d31af585964.rlib" "/opt/rustwide/target/debug/deps/libdyn_clone-457562791d6b0bb4.rlib" "/opt/rustwide/target/debug/deps/libserde_json-c90bc8a97740cf10.rlib" "/opt/rustwide/target/debug/deps/libryu-4b03a7708da1319d.rlib" "/opt/rustwide/target/debug/deps/libitoa-34968a9f29c36fec.rlib" "/opt/rustwide/target/debug/deps/libserde-c31144097d52dd77.rlib" "/opt/rustwide/rustup-home/toolchains/beta-2023-12-22-x86_64-unknown-linux-gnu/lib/rustlib/x86_64-unknown-linux-gnu/lib/libstd-0672489a78b613de.rlib" "/opt/rustwide/rustup-home/toolchains/beta-2023-12-22-x86_64-unknown-linux-gnu/lib/rustlib/x86_64-unknown-linux-gnu/lib/libpanic_unwind-7eb3ffc34a49f675.rlib" "/opt/rustwide/rustup-home/toolchains/beta-2023-12-22-x86_64-unknown-linux-gnu/lib/rustlib/x86_64-unknown-linux-gnu/lib/libobject-6478a9daa4bee8e2.rlib" "/opt/rustwide/rustup-home/toolchains/beta-2023-12-22-x86_64-unknown-linux-gnu/lib/rustlib/x86_64-unknown-linux-gnu/lib/libmemchr-0c75d871a5c3923d.rlib" "/opt/rustwide/rustup-home/toolchains/beta-2023-12-22-x86_64-unknown-linux-gnu/lib/rustlib/x86_64-unknown-linux-gnu/lib/libaddr2line-d163ef63ad37bb71.rlib" "/opt/rustwide/rustup-home/toolchains/beta-2023-12-22-x86_64-unknown-linux-gnu/lib/rustlib/x86_64-unknown-linux-gnu/lib/libgimli-8a3fd810a85b9f4c.rlib" "/opt/rustwide/rustup-home/toolchains/beta-2023-12-22-x86_64-unknown-linux-gnu/lib/rustlib/x86_64-unknown-linux-gnu/lib/librustc_demangle-462a2cde8c5dfc10.rlib" "/opt/rustwide/rustup-home/toolchains/beta-2023-12-22-x86_64-unknown-linux-gnu/lib/rustlib/x86_64-unknown-linux-gnu/lib/libstd_detect-cb06ac9f54713f71.rlib" "/opt/rustwide/rustup-home/toolchains/beta-2023-12-22-x86_64-unknown-linux-gnu/lib/rustlib/x86_64-unknown-linux-gnu/lib/libhashbrown-f20bfd1f8e59b393.rlib" "/opt/rustwide/rustup-home/toolchains/beta-2023-12-22-x86_64-unknown-linux-gnu/lib/rustlib/x86_64-unknown-linux-gnu/lib/librustc_std_workspace_alloc-1ef460949b49da4b.rlib" "/opt/rustwide/rustup-home/toolchains/beta-2023-12-22-x86_64-unknown-linux-gnu/lib/rustlib/x86_64-unknown-linux-gnu/lib/libminiz_oxide-2cb0c0ffe4f87514.rlib" "/opt/rustwide/rustup-home/toolchains/beta-2023-12-22-x86_64-unknown-linux-gnu/lib/rustlib/x86_64-unknown-linux-gnu/lib/libadler-58d841eb322a11a2.rlib" "/opt/rustwide/rustup-home/toolchains/beta-2023-12-22-x86_64-unknown-linux-gnu/lib/rustlib/x86_64-unknown-linux-gnu/lib/libunwind-aa2ae0b0a9d11533.rlib" "/opt/rustwide/rustup-home/toolchains/beta-2023-12-22-x86_64-unknown-linux-gnu/lib/rustlib/x86_64-unknown-linux-gnu/lib/libcfg_if-23874e15830ed336.rlib" "/opt/rustwide/rustup-home/toolchains/beta-2023-12-22-x86_64-unknown-linux-gnu/lib/rustlib/x86_64-unknown-linux-gnu/lib/liblibc-e47cddc003bce885.rlib" "/opt/rustwide/rustup-home/toolchains/beta-2023-12-22-x86_64-unknown-linux-gnu/lib/rustlib/x86_64-unknown-linux-gnu/lib/liballoc-c22b13b48a8f128e.rlib" "/opt/rustwide/rustup-home/toolchains/beta-2023-12-22-x86_64-unknown-linux-gnu/lib/rustlib/x86_64-unknown-linux-gnu/lib/librustc_std_workspace_core-e46bc3da6d7c462f.rlib" "/opt/rustwide/rustup-home/toolchains/beta-2023-12-22-x86_64-unknown-linux-gnu/lib/rustlib/x86_64-unknown-linux-gnu/lib/libcore-8d1ac131d3cb2645.rlib" "/opt/rustwide/rustup-home/toolchains/beta-2023-12-22-x86_64-unknown-linux-gnu/lib/rustlib/x86_64-unknown-linux-gnu/lib/libcompiler_builtins-a1b43df8c6899c1f.rlib" "-Wl,-Bdynamic" "-lc" "-lm" "-lrt" "-lpthread" "-lgcc_s" "-lutil" "-lrt" "-lpthread" "-lm" "-ldl" "-lc" "-Wl,--eh-frame-hdr" "-Wl,-z,noexecstack" "-L" "/opt/rustwide/rustup-home/toolchains/beta-2023-12-22-x86_64-unknown-linux-gnu/lib/rustlib/x86_64-unknown-linux-gnu/lib" "-o" "/tmp/rustdoctestRJS1MI/rust_out" "-Wl,--gc-sections" "-pie" "-Wl,-z,relro,-z,now" "-nodefaultlibs"
[INFO] [stdout]   = note: collect2: fatal error: ld terminated with signal 9 [Killed]
[INFO] [stdout]           compilation terminated.
[INFO] [stdout]           
[INFO] [stdout] 
[INFO] [stdout] error: aborting due to 1 previous error
[INFO] [stdout] 
[INFO] [stdout] Couldn't compile the test.
[INFO] [stdout] ---- src/addons/api/bech32m.rs - addons::api::bech32m::MockApiBech32m::new (line 17) stdout ----
[INFO] [stdout] error: linking with `cc` failed: exit status: 1
[INFO] [stdout]   |
[INFO] [stdout]   = note: LC_ALL="C" PATH="/opt/rustwide/rustup-home/toolchains/beta-2023-12-22-x86_64-unknown-linux-gnu/lib/rustlib/x86_64-unknown-linux-gnu/bin:/opt/rustwide/cargo-home/bin:/usr/local/sbin:/usr/local/bin:/usr/sbin:/usr/bin:/sbin:/bin" VSLANG="1033" "cc" "-m64" "/tmp/rustc4f0j1g/symbols.o" "/tmp/rustdoctestRrhT31/rust_out.rust_out.1380c8ea7c88b8e2-cgu.0.rcgu.o" "/tmp/rustdoctestRrhT31/rust_out.3lr6z6385pynyhem.rcgu.o" "-Wl,--as-needed" "-L" "/opt/rustwide/target/debug/deps" "-L" "/opt/rustwide/target/debug/deps" "-L" "/opt/rustwide/rustup-home/toolchains/beta-2023-12-22-x86_64-unknown-linux-gnu/lib/rustlib/x86_64-unknown-linux-gnu/lib" "-Wl,-Bstatic" "/opt/rustwide/target/debug/deps/libcw_multi_test-bb24a72072b6d965.rlib" "/opt/rustwide/target/debug/deps/libprost-a1da61a6e8e09565.rlib" "/opt/rustwide/target/debug/deps/libbytes-534a8eae86e8a125.rlib" "/opt/rustwide/target/debug/deps/libanyhow-5d20277346359413.rlib" "/opt/rustwide/target/debug/deps/libitertools-f36ccafa8b07e355.rlib" "/opt/rustwide/target/debug/deps/libeither-49b31dd90481588d.rlib" "/opt/rustwide/target/debug/deps/libcw_utils-f3229a37ea7bc7bd.rlib" "/opt/rustwide/target/debug/deps/libcw2-d51df785c4c1ff40.rlib" "/opt/rustwide/target/debug/deps/libsemver-36a30ce3d927ef86.rlib" "/opt/rustwide/target/debug/deps/libcosmwasm_schema-fd6390924edd86e6.rlib" "/opt/rustwide/target/debug/deps/libcw_storage_plus-4cfa960e78e37fd9.rlib" "/opt/rustwide/target/debug/deps/libcosmwasm_std-b15d7b4403cc15d2.rlib" "/opt/rustwide/target/debug/deps/libserde_json_wasm-9d46f9b97fef24e0.rlib" "/opt/rustwide/target/debug/deps/libstatic_assertions-0ef270c4de502b0e.rlib" "/opt/rustwide/target/debug/deps/libbech32-c8a3479dcbde9ab1.rlib" "/opt/rustwide/target/debug/deps/libbnum-e394843a864c5b97.rlib" "/opt/rustwide/target/debug/deps/libforward_ref-11ca4f27202615be.rlib" "/opt/rustwide/target/debug/deps/libcosmwasm_crypto-b92f19db8a23e7a5.rlib" "/opt/rustwide/target/debug/deps/libk256-322f8e3935f9e931.rlib" "/opt/rustwide/target/debug/deps/libecdsa-fc75d6494888f3d0.rlib" "/opt/rustwide/target/debug/deps/librfc6979-bb5e2efdc41010f3.rlib" "/opt/rustwide/target/debug/deps/libhmac-5fb7dfbc1c8fea39.rlib" "/opt/rustwide/target/debug/deps/libsignature-b5fb598204515967.rlib" "/opt/rustwide/target/debug/deps/libelliptic_curve-68483cd12826a86b.rlib" "/opt/rustwide/target/debug/deps/libpkcs8-c05ef7072d0178a4.rlib" "/opt/rustwide/target/debug/deps/libspki-fb7c8a5098fdd7f7.rlib" "/opt/rustwide/target/debug/deps/libsec1-ff8b8b496ffb1307.rlib" "/opt/rustwide/target/debug/deps/libder-74d78864db68cfad.rlib" "/opt/rustwide/target/debug/deps/libcrypto_bigint-709349b0e41959f4.rlib" "/opt/rustwide/target/debug/deps/libbase16ct-424a1b5ae11715cb.rlib" "/opt/rustwide/target/debug/deps/libgroup-b91ce7e2d907e63a.rlib" "/opt/rustwide/target/debug/deps/libff-75f14906c0e47361.rlib" "/opt/rustwide/target/debug/deps/libed25519_zebra-47260c153ef79999.rlib" "/opt/rustwide/target/debug/deps/libhex-bf5d7c1623e40692.rlib" "/opt/rustwide/target/debug/deps/libsha2-b6658c4e2e596dfc.rlib" "/opt/rustwide/target/debug/deps/libopaque_debug-75789ad55cd94475.rlib" "/opt/rustwide/target/debug/deps/libblock_buffer-f3b5b2cada2f601a.rlib" "/opt/rustwide/target/debug/deps/librand_core-f3599372481e7abf.rlib" "/opt/rustwide/target/debug/deps/libhashbrown-b5f9d51ced44896f.rlib" "/opt/rustwide/target/debug/deps/libahash-c66a6d3994eb7a5e.rlib" "/opt/rustwide/target/debug/deps/libgetrandom-ad535883d8628c89.rlib" "/opt/rustwide/target/debug/deps/liblibc-449fce0ba19f2718.rlib" "/opt/rustwide/target/debug/deps/libonce_cell-334d739f4e3a4961.rlib" "/opt/rustwide/target/debug/deps/libcurve25519_dalek-f2b635a882966da5.rlib" "/opt/rustwide/target/debug/deps/librand_core-565a6260151bf7a3.rlib" "/opt/rustwide/target/debug/deps/libdigest-3f4d867b8e88c61b.rlib" "/opt/rustwide/target/debug/deps/libbyteorder-e7844cdd6aa72cda.rlib" "/opt/rustwide/target/debug/deps/libbase64-47ce12bf5fcc4351.rlib" "/opt/rustwide/target/debug/deps/libthiserror-8c15acb09feb03ec.rlib" "/opt/rustwide/target/debug/deps/libsha2-4cf8b6f67710892f.rlib" "/opt/rustwide/target/debug/deps/libcpufeatures-6b5d33967087d885.rlib" "/opt/rustwide/target/debug/deps/libcfg_if-e7002d307f97bc56.rlib" "/opt/rustwide/target/debug/deps/libdigest-7796dfb004e0acab.rlib" "/opt/rustwide/target/debug/deps/libsubtle-1eadd361a21d8e17.rlib" "/opt/rustwide/target/debug/deps/libconst_oid-fa489412cb0010c0.rlib" "/opt/rustwide/target/debug/deps/libblock_buffer-d00a91292bad7293.rlib" "/opt/rustwide/target/debug/deps/libcrypto_common-84e4a9ba773edcaa.rlib" "/opt/rustwide/target/debug/deps/libgeneric_array-8b390b5620fa09f5.rlib" "/opt/rustwide/target/debug/deps/libtypenum-b40ba058056b0bf8.rlib" "/opt/rustwide/target/debug/deps/libzeroize-184e930bc40b290b.rlib" "/opt/rustwide/target/debug/deps/libschemars-61118d31af585964.rlib" "/opt/rustwide/target/debug/deps/libdyn_clone-457562791d6b0bb4.rlib" "/opt/rustwide/target/debug/deps/libserde_json-c90bc8a97740cf10.rlib" "/opt/rustwide/target/debug/deps/libryu-4b03a7708da1319d.rlib" "/opt/rustwide/target/debug/deps/libitoa-34968a9f29c36fec.rlib" "/opt/rustwide/target/debug/deps/libserde-c31144097d52dd77.rlib" "/opt/rustwide/rustup-home/toolchains/beta-2023-12-22-x86_64-unknown-linux-gnu/lib/rustlib/x86_64-unknown-linux-gnu/lib/libstd-0672489a78b613de.rlib" "/opt/rustwide/rustup-home/toolchains/beta-2023-12-22-x86_64-unknown-linux-gnu/lib/rustlib/x86_64-unknown-linux-gnu/lib/libpanic_unwind-7eb3ffc34a49f675.rlib" "/opt/rustwide/rustup-home/toolchains/beta-2023-12-22-x86_64-unknown-linux-gnu/lib/rustlib/x86_64-unknown-linux-gnu/lib/libobject-6478a9daa4bee8e2.rlib" "/opt/rustwide/rustup-home/toolchains/beta-2023-12-22-x86_64-unknown-linux-gnu/lib/rustlib/x86_64-unknown-linux-gnu/lib/libmemchr-0c75d871a5c3923d.rlib" "/opt/rustwide/rustup-home/toolchains/beta-2023-12-22-x86_64-unknown-linux-gnu/lib/rustlib/x86_64-unknown-linux-gnu/lib/libaddr2line-d163ef63ad37bb71.rlib" "/opt/rustwide/rustup-home/toolchains/beta-2023-12-22-x86_64-unknown-linux-gnu/lib/rustlib/x86_64-unknown-linux-gnu/lib/libgimli-8a3fd810a85b9f4c.rlib" "/opt/rustwide/rustup-home/toolchains/beta-2023-12-22-x86_64-unknown-linux-gnu/lib/rustlib/x86_64-unknown-linux-gnu/lib/librustc_demangle-462a2cde8c5dfc10.rlib" "/opt/rustwide/rustup-home/toolchains/beta-2023-12-22-x86_64-unknown-linux-gnu/lib/rustlib/x86_64-unknown-linux-gnu/lib/libstd_detect-cb06ac9f54713f71.rlib" "/opt/rustwide/rustup-home/toolchains/beta-2023-12-22-x86_64-unknown-linux-gnu/lib/rustlib/x86_64-unknown-linux-gnu/lib/libhashbrown-f20bfd1f8e59b393.rlib" "/opt/rustwide/rustup-home/toolchains/beta-2023-12-22-x86_64-unknown-linux-gnu/lib/rustlib/x86_64-unknown-linux-gnu/lib/librustc_std_workspace_alloc-1ef460949b49da4b.rlib" "/opt/rustwide/rustup-home/toolchains/beta-2023-12-22-x86_64-unknown-linux-gnu/lib/rustlib/x86_64-unknown-linux-gnu/lib/libminiz_oxide-2cb0c0ffe4f87514.rlib" "/opt/rustwide/rustup-home/toolchains/beta-2023-12-22-x86_64-unknown-linux-gnu/lib/rustlib/x86_64-unknown-linux-gnu/lib/libadler-58d841eb322a11a2.rlib" "/opt/rustwide/rustup-home/toolchains/beta-2023-12-22-x86_64-unknown-linux-gnu/lib/rustlib/x86_64-unknown-linux-gnu/lib/libunwind-aa2ae0b0a9d11533.rlib" "/opt/rustwide/rustup-home/toolchains/beta-2023-12-22-x86_64-unknown-linux-gnu/lib/rustlib/x86_64-unknown-linux-gnu/lib/libcfg_if-23874e15830ed336.rlib" "/opt/rustwide/rustup-home/toolchains/beta-2023-12-22-x86_64-unknown-linux-gnu/lib/rustlib/x86_64-unknown-linux-gnu/lib/liblibc-e47cddc003bce885.rlib" "/opt/rustwide/rustup-home/toolchains/beta-2023-12-22-x86_64-unknown-linux-gnu/lib/rustlib/x86_64-unknown-linux-gnu/lib/liballoc-c22b13b48a8f128e.rlib" "/opt/rustwide/rustup-home/toolchains/beta-2023-12-22-x86_64-unknown-linux-gnu/lib/rustlib/x86_64-unknown-linux-gnu/lib/librustc_std_workspace_core-e46bc3da6d7c462f.rlib" "/opt/rustwide/rustup-home/toolchains/beta-2023-12-22-x86_64-unknown-linux-gnu/lib/rustlib/x86_64-unknown-linux-gnu/lib/libcore-8d1ac131d3cb2645.rlib" "/opt/rustwide/rustup-home/toolchains/beta-2023-12-22-x86_64-unknown-linux-gnu/lib/rustlib/x86_64-unknown-linux-gnu/lib/libcompiler_builtins-a1b43df8c6899c1f.rlib" "-Wl,-Bdynamic" "-lc" "-lm" "-lrt" "-lpthread" "-lgcc_s" "-lutil" "-lrt" "-lpthread" "-lm" "-ldl" "-lc" "-Wl,--eh-frame-hdr" "-Wl,-z,noexecstack" "-L" "/opt/rustwide/rustup-home/toolchains/beta-2023-12-22-x86_64-unknown-linux-gnu/lib/rustlib/x86_64-unknown-linux-gnu/lib" "-o" "/tmp/rustdoctestRrhT31/rust_out" "-Wl,--gc-sections" "-pie" "-Wl,-z,relro,-z,now" "-nodefaultlibs"
[INFO] [stdout]   = note: collect2: fatal error: ld terminated with signal 9 [Killed]
[INFO] [stdout]           compilation terminated.
[INFO] [stdout]           
[INFO] [stdout] 
[INFO] [stdout] error: aborting due to 1 previous error
[INFO] [stdout] 
[INFO] [stdout] Couldn't compile the test.
[INFO] [stdout] ---- src/app_builder.rs - app_builder::BasicAppBuilder (line 17) stdout ----
[INFO] [stdout] error: linking with `cc` failed: exit status: 1
[INFO] [stdout]   |
[INFO] [stdout]   = note: LC_ALL="C" PATH="/opt/rustwide/rustup-home/toolchains/beta-2023-12-22-x86_64-unknown-linux-gnu/lib/rustlib/x86_64-unknown-linux-gnu/bin:/opt/rustwide/cargo-home/bin:/usr/local/sbin:/usr/local/bin:/usr/sbin:/usr/bin:/sbin:/bin" VSLANG="1033" "cc" "-m64" "/tmp/rustcnOThLn/symbols.o" "/tmp/rustdoctestfcrRGk/rust_out.rust_out.1380c8ea7c88b8e2-cgu.0.rcgu.o" "/tmp/rustdoctestfcrRGk/rust_out.3lr6z6385pynyhem.rcgu.o" "-Wl,--as-needed" "-L" "/opt/rustwide/target/debug/deps" "-L" "/opt/rustwide/target/debug/deps" "-L" "/opt/rustwide/rustup-home/toolchains/beta-2023-12-22-x86_64-unknown-linux-gnu/lib/rustlib/x86_64-unknown-linux-gnu/lib" "-Wl,-Bstatic" "/opt/rustwide/target/debug/deps/libcw_multi_test-bb24a72072b6d965.rlib" "/opt/rustwide/target/debug/deps/libprost-a1da61a6e8e09565.rlib" "/opt/rustwide/target/debug/deps/libbytes-534a8eae86e8a125.rlib" "/opt/rustwide/target/debug/deps/libanyhow-5d20277346359413.rlib" "/opt/rustwide/target/debug/deps/libitertools-f36ccafa8b07e355.rlib" "/opt/rustwide/target/debug/deps/libeither-49b31dd90481588d.rlib" "/opt/rustwide/target/debug/deps/libcw_utils-f3229a37ea7bc7bd.rlib" "/opt/rustwide/target/debug/deps/libcw2-d51df785c4c1ff40.rlib" "/opt/rustwide/target/debug/deps/libsemver-36a30ce3d927ef86.rlib" "/opt/rustwide/target/debug/deps/libcosmwasm_schema-fd6390924edd86e6.rlib" "/opt/rustwide/target/debug/deps/libcw_storage_plus-4cfa960e78e37fd9.rlib" "/opt/rustwide/target/debug/deps/libcosmwasm_std-b15d7b4403cc15d2.rlib" "/opt/rustwide/target/debug/deps/libserde_json_wasm-9d46f9b97fef24e0.rlib" "/opt/rustwide/target/debug/deps/libstatic_assertions-0ef270c4de502b0e.rlib" "/opt/rustwide/target/debug/deps/libbech32-c8a3479dcbde9ab1.rlib" "/opt/rustwide/target/debug/deps/libbnum-e394843a864c5b97.rlib" "/opt/rustwide/target/debug/deps/libforward_ref-11ca4f27202615be.rlib" "/opt/rustwide/target/debug/deps/libcosmwasm_crypto-b92f19db8a23e7a5.rlib" "/opt/rustwide/target/debug/deps/libk256-322f8e3935f9e931.rlib" "/opt/rustwide/target/debug/deps/libecdsa-fc75d6494888f3d0.rlib" "/opt/rustwide/target/debug/deps/librfc6979-bb5e2efdc41010f3.rlib" "/opt/rustwide/target/debug/deps/libhmac-5fb7dfbc1c8fea39.rlib" "/opt/rustwide/target/debug/deps/libsignature-b5fb598204515967.rlib" "/opt/rustwide/target/debug/deps/libelliptic_curve-68483cd12826a86b.rlib" "/opt/rustwide/target/debug/deps/libpkcs8-c05ef7072d0178a4.rlib" "/opt/rustwide/target/debug/deps/libspki-fb7c8a5098fdd7f7.rlib" "/opt/rustwide/target/debug/deps/libsec1-ff8b8b496ffb1307.rlib" "/opt/rustwide/target/debug/deps/libder-74d78864db68cfad.rlib" "/opt/rustwide/target/debug/deps/libcrypto_bigint-709349b0e41959f4.rlib" "/opt/rustwide/target/debug/deps/libbase16ct-424a1b5ae11715cb.rlib" "/opt/rustwide/target/debug/deps/libgroup-b91ce7e2d907e63a.rlib" "/opt/rustwide/target/debug/deps/libff-75f14906c0e47361.rlib" "/opt/rustwide/target/debug/deps/libed25519_zebra-47260c153ef79999.rlib" "/opt/rustwide/target/debug/deps/libhex-bf5d7c1623e40692.rlib" "/opt/rustwide/target/debug/deps/libsha2-b6658c4e2e596dfc.rlib" "/opt/rustwide/target/debug/deps/libopaque_debug-75789ad55cd94475.rlib" "/opt/rustwide/target/debug/deps/libblock_buffer-f3b5b2cada2f601a.rlib" "/opt/rustwide/target/debug/deps/librand_core-f3599372481e7abf.rlib" "/opt/rustwide/target/debug/deps/libhashbrown-b5f9d51ced44896f.rlib" "/opt/rustwide/target/debug/deps/libahash-c66a6d3994eb7a5e.rlib" "/opt/rustwide/target/debug/deps/libgetrandom-ad535883d8628c89.rlib" "/opt/rustwide/target/debug/deps/liblibc-449fce0ba19f2718.rlib" "/opt/rustwide/target/debug/deps/libonce_cell-334d739f4e3a4961.rlib" "/opt/rustwide/target/debug/deps/libcurve25519_dalek-f2b635a882966da5.rlib" "/opt/rustwide/target/debug/deps/librand_core-565a6260151bf7a3.rlib" "/opt/rustwide/target/debug/deps/libdigest-3f4d867b8e88c61b.rlib" "/opt/rustwide/target/debug/deps/libbyteorder-e7844cdd6aa72cda.rlib" "/opt/rustwide/target/debug/deps/libbase64-47ce12bf5fcc4351.rlib" "/opt/rustwide/target/debug/deps/libthiserror-8c15acb09feb03ec.rlib" "/opt/rustwide/target/debug/deps/libsha2-4cf8b6f67710892f.rlib" "/opt/rustwide/target/debug/deps/libcpufeatures-6b5d33967087d885.rlib" "/opt/rustwide/target/debug/deps/libcfg_if-e7002d307f97bc56.rlib" "/opt/rustwide/target/debug/deps/libdigest-7796dfb004e0acab.rlib" "/opt/rustwide/target/debug/deps/libsubtle-1eadd361a21d8e17.rlib" "/opt/rustwide/target/debug/deps/libconst_oid-fa489412cb0010c0.rlib" "/opt/rustwide/target/debug/deps/libblock_buffer-d00a91292bad7293.rlib" "/opt/rustwide/target/debug/deps/libcrypto_common-84e4a9ba773edcaa.rlib" "/opt/rustwide/target/debug/deps/libgeneric_array-8b390b5620fa09f5.rlib" "/opt/rustwide/target/debug/deps/libtypenum-b40ba058056b0bf8.rlib" "/opt/rustwide/target/debug/deps/libzeroize-184e930bc40b290b.rlib" "/opt/rustwide/target/debug/deps/libschemars-61118d31af585964.rlib" "/opt/rustwide/target/debug/deps/libdyn_clone-457562791d6b0bb4.rlib" "/opt/rustwide/target/debug/deps/libserde_json-c90bc8a97740cf10.rlib" "/opt/rustwide/target/debug/deps/libryu-4b03a7708da1319d.rlib" "/opt/rustwide/target/debug/deps/libitoa-34968a9f29c36fec.rlib" "/opt/rustwide/target/debug/deps/libserde-c31144097d52dd77.rlib" "/opt/rustwide/rustup-home/toolchains/beta-2023-12-22-x86_64-unknown-linux-gnu/lib/rustlib/x86_64-unknown-linux-gnu/lib/libstd-0672489a78b613de.rlib" "/opt/rustwide/rustup-home/toolchains/beta-2023-12-22-x86_64-unknown-linux-gnu/lib/rustlib/x86_64-unknown-linux-gnu/lib/libpanic_unwind-7eb3ffc34a49f675.rlib" "/opt/rustwide/rustup-home/toolchains/beta-2023-12-22-x86_64-unknown-linux-gnu/lib/rustlib/x86_64-unknown-linux-gnu/lib/libobject-6478a9daa4bee8e2.rlib" "/opt/rustwide/rustup-home/toolchains/beta-2023-12-22-x86_64-unknown-linux-gnu/lib/rustlib/x86_64-unknown-linux-gnu/lib/libmemchr-0c75d871a5c3923d.rlib" "/opt/rustwide/rustup-home/toolchains/beta-2023-12-22-x86_64-unknown-linux-gnu/lib/rustlib/x86_64-unknown-linux-gnu/lib/libaddr2line-d163ef63ad37bb71.rlib" "/opt/rustwide/rustup-home/toolchains/beta-2023-12-22-x86_64-unknown-linux-gnu/lib/rustlib/x86_64-unknown-linux-gnu/lib/libgimli-8a3fd810a85b9f4c.rlib" "/opt/rustwide/rustup-home/toolchains/beta-2023-12-22-x86_64-unknown-linux-gnu/lib/rustlib/x86_64-unknown-linux-gnu/lib/librustc_demangle-462a2cde8c5dfc10.rlib" "/opt/rustwide/rustup-home/toolchains/beta-2023-12-22-x86_64-unknown-linux-gnu/lib/rustlib/x86_64-unknown-linux-gnu/lib/libstd_detect-cb06ac9f54713f71.rlib" "/opt/rustwide/rustup-home/toolchains/beta-2023-12-22-x86_64-unknown-linux-gnu/lib/rustlib/x86_64-unknown-linux-gnu/lib/libhashbrown-f20bfd1f8e59b393.rlib" "/opt/rustwide/rustup-home/toolchains/beta-2023-12-22-x86_64-unknown-linux-gnu/lib/rustlib/x86_64-unknown-linux-gnu/lib/librustc_std_workspace_alloc-1ef460949b49da4b.rlib" "/opt/rustwide/rustup-home/toolchains/beta-2023-12-22-x86_64-unknown-linux-gnu/lib/rustlib/x86_64-unknown-linux-gnu/lib/libminiz_oxide-2cb0c0ffe4f87514.rlib" "/opt/rustwide/rustup-home/toolchains/beta-2023-12-22-x86_64-unknown-linux-gnu/lib/rustlib/x86_64-unknown-linux-gnu/lib/libadler-58d841eb322a11a2.rlib" "/opt/rustwide/rustup-home/toolchains/beta-2023-12-22-x86_64-unknown-linux-gnu/lib/rustlib/x86_64-unknown-linux-gnu/lib/libunwind-aa2ae0b0a9d11533.rlib" "/opt/rustwide/rustup-home/toolchains/beta-2023-12-22-x86_64-unknown-linux-gnu/lib/rustlib/x86_64-unknown-linux-gnu/lib/libcfg_if-23874e15830ed336.rlib" "/opt/rustwide/rustup-home/toolchains/beta-2023-12-22-x86_64-unknown-linux-gnu/lib/rustlib/x86_64-unknown-linux-gnu/lib/liblibc-e47cddc003bce885.rlib" "/opt/rustwide/rustup-home/toolchains/beta-2023-12-22-x86_64-unknown-linux-gnu/lib/rustlib/x86_64-unknown-linux-gnu/lib/liballoc-c22b13b48a8f128e.rlib" "/opt/rustwide/rustup-home/toolchains/beta-2023-12-22-x86_64-unknown-linux-gnu/lib/rustlib/x86_64-unknown-linux-gnu/lib/librustc_std_workspace_core-e46bc3da6d7c462f.rlib" "/opt/rustwide/rustup-home/toolchains/beta-2023-12-22-x86_64-unknown-linux-gnu/lib/rustlib/x86_64-unknown-linux-gnu/lib/libcore-8d1ac131d3cb2645.rlib" "/opt/rustwide/rustup-home/toolchains/beta-2023-12-22-x86_64-unknown-linux-gnu/lib/rustlib/x86_64-unknown-linux-gnu/lib/libcompiler_builtins-a1b43df8c6899c1f.rlib" "-Wl,-Bdynamic" "-lc" "-lm" "-lrt" "-lpthread" "-lgcc_s" "-lutil" "-lrt" "-lpthread" "-lm" "-ldl" "-lc" "-Wl,--eh-frame-hdr" "-Wl,-z,noexecstack" "-L" "/opt/rustwide/rustup-home/toolchains/beta-2023-12-22-x86_64-unknown-linux-gnu/lib/rustlib/x86_64-unknown-linux-gnu/lib" "-o" "/tmp/rustdoctestfcrRGk/rust_out" "-Wl,--gc-sections" "-pie" "-Wl,-z,relro,-z,now" "-nodefaultlibs"
[INFO] [stdout]   = note: collect2: fatal error: ld terminated with signal 9 [Killed]
[INFO] [stdout]           compilation terminated.
[INFO] [stdout]           
[INFO] [stdout] 
[INFO] [stdout] error: aborting due to 1 previous error
[INFO] [stdout] 
[INFO] [stdout] Couldn't compile the test.
[INFO] [stdout] ---- src/addons/api/bech32.rs - addons::api::bech32::MockApiBech32::addr_make (line 167) stdout ----
[INFO] [stdout] error: linking with `cc` failed: exit status: 1
[INFO] [stdout]   |
[INFO] [stdout]   = note: LC_ALL="C" PATH="/opt/rustwide/rustup-home/toolchains/beta-2023-12-22-x86_64-unknown-linux-gnu/lib/rustlib/x86_64-unknown-linux-gnu/bin:/opt/rustwide/cargo-home/bin:/usr/local/sbin:/usr/local/bin:/usr/sbin:/usr/bin:/sbin:/bin" VSLANG="1033" "cc" "-m64" "/tmp/rustcGPdssQ/symbols.o" "/tmp/rustdoctestdRLB9e/rust_out.rust_out.1380c8ea7c88b8e2-cgu.0.rcgu.o" "/tmp/rustdoctestdRLB9e/rust_out.3lr6z6385pynyhem.rcgu.o" "-Wl,--as-needed" "-L" "/opt/rustwide/target/debug/deps" "-L" "/opt/rustwide/target/debug/deps" "-L" "/opt/rustwide/rustup-home/toolchains/beta-2023-12-22-x86_64-unknown-linux-gnu/lib/rustlib/x86_64-unknown-linux-gnu/lib" "-Wl,-Bstatic" "/opt/rustwide/target/debug/deps/libcw_multi_test-bb24a72072b6d965.rlib" "/opt/rustwide/target/debug/deps/libprost-a1da61a6e8e09565.rlib" "/opt/rustwide/target/debug/deps/libbytes-534a8eae86e8a125.rlib" "/opt/rustwide/target/debug/deps/libanyhow-5d20277346359413.rlib" "/opt/rustwide/target/debug/deps/libitertools-f36ccafa8b07e355.rlib" "/opt/rustwide/target/debug/deps/libeither-49b31dd90481588d.rlib" "/opt/rustwide/target/debug/deps/libcw_utils-f3229a37ea7bc7bd.rlib" "/opt/rustwide/target/debug/deps/libcw2-d51df785c4c1ff40.rlib" "/opt/rustwide/target/debug/deps/libsemver-36a30ce3d927ef86.rlib" "/opt/rustwide/target/debug/deps/libcosmwasm_schema-fd6390924edd86e6.rlib" "/opt/rustwide/target/debug/deps/libcw_storage_plus-4cfa960e78e37fd9.rlib" "/opt/rustwide/target/debug/deps/libcosmwasm_std-b15d7b4403cc15d2.rlib" "/opt/rustwide/target/debug/deps/libserde_json_wasm-9d46f9b97fef24e0.rlib" "/opt/rustwide/target/debug/deps/libstatic_assertions-0ef270c4de502b0e.rlib" "/opt/rustwide/target/debug/deps/libbech32-c8a3479dcbde9ab1.rlib" "/opt/rustwide/target/debug/deps/libbnum-e394843a864c5b97.rlib" "/opt/rustwide/target/debug/deps/libforward_ref-11ca4f27202615be.rlib" "/opt/rustwide/target/debug/deps/libcosmwasm_crypto-b92f19db8a23e7a5.rlib" "/opt/rustwide/target/debug/deps/libk256-322f8e3935f9e931.rlib" "/opt/rustwide/target/debug/deps/libecdsa-fc75d6494888f3d0.rlib" "/opt/rustwide/target/debug/deps/librfc6979-bb5e2efdc41010f3.rlib" "/opt/rustwide/target/debug/deps/libhmac-5fb7dfbc1c8fea39.rlib" "/opt/rustwide/target/debug/deps/libsignature-b5fb598204515967.rlib" "/opt/rustwide/target/debug/deps/libelliptic_curve-68483cd12826a86b.rlib" "/opt/rustwide/target/debug/deps/libpkcs8-c05ef7072d0178a4.rlib" "/opt/rustwide/target/debug/deps/libspki-fb7c8a5098fdd7f7.rlib" "/opt/rustwide/target/debug/deps/libsec1-ff8b8b496ffb1307.rlib" "/opt/rustwide/target/debug/deps/libder-74d78864db68cfad.rlib" "/opt/rustwide/target/debug/deps/libcrypto_bigint-709349b0e41959f4.rlib" "/opt/rustwide/target/debug/deps/libbase16ct-424a1b5ae11715cb.rlib" "/opt/rustwide/target/debug/deps/libgroup-b91ce7e2d907e63a.rlib" "/opt/rustwide/target/debug/deps/libff-75f14906c0e47361.rlib" "/opt/rustwide/target/debug/deps/libed25519_zebra-47260c153ef79999.rlib" "/opt/rustwide/target/debug/deps/libhex-bf5d7c1623e40692.rlib" "/opt/rustwide/target/debug/deps/libsha2-b6658c4e2e596dfc.rlib" "/opt/rustwide/target/debug/deps/libopaque_debug-75789ad55cd94475.rlib" "/opt/rustwide/target/debug/deps/libblock_buffer-f3b5b2cada2f601a.rlib" "/opt/rustwide/target/debug/deps/librand_core-f3599372481e7abf.rlib" "/opt/rustwide/target/debug/deps/libhashbrown-b5f9d51ced44896f.rlib" "/opt/rustwide/target/debug/deps/libahash-c66a6d3994eb7a5e.rlib" "/opt/rustwide/target/debug/deps/libgetrandom-ad535883d8628c89.rlib" "/opt/rustwide/target/debug/deps/liblibc-449fce0ba19f2718.rlib" "/opt/rustwide/target/debug/deps/libonce_cell-334d739f4e3a4961.rlib" "/opt/rustwide/target/debug/deps/libcurve25519_dalek-f2b635a882966da5.rlib" "/opt/rustwide/target/debug/deps/librand_core-565a6260151bf7a3.rlib" "/opt/rustwide/target/debug/deps/libdigest-3f4d867b8e88c61b.rlib" "/opt/rustwide/target/debug/deps/libbyteorder-e7844cdd6aa72cda.rlib" "/opt/rustwide/target/debug/deps/libbase64-47ce12bf5fcc4351.rlib" "/opt/rustwide/target/debug/deps/libthiserror-8c15acb09feb03ec.rlib" "/opt/rustwide/target/debug/deps/libsha2-4cf8b6f67710892f.rlib" "/opt/rustwide/target/debug/deps/libcpufeatures-6b5d33967087d885.rlib" "/opt/rustwide/target/debug/deps/libcfg_if-e7002d307f97bc56.rlib" "/opt/rustwide/target/debug/deps/libdigest-7796dfb004e0acab.rlib" "/opt/rustwide/target/debug/deps/libsubtle-1eadd361a21d8e17.rlib" "/opt/rustwide/target/debug/deps/libconst_oid-fa489412cb0010c0.rlib" "/opt/rustwide/target/debug/deps/libblock_buffer-d00a91292bad7293.rlib" "/opt/rustwide/target/debug/deps/libcrypto_common-84e4a9ba773edcaa.rlib" "/opt/rustwide/target/debug/deps/libgeneric_array-8b390b5620fa09f5.rlib" "/opt/rustwide/target/debug/deps/libtypenum-b40ba058056b0bf8.rlib" "/opt/rustwide/target/debug/deps/libzeroize-184e930bc40b290b.rlib" "/opt/rustwide/target/debug/deps/libschemars-61118d31af585964.rlib" "/opt/rustwide/target/debug/deps/libdyn_clone-457562791d6b0bb4.rlib" "/opt/rustwide/target/debug/deps/libserde_json-c90bc8a97740cf10.rlib" "/opt/rustwide/target/debug/deps/libryu-4b03a7708da1319d.rlib" "/opt/rustwide/target/debug/deps/libitoa-34968a9f29c36fec.rlib" "/opt/rustwide/target/debug/deps/libserde-c31144097d52dd77.rlib" "/opt/rustwide/rustup-home/toolchains/beta-2023-12-22-x86_64-unknown-linux-gnu/lib/rustlib/x86_64-unknown-linux-gnu/lib/libstd-0672489a78b613de.rlib" "/opt/rustwide/rustup-home/toolchains/beta-2023-12-22-x86_64-unknown-linux-gnu/lib/rustlib/x86_64-unknown-linux-gnu/lib/libpanic_unwind-7eb3ffc34a49f675.rlib" "/opt/rustwide/rustup-home/toolchains/beta-2023-12-22-x86_64-unknown-linux-gnu/lib/rustlib/x86_64-unknown-linux-gnu/lib/libobject-6478a9daa4bee8e2.rlib" "/opt/rustwide/rustup-home/toolchains/beta-2023-12-22-x86_64-unknown-linux-gnu/lib/rustlib/x86_64-unknown-linux-gnu/lib/libmemchr-0c75d871a5c3923d.rlib" "/opt/rustwide/rustup-home/toolchains/beta-2023-12-22-x86_64-unknown-linux-gnu/lib/rustlib/x86_64-unknown-linux-gnu/lib/libaddr2line-d163ef63ad37bb71.rlib" "/opt/rustwide/rustup-home/toolchains/beta-2023-12-22-x86_64-unknown-linux-gnu/lib/rustlib/x86_64-unknown-linux-gnu/lib/libgimli-8a3fd810a85b9f4c.rlib" "/opt/rustwide/rustup-home/toolchains/beta-2023-12-22-x86_64-unknown-linux-gnu/lib/rustlib/x86_64-unknown-linux-gnu/lib/librustc_demangle-462a2cde8c5dfc10.rlib" "/opt/rustwide/rustup-home/toolchains/beta-2023-12-22-x86_64-unknown-linux-gnu/lib/rustlib/x86_64-unknown-linux-gnu/lib/libstd_detect-cb06ac9f54713f71.rlib" "/opt/rustwide/rustup-home/toolchains/beta-2023-12-22-x86_64-unknown-linux-gnu/lib/rustlib/x86_64-unknown-linux-gnu/lib/libhashbrown-f20bfd1f8e59b393.rlib" "/opt/rustwide/rustup-home/toolchains/beta-2023-12-22-x86_64-unknown-linux-gnu/lib/rustlib/x86_64-unknown-linux-gnu/lib/librustc_std_workspace_alloc-1ef460949b49da4b.rlib" "/opt/rustwide/rustup-home/toolchains/beta-2023-12-22-x86_64-unknown-linux-gnu/lib/rustlib/x86_64-unknown-linux-gnu/lib/libminiz_oxide-2cb0c0ffe4f87514.rlib" "/opt/rustwide/rustup-home/toolchains/beta-2023-12-22-x86_64-unknown-linux-gnu/lib/rustlib/x86_64-unknown-linux-gnu/lib/libadler-58d841eb322a11a2.rlib" "/opt/rustwide/rustup-home/toolchains/beta-2023-12-22-x86_64-unknown-linux-gnu/lib/rustlib/x86_64-unknown-linux-gnu/lib/libunwind-aa2ae0b0a9d11533.rlib" "/opt/rustwide/rustup-home/toolchains/beta-2023-12-22-x86_64-unknown-linux-gnu/lib/rustlib/x86_64-unknown-linux-gnu/lib/libcfg_if-23874e15830ed336.rlib" "/opt/rustwide/rustup-home/toolchains/beta-2023-12-22-x86_64-unknown-linux-gnu/lib/rustlib/x86_64-unknown-linux-gnu/lib/liblibc-e47cddc003bce885.rlib" "/opt/rustwide/rustup-home/toolchains/beta-2023-12-22-x86_64-unknown-linux-gnu/lib/rustlib/x86_64-unknown-linux-gnu/lib/liballoc-c22b13b48a8f128e.rlib" "/opt/rustwide/rustup-home/toolchains/beta-2023-12-22-x86_64-unknown-linux-gnu/lib/rustlib/x86_64-unknown-linux-gnu/lib/librustc_std_workspace_core-e46bc3da6d7c462f.rlib" "/opt/rustwide/rustup-home/toolchains/beta-2023-12-22-x86_64-unknown-linux-gnu/lib/rustlib/x86_64-unknown-linux-gnu/lib/libcore-8d1ac131d3cb2645.rlib" "/opt/rustwide/rustup-home/toolchains/beta-2023-12-22-x86_64-unknown-linux-gnu/lib/rustlib/x86_64-unknown-linux-gnu/lib/libcompiler_builtins-a1b43df8c6899c1f.rlib" "-Wl,-Bdynamic" "-lc" "-lm" "-lrt" "-lpthread" "-lgcc_s" "-lutil" "-lrt" "-lpthread" "-lm" "-ldl" "-lc" "-Wl,--eh-frame-hdr" "-Wl,-z,noexecstack" "-L" "/opt/rustwide/rustup-home/toolchains/beta-2023-12-22-x86_64-unknown-linux-gnu/lib/rustlib/x86_64-unknown-linux-gnu/lib" "-o" "/tmp/rustdoctestdRLB9e/rust_out" "-Wl,--gc-sections" "-pie" "-Wl,-z,relro,-z,now" "-nodefaultlibs"
[INFO] [stdout]   = note: collect2: fatal error: ld terminated with signal 9 [Killed]
[INFO] [stdout]           compilation terminated.
[INFO] [stdout]           
[INFO] [stdout] 
[INFO] [stdout] error: aborting due to 1 previous error
[INFO] [stdout] 
[INFO] [stdout] Couldn't compile the test.
[INFO] [stdout] 
[INFO] [stdout] failures:
[INFO] [stdout]     src/addons/api/bech32.rs - addons::api::bech32::MockApiBech32::addr_make (line 167)
[INFO] [stdout]     src/addons/api/bech32m.rs - addons::api::bech32m::MockApiBech32m::new (line 17)
[INFO] [stdout]     src/addresses.rs - addresses::AddressGenerator::contract_address (line 42)
[INFO] [stdout]     src/app_builder.rs - app_builder::BasicAppBuilder (line 17)
[INFO] [stdout] 
[INFO] [stdout] test result: FAILED. 12 passed; 4 failed; 0 ignored; 0 measured; 0 filtered out; finished in 3.28s
[INFO] [stdout] 
[INFO] [stderr] error: doctest failed, to rerun pass `--doc`
[INFO] running `Command { std: "docker" "inspect" "378bb2b058ca2bf47db63bf46a5ae969c971a8fee7dc55174caaa503072ec20d", kill_on_drop: false }`
[INFO] running `Command { std: "docker" "rm" "-f" "378bb2b058ca2bf47db63bf46a5ae969c971a8fee7dc55174caaa503072ec20d", kill_on_drop: false }`
[INFO] [stdout] 378bb2b058ca2bf47db63bf46a5ae969c971a8fee7dc55174caaa503072ec20d
