[INFO] fetching crate cw-asset 3.0.0...
[INFO] testing cw-asset-3.0.0 against 1.75.0 for beta-1.76-1
[INFO] extracting crate cw-asset 3.0.0 into /workspace/builds/worker-0-tc1/source
[INFO] validating manifest of crates.io crate cw-asset 3.0.0 on toolchain 1.75.0
[INFO] running `Command { std: CARGO_HOME="/workspace/cargo-home" RUSTUP_HOME="/workspace/rustup-home" "/workspace/cargo-home/bin/cargo" "+1.75.0" "metadata" "--manifest-path" "Cargo.toml" "--no-deps", kill_on_drop: false }`
[INFO] started tweaking crates.io crate cw-asset 3.0.0
[INFO] finished tweaking crates.io crate cw-asset 3.0.0
[INFO] tweaked toml for crates.io crate cw-asset 3.0.0 written to /workspace/builds/worker-0-tc1/source/Cargo.toml
[INFO] running `Command { std: CARGO_HOME="/workspace/cargo-home" RUSTUP_HOME="/workspace/rustup-home" "/workspace/cargo-home/bin/cargo" "+1.75.0" "generate-lockfile" "--manifest-path" "Cargo.toml", kill_on_drop: false }`
[INFO] [stderr]     Updating crates.io index
[INFO] running `Command { std: CARGO_HOME="/workspace/cargo-home" RUSTUP_HOME="/workspace/rustup-home" "/workspace/cargo-home/bin/cargo" "+1.75.0" "fetch" "--manifest-path" "Cargo.toml", kill_on_drop: false }`
[INFO] [stderr]  Downloading crates ...
[INFO] [stderr]   Downloaded cw2 v1.1.2
[INFO] [stderr]   Downloaded cw-address-like v1.0.4
[INFO] [stderr]   Downloaded cw20 v1.1.2
[INFO] [stderr]   Downloaded cw-storage-plus v1.2.0
[INFO] [stderr]   Downloaded cw-utils v1.0.3
[INFO] running `Command { std: "docker" "create" "-v" "/var/lib/crater-agent-workspace/builds/worker-0-tc1/target:/opt/rustwide/target:rw,Z" "-v" "/var/lib/crater-agent-workspace/builds/worker-0-tc1/source:/opt/rustwide/workdir:ro,Z" "-v" "/var/lib/crater-agent-workspace/cargo-home:/opt/rustwide/cargo-home:ro,Z" "-v" "/var/lib/crater-agent-workspace/rustup-home:/opt/rustwide/rustup-home:ro,Z" "-e" "SOURCE_DIR=/opt/rustwide/workdir" "-e" "CARGO_TARGET_DIR=/opt/rustwide/target" "-e" "CARGO_HOME=/opt/rustwide/cargo-home" "-e" "RUSTUP_HOME=/opt/rustwide/rustup-home" "-w" "/opt/rustwide/workdir" "-m" "1610612736" "--user" "0:0" "--network" "none" "ghcr.io/rust-lang/crates-build-env/linux@sha256:2788e3201cd34a07e3172128adcd8b3090168a8e3bcc40d7c032b9dda1df7d1c" "/opt/rustwide/cargo-home/bin/cargo" "+1.75.0" "metadata" "--no-deps" "--format-version=1", kill_on_drop: false }`
[INFO] [stdout] dd7cbe240c999c82048fd3798ce24fdb819406dd91c9ee9985cee59ab7cd390a
[INFO] running `Command { std: "docker" "start" "-a" "dd7cbe240c999c82048fd3798ce24fdb819406dd91c9ee9985cee59ab7cd390a", kill_on_drop: false }`
[INFO] running `Command { std: "docker" "inspect" "dd7cbe240c999c82048fd3798ce24fdb819406dd91c9ee9985cee59ab7cd390a", kill_on_drop: false }`
[INFO] running `Command { std: "docker" "rm" "-f" "dd7cbe240c999c82048fd3798ce24fdb819406dd91c9ee9985cee59ab7cd390a", kill_on_drop: false }`
[INFO] [stdout] dd7cbe240c999c82048fd3798ce24fdb819406dd91c9ee9985cee59ab7cd390a
[INFO] running `Command { std: "docker" "create" "-v" "/var/lib/crater-agent-workspace/builds/worker-0-tc1/target:/opt/rustwide/target:rw,Z" "-v" "/var/lib/crater-agent-workspace/builds/worker-0-tc1/source:/opt/rustwide/workdir:ro,Z" "-v" "/var/lib/crater-agent-workspace/cargo-home:/opt/rustwide/cargo-home:ro,Z" "-v" "/var/lib/crater-agent-workspace/rustup-home:/opt/rustwide/rustup-home:ro,Z" "-e" "SOURCE_DIR=/opt/rustwide/workdir" "-e" "CARGO_TARGET_DIR=/opt/rustwide/target" "-e" "CARGO_INCREMENTAL=0" "-e" "RUST_BACKTRACE=full" "-e" "RUSTFLAGS=--cap-lints=warn" "-e" "RUSTDOCFLAGS=--cap-lints=warn" "-e" "CARGO_HOME=/opt/rustwide/cargo-home" "-e" "RUSTUP_HOME=/opt/rustwide/rustup-home" "-w" "/opt/rustwide/workdir" "-m" "1610612736" "--user" "0:0" "--network" "none" "ghcr.io/rust-lang/crates-build-env/linux@sha256:2788e3201cd34a07e3172128adcd8b3090168a8e3bcc40d7c032b9dda1df7d1c" "/opt/rustwide/cargo-home/bin/cargo" "+1.75.0" "build" "--frozen" "--message-format=json", kill_on_drop: false }`
[INFO] [stdout] 869f4b01dad4737f338a9f3749fad0b2e4eb098afd9a26882f567a69b8c04bf2
[INFO] running `Command { std: "docker" "start" "-a" "869f4b01dad4737f338a9f3749fad0b2e4eb098afd9a26882f567a69b8c04bf2", kill_on_drop: false }`
[INFO] [stderr]    Compiling zeroize v1.7.0
[INFO] [stderr]    Compiling generic-array v0.14.7
[INFO] [stderr]    Compiling subtle v2.5.0
[INFO] [stderr]    Compiling const-oid v0.9.6
[INFO] [stderr]    Compiling syn v1.0.109
[INFO] [stderr]    Compiling serde v1.0.194
[INFO] [stderr]    Compiling ahash v0.7.7
[INFO] [stderr]    Compiling base16ct v0.2.0
[INFO] [stderr]    Compiling cpufeatures v0.2.12
[INFO] [stderr]    Compiling once_cell v1.19.0
[INFO] [stderr]    Compiling typenum v1.17.0
[INFO] [stderr]    Compiling byteorder v1.5.0
[INFO] [stderr]    Compiling getrandom v0.2.11
[INFO] [stderr]    Compiling schemars v0.8.16
[INFO] [stderr]    Compiling rand_core v0.5.1
[INFO] [stderr]    Compiling bech32 v0.9.1
[INFO] [stderr]    Compiling bnum v0.8.1
[INFO] [stderr]    Compiling base64 v0.21.5
[INFO] [stderr]    Compiling forward_ref v1.0.0
[INFO] [stderr]    Compiling der v0.7.8
[INFO] [stderr]    Compiling semver v1.0.21
[INFO] [stderr]    Compiling rand_core v0.6.4
[INFO] [stderr]    Compiling ff v0.13.0
[INFO] [stderr]    Compiling hashbrown v0.12.3
[INFO] [stderr]    Compiling group v0.13.0
[INFO] [stderr]    Compiling spki v0.7.3
[INFO] [stderr]    Compiling pkcs8 v0.10.2
[INFO] [stderr]    Compiling crypto-common v0.1.6
[INFO] [stderr]    Compiling block-buffer v0.10.4
[INFO] [stderr]    Compiling sec1 v0.7.3
[INFO] [stderr]    Compiling digest v0.9.0
[INFO] [stderr]    Compiling crypto-bigint v0.5.5
[INFO] [stderr]    Compiling block-buffer v0.9.0
[INFO] [stderr]    Compiling curve25519-dalek v3.2.0
[INFO] [stderr]    Compiling sha2 v0.9.9
[INFO] [stderr]    Compiling digest v0.10.7
[INFO] [stderr]    Compiling hmac v0.12.1
[INFO] [stderr]    Compiling signature v2.2.0
[INFO] [stderr]    Compiling sha2 v0.10.8
[INFO] [stderr]    Compiling rfc6979 v0.4.0
[INFO] [stderr]    Compiling elliptic-curve v0.13.8
[INFO] [stderr]    Compiling ecdsa v0.16.9
[INFO] [stderr]    Compiling serde_json v1.0.111
[INFO] [stderr]    Compiling ed25519-zebra v3.1.0
[INFO] [stderr]    Compiling serde-json-wasm v0.5.1
[INFO] [stderr]    Compiling k256 v0.13.2
[INFO] [stderr]    Compiling serde_derive_internals v0.26.0
[INFO] [stderr]    Compiling cosmwasm-crypto v1.5.0
[INFO] [stderr]    Compiling schemars_derive v0.8.16
[INFO] [stderr]    Compiling cosmwasm-derive v1.5.0
[INFO] [stderr]    Compiling derivative v2.2.0
[INFO] [stderr]    Compiling cosmwasm-schema-derive v1.5.0
[INFO] [stderr]    Compiling cosmwasm-std v1.5.0
[INFO] [stderr]    Compiling cosmwasm-schema v1.5.0
[INFO] [stderr]    Compiling cw-storage-plus v1.2.0
[INFO] [stderr]    Compiling cw-address-like v1.0.4
[INFO] [stderr]    Compiling cw2 v1.1.2
[INFO] [stderr]    Compiling cw-utils v1.0.3
[INFO] [stderr]    Compiling cw20 v1.1.2
[INFO] [stderr]    Compiling cw-asset v3.0.0 (/opt/rustwide/workdir)
[INFO] [stdout] warning: use of deprecated function `cosmwasm_std::to_binary`: use to_json_binary instead
[INFO] [stdout]  --> src/asset.rs:4:20
[INFO] [stdout]   |
[INFO] [stdout] 4 | use cosmwasm_std::{to_binary, Addr, Api, BankMsg, Binary, Coin, CosmosMsg, Uint128, WasmMsg};
[INFO] [stdout]   |                    ^^^^^^^^^
[INFO] [stdout]   |
[INFO] [stdout]   = note: `#[warn(deprecated)]` on by default
[INFO] [stdout] 
[INFO] [stdout] 
[INFO] [stdout] warning: use of deprecated function `cosmwasm_std::to_binary`: use to_json_binary instead
[INFO] [stdout]    --> src/asset.rs:281:22
[INFO] [stdout]     |
[INFO] [stdout] 281 |                 msg: to_binary(&Cw20ExecuteMsg::Send {
[INFO] [stdout]     |                      ^^^^^^^^^
[INFO] [stdout] 
[INFO] [stdout] 
[INFO] [stdout] warning: use of deprecated function `cosmwasm_std::to_binary`: use to_json_binary instead
[INFO] [stdout]    --> src/asset.rs:320:22
[INFO] [stdout]     |
[INFO] [stdout] 320 |                 msg: to_binary(&Cw20ExecuteMsg::Transfer {
[INFO] [stdout]     |                      ^^^^^^^^^
[INFO] [stdout] 
[INFO] [stdout] 
[INFO] [stdout] warning: use of deprecated function `cosmwasm_std::to_binary`: use to_json_binary instead
[INFO] [stdout]    --> src/asset.rs:360:22
[INFO] [stdout]     |
[INFO] [stdout] 360 |                 msg: to_binary(&Cw20ExecuteMsg::TransferFrom {
[INFO] [stdout]     |                      ^^^^^^^^^
[INFO] [stdout] 
[INFO] [stdout] 
[INFO] [stdout] warning: use of deprecated function `cosmwasm_std::to_binary`: use to_json_binary instead
[INFO] [stdout]  --> src/asset_info.rs:5:5
[INFO] [stdout]   |
[INFO] [stdout] 5 |     to_binary, Addr, Api, BalanceResponse, BankQuery, QuerierWrapper, QueryRequest, StdError,
[INFO] [stdout]   |     ^^^^^^^^^
[INFO] [stdout] 
[INFO] [stdout] 
[INFO] [stdout] warning: use of deprecated function `cosmwasm_std::to_binary`: use to_json_binary instead
[INFO] [stdout]    --> src/asset_info.rs:196:30
[INFO] [stdout]     |
[INFO] [stdout] 196 |                         msg: to_binary(&Cw20QueryMsg::Balance {
[INFO] [stdout]     |                              ^^^^^^^^^
[INFO] [stdout] 
[INFO] [stdout] 
[INFO] [stdout] warning: 6 warnings emitted
[INFO] [stdout] 
[INFO] [stdout] 
[INFO] [stderr]     Finished dev [unoptimized + debuginfo] target(s) in 17.10s
[INFO] running `Command { std: "docker" "inspect" "869f4b01dad4737f338a9f3749fad0b2e4eb098afd9a26882f567a69b8c04bf2", kill_on_drop: false }`
[INFO] running `Command { std: "docker" "rm" "-f" "869f4b01dad4737f338a9f3749fad0b2e4eb098afd9a26882f567a69b8c04bf2", kill_on_drop: false }`
[INFO] [stdout] 869f4b01dad4737f338a9f3749fad0b2e4eb098afd9a26882f567a69b8c04bf2
[INFO] running `Command { std: "docker" "create" "-v" "/var/lib/crater-agent-workspace/builds/worker-0-tc1/target:/opt/rustwide/target:rw,Z" "-v" "/var/lib/crater-agent-workspace/builds/worker-0-tc1/source:/opt/rustwide/workdir:ro,Z" "-v" "/var/lib/crater-agent-workspace/cargo-home:/opt/rustwide/cargo-home:ro,Z" "-v" "/var/lib/crater-agent-workspace/rustup-home:/opt/rustwide/rustup-home:ro,Z" "-e" "SOURCE_DIR=/opt/rustwide/workdir" "-e" "CARGO_TARGET_DIR=/opt/rustwide/target" "-e" "CARGO_INCREMENTAL=0" "-e" "RUST_BACKTRACE=full" "-e" "RUSTFLAGS=--cap-lints=warn" "-e" "RUSTDOCFLAGS=--cap-lints=warn" "-e" "CARGO_HOME=/opt/rustwide/cargo-home" "-e" "RUSTUP_HOME=/opt/rustwide/rustup-home" "-w" "/opt/rustwide/workdir" "-m" "1610612736" "--user" "0:0" "--network" "none" "ghcr.io/rust-lang/crates-build-env/linux@sha256:2788e3201cd34a07e3172128adcd8b3090168a8e3bcc40d7c032b9dda1df7d1c" "/opt/rustwide/cargo-home/bin/cargo" "+1.75.0" "test" "--frozen" "--no-run" "--message-format=json", kill_on_drop: false }`
[INFO] [stdout] 0e18924d6bcfa819540acf2eeed7f0cf93cccd0c3227c17202b65a0675d18628
[INFO] running `Command { std: "docker" "start" "-a" "0e18924d6bcfa819540acf2eeed7f0cf93cccd0c3227c17202b65a0675d18628", kill_on_drop: false }`
[INFO] [stdout] warning: use of deprecated function `cosmwasm_std::to_binary`: use to_json_binary instead
[INFO] [stdout]  --> src/asset.rs:4:20
[INFO] [stdout]   |
[INFO] [stdout] 4 | use cosmwasm_std::{to_binary, Addr, Api, BankMsg, Binary, Coin, CosmosMsg, Uint128, WasmMsg};
[INFO] [stdout]   |                    ^^^^^^^^^
[INFO] [stdout]   |
[INFO] [stdout]   = note: `#[warn(deprecated)]` on by default
[INFO] [stdout] 
[INFO] [stdout] 
[INFO] [stdout] warning: use of deprecated function `cosmwasm_std::to_binary`: use to_json_binary instead
[INFO] [stdout]    --> src/asset.rs:281:22
[INFO] [stdout]     |
[INFO] [stdout] 281 |                 msg: to_binary(&Cw20ExecuteMsg::Send {
[INFO] [stdout]     |                      ^^^^^^^^^
[INFO] [stdout] 
[INFO] [stdout] 
[INFO] [stdout] warning: use of deprecated function `cosmwasm_std::to_binary`: use to_json_binary instead
[INFO] [stdout]    --> src/asset.rs:320:22
[INFO] [stdout]     |
[INFO] [stdout] 320 |                 msg: to_binary(&Cw20ExecuteMsg::Transfer {
[INFO] [stdout]     |                      ^^^^^^^^^
[INFO] [stdout] 
[INFO] [stdout] 
[INFO] [stdout] warning: use of deprecated function `cosmwasm_std::to_binary`: use to_json_binary instead
[INFO] [stdout]    --> src/asset.rs:360:22
[INFO] [stdout]     |
[INFO] [stdout] 360 |                 msg: to_binary(&Cw20ExecuteMsg::TransferFrom {
[INFO] [stdout]     |                      ^^^^^^^^^
[INFO] [stdout] 
[INFO] [stdout] 
[INFO] [stderr]    Compiling cw-asset v3.0.0 (/opt/rustwide/workdir)
[INFO] [stdout] warning: use of deprecated function `cosmwasm_std::to_binary`: use to_json_binary instead
[INFO] [stdout]  --> src/asset_info.rs:5:5
[INFO] [stdout]   |
[INFO] [stdout] 5 |     to_binary, Addr, Api, BalanceResponse, BankQuery, QuerierWrapper, QueryRequest, StdError,
[INFO] [stdout]   |     ^^^^^^^^^
[INFO] [stdout] 
[INFO] [stdout] 
[INFO] [stdout] warning: use of deprecated function `cosmwasm_std::to_binary`: use to_json_binary instead
[INFO] [stdout]    --> src/asset_info.rs:196:30
[INFO] [stdout]     |
[INFO] [stdout] 196 |                         msg: to_binary(&Cw20QueryMsg::Balance {
[INFO] [stdout]     |                              ^^^^^^^^^
[INFO] [stdout] 
[INFO] [stdout] 
[INFO] [stdout] warning: 6 warnings emitted
[INFO] [stdout] 
[INFO] [stdout] 
[INFO] [stdout] warning: unused import: `custom_mock_querier::CustomMockQuerier`
[INFO] [stdout]  --> src/testing/mod.rs:5:9
[INFO] [stdout]   |
[INFO] [stdout] 5 | pub use custom_mock_querier::CustomMockQuerier;
[INFO] [stdout]   |         ^^^^^^^^^^^^^^^^^^^^^^^^^^^^^^^^^^^^^^
[INFO] [stdout]   |
[INFO] [stdout]   = note: `#[warn(unused_imports)]` on by default
[INFO] [stdout] 
[INFO] [stdout] 
[INFO] [stdout] warning: use of deprecated function `cosmwasm_std::to_binary`: use to_json_binary instead
[INFO] [stdout]  --> src/asset.rs:4:20
[INFO] [stdout]   |
[INFO] [stdout] 4 | use cosmwasm_std::{to_binary, Addr, Api, BankMsg, Binary, Coin, CosmosMsg, Uint128, WasmMsg};
[INFO] [stdout]   |                    ^^^^^^^^^
[INFO] [stdout]   |
[INFO] [stdout]   = note: `#[warn(deprecated)]` on by default
[INFO] [stdout] 
[INFO] [stdout] 
[INFO] [stdout] warning: use of deprecated function `cosmwasm_std::to_binary`: use to_json_binary instead
[INFO] [stdout]    --> src/asset.rs:281:22
[INFO] [stdout]     |
[INFO] [stdout] 281 |                 msg: to_binary(&Cw20ExecuteMsg::Send {
[INFO] [stdout]     |                      ^^^^^^^^^
[INFO] [stdout] 
[INFO] [stdout] 
[INFO] [stdout] warning: use of deprecated function `cosmwasm_std::to_binary`: use to_json_binary instead
[INFO] [stdout]    --> src/asset.rs:320:22
[INFO] [stdout]     |
[INFO] [stdout] 320 |                 msg: to_binary(&Cw20ExecuteMsg::Transfer {
[INFO] [stdout]     |                      ^^^^^^^^^
[INFO] [stdout] 
[INFO] [stdout] 
[INFO] [stdout] warning: use of deprecated function `cosmwasm_std::to_binary`: use to_json_binary instead
[INFO] [stdout]    --> src/asset.rs:360:22
[INFO] [stdout]     |
[INFO] [stdout] 360 |                 msg: to_binary(&Cw20ExecuteMsg::TransferFrom {
[INFO] [stdout]     |                      ^^^^^^^^^
[INFO] [stdout] 
[INFO] [stdout] 
[INFO] [stdout] warning: use of deprecated function `cosmwasm_std::to_binary`: use to_json_binary instead
[INFO] [stdout]    --> src/asset.rs:604:23
[INFO] [stdout]     |
[INFO] [stdout] 604 |         let bin_msg = to_binary(&MockExecuteMsg::MockCommand {}).unwrap();
[INFO] [stdout]     |                       ^^^^^^^^^
[INFO] [stdout] 
[INFO] [stdout] 
[INFO] [stdout] warning: use of deprecated function `cosmwasm_std::to_binary`: use to_json_binary instead
[INFO] [stdout]    --> src/asset.rs:610:22
[INFO] [stdout]     |
[INFO] [stdout] 610 |                 msg: to_binary(&Cw20ExecuteMsg::Send {
[INFO] [stdout]     |                      ^^^^^^^^^
[INFO] [stdout] 
[INFO] [stdout] 
[INFO] [stdout] warning: use of deprecated function `cosmwasm_std::to_binary`: use to_json_binary instead
[INFO] [stdout]    --> src/asset.rs:613:26
[INFO] [stdout]     |
[INFO] [stdout] 613 |                     msg: to_binary(&MockExecuteMsg::MockCommand {}).unwrap()
[INFO] [stdout]     |                          ^^^^^^^^^
[INFO] [stdout] 
[INFO] [stdout] 
[INFO] [stdout] warning: use of deprecated function `cosmwasm_std::to_binary`: use to_json_binary instead
[INFO] [stdout]    --> src/asset.rs:633:22
[INFO] [stdout]     |
[INFO] [stdout] 633 |                 msg: to_binary(&Cw20ExecuteMsg::Transfer {
[INFO] [stdout]     |                      ^^^^^^^^^
[INFO] [stdout] 
[INFO] [stdout] 
[INFO] [stdout] warning: use of deprecated function `cosmwasm_std::to_binary`: use to_json_binary instead
[INFO] [stdout]    --> src/asset.rs:656:22
[INFO] [stdout]     |
[INFO] [stdout] 656 |                 msg: to_binary(&Cw20ExecuteMsg::TransferFrom {
[INFO] [stdout]     |                      ^^^^^^^^^
[INFO] [stdout] 
[INFO] [stdout] 
[INFO] [stdout] warning: use of deprecated function `cosmwasm_std::to_binary`: use to_json_binary instead
[INFO] [stdout]  --> src/asset_info.rs:5:5
[INFO] [stdout]   |
[INFO] [stdout] 5 |     to_binary, Addr, Api, BalanceResponse, BankQuery, QuerierWrapper, QueryRequest, StdError,
[INFO] [stdout]   |     ^^^^^^^^^
[INFO] [stdout] 
[INFO] [stdout] 
[INFO] [stdout] warning: use of deprecated function `cosmwasm_std::to_binary`: use to_json_binary instead
[INFO] [stdout]    --> src/asset_info.rs:196:30
[INFO] [stdout]     |
[INFO] [stdout] 196 |                         msg: to_binary(&Cw20QueryMsg::Balance {
[INFO] [stdout]     |                              ^^^^^^^^^
[INFO] [stdout] 
[INFO] [stdout] 
[INFO] [stdout] warning: use of deprecated function `cosmwasm_std::to_binary`: use to_json_binary instead
[INFO] [stdout]    --> src/asset_list.rs:486:27
[INFO] [stdout]     |
[INFO] [stdout] 486 |         testing::MockApi, to_binary, BankMsg, Coin, CosmosMsg, Decimal, OverflowError,
[INFO] [stdout]     |                           ^^^^^^^^^
[INFO] [stdout] 
[INFO] [stdout] 
[INFO] [stdout] warning: use of deprecated function `cosmwasm_std::to_binary`: use to_json_binary instead
[INFO] [stdout]    --> src/asset_list.rs:694:26
[INFO] [stdout]     |
[INFO] [stdout] 694 |                     msg: to_binary(&Cw20ExecuteMsg::Transfer {
[INFO] [stdout]     |                          ^^^^^^^^^
[INFO] [stdout] 
[INFO] [stdout] 
[INFO] [stdout] warning: use of deprecated function `cosmwasm_std::from_binary`: use from_json instead
[INFO] [stdout]  --> src/testing/custom_mock_querier.rs:2:5
[INFO] [stdout]   |
[INFO] [stdout] 2 |     from_binary, from_slice, testing::MockQuerier, Addr, Coin, Empty, Querier, QuerierResult,
[INFO] [stdout]   |     ^^^^^^^^^^^
[INFO] [stdout] 
[INFO] [stdout] 
[INFO] [stdout] warning: use of deprecated function `cosmwasm_std::from_slice`: use from_json instead
[INFO] [stdout]  --> src/testing/custom_mock_querier.rs:2:18
[INFO] [stdout]   |
[INFO] [stdout] 2 |     from_binary, from_slice, testing::MockQuerier, Addr, Coin, Empty, Querier, QuerierResult,
[INFO] [stdout]   |                  ^^^^^^^^^^
[INFO] [stdout] 
[INFO] [stdout] 
[INFO] [stdout] warning: use of deprecated function `cosmwasm_std::from_slice`: use from_json instead
[INFO] [stdout]   --> src/testing/custom_mock_querier.rs:25:50
[INFO] [stdout]    |
[INFO] [stdout] 25 |         let request: QueryRequest<Empty> = match from_slice(bin_request) {
[INFO] [stdout]    |                                                  ^^^^^^^^^^
[INFO] [stdout] 
[INFO] [stdout] 
[INFO] [stdout] warning: use of deprecated function `cosmwasm_std::from_binary`: use from_json instead
[INFO] [stdout]   --> src/testing/custom_mock_querier.rs:48:65
[INFO] [stdout]    |
[INFO] [stdout] 48 |                 let parse_cw20_query: StdResult<Cw20QueryMsg> = from_binary(msg);
[INFO] [stdout]    |                                                                 ^^^^^^^^^^^
[INFO] [stdout] 
[INFO] [stdout] 
[INFO] [stdout] warning: use of deprecated function `cosmwasm_std::to_binary`: use to_json_binary instead
[INFO] [stdout]  --> src/testing/cw20_querier.rs:3:20
[INFO] [stdout]   |
[INFO] [stdout] 3 | use cosmwasm_std::{to_binary, Addr, QuerierResult, SystemError, Uint128};
[INFO] [stdout]   |                    ^^^^^^^^^
[INFO] [stdout] 
[INFO] [stdout] 
[INFO] [stdout] warning: use of deprecated function `cosmwasm_std::to_binary`: use to_json_binary instead
[INFO] [stdout]   --> src/testing/cw20_querier.rs:41:20
[INFO] [stdout]    |
[INFO] [stdout] 41 |                 Ok(to_binary(&BalanceResponse {
[INFO] [stdout]    |                    ^^^^^^^^^
[INFO] [stdout] 
[INFO] [stdout] 
[INFO] [stdout] warning: 20 warnings emitted
[INFO] [stdout] 
[INFO] [stdout] 
[INFO] [stderr]     Finished test [unoptimized + debuginfo] target(s) in 1.66s
[INFO] running `Command { std: "docker" "inspect" "0e18924d6bcfa819540acf2eeed7f0cf93cccd0c3227c17202b65a0675d18628", kill_on_drop: false }`
[INFO] running `Command { std: "docker" "rm" "-f" "0e18924d6bcfa819540acf2eeed7f0cf93cccd0c3227c17202b65a0675d18628", kill_on_drop: false }`
[INFO] [stdout] 0e18924d6bcfa819540acf2eeed7f0cf93cccd0c3227c17202b65a0675d18628
[INFO] running `Command { std: "docker" "create" "-v" "/var/lib/crater-agent-workspace/builds/worker-0-tc1/target:/opt/rustwide/target:rw,Z" "-v" "/var/lib/crater-agent-workspace/builds/worker-0-tc1/source:/opt/rustwide/workdir:ro,Z" "-v" "/var/lib/crater-agent-workspace/cargo-home:/opt/rustwide/cargo-home:ro,Z" "-v" "/var/lib/crater-agent-workspace/rustup-home:/opt/rustwide/rustup-home:ro,Z" "-e" "SOURCE_DIR=/opt/rustwide/workdir" "-e" "CARGO_TARGET_DIR=/opt/rustwide/target" "-e" "CARGO_INCREMENTAL=0" "-e" "RUST_BACKTRACE=full" "-e" "RUSTFLAGS=--cap-lints=warn" "-e" "RUSTDOCFLAGS=--cap-lints=warn" "-e" "CARGO_HOME=/opt/rustwide/cargo-home" "-e" "RUSTUP_HOME=/opt/rustwide/rustup-home" "-w" "/opt/rustwide/workdir" "-m" "1610612736" "--user" "0:0" "--network" "none" "ghcr.io/rust-lang/crates-build-env/linux@sha256:2788e3201cd34a07e3172128adcd8b3090168a8e3bcc40d7c032b9dda1df7d1c" "/opt/rustwide/cargo-home/bin/cargo" "+1.75.0" "test" "--frozen", kill_on_drop: false }`
[INFO] [stdout] c094199b6f0765a5e22785305c36ec17b16bf311b9453bc3be58fe6bcbd0c410
[INFO] running `Command { std: "docker" "start" "-a" "c094199b6f0765a5e22785305c36ec17b16bf311b9453bc3be58fe6bcbd0c410", kill_on_drop: false }`
[INFO] [stderr] warning: use of deprecated function `cosmwasm_std::to_binary`: use to_json_binary instead
[INFO] [stderr]  --> src/asset.rs:4:20
[INFO] [stderr]   |
[INFO] [stderr] 4 | use cosmwasm_std::{to_binary, Addr, Api, BankMsg, Binary, Coin, CosmosMsg, Uint128, WasmMsg};
[INFO] [stderr]   |                    ^^^^^^^^^
[INFO] [stderr]   |
[INFO] [stderr]   = note: `#[warn(deprecated)]` on by default
[INFO] [stderr] 
[INFO] [stderr] warning: use of deprecated function `cosmwasm_std::to_binary`: use to_json_binary instead
[INFO] [stderr]    --> src/asset.rs:281:22
[INFO] [stderr]     |
[INFO] [stderr] 281 |                 msg: to_binary(&Cw20ExecuteMsg::Send {
[INFO] [stderr]     |                      ^^^^^^^^^
[INFO] [stderr] 
[INFO] [stderr] warning: use of deprecated function `cosmwasm_std::to_binary`: use to_json_binary instead
[INFO] [stderr]    --> src/asset.rs:320:22
[INFO] [stderr]     |
[INFO] [stderr] 320 |                 msg: to_binary(&Cw20ExecuteMsg::Transfer {
[INFO] [stderr]     |                      ^^^^^^^^^
[INFO] [stderr] 
[INFO] [stderr] warning: use of deprecated function `cosmwasm_std::to_binary`: use to_json_binary instead
[INFO] [stderr]    --> src/asset.rs:360:22
[INFO] [stderr]     |
[INFO] [stderr] 360 |                 msg: to_binary(&Cw20ExecuteMsg::TransferFrom {
[INFO] [stderr]     |                      ^^^^^^^^^
[INFO] [stderr] 
[INFO] [stderr] warning: use of deprecated function `cosmwasm_std::to_binary`: use to_json_binary instead
[INFO] [stderr]  --> src/asset_info.rs:5:5
[INFO] [stderr]   |
[INFO] [stderr] 5 |     to_binary, Addr, Api, BalanceResponse, BankQuery, QuerierWrapper, QueryRequest, StdError,
[INFO] [stderr]   |     ^^^^^^^^^
[INFO] [stderr] 
[INFO] [stderr] warning: use of deprecated function `cosmwasm_std::to_binary`: use to_json_binary instead
[INFO] [stderr]    --> src/asset_info.rs:196:30
[INFO] [stderr]     |
[INFO] [stderr] 196 |                         msg: to_binary(&Cw20QueryMsg::Balance {
[INFO] [stderr]     |                              ^^^^^^^^^
[INFO] [stderr] 
[INFO] [stderr] warning: unused import: `custom_mock_querier::CustomMockQuerier`
[INFO] [stderr]  --> src/testing/mod.rs:5:9
[INFO] [stderr]   |
[INFO] [stderr] 5 | pub use custom_mock_querier::CustomMockQuerier;
[INFO] [stderr]   |         ^^^^^^^^^^^^^^^^^^^^^^^^^^^^^^^^^^^^^^
[INFO] [stderr]   |
[INFO] [stderr]   = note: `#[warn(unused_imports)]` on by default
[INFO] [stderr] 
[INFO] [stderr] warning: use of deprecated function `cosmwasm_std::to_binary`: use to_json_binary instead
[INFO] [stderr]    --> src/asset.rs:604:23
[INFO] [stderr]     |
[INFO] [stderr] 604 |         let bin_msg = to_binary(&MockExecuteMsg::MockCommand {}).unwrap();
[INFO] [stderr]     |                       ^^^^^^^^^
[INFO] [stderr] 
[INFO] [stderr] warning: use of deprecated function `cosmwasm_std::to_binary`: use to_json_binary instead
[INFO] [stderr]    --> src/asset.rs:610:22
[INFO] [stderr]     |
[INFO] [stderr] 610 |                 msg: to_binary(&Cw20ExecuteMsg::Send {
[INFO] [stderr]     |                      ^^^^^^^^^
[INFO] [stderr] 
[INFO] [stderr] warning: use of deprecated function `cosmwasm_std::to_binary`: use to_json_binary instead
[INFO] [stderr]    --> src/asset.rs:613:26
[INFO] [stderr]     |
[INFO] [stderr] 613 |                     msg: to_binary(&MockExecuteMsg::MockCommand {}).unwrap()
[INFO] [stderr]     |                          ^^^^^^^^^
[INFO] [stderr] 
[INFO] [stderr] warning: use of deprecated function `cosmwasm_std::to_binary`: use to_json_binary instead
[INFO] [stderr]    --> src/asset.rs:633:22
[INFO] [stderr]     |
[INFO] [stderr] 633 |                 msg: to_binary(&Cw20ExecuteMsg::Transfer {
[INFO] [stderr]     |                      ^^^^^^^^^
[INFO] [stderr] 
[INFO] [stderr] warning: use of deprecated function `cosmwasm_std::to_binary`: use to_json_binary instead
[INFO] [stderr]    --> src/asset.rs:656:22
[INFO] [stderr]     |
[INFO] [stderr] 656 |                 msg: to_binary(&Cw20ExecuteMsg::TransferFrom {
[INFO] [stderr]     |                      ^^^^^^^^^
[INFO] [stderr] 
[INFO] [stderr] warning: use of deprecated function `cosmwasm_std::to_binary`: use to_json_binary instead
[INFO] [stderr]    --> src/asset_list.rs:486:27
[INFO] [stderr]     |
[INFO] [stderr] 486 |         testing::MockApi, to_binary, BankMsg, Coin, CosmosMsg, Decimal, OverflowError,
[INFO] [stderr]     |                           ^^^^^^^^^
[INFO] [stderr] 
[INFO] [stderr] warning: use of deprecated function `cosmwasm_std::to_binary`: use to_json_binary instead
[INFO] [stderr]    --> src/asset_list.rs:694:26
[INFO] [stderr]     |
[INFO] [stderr] 694 |                     msg: to_binary(&Cw20ExecuteMsg::Transfer {
[INFO] [stderr]     |                          ^^^^^^^^^
[INFO] [stderr] 
[INFO] [stderr] warning: use of deprecated function `cosmwasm_std::from_binary`: use from_json instead
[INFO] [stderr]  --> src/testing/custom_mock_querier.rs:2:5
[INFO] [stderr]   |
[INFO] [stderr] 2 |     from_binary, from_slice, testing::MockQuerier, Addr, Coin, Empty, Querier, QuerierResult,
[INFO] [stderr]   |     ^^^^^^^^^^^
[INFO] [stderr] 
[INFO] [stderr] warning: use of deprecated function `cosmwasm_std::from_slice`: use from_json instead
[INFO] [stderr]  --> src/testing/custom_mock_querier.rs:2:18
[INFO] [stderr]   |
[INFO] [stderr] 2 |     from_binary, from_slice, testing::MockQuerier, Addr, Coin, Empty, Querier, QuerierResult,
[INFO] [stderr]   |                  ^^^^^^^^^^
[INFO] [stderr] 
[INFO] [stderr] warning: use of deprecated function `cosmwasm_std::from_slice`: use from_json instead
[INFO] [stderr]   --> src/testing/custom_mock_querier.rs:25:50
[INFO] [stderr]    |
[INFO] [stderr] 25 |         let request: QueryRequest<Empty> = match from_slice(bin_request) {
[INFO] [stderr]    |                                                  ^^^^^^^^^^
[INFO] [stderr] 
[INFO] [stderr] warning: use of deprecated function `cosmwasm_std::from_binary`: use from_json instead
[INFO] [stderr]   --> src/testing/custom_mock_querier.rs:48:65
[INFO] [stderr]    |
[INFO] [stderr] 48 |                 let parse_cw20_query: StdResult<Cw20QueryMsg> = from_binary(msg);
[INFO] [stderr]    |                                                                 ^^^^^^^^^^^
[INFO] [stderr] 
[INFO] [stderr] warning: use of deprecated function `cosmwasm_std::to_binary`: use to_json_binary instead
[INFO] [stderr]  --> src/testing/cw20_querier.rs:3:20
[INFO] [stderr]   |
[INFO] [stderr] 3 | use cosmwasm_std::{to_binary, Addr, QuerierResult, SystemError, Uint128};
[INFO] [stderr]   |                    ^^^^^^^^^
[INFO] [stderr] 
[INFO] [stderr] warning: use of deprecated function `cosmwasm_std::to_binary`: use to_json_binary instead
[INFO] [stderr]   --> src/testing/cw20_querier.rs:41:20
[INFO] [stderr]    |
[INFO] [stderr] 41 |                 Ok(to_binary(&BalanceResponse {
[INFO] [stderr]    |                    ^^^^^^^^^
[INFO] [stderr] 
[INFO] [stderr] warning: `cw-asset` (lib) generated 6 warnings
[INFO] [stderr] warning: `cw-asset` (lib test) generated 20 warnings (6 duplicates) (run `cargo fix --lib -p cw-asset --tests` to apply 1 suggestion)
[INFO] [stderr]     Finished test [unoptimized + debuginfo] target(s) in 0.04s
[INFO] [stderr]      Running unittests src/lib.rs (/opt/rustwide/target/debug/deps/cw_asset-938398e46aae5e4b)
[INFO] [stdout] 
[INFO] [stdout] running 33 tests
[INFO] [stdout] test asset::tests::checking_uppercase ... ok
[INFO] [stdout] test asset::tests::casting_coin ... ok
[INFO] [stdout] test asset::tests::checking ... ok
[INFO] [stdout] test asset::tests::comparing ... ok
[INFO] [stdout] test asset::tests::comparing_coin ... ok
[INFO] [stdout] test asset::tests::creating_instances ... ok
[INFO] [stdout] test asset::tests::creating_messages ... ok
[INFO] [stdout] test asset::tests::from_sdk_string ... ok
[INFO] [stdout] test asset::tests::from_string ... ok
[INFO] [stdout] test asset::tests::to_string ... ok
[INFO] [stdout] test asset_info::test::checking ... ok
[INFO] [stdout] test asset_info::test::checking_uppercase ... ok
[INFO] [stdout] test asset_info::test::comparing ... ok
[INFO] [stdout] test asset_info::test::creating_instances ... ok
[INFO] [stdout] test asset_info::test::from_string ... ok
[INFO] [stdout] test asset_info::test::composite_key_works ... ok
[INFO] [stdout] test asset_info::test::storage_key_works ... ok
[INFO] [stdout] test asset_info::test::to_string ... ok
[INFO] [stdout] test asset_info::test::querying_balance ... ok
[INFO] [stdout] test asset_list::tests::adding ... ok
[INFO] [stdout] test asset_info::test::triple_asset_key_works ... ok
[INFO] [stdout] test asset_list::tests::checking ... ok
[INFO] [stdout] test asset_list::tests::deducting ... ok
[INFO] [stdout] test asset_list::tests::deducting_many ... ok
[INFO] [stdout] test asset_list::tests::adding_many ... ok
[INFO] [stdout] test asset_list::tests::indexing ... ok
[INFO] [stdout] test asset_list::tests::iterating ... ok
[INFO] [stdout] test asset_list::tests::to_string ... ok
[INFO] [stdout] test asset_list::tests::checking_uppercase ... ok
[INFO] [stdout] test asset_list::tests::finding ... ok
[INFO] [stdout] test asset_list::tests::from_string ... ok
[INFO] [stdout] test asset_list::tests::creating_messages ... ok
[INFO] [stdout] test asset_list::tests::applying ... ok
[INFO] [stdout] 
[INFO] [stdout] test result: ok. 33 passed; 0 failed; 0 ignored; 0 measured; 0 filtered out; finished in 0.00s
[INFO] [stdout] 
[INFO] [stderr]    Doc-tests cw-asset
[INFO] [stdout] 
[INFO] [stdout] running 28 tests
[INFO] [stdout] test src/asset_info.rs - asset_info::AssetInfo::query_balance (line 169) ... ok
[INFO] [stdout] test src/asset.rs - asset::AssetUnchecked::check (line 163) ... ok
[INFO] [stdout] test src/asset.rs - asset::Asset::transfer_from_msg (line 336) ... ok
[INFO] [stdout] test src/asset.rs - asset::Asset::send_msg (line 254) ... ok
[INFO] [stdout] test src/asset_info.rs - asset_info::AssetInfoUnchecked::check (line 122) ... ok
[INFO] [stdout] test src/asset.rs - asset::Asset::transfer_msg (line 297) ... ok
[INFO] [stdout] test src/asset.rs - asset::AssetBase<T>::cw20 (line 63) ... FAILED
[INFO] [stdout] test src/asset_info.rs - asset_info::AssetInfoBase<T>::cw20 (line 44) ... FAILED
[INFO] [stdout] test src/asset_list.rs - asset_list::AssetList::find (line 231) ... ok
[INFO] [stdout] test src/asset_list.rs - asset_list::AssetList::add_many (line 326) ... FAILED
[INFO] [stdout] test src/lib.rs - (line 54) ... FAILED
[INFO] [stdout] test src/asset_list.rs - asset_list::AssetList::transfer_msgs (line 428) ... ok
[INFO] [stdout] test src/lib.rs - (line 32) ... ok
[INFO] [stdout] test src/asset_list.rs - asset_list::AssetListUnchecked::check (line 58) ... ok
[INFO] [stdout] test src/asset.rs - asset::AssetBase<T>::new (line 29) ... ok
[INFO] [stdout] test src/lib.rs - (line 9) ... ok
[INFO] [stdout] test src/lib.rs - (line 70) ... ok
[INFO] [stdout] test src/asset.rs - asset::AssetBase<T>::native (line 48) ... ok
[INFO] [stdout] test src/asset_info.rs - asset_info::AssetInfoBase<T>::native (line 33) ... ok
[INFO] [stdout] test src/asset_list.rs - asset_list::AssetList::apply (line 252) ... ok
[INFO] [stdout] test src/asset_list.rs - asset_list::AssetList::deduct_many (line 399) ... ok
[INFO] [stdout] test src/asset_list.rs - asset_list::AssetList::to_vec (line 174) ... ok
[INFO] [stdout] test src/asset_list.rs - asset_list::AssetList::add (line 294) ... ok
[INFO] [stdout] test src/asset_list.rs - asset_list::AssetList::purge (line 269) ... ok
[INFO] [stdout] test src/asset_list.rs - asset_list::AssetList::len (line 190) ... ok
[INFO] [stdout] test src/asset_list.rs - asset_list::AssetList::new (line 162) ... ok
[INFO] [stdout] test src/asset_list.rs - asset_list::AssetList::deduct (line 365) ... ok
[INFO] [stdout] test src/asset_list.rs - asset_list::AssetList::is_empty (line 210) ... ok
[INFO] [stdout] 
[INFO] [stdout] failures:
[INFO] [stdout] 
[INFO] [stdout] ---- src/asset.rs - asset::AssetBase<T>::cw20 (line 63) stdout ----
[INFO] [stdout] error: linking with `cc` failed: exit status: 1
[INFO] [stdout]   |
[INFO] [stdout]   = note: LC_ALL="C" PATH="/opt/rustwide/rustup-home/toolchains/1.75.0-x86_64-unknown-linux-gnu/lib/rustlib/x86_64-unknown-linux-gnu/bin:/opt/rustwide/cargo-home/bin:/usr/local/sbin:/usr/local/bin:/usr/sbin:/usr/bin:/sbin:/bin" VSLANG="1033" "cc" "-m64" "/tmp/rustc4yuub9/symbols.o" "/tmp/rustdoctesthVhn5d/rust_out.rust_out.263fb70ac1c95110-cgu.0.rcgu.o" "/tmp/rustdoctesthVhn5d/rust_out.2uel00cfmdh5ufit.rcgu.o" "-Wl,--as-needed" "-L" "/opt/rustwide/target/debug/deps" "-L" "/opt/rustwide/target/debug/deps" "-L" "/opt/rustwide/rustup-home/toolchains/1.75.0-x86_64-unknown-linux-gnu/lib/rustlib/x86_64-unknown-linux-gnu/lib" "-Wl,-Bstatic" "/opt/rustwide/target/debug/deps/libcw_asset-054746cdbcdc4b6e.rlib" "/opt/rustwide/target/debug/deps/libcw_address_like-5441f25a01e04031.rlib" "/opt/rustwide/target/debug/deps/libcw20-741afad5d460cb61.rlib" "/opt/rustwide/target/debug/deps/libcw_utils-d2b878e49358e8c7.rlib" "/opt/rustwide/target/debug/deps/libcw2-00a5547cc6d10a78.rlib" "/opt/rustwide/target/debug/deps/libsemver-b1ba94f2f6280e11.rlib" "/opt/rustwide/target/debug/deps/libcw_storage_plus-3c8026af7fbb295b.rlib" "/opt/rustwide/target/debug/deps/libcosmwasm_std-b2c61c918c29724f.rlib" "/opt/rustwide/target/debug/deps/libserde_json_wasm-a5689a06a04687c7.rlib" "/opt/rustwide/target/debug/deps/libstatic_assertions-06b6572b5d394a0a.rlib" "/opt/rustwide/target/debug/deps/libbech32-516f765430a06e4b.rlib" "/opt/rustwide/target/debug/deps/libbnum-dc283d74cec448c9.rlib" "/opt/rustwide/target/debug/deps/libforward_ref-9c0ea7731177807a.rlib" "/opt/rustwide/target/debug/deps/libcosmwasm_crypto-4ff8c9cfc81a26c5.rlib" "/opt/rustwide/target/debug/deps/libk256-1a794a4612813676.rlib" "/opt/rustwide/target/debug/deps/libecdsa-7eb697d58dfad2cf.rlib" "/opt/rustwide/target/debug/deps/librfc6979-ee4bd562ae25a483.rlib" "/opt/rustwide/target/debug/deps/libhmac-69c95355a27c4a61.rlib" "/opt/rustwide/target/debug/deps/libsignature-19aa9b3604c8d4c3.rlib" "/opt/rustwide/target/debug/deps/libelliptic_curve-0e527aa49135394c.rlib" "/opt/rustwide/target/debug/deps/libpkcs8-45727c515dcf9e2f.rlib" "/opt/rustwide/target/debug/deps/libspki-ea8fef2d4b42aaf7.rlib" "/opt/rustwide/target/debug/deps/libsec1-49365ea752550545.rlib" "/opt/rustwide/target/debug/deps/libder-6f663d800d8d3488.rlib" "/opt/rustwide/target/debug/deps/libcrypto_bigint-04fb5c253b32fdac.rlib" "/opt/rustwide/target/debug/deps/libbase16ct-5a39198f00022b13.rlib" "/opt/rustwide/target/debug/deps/libgroup-abf4b2f1af9229be.rlib" "/opt/rustwide/target/debug/deps/libff-6ae394a81e415ea9.rlib" "/opt/rustwide/target/debug/deps/libed25519_zebra-d52c37ead5a11e88.rlib" "/opt/rustwide/target/debug/deps/libhex-05644b5497b79c5b.rlib" "/opt/rustwide/target/debug/deps/libsha2-b3e8beb63d25bac7.rlib" "/opt/rustwide/target/debug/deps/libopaque_debug-15273823c1ba1453.rlib" "/opt/rustwide/target/debug/deps/libblock_buffer-c3a9d5a588a6d633.rlib" "/opt/rustwide/target/debug/deps/librand_core-6fa27236058cb8c8.rlib" "/opt/rustwide/target/debug/deps/libhashbrown-aa3d1818815bc6f4.rlib" "/opt/rustwide/target/debug/deps/libahash-98c051d3b6b08a42.rlib" "/opt/rustwide/target/debug/deps/libgetrandom-c78bd293558182e6.rlib" "/opt/rustwide/target/debug/deps/liblibc-b911f0b3efb8300e.rlib" "/opt/rustwide/target/debug/deps/libonce_cell-49ebd9646360b73f.rlib" "/opt/rustwide/target/debug/deps/libcurve25519_dalek-60d2b1a133c4a2a9.rlib" "/opt/rustwide/target/debug/deps/librand_core-f26e923223cac036.rlib" "/opt/rustwide/target/debug/deps/libdigest-bb4faab652a43f62.rlib" "/opt/rustwide/target/debug/deps/libbyteorder-9cfef299f4e51c39.rlib" "/opt/rustwide/target/debug/deps/libbase64-c757f6e1d18850a5.rlib" "/opt/rustwide/target/debug/deps/libsha2-f1124b5372475e5d.rlib" "/opt/rustwide/target/debug/deps/libcpufeatures-b8d9ed5bb45874e9.rlib" "/opt/rustwide/target/debug/deps/libcfg_if-61dc7a6799e72b18.rlib" "/opt/rustwide/target/debug/deps/libdigest-d2ce14f9f274c614.rlib" "/opt/rustwide/target/debug/deps/libsubtle-2878f8213ac4aa38.rlib" "/opt/rustwide/target/debug/deps/libconst_oid-c8a247a7b7eb265f.rlib" "/opt/rustwide/target/debug/deps/libblock_buffer-5e59f5d26d2f973d.rlib" "/opt/rustwide/target/debug/deps/libcrypto_common-cab3786875b45b7a.rlib" "/opt/rustwide/target/debug/deps/libgeneric_array-02553e878c92486b.rlib" "/opt/rustwide/target/debug/deps/libtypenum-da95465dc70d2c95.rlib" "/opt/rustwide/target/debug/deps/libzeroize-6ee87dcf7a762ed8.rlib" "/opt/rustwide/target/debug/deps/libcosmwasm_schema-c7bf96421c3ec707.rlib" "/opt/rustwide/target/debug/deps/libthiserror-3b0757fdb1ac579f.rlib" "/opt/rustwide/target/debug/deps/libschemars-d778abc53d351449.rlib" "/opt/rustwide/target/debug/deps/libdyn_clone-9450e4caca538bf4.rlib" "/opt/rustwide/target/debug/deps/libserde_json-0f047cf401379448.rlib" "/opt/rustwide/target/debug/deps/libryu-5f304b1b6393964f.rlib" "/opt/rustwide/target/debug/deps/libitoa-5f181af53b99b92c.rlib" "/opt/rustwide/target/debug/deps/libserde-6e31ed75d6354ec7.rlib" "/opt/rustwide/rustup-home/toolchains/1.75.0-x86_64-unknown-linux-gnu/lib/rustlib/x86_64-unknown-linux-gnu/lib/libstd-90f6ddbf82de36ec.rlib" "/opt/rustwide/rustup-home/toolchains/1.75.0-x86_64-unknown-linux-gnu/lib/rustlib/x86_64-unknown-linux-gnu/lib/libpanic_unwind-480c41e9d4e1f677.rlib" "/opt/rustwide/rustup-home/toolchains/1.75.0-x86_64-unknown-linux-gnu/lib/rustlib/x86_64-unknown-linux-gnu/lib/libobject-db744c0ca03eed1d.rlib" "/opt/rustwide/rustup-home/toolchains/1.75.0-x86_64-unknown-linux-gnu/lib/rustlib/x86_64-unknown-linux-gnu/lib/libmemchr-8ba652dc7d4b285a.rlib" "/opt/rustwide/rustup-home/toolchains/1.75.0-x86_64-unknown-linux-gnu/lib/rustlib/x86_64-unknown-linux-gnu/lib/libaddr2line-d5f4520a9ebc0d58.rlib" "/opt/rustwide/rustup-home/toolchains/1.75.0-x86_64-unknown-linux-gnu/lib/rustlib/x86_64-unknown-linux-gnu/lib/libgimli-4ad84de58f0cb463.rlib" "/opt/rustwide/rustup-home/toolchains/1.75.0-x86_64-unknown-linux-gnu/lib/rustlib/x86_64-unknown-linux-gnu/lib/librustc_demangle-0d10aae2e0f38735.rlib" "/opt/rustwide/rustup-home/toolchains/1.75.0-x86_64-unknown-linux-gnu/lib/rustlib/x86_64-unknown-linux-gnu/lib/libstd_detect-0c17cff739e6745b.rlib" "/opt/rustwide/rustup-home/toolchains/1.75.0-x86_64-unknown-linux-gnu/lib/rustlib/x86_64-unknown-linux-gnu/lib/libhashbrown-b29e17139dde1aa8.rlib" "/opt/rustwide/rustup-home/toolchains/1.75.0-x86_64-unknown-linux-gnu/lib/rustlib/x86_64-unknown-linux-gnu/lib/librustc_std_workspace_alloc-1f975299829cc7bd.rlib" "/opt/rustwide/rustup-home/toolchains/1.75.0-x86_64-unknown-linux-gnu/lib/rustlib/x86_64-unknown-linux-gnu/lib/libminiz_oxide-86bae3bc3079f89b.rlib" "/opt/rustwide/rustup-home/toolchains/1.75.0-x86_64-unknown-linux-gnu/lib/rustlib/x86_64-unknown-linux-gnu/lib/libadler-321b82c30dffdf5f.rlib" "/opt/rustwide/rustup-home/toolchains/1.75.0-x86_64-unknown-linux-gnu/lib/rustlib/x86_64-unknown-linux-gnu/lib/libunwind-3dd8a6810a0bdfef.rlib" "/opt/rustwide/rustup-home/toolchains/1.75.0-x86_64-unknown-linux-gnu/lib/rustlib/x86_64-unknown-linux-gnu/lib/libcfg_if-eb39a61c0c879984.rlib" "/opt/rustwide/rustup-home/toolchains/1.75.0-x86_64-unknown-linux-gnu/lib/rustlib/x86_64-unknown-linux-gnu/lib/liblibc-aa769569f91c3548.rlib" "/opt/rustwide/rustup-home/toolchains/1.75.0-x86_64-unknown-linux-gnu/lib/rustlib/x86_64-unknown-linux-gnu/lib/liballoc-510a192a50a983ed.rlib" "/opt/rustwide/rustup-home/toolchains/1.75.0-x86_64-unknown-linux-gnu/lib/rustlib/x86_64-unknown-linux-gnu/lib/librustc_std_workspace_core-0577018320f99037.rlib" "/opt/rustwide/rustup-home/toolchains/1.75.0-x86_64-unknown-linux-gnu/lib/rustlib/x86_64-unknown-linux-gnu/lib/libcore-193cf992125ccd4c.rlib" "/opt/rustwide/rustup-home/toolchains/1.75.0-x86_64-unknown-linux-gnu/lib/rustlib/x86_64-unknown-linux-gnu/lib/libcompiler_builtins-8e138eaf26ebb4a8.rlib" "-Wl,-Bdynamic" "-lc" "-lm" "-lrt" "-lpthread" "-lgcc_s" "-lutil" "-lrt" "-lpthread" "-lm" "-ldl" "-lc" "-Wl,--eh-frame-hdr" "-Wl,-z,noexecstack" "-L" "/opt/rustwide/rustup-home/toolchains/1.75.0-x86_64-unknown-linux-gnu/lib/rustlib/x86_64-unknown-linux-gnu/lib" "-o" "/tmp/rustdoctesthVhn5d/rust_out" "-Wl,--gc-sections" "-pie" "-Wl,-z,relro,-z,now" "-nodefaultlibs"
[INFO] [stdout]   = note: collect2: fatal error: ld terminated with signal 9 [Killed]
[INFO] [stdout]           compilation terminated.
[INFO] [stdout]           
[INFO] [stdout] 
[INFO] [stdout] error: aborting due to previous error
[INFO] [stdout] 
[INFO] [stdout] Couldn't compile the test.
[INFO] [stdout] ---- src/asset_info.rs - asset_info::AssetInfoBase<T>::cw20 (line 44) stdout ----
[INFO] [stdout] error: linking with `cc` failed: exit status: 1
[INFO] [stdout]   |
[INFO] [stdout]   = note: LC_ALL="C" PATH="/opt/rustwide/rustup-home/toolchains/1.75.0-x86_64-unknown-linux-gnu/lib/rustlib/x86_64-unknown-linux-gnu/bin:/opt/rustwide/cargo-home/bin:/usr/local/sbin:/usr/local/bin:/usr/sbin:/usr/bin:/sbin:/bin" VSLANG="1033" "cc" "-m64" "/tmp/rustcLCFKo1/symbols.o" "/tmp/rustdoctest6x2JVE/rust_out.rust_out.263fb70ac1c95110-cgu.0.rcgu.o" "/tmp/rustdoctest6x2JVE/rust_out.2uel00cfmdh5ufit.rcgu.o" "-Wl,--as-needed" "-L" "/opt/rustwide/target/debug/deps" "-L" "/opt/rustwide/target/debug/deps" "-L" "/opt/rustwide/rustup-home/toolchains/1.75.0-x86_64-unknown-linux-gnu/lib/rustlib/x86_64-unknown-linux-gnu/lib" "-Wl,-Bstatic" "/opt/rustwide/target/debug/deps/libcw_asset-054746cdbcdc4b6e.rlib" "/opt/rustwide/target/debug/deps/libcw_address_like-5441f25a01e04031.rlib" "/opt/rustwide/target/debug/deps/libcw20-741afad5d460cb61.rlib" "/opt/rustwide/target/debug/deps/libcw_utils-d2b878e49358e8c7.rlib" "/opt/rustwide/target/debug/deps/libcw2-00a5547cc6d10a78.rlib" "/opt/rustwide/target/debug/deps/libsemver-b1ba94f2f6280e11.rlib" "/opt/rustwide/target/debug/deps/libcw_storage_plus-3c8026af7fbb295b.rlib" "/opt/rustwide/target/debug/deps/libcosmwasm_std-b2c61c918c29724f.rlib" "/opt/rustwide/target/debug/deps/libserde_json_wasm-a5689a06a04687c7.rlib" "/opt/rustwide/target/debug/deps/libstatic_assertions-06b6572b5d394a0a.rlib" "/opt/rustwide/target/debug/deps/libbech32-516f765430a06e4b.rlib" "/opt/rustwide/target/debug/deps/libbnum-dc283d74cec448c9.rlib" "/opt/rustwide/target/debug/deps/libforward_ref-9c0ea7731177807a.rlib" "/opt/rustwide/target/debug/deps/libcosmwasm_crypto-4ff8c9cfc81a26c5.rlib" "/opt/rustwide/target/debug/deps/libk256-1a794a4612813676.rlib" "/opt/rustwide/target/debug/deps/libecdsa-7eb697d58dfad2cf.rlib" "/opt/rustwide/target/debug/deps/librfc6979-ee4bd562ae25a483.rlib" "/opt/rustwide/target/debug/deps/libhmac-69c95355a27c4a61.rlib" "/opt/rustwide/target/debug/deps/libsignature-19aa9b3604c8d4c3.rlib" "/opt/rustwide/target/debug/deps/libelliptic_curve-0e527aa49135394c.rlib" "/opt/rustwide/target/debug/deps/libpkcs8-45727c515dcf9e2f.rlib" "/opt/rustwide/target/debug/deps/libspki-ea8fef2d4b42aaf7.rlib" "/opt/rustwide/target/debug/deps/libsec1-49365ea752550545.rlib" "/opt/rustwide/target/debug/deps/libder-6f663d800d8d3488.rlib" "/opt/rustwide/target/debug/deps/libcrypto_bigint-04fb5c253b32fdac.rlib" "/opt/rustwide/target/debug/deps/libbase16ct-5a39198f00022b13.rlib" "/opt/rustwide/target/debug/deps/libgroup-abf4b2f1af9229be.rlib" "/opt/rustwide/target/debug/deps/libff-6ae394a81e415ea9.rlib" "/opt/rustwide/target/debug/deps/libed25519_zebra-d52c37ead5a11e88.rlib" "/opt/rustwide/target/debug/deps/libhex-05644b5497b79c5b.rlib" "/opt/rustwide/target/debug/deps/libsha2-b3e8beb63d25bac7.rlib" "/opt/rustwide/target/debug/deps/libopaque_debug-15273823c1ba1453.rlib" "/opt/rustwide/target/debug/deps/libblock_buffer-c3a9d5a588a6d633.rlib" "/opt/rustwide/target/debug/deps/librand_core-6fa27236058cb8c8.rlib" "/opt/rustwide/target/debug/deps/libhashbrown-aa3d1818815bc6f4.rlib" "/opt/rustwide/target/debug/deps/libahash-98c051d3b6b08a42.rlib" "/opt/rustwide/target/debug/deps/libgetrandom-c78bd293558182e6.rlib" "/opt/rustwide/target/debug/deps/liblibc-b911f0b3efb8300e.rlib" "/opt/rustwide/target/debug/deps/libonce_cell-49ebd9646360b73f.rlib" "/opt/rustwide/target/debug/deps/libcurve25519_dalek-60d2b1a133c4a2a9.rlib" "/opt/rustwide/target/debug/deps/librand_core-f26e923223cac036.rlib" "/opt/rustwide/target/debug/deps/libdigest-bb4faab652a43f62.rlib" "/opt/rustwide/target/debug/deps/libbyteorder-9cfef299f4e51c39.rlib" "/opt/rustwide/target/debug/deps/libbase64-c757f6e1d18850a5.rlib" "/opt/rustwide/target/debug/deps/libsha2-f1124b5372475e5d.rlib" "/opt/rustwide/target/debug/deps/libcpufeatures-b8d9ed5bb45874e9.rlib" "/opt/rustwide/target/debug/deps/libcfg_if-61dc7a6799e72b18.rlib" "/opt/rustwide/target/debug/deps/libdigest-d2ce14f9f274c614.rlib" "/opt/rustwide/target/debug/deps/libsubtle-2878f8213ac4aa38.rlib" "/opt/rustwide/target/debug/deps/libconst_oid-c8a247a7b7eb265f.rlib" "/opt/rustwide/target/debug/deps/libblock_buffer-5e59f5d26d2f973d.rlib" "/opt/rustwide/target/debug/deps/libcrypto_common-cab3786875b45b7a.rlib" "/opt/rustwide/target/debug/deps/libgeneric_array-02553e878c92486b.rlib" "/opt/rustwide/target/debug/deps/libtypenum-da95465dc70d2c95.rlib" "/opt/rustwide/target/debug/deps/libzeroize-6ee87dcf7a762ed8.rlib" "/opt/rustwide/target/debug/deps/libcosmwasm_schema-c7bf96421c3ec707.rlib" "/opt/rustwide/target/debug/deps/libthiserror-3b0757fdb1ac579f.rlib" "/opt/rustwide/target/debug/deps/libschemars-d778abc53d351449.rlib" "/opt/rustwide/target/debug/deps/libdyn_clone-9450e4caca538bf4.rlib" "/opt/rustwide/target/debug/deps/libserde_json-0f047cf401379448.rlib" "/opt/rustwide/target/debug/deps/libryu-5f304b1b6393964f.rlib" "/opt/rustwide/target/debug/deps/libitoa-5f181af53b99b92c.rlib" "/opt/rustwide/target/debug/deps/libserde-6e31ed75d6354ec7.rlib" "/opt/rustwide/rustup-home/toolchains/1.75.0-x86_64-unknown-linux-gnu/lib/rustlib/x86_64-unknown-linux-gnu/lib/libstd-90f6ddbf82de36ec.rlib" "/opt/rustwide/rustup-home/toolchains/1.75.0-x86_64-unknown-linux-gnu/lib/rustlib/x86_64-unknown-linux-gnu/lib/libpanic_unwind-480c41e9d4e1f677.rlib" "/opt/rustwide/rustup-home/toolchains/1.75.0-x86_64-unknown-linux-gnu/lib/rustlib/x86_64-unknown-linux-gnu/lib/libobject-db744c0ca03eed1d.rlib" "/opt/rustwide/rustup-home/toolchains/1.75.0-x86_64-unknown-linux-gnu/lib/rustlib/x86_64-unknown-linux-gnu/lib/libmemchr-8ba652dc7d4b285a.rlib" "/opt/rustwide/rustup-home/toolchains/1.75.0-x86_64-unknown-linux-gnu/lib/rustlib/x86_64-unknown-linux-gnu/lib/libaddr2line-d5f4520a9ebc0d58.rlib" "/opt/rustwide/rustup-home/toolchains/1.75.0-x86_64-unknown-linux-gnu/lib/rustlib/x86_64-unknown-linux-gnu/lib/libgimli-4ad84de58f0cb463.rlib" "/opt/rustwide/rustup-home/toolchains/1.75.0-x86_64-unknown-linux-gnu/lib/rustlib/x86_64-unknown-linux-gnu/lib/librustc_demangle-0d10aae2e0f38735.rlib" "/opt/rustwide/rustup-home/toolchains/1.75.0-x86_64-unknown-linux-gnu/lib/rustlib/x86_64-unknown-linux-gnu/lib/libstd_detect-0c17cff739e6745b.rlib" "/opt/rustwide/rustup-home/toolchains/1.75.0-x86_64-unknown-linux-gnu/lib/rustlib/x86_64-unknown-linux-gnu/lib/libhashbrown-b29e17139dde1aa8.rlib" "/opt/rustwide/rustup-home/toolchains/1.75.0-x86_64-unknown-linux-gnu/lib/rustlib/x86_64-unknown-linux-gnu/lib/librustc_std_workspace_alloc-1f975299829cc7bd.rlib" "/opt/rustwide/rustup-home/toolchains/1.75.0-x86_64-unknown-linux-gnu/lib/rustlib/x86_64-unknown-linux-gnu/lib/libminiz_oxide-86bae3bc3079f89b.rlib" "/opt/rustwide/rustup-home/toolchains/1.75.0-x86_64-unknown-linux-gnu/lib/rustlib/x86_64-unknown-linux-gnu/lib/libadler-321b82c30dffdf5f.rlib" "/opt/rustwide/rustup-home/toolchains/1.75.0-x86_64-unknown-linux-gnu/lib/rustlib/x86_64-unknown-linux-gnu/lib/libunwind-3dd8a6810a0bdfef.rlib" "/opt/rustwide/rustup-home/toolchains/1.75.0-x86_64-unknown-linux-gnu/lib/rustlib/x86_64-unknown-linux-gnu/lib/libcfg_if-eb39a61c0c879984.rlib" "/opt/rustwide/rustup-home/toolchains/1.75.0-x86_64-unknown-linux-gnu/lib/rustlib/x86_64-unknown-linux-gnu/lib/liblibc-aa769569f91c3548.rlib" "/opt/rustwide/rustup-home/toolchains/1.75.0-x86_64-unknown-linux-gnu/lib/rustlib/x86_64-unknown-linux-gnu/lib/liballoc-510a192a50a983ed.rlib" "/opt/rustwide/rustup-home/toolchains/1.75.0-x86_64-unknown-linux-gnu/lib/rustlib/x86_64-unknown-linux-gnu/lib/librustc_std_workspace_core-0577018320f99037.rlib" "/opt/rustwide/rustup-home/toolchains/1.75.0-x86_64-unknown-linux-gnu/lib/rustlib/x86_64-unknown-linux-gnu/lib/libcore-193cf992125ccd4c.rlib" "/opt/rustwide/rustup-home/toolchains/1.75.0-x86_64-unknown-linux-gnu/lib/rustlib/x86_64-unknown-linux-gnu/lib/libcompiler_builtins-8e138eaf26ebb4a8.rlib" "-Wl,-Bdynamic" "-lc" "-lm" "-lrt" "-lpthread" "-lgcc_s" "-lutil" "-lrt" "-lpthread" "-lm" "-ldl" "-lc" "-Wl,--eh-frame-hdr" "-Wl,-z,noexecstack" "-L" "/opt/rustwide/rustup-home/toolchains/1.75.0-x86_64-unknown-linux-gnu/lib/rustlib/x86_64-unknown-linux-gnu/lib" "-o" "/tmp/rustdoctest6x2JVE/rust_out" "-Wl,--gc-sections" "-pie" "-Wl,-z,relro,-z,now" "-nodefaultlibs"
[INFO] [stdout]   = note: collect2: fatal error: ld terminated with signal 9 [Killed]
[INFO] [stdout]           compilation terminated.
[INFO] [stdout]           
[INFO] [stdout] 
[INFO] [stdout] error: aborting due to previous error
[INFO] [stdout] 
[INFO] [stdout] Couldn't compile the test.
[INFO] [stdout] ---- src/asset_list.rs - asset_list::AssetList::add_many (line 326) stdout ----
[INFO] [stdout] error: linking with `cc` failed: exit status: 1
[INFO] [stdout]   |
[INFO] [stdout]   = note: LC_ALL="C" PATH="/opt/rustwide/rustup-home/toolchains/1.75.0-x86_64-unknown-linux-gnu/lib/rustlib/x86_64-unknown-linux-gnu/bin:/opt/rustwide/cargo-home/bin:/usr/local/sbin:/usr/local/bin:/usr/sbin:/usr/bin:/sbin:/bin" VSLANG="1033" "cc" "-m64" "/tmp/rustcYysw4k/symbols.o" "/tmp/rustdoctestLP5TEG/rust_out.rust_out.263fb70ac1c95110-cgu.0.rcgu.o" "/tmp/rustdoctestLP5TEG/rust_out.2uel00cfmdh5ufit.rcgu.o" "-Wl,--as-needed" "-L" "/opt/rustwide/target/debug/deps" "-L" "/opt/rustwide/target/debug/deps" "-L" "/opt/rustwide/rustup-home/toolchains/1.75.0-x86_64-unknown-linux-gnu/lib/rustlib/x86_64-unknown-linux-gnu/lib" "-Wl,-Bstatic" "/opt/rustwide/target/debug/deps/libcw_asset-054746cdbcdc4b6e.rlib" "/opt/rustwide/target/debug/deps/libcw_address_like-5441f25a01e04031.rlib" "/opt/rustwide/target/debug/deps/libcw20-741afad5d460cb61.rlib" "/opt/rustwide/target/debug/deps/libcw_utils-d2b878e49358e8c7.rlib" "/opt/rustwide/target/debug/deps/libcw2-00a5547cc6d10a78.rlib" "/opt/rustwide/target/debug/deps/libsemver-b1ba94f2f6280e11.rlib" "/opt/rustwide/target/debug/deps/libcw_storage_plus-3c8026af7fbb295b.rlib" "/opt/rustwide/target/debug/deps/libcosmwasm_std-b2c61c918c29724f.rlib" "/opt/rustwide/target/debug/deps/libserde_json_wasm-a5689a06a04687c7.rlib" "/opt/rustwide/target/debug/deps/libstatic_assertions-06b6572b5d394a0a.rlib" "/opt/rustwide/target/debug/deps/libbech32-516f765430a06e4b.rlib" "/opt/rustwide/target/debug/deps/libbnum-dc283d74cec448c9.rlib" "/opt/rustwide/target/debug/deps/libforward_ref-9c0ea7731177807a.rlib" "/opt/rustwide/target/debug/deps/libcosmwasm_crypto-4ff8c9cfc81a26c5.rlib" "/opt/rustwide/target/debug/deps/libk256-1a794a4612813676.rlib" "/opt/rustwide/target/debug/deps/libecdsa-7eb697d58dfad2cf.rlib" "/opt/rustwide/target/debug/deps/librfc6979-ee4bd562ae25a483.rlib" "/opt/rustwide/target/debug/deps/libhmac-69c95355a27c4a61.rlib" "/opt/rustwide/target/debug/deps/libsignature-19aa9b3604c8d4c3.rlib" "/opt/rustwide/target/debug/deps/libelliptic_curve-0e527aa49135394c.rlib" "/opt/rustwide/target/debug/deps/libpkcs8-45727c515dcf9e2f.rlib" "/opt/rustwide/target/debug/deps/libspki-ea8fef2d4b42aaf7.rlib" "/opt/rustwide/target/debug/deps/libsec1-49365ea752550545.rlib" "/opt/rustwide/target/debug/deps/libder-6f663d800d8d3488.rlib" "/opt/rustwide/target/debug/deps/libcrypto_bigint-04fb5c253b32fdac.rlib" "/opt/rustwide/target/debug/deps/libbase16ct-5a39198f00022b13.rlib" "/opt/rustwide/target/debug/deps/libgroup-abf4b2f1af9229be.rlib" "/opt/rustwide/target/debug/deps/libff-6ae394a81e415ea9.rlib" "/opt/rustwide/target/debug/deps/libed25519_zebra-d52c37ead5a11e88.rlib" "/opt/rustwide/target/debug/deps/libhex-05644b5497b79c5b.rlib" "/opt/rustwide/target/debug/deps/libsha2-b3e8beb63d25bac7.rlib" "/opt/rustwide/target/debug/deps/libopaque_debug-15273823c1ba1453.rlib" "/opt/rustwide/target/debug/deps/libblock_buffer-c3a9d5a588a6d633.rlib" "/opt/rustwide/target/debug/deps/librand_core-6fa27236058cb8c8.rlib" "/opt/rustwide/target/debug/deps/libhashbrown-aa3d1818815bc6f4.rlib" "/opt/rustwide/target/debug/deps/libahash-98c051d3b6b08a42.rlib" "/opt/rustwide/target/debug/deps/libgetrandom-c78bd293558182e6.rlib" "/opt/rustwide/target/debug/deps/liblibc-b911f0b3efb8300e.rlib" "/opt/rustwide/target/debug/deps/libonce_cell-49ebd9646360b73f.rlib" "/opt/rustwide/target/debug/deps/libcurve25519_dalek-60d2b1a133c4a2a9.rlib" "/opt/rustwide/target/debug/deps/librand_core-f26e923223cac036.rlib" "/opt/rustwide/target/debug/deps/libdigest-bb4faab652a43f62.rlib" "/opt/rustwide/target/debug/deps/libbyteorder-9cfef299f4e51c39.rlib" "/opt/rustwide/target/debug/deps/libbase64-c757f6e1d18850a5.rlib" "/opt/rustwide/target/debug/deps/libsha2-f1124b5372475e5d.rlib" "/opt/rustwide/target/debug/deps/libcpufeatures-b8d9ed5bb45874e9.rlib" "/opt/rustwide/target/debug/deps/libcfg_if-61dc7a6799e72b18.rlib" "/opt/rustwide/target/debug/deps/libdigest-d2ce14f9f274c614.rlib" "/opt/rustwide/target/debug/deps/libsubtle-2878f8213ac4aa38.rlib" "/opt/rustwide/target/debug/deps/libconst_oid-c8a247a7b7eb265f.rlib" "/opt/rustwide/target/debug/deps/libblock_buffer-5e59f5d26d2f973d.rlib" "/opt/rustwide/target/debug/deps/libcrypto_common-cab3786875b45b7a.rlib" "/opt/rustwide/target/debug/deps/libgeneric_array-02553e878c92486b.rlib" "/opt/rustwide/target/debug/deps/libtypenum-da95465dc70d2c95.rlib" "/opt/rustwide/target/debug/deps/libzeroize-6ee87dcf7a762ed8.rlib" "/opt/rustwide/target/debug/deps/libcosmwasm_schema-c7bf96421c3ec707.rlib" "/opt/rustwide/target/debug/deps/libthiserror-3b0757fdb1ac579f.rlib" "/opt/rustwide/target/debug/deps/libschemars-d778abc53d351449.rlib" "/opt/rustwide/target/debug/deps/libdyn_clone-9450e4caca538bf4.rlib" "/opt/rustwide/target/debug/deps/libserde_json-0f047cf401379448.rlib" "/opt/rustwide/target/debug/deps/libryu-5f304b1b6393964f.rlib" "/opt/rustwide/target/debug/deps/libitoa-5f181af53b99b92c.rlib" "/opt/rustwide/target/debug/deps/libserde-6e31ed75d6354ec7.rlib" "/opt/rustwide/rustup-home/toolchains/1.75.0-x86_64-unknown-linux-gnu/lib/rustlib/x86_64-unknown-linux-gnu/lib/libstd-90f6ddbf82de36ec.rlib" "/opt/rustwide/rustup-home/toolchains/1.75.0-x86_64-unknown-linux-gnu/lib/rustlib/x86_64-unknown-linux-gnu/lib/libpanic_unwind-480c41e9d4e1f677.rlib" "/opt/rustwide/rustup-home/toolchains/1.75.0-x86_64-unknown-linux-gnu/lib/rustlib/x86_64-unknown-linux-gnu/lib/libobject-db744c0ca03eed1d.rlib" "/opt/rustwide/rustup-home/toolchains/1.75.0-x86_64-unknown-linux-gnu/lib/rustlib/x86_64-unknown-linux-gnu/lib/libmemchr-8ba652dc7d4b285a.rlib" "/opt/rustwide/rustup-home/toolchains/1.75.0-x86_64-unknown-linux-gnu/lib/rustlib/x86_64-unknown-linux-gnu/lib/libaddr2line-d5f4520a9ebc0d58.rlib" "/opt/rustwide/rustup-home/toolchains/1.75.0-x86_64-unknown-linux-gnu/lib/rustlib/x86_64-unknown-linux-gnu/lib/libgimli-4ad84de58f0cb463.rlib" "/opt/rustwide/rustup-home/toolchains/1.75.0-x86_64-unknown-linux-gnu/lib/rustlib/x86_64-unknown-linux-gnu/lib/librustc_demangle-0d10aae2e0f38735.rlib" "/opt/rustwide/rustup-home/toolchains/1.75.0-x86_64-unknown-linux-gnu/lib/rustlib/x86_64-unknown-linux-gnu/lib/libstd_detect-0c17cff739e6745b.rlib" "/opt/rustwide/rustup-home/toolchains/1.75.0-x86_64-unknown-linux-gnu/lib/rustlib/x86_64-unknown-linux-gnu/lib/libhashbrown-b29e17139dde1aa8.rlib" "/opt/rustwide/rustup-home/toolchains/1.75.0-x86_64-unknown-linux-gnu/lib/rustlib/x86_64-unknown-linux-gnu/lib/librustc_std_workspace_alloc-1f975299829cc7bd.rlib" "/opt/rustwide/rustup-home/toolchains/1.75.0-x86_64-unknown-linux-gnu/lib/rustlib/x86_64-unknown-linux-gnu/lib/libminiz_oxide-86bae3bc3079f89b.rlib" "/opt/rustwide/rustup-home/toolchains/1.75.0-x86_64-unknown-linux-gnu/lib/rustlib/x86_64-unknown-linux-gnu/lib/libadler-321b82c30dffdf5f.rlib" "/opt/rustwide/rustup-home/toolchains/1.75.0-x86_64-unknown-linux-gnu/lib/rustlib/x86_64-unknown-linux-gnu/lib/libunwind-3dd8a6810a0bdfef.rlib" "/opt/rustwide/rustup-home/toolchains/1.75.0-x86_64-unknown-linux-gnu/lib/rustlib/x86_64-unknown-linux-gnu/lib/libcfg_if-eb39a61c0c879984.rlib" "/opt/rustwide/rustup-home/toolchains/1.75.0-x86_64-unknown-linux-gnu/lib/rustlib/x86_64-unknown-linux-gnu/lib/liblibc-aa769569f91c3548.rlib" "/opt/rustwide/rustup-home/toolchains/1.75.0-x86_64-unknown-linux-gnu/lib/rustlib/x86_64-unknown-linux-gnu/lib/liballoc-510a192a50a983ed.rlib" "/opt/rustwide/rustup-home/toolchains/1.75.0-x86_64-unknown-linux-gnu/lib/rustlib/x86_64-unknown-linux-gnu/lib/librustc_std_workspace_core-0577018320f99037.rlib" "/opt/rustwide/rustup-home/toolchains/1.75.0-x86_64-unknown-linux-gnu/lib/rustlib/x86_64-unknown-linux-gnu/lib/libcore-193cf992125ccd4c.rlib" "/opt/rustwide/rustup-home/toolchains/1.75.0-x86_64-unknown-linux-gnu/lib/rustlib/x86_64-unknown-linux-gnu/lib/libcompiler_builtins-8e138eaf26ebb4a8.rlib" "-Wl,-Bdynamic" "-lc" "-lm" "-lrt" "-lpthread" "-lgcc_s" "-lutil" "-lrt" "-lpthread" "-lm" "-ldl" "-lc" "-Wl,--eh-frame-hdr" "-Wl,-z,noexecstack" "-L" "/opt/rustwide/rustup-home/toolchains/1.75.0-x86_64-unknown-linux-gnu/lib/rustlib/x86_64-unknown-linux-gnu/lib" "-o" "/tmp/rustdoctestLP5TEG/rust_out" "-Wl,--gc-sections" "-pie" "-Wl,-z,relro,-z,now" "-nodefaultlibs"
[INFO] [stdout]   = note: collect2: fatal error: ld terminated with signal 9 [Killed]
[INFO] [stdout]           compilation terminated.
[INFO] [stdout]           
[INFO] [stdout] 
[INFO] [stdout] error: aborting due to previous error
[INFO] [stdout] 
[INFO] [stdout] Couldn't compile the test.
[INFO] [stdout] ---- src/lib.rs - (line 54) stdout ----
[INFO] [stdout] Couldn't compile the test.
[INFO] [stdout] 
[INFO] [stdout] failures:
[INFO] [stdout]     src/asset.rs - asset::AssetBase<T>::cw20 (line 63)
[INFO] [stdout]     src/asset_info.rs - asset_info::AssetInfoBase<T>::cw20 (line 44)
[INFO] [stdout]     src/asset_list.rs - asset_list::AssetList::add_many (line 326)
[INFO] [stdout]     src/lib.rs - (line 54)
[INFO] [stdout] 
[INFO] [stdout] test result: FAILED. 24 passed; 4 failed; 0 ignored; 0 measured; 0 filtered out; finished in 3.51s
[INFO] [stdout] 
[INFO] [stderr] error: doctest failed, to rerun pass `--doc`
[INFO] running `Command { std: "docker" "inspect" "c094199b6f0765a5e22785305c36ec17b16bf311b9453bc3be58fe6bcbd0c410", kill_on_drop: false }`
[INFO] running `Command { std: "docker" "rm" "-f" "c094199b6f0765a5e22785305c36ec17b16bf311b9453bc3be58fe6bcbd0c410", kill_on_drop: false }`
[INFO] [stdout] c094199b6f0765a5e22785305c36ec17b16bf311b9453bc3be58fe6bcbd0c410
