[INFO] fetching crate custom_attrs 1.6.2...
[INFO] testing custom_attrs-1.6.2 against 1.75.0 for beta-1.76-1
[INFO] extracting crate custom_attrs 1.6.2 into /workspace/builds/worker-6-tc1/source
[INFO] validating manifest of crates.io crate custom_attrs 1.6.2 on toolchain 1.75.0
[INFO] running `Command { std: CARGO_HOME="/workspace/cargo-home" RUSTUP_HOME="/workspace/rustup-home" "/workspace/cargo-home/bin/cargo" "+1.75.0" "metadata" "--manifest-path" "Cargo.toml" "--no-deps", kill_on_drop: false }`
[INFO] started tweaking crates.io crate custom_attrs 1.6.2
[INFO] finished tweaking crates.io crate custom_attrs 1.6.2
[INFO] tweaked toml for crates.io crate custom_attrs 1.6.2 written to /workspace/builds/worker-6-tc1/source/Cargo.toml
[INFO] crate crates.io crate custom_attrs 1.6.2 already has a lockfile, it will not be regenerated
[INFO] running `Command { std: CARGO_HOME="/workspace/cargo-home" RUSTUP_HOME="/workspace/rustup-home" "/workspace/cargo-home/bin/cargo" "+1.75.0" "fetch" "--manifest-path" "Cargo.toml", kill_on_drop: false }`
[INFO] [stderr]  Downloading crates ...
[INFO] [stderr]   Downloaded serde v1.0.158
[INFO] [stderr]   Downloaded serde_derive v1.0.158
[INFO] [stderr]   Downloaded basic-toml v0.1.2
[INFO] [stderr]   Downloaded serde_json v1.0.94
[INFO] [stderr]   Downloaded trybuild v1.0.80
[INFO] running `Command { std: "docker" "create" "-v" "/var/lib/crater-agent-workspace/builds/worker-6-tc1/target:/opt/rustwide/target:rw,Z" "-v" "/var/lib/crater-agent-workspace/builds/worker-6-tc1/source:/opt/rustwide/workdir:ro,Z" "-v" "/var/lib/crater-agent-workspace/cargo-home:/opt/rustwide/cargo-home:ro,Z" "-v" "/var/lib/crater-agent-workspace/rustup-home:/opt/rustwide/rustup-home:ro,Z" "-e" "SOURCE_DIR=/opt/rustwide/workdir" "-e" "CARGO_TARGET_DIR=/opt/rustwide/target" "-e" "CARGO_HOME=/opt/rustwide/cargo-home" "-e" "RUSTUP_HOME=/opt/rustwide/rustup-home" "-w" "/opt/rustwide/workdir" "-m" "1610612736" "--user" "0:0" "--network" "none" "ghcr.io/rust-lang/crates-build-env/linux@sha256:2788e3201cd34a07e3172128adcd8b3090168a8e3bcc40d7c032b9dda1df7d1c" "/opt/rustwide/cargo-home/bin/cargo" "+1.75.0" "metadata" "--no-deps" "--format-version=1", kill_on_drop: false }`
[INFO] [stdout] 2b7b37a73d2f3a2fd7005e6f066e2f3c96a08b32c19cfda4521daf6acb26430e
[INFO] running `Command { std: "docker" "start" "-a" "2b7b37a73d2f3a2fd7005e6f066e2f3c96a08b32c19cfda4521daf6acb26430e", kill_on_drop: false }`
[INFO] running `Command { std: "docker" "inspect" "2b7b37a73d2f3a2fd7005e6f066e2f3c96a08b32c19cfda4521daf6acb26430e", kill_on_drop: false }`
[INFO] running `Command { std: "docker" "rm" "-f" "2b7b37a73d2f3a2fd7005e6f066e2f3c96a08b32c19cfda4521daf6acb26430e", kill_on_drop: false }`
[INFO] [stdout] 2b7b37a73d2f3a2fd7005e6f066e2f3c96a08b32c19cfda4521daf6acb26430e
[INFO] running `Command { std: "docker" "create" "-v" "/var/lib/crater-agent-workspace/builds/worker-6-tc1/target:/opt/rustwide/target:rw,Z" "-v" "/var/lib/crater-agent-workspace/builds/worker-6-tc1/source:/opt/rustwide/workdir:ro,Z" "-v" "/var/lib/crater-agent-workspace/cargo-home:/opt/rustwide/cargo-home:ro,Z" "-v" "/var/lib/crater-agent-workspace/rustup-home:/opt/rustwide/rustup-home:ro,Z" "-e" "SOURCE_DIR=/opt/rustwide/workdir" "-e" "CARGO_TARGET_DIR=/opt/rustwide/target" "-e" "CARGO_INCREMENTAL=0" "-e" "RUST_BACKTRACE=full" "-e" "RUSTFLAGS=--cap-lints=warn" "-e" "RUSTDOCFLAGS=--cap-lints=warn" "-e" "CARGO_HOME=/opt/rustwide/cargo-home" "-e" "RUSTUP_HOME=/opt/rustwide/rustup-home" "-w" "/opt/rustwide/workdir" "-m" "1610612736" "--user" "0:0" "--network" "none" "ghcr.io/rust-lang/crates-build-env/linux@sha256:2788e3201cd34a07e3172128adcd8b3090168a8e3bcc40d7c032b9dda1df7d1c" "/opt/rustwide/cargo-home/bin/cargo" "+1.75.0" "build" "--frozen" "--message-format=json", kill_on_drop: false }`
[INFO] [stdout] 0ed8190c60705a6cbc6a75ce27df5280c8410e829da75d8f16fd4d6922cff5f0
[INFO] running `Command { std: "docker" "start" "-a" "0ed8190c60705a6cbc6a75ce27df5280c8410e829da75d8f16fd4d6922cff5f0", kill_on_drop: false }`
[INFO] [stderr]    Compiling proc-macro2 v1.0.54
[INFO] [stderr]    Compiling unicode-ident v1.0.8
[INFO] [stderr]    Compiling quote v1.0.26
[INFO] [stderr]    Compiling proc-macro-error-attr v1.0.4
[INFO] [stderr]    Compiling proc-macro-error v1.0.4
[INFO] [stderr]    Compiling syn v1.0.109
[INFO] [stderr]    Compiling custom_attrs v1.6.2 (/opt/rustwide/workdir)
[INFO] [stderr]     Finished dev [unoptimized + debuginfo] target(s) in 6.41s
[INFO] running `Command { std: "docker" "inspect" "0ed8190c60705a6cbc6a75ce27df5280c8410e829da75d8f16fd4d6922cff5f0", kill_on_drop: false }`
[INFO] running `Command { std: "docker" "rm" "-f" "0ed8190c60705a6cbc6a75ce27df5280c8410e829da75d8f16fd4d6922cff5f0", kill_on_drop: false }`
[INFO] [stdout] 0ed8190c60705a6cbc6a75ce27df5280c8410e829da75d8f16fd4d6922cff5f0
[INFO] running `Command { std: "docker" "create" "-v" "/var/lib/crater-agent-workspace/builds/worker-6-tc1/target:/opt/rustwide/target:rw,Z" "-v" "/var/lib/crater-agent-workspace/builds/worker-6-tc1/source:/opt/rustwide/workdir:ro,Z" "-v" "/var/lib/crater-agent-workspace/cargo-home:/opt/rustwide/cargo-home:ro,Z" "-v" "/var/lib/crater-agent-workspace/rustup-home:/opt/rustwide/rustup-home:ro,Z" "-e" "SOURCE_DIR=/opt/rustwide/workdir" "-e" "CARGO_TARGET_DIR=/opt/rustwide/target" "-e" "CARGO_INCREMENTAL=0" "-e" "RUST_BACKTRACE=full" "-e" "RUSTFLAGS=--cap-lints=warn" "-e" "RUSTDOCFLAGS=--cap-lints=warn" "-e" "CARGO_HOME=/opt/rustwide/cargo-home" "-e" "RUSTUP_HOME=/opt/rustwide/rustup-home" "-w" "/opt/rustwide/workdir" "-m" "1610612736" "--user" "0:0" "--network" "none" "ghcr.io/rust-lang/crates-build-env/linux@sha256:2788e3201cd34a07e3172128adcd8b3090168a8e3bcc40d7c032b9dda1df7d1c" "/opt/rustwide/cargo-home/bin/cargo" "+1.75.0" "test" "--frozen" "--no-run" "--message-format=json", kill_on_drop: false }`
[INFO] [stdout] 77d4e31c00c86a2a821d6f2abd3698775e316fedd4ec6448828b997b0b5428a2
[INFO] running `Command { std: "docker" "start" "-a" "77d4e31c00c86a2a821d6f2abd3698775e316fedd4ec6448828b997b0b5428a2", kill_on_drop: false }`
[INFO] [stderr]    Compiling proc-macro2 v1.0.54
[INFO] [stderr]    Compiling unicode-ident v1.0.8
[INFO] [stderr]    Compiling serde v1.0.158
[INFO] [stderr]    Compiling serde_derive v1.0.158
[INFO] [stderr]    Compiling serde_json v1.0.94
[INFO] [stderr]    Compiling quote v1.0.26
[INFO] [stderr]    Compiling syn v1.0.109
[INFO] [stderr]    Compiling proc-macro-error v1.0.4
[INFO] [stderr]    Compiling itoa v1.0.6
[INFO] [stderr]    Compiling trybuild v1.0.80
[INFO] [stderr]    Compiling ryu v1.0.13
[INFO] [stderr]    Compiling termcolor v1.2.0
[INFO] [stderr]    Compiling once_cell v1.17.1
[INFO] [stderr]    Compiling syn v2.0.10
[INFO] [stderr]    Compiling proc-macro-error-attr v1.0.4
[INFO] [stderr]    Compiling basic-toml v0.1.2
[INFO] [stderr]    Compiling custom_attrs v1.6.2 (/opt/rustwide/workdir)
[INFO] [stderr]     Finished test [unoptimized + debuginfo] target(s) in 9.24s
[INFO] running `Command { std: "docker" "inspect" "77d4e31c00c86a2a821d6f2abd3698775e316fedd4ec6448828b997b0b5428a2", kill_on_drop: false }`
[INFO] running `Command { std: "docker" "rm" "-f" "77d4e31c00c86a2a821d6f2abd3698775e316fedd4ec6448828b997b0b5428a2", kill_on_drop: false }`
[INFO] [stdout] 77d4e31c00c86a2a821d6f2abd3698775e316fedd4ec6448828b997b0b5428a2
[INFO] running `Command { std: "docker" "create" "-v" "/var/lib/crater-agent-workspace/builds/worker-6-tc1/target:/opt/rustwide/target:rw,Z" "-v" "/var/lib/crater-agent-workspace/builds/worker-6-tc1/source:/opt/rustwide/workdir:ro,Z" "-v" "/var/lib/crater-agent-workspace/cargo-home:/opt/rustwide/cargo-home:ro,Z" "-v" "/var/lib/crater-agent-workspace/rustup-home:/opt/rustwide/rustup-home:ro,Z" "-e" "SOURCE_DIR=/opt/rustwide/workdir" "-e" "CARGO_TARGET_DIR=/opt/rustwide/target" "-e" "CARGO_INCREMENTAL=0" "-e" "RUST_BACKTRACE=full" "-e" "RUSTFLAGS=--cap-lints=warn" "-e" "RUSTDOCFLAGS=--cap-lints=warn" "-e" "CARGO_HOME=/opt/rustwide/cargo-home" "-e" "RUSTUP_HOME=/opt/rustwide/rustup-home" "-w" "/opt/rustwide/workdir" "-m" "1610612736" "--user" "0:0" "--network" "none" "ghcr.io/rust-lang/crates-build-env/linux@sha256:2788e3201cd34a07e3172128adcd8b3090168a8e3bcc40d7c032b9dda1df7d1c" "/opt/rustwide/cargo-home/bin/cargo" "+1.75.0" "test" "--frozen", kill_on_drop: false }`
[INFO] [stdout] b86ec6f393c9371f707d03c40be5e1b4eaf511ec97f763dcddab83e2ff0bce65
[INFO] running `Command { std: "docker" "start" "-a" "b86ec6f393c9371f707d03c40be5e1b4eaf511ec97f763dcddab83e2ff0bce65", kill_on_drop: false }`
[INFO] [stderr]     Finished test [unoptimized + debuginfo] target(s) in 0.05s
[INFO] [stderr]      Running unittests src/lib.rs (/opt/rustwide/target/debug/deps/custom_attrs-455774b82dab377a)
[INFO] [stdout] 
[INFO] [stdout] running 0 tests
[INFO] [stderr]      Running tests/attribute_get_multi.rs (/opt/rustwide/target/debug/deps/attribute_get_multi-8fb31bdd56ecb95f)
[INFO] [stdout] 
[INFO] [stdout] test result: ok. 0 passed; 0 failed; 0 ignored; 0 measured; 0 filtered out; finished in 0.00s
[INFO] [stdout] 
[INFO] [stdout] 
[INFO] [stdout] running 3 tests
[INFO] [stdout] test test_attribute_default ... ok
[INFO] [stdout] test test_attribute_get ... ok
[INFO] [stdout] test test_attribute_options ... ok
[INFO] [stderr]      Running tests/attribute_get_simple.rs (/opt/rustwide/target/debug/deps/attribute_get_simple-2dd399a595be2391)
[INFO] [stdout] 
[INFO] [stdout] test result: ok. 3 passed; 0 failed; 0 ignored; 0 measured; 0 filtered out; finished in 0.00s
[INFO] [stdout] 
[INFO] [stdout] 
[INFO] [stdout] running 3 tests
[INFO] [stdout] test test_attribute_options ... ok
[INFO] [stdout] test test_attribute_get ... ok
[INFO] [stdout] test test_attribute_default ... ok
[INFO] [stderr]      Running tests/compile_test.rs (/opt/rustwide/target/debug/deps/compile_test-1debb23a54aeacd7)
[INFO] [stdout] 
[INFO] [stdout] test result: ok. 3 passed; 0 failed; 0 ignored; 0 measured; 0 filtered out; finished in 0.01s
[INFO] [stdout] 
[INFO] [stdout] 
[INFO] [stdout] running 1 test
[INFO] [stderr]    Compiling proc-macro2 v1.0.54
[INFO] [stderr]    Compiling quote v1.0.26
[INFO] [stderr]    Compiling version_check v0.9.4
[INFO] [stderr]    Compiling unicode-ident v1.0.8
[INFO] [stderr]    Compiling syn v1.0.109
[INFO] [stderr]    Compiling cfg-if v1.0.0
[INFO] [stderr]    Compiling proc-macro-error-attr v1.0.4
[INFO] [stderr]    Compiling proc-macro-error v1.0.4
[INFO] [stderr]    Compiling custom_attrs v1.6.2 (/opt/rustwide/workdir)
[INFO] [stderr]    Compiling custom_attrs-tests v0.0.0 (/opt/rustwide/target/tests/trybuild/custom_attrs)
[INFO] [stderr]     Finished dev [unoptimized + debuginfo] target(s) in 9.29s
[INFO] [stderr] 
[INFO] [stderr] 
[INFO] [stderr] test tests/compile_pass/basic.rs [should pass] ... ok
[INFO] [stderr] test tests/compile_pass/documentation.rs [should pass] ... ok
[INFO] [stderr] test tests/compile_pass/function_name_changed.rs [should pass] ... ok
[INFO] [stderr] test tests/compile_pass/multi_assignment.rs [should pass] ... ok
[INFO] [stderr] test tests/compile_pass/multi_declaration.rs [should pass] ... ok
[INFO] [stderr] test tests/compile_pass/optional.rs [should pass] ... ok
[INFO] [stderr] test tests/compile_pass/with_default.rs [should pass] ... ok
[INFO] [stderr] test tests/compile_pass/with_fields.rs [should pass] ... ok
[INFO] [stderr] test tests/compile_pass/self_reference/field_variable_access.rs [should pass] ... ok
[INFO] [stderr] test tests/compile_pass/self_reference/self_references.rs [should pass] ... ok
[INFO] [stderr] test tests/compile_fail/attribute_already_declared.rs [should fail to compile] ... ok
[INFO] [stderr] test tests/compile_fail/attribute_not_set.rs [should fail to compile] ... ok
[INFO] [stderr] test tests/compile_fail/documentation_error.rs [should fail to compile] ... ok
[INFO] [stderr] test tests/compile_fail/function_name_changed.rs [should fail to compile] ... ok
[INFO] [stderr] test tests/compile_fail/incomplete_value_syntax.rs [should fail to compile] ... ok
[INFO] [stderr] test tests/compile_fail/not_right_type.rs [should fail to compile] ... ok
[INFO] [stderr] test tests/compile_fail/not_right_visibility.rs [should fail to compile] ... mismatch
[INFO] [stderr] 
[INFO] [stderr] EXPECTED:
[INFO] [stderr] ┈┈┈┈┈┈┈┈┈┈┈┈┈┈┈┈┈┈┈┈┈┈┈┈┈┈┈┈┈┈┈┈┈┈┈┈┈┈┈┈┈┈┈┈┈┈┈┈┈┈┈┈┈┈┈┈┈┈┈┈
[INFO] [stderr] error[E0624]: associated function `get_a` is private
[INFO] [stderr]   --> tests/compile_fail/not_right_visibility.rs:19:37
[INFO] [stderr]    |
[INFO] [stderr] 4  |     #[derive(CustomAttrs)]
[INFO] [stderr]    |              ----------- private associated function defined here
[INFO] [stderr] ...
[INFO] [stderr] 19 |     let _a = module::Enum::Variant1.get_a();
[INFO] [stderr]    |                                     ^^^^^ private associated function
[INFO] [stderr] ┈┈┈┈┈┈┈┈┈┈┈┈┈┈┈┈┈┈┈┈┈┈┈┈┈┈┈┈┈┈┈┈┈┈┈┈┈┈┈┈┈┈┈┈┈┈┈┈┈┈┈┈┈┈┈┈┈┈┈┈
[INFO] [stderr] 
[INFO] [stderr] ACTUAL OUTPUT:
[INFO] [stderr] ┈┈┈┈┈┈┈┈┈┈┈┈┈┈┈┈┈┈┈┈┈┈┈┈┈┈┈┈┈┈┈┈┈┈┈┈┈┈┈┈┈┈┈┈┈┈┈┈┈┈┈┈┈┈┈┈┈┈┈┈
[INFO] [stderr] error[E0624]: method `get_a` is private
[INFO] [stderr]   --> tests/compile_fail/not_right_visibility.rs:19:37
[INFO] [stderr]    |
[INFO] [stderr] 4  |     #[derive(CustomAttrs)]
[INFO] [stderr]    |              ----------- private method defined here
[INFO] [stderr] ...
[INFO] [stderr] 19 |     let _a = module::Enum::Variant1.get_a();
[INFO] [stderr]    |                                     ^^^^^ private method
[INFO] [stderr] ┈┈┈┈┈┈┈┈┈┈┈┈┈┈┈┈┈┈┈┈┈┈┈┈┈┈┈┈┈┈┈┈┈┈┈┈┈┈┈┈┈┈┈┈┈┈┈┈┈┈┈┈┈┈┈┈┈┈┈┈
[INFO] [stderr] note: If the actual output is the correct output you can bless it by rerunning
[INFO] [stderr]       your test with the environment variable TRYBUILD=overwrite
[INFO] [stderr] 
[INFO] [stderr] test tests/compile_fail/same_function_used.rs [should fail to compile] ... ok
[INFO] [stderr] test tests/compile_fail/unknown_attribute.rs [should fail to compile] ... ok
[INFO] [stderr] test tests/compile_fail/variant_value_already_set.rs [should fail to compile] ... ok
[INFO] [stderr] test tests/compile_fail/config/already_set.rs [should fail to compile] ... ok
[INFO] [stderr] test tests/compile_fail/config/not_empty.rs [should fail to compile] ... ok
[INFO] [stderr] test tests/compile_fail/config/unknown_config.rs [should fail to compile] ... ok
[INFO] [stderr] test tests/compile_fail/config/wrong_syntax.rs [should fail to compile] ... ok
[INFO] [stderr] test tests/compile_fail/self_references/invalid_syntax.rs [should fail to compile] ... ok
[INFO] [stderr] test tests/compile_fail/self_references/more_complex_syntax.rs [should fail to compile] ... mismatch
[INFO] [stderr] 
[INFO] [stderr] EXPECTED:
[INFO] [stderr] ┈┈┈┈┈┈┈┈┈┈┈┈┈┈┈┈┈┈┈┈┈┈┈┈┈┈┈┈┈┈┈┈┈┈┈┈┈┈┈┈┈┈┈┈┈┈┈┈┈┈┈┈┈┈┈┈┈┈┈┈
[INFO] [stderr] error[E0106]: missing lifetime specifier
[INFO] [stderr]   --> tests/compile_fail/self_references/more_complex_syntax.rs:12:15
[INFO] [stderr]    |
[INFO] [stderr] 12 |         list: &[u32],
[INFO] [stderr]    |               ^ expected named lifetime parameter
[INFO] [stderr]    |
[INFO] [stderr] help: consider introducing a named lifetime parameter
[INFO] [stderr]    |
[INFO] [stderr] 5  ~ enum Enum<'a> {
[INFO] [stderr] 6  |     #[attr(a = #self.5)]
[INFO] [stderr]  ...
[INFO] [stderr] 11 |         #[allow(unused)]
[INFO] [stderr] 12 ~         list: &'a [u32],
[INFO] [stderr]    |
[INFO] [stderr] 
[INFO] [stderr] error[E0425]: cannot find value `_5` in this scope
[INFO] [stderr]  --> tests/compile_fail/self_references/more_complex_syntax.rs:6:22
[INFO] [stderr]   |
[INFO] [stderr] 6 |     #[attr(a = #self.5)]
[INFO] [stderr]   |                      ^ help: a local variable with a similar name exists: `_0`
[INFO] [stderr] 
[INFO] [stderr] error[E0425]: cannot find value `unknown` in this scope
[INFO] [stderr]  --> tests/compile_fail/self_references/more_complex_syntax.rs:9:22
[INFO] [stderr]   |
[INFO] [stderr] 9 |     #[attr(a = #self.unknown)]
[INFO] [stderr]   |                      ^^^^^^^ not found in this scope
[INFO] [stderr] 
[INFO] [stderr] error[E0559]: variant `Enum::Variant2` has no field named `field1`
[INFO] [stderr]   --> tests/compile_fail/self_references/more_complex_syntax.rs:22:9
[INFO] [stderr]    |
[INFO] [stderr] 22 |         field1: 2,
[INFO] [stderr]    |         ^^^^^^ `Enum::Variant2` does not have this field
[INFO] [stderr]    |
[INFO] [stderr]    = note: available fields are: `list`, `field2`
[INFO] [stderr] ┈┈┈┈┈┈┈┈┈┈┈┈┈┈┈┈┈┈┈┈┈┈┈┈┈┈┈┈┈┈┈┈┈┈┈┈┈┈┈┈┈┈┈┈┈┈┈┈┈┈┈┈┈┈┈┈┈┈┈┈
[INFO] [stderr] 
[INFO] [stderr] ACTUAL OUTPUT:
[INFO] [stderr] ┈┈┈┈┈┈┈┈┈┈┈┈┈┈┈┈┈┈┈┈┈┈┈┈┈┈┈┈┈┈┈┈┈┈┈┈┈┈┈┈┈┈┈┈┈┈┈┈┈┈┈┈┈┈┈┈┈┈┈┈
[INFO] [stderr] error[E0106]: missing lifetime specifier
[INFO] [stderr]   --> tests/compile_fail/self_references/more_complex_syntax.rs:12:15
[INFO] [stderr]    |
[INFO] [stderr] 12 |         list: &[u32],
[INFO] [stderr]    |               ^ expected named lifetime parameter
[INFO] [stderr]    |
[INFO] [stderr] help: consider introducing a named lifetime parameter
[INFO] [stderr]    |
[INFO] [stderr] 5  ~ enum Enum<'a> {
[INFO] [stderr] 6  |     #[attr(a = #self.5)]
[INFO] [stderr]  ...
[INFO] [stderr] 11 |         #[allow(unused)]
[INFO] [stderr] 12 ~         list: &'a [u32],
[INFO] [stderr]    |
[INFO] [stderr] 
[INFO] [stderr] error[E0425]: cannot find value `_5` in this scope
[INFO] [stderr]  --> tests/compile_fail/self_references/more_complex_syntax.rs:6:22
[INFO] [stderr]   |
[INFO] [stderr] 6 |     #[attr(a = #self.5)]
[INFO] [stderr]   |                      ^ help: a local variable with a similar name exists: `_0`
[INFO] [stderr] 
[INFO] [stderr] error[E0425]: cannot find value `unknown` in this scope
[INFO] [stderr]  --> tests/compile_fail/self_references/more_complex_syntax.rs:9:22
[INFO] [stderr]   |
[INFO] [stderr] 9 |     #[attr(a = #self.unknown)]
[INFO] [stderr]   |                      ^^^^^^^ not found in this scope
[INFO] [stderr] 
[INFO] [stderr] error[E0559]: variant `Enum::Variant2` has no field named `field1`
[INFO] [stderr]   --> tests/compile_fail/self_references/more_complex_syntax.rs:22:9
[INFO] [stderr]    |
[INFO] [stderr] 22 |         field1: 2,
[INFO] [stderr]    |         ^^^^^^ `Enum::Variant2` does not have this field
[INFO] [stderr]    |
[INFO] [stderr]    = note: available fields are: `list`
[INFO] [stderr] ┈┈┈┈┈┈┈┈┈┈┈┈┈┈┈┈┈┈┈┈┈┈┈┈┈┈┈┈┈┈┈┈┈┈┈┈┈┈┈┈┈┈┈┈┈┈┈┈┈┈┈┈┈┈┈┈┈┈┈┈
[INFO] [stderr] note: If the actual output is the correct output you can bless it by rerunning
[INFO] [stderr]       your test with the environment variable TRYBUILD=overwrite
[INFO] [stderr] 
[INFO] [stderr] test tests/compile_fail/self_references/unknown_reference.rs [should fail to compile] ... ok
[INFO] [stderr] 
[INFO] [stderr] 
[INFO] [stdout] test compile_test ... FAILED
[INFO] [stdout] 
[INFO] [stdout] failures:
[INFO] [stdout] 
[INFO] [stdout] ---- compile_test stdout ----
[INFO] [stdout] thread 'compile_test' panicked at /opt/rustwide/cargo-home/registry/src/index.crates.io-6f17d22bba15001f/trybuild-1.0.80/src/run.rs:101:13:
[INFO] [stdout] 2 of 27 tests failed
[INFO] [stdout] stack backtrace:
[INFO] [stdout]    0:     0x55bdd2909c8c - std::backtrace_rs::backtrace::libunwind::trace::ha637c64ce894333a
[INFO] [stdout]                                at /rustc/82e1608dfa6e0b5569232559e3d385fea5a93112/library/std/src/../../backtrace/src/backtrace/libunwind.rs:104:5
[INFO] [stdout]    1:     0x55bdd2909c8c - std::backtrace_rs::backtrace::trace_unsynchronized::h47f62dea28e0c88d
[INFO] [stdout]                                at /rustc/82e1608dfa6e0b5569232559e3d385fea5a93112/library/std/src/../../backtrace/src/backtrace/mod.rs:66:5
[INFO] [stdout]    2:     0x55bdd2909c8c - std::sys_common::backtrace::_print_fmt::h9eef0abe20ede486
[INFO] [stdout]                                at /rustc/82e1608dfa6e0b5569232559e3d385fea5a93112/library/std/src/sys_common/backtrace.rs:67:5
[INFO] [stdout]    3:     0x55bdd2909c8c - <std::sys_common::backtrace::_print::DisplayBacktrace as core::fmt::Display>::fmt::hed7f999df88cc644
[INFO] [stdout]                                at /rustc/82e1608dfa6e0b5569232559e3d385fea5a93112/library/std/src/sys_common/backtrace.rs:44:22
[INFO] [stdout]    4:     0x55bdd2936070 - core::fmt::rt::Argument::fmt::h1539a9308b8d058d
[INFO] [stdout]                                at /rustc/82e1608dfa6e0b5569232559e3d385fea5a93112/library/core/src/fmt/rt.rs:142:9
[INFO] [stdout]    5:     0x55bdd2936070 - core::fmt::write::h3a39390d8560d9c9
[INFO] [stdout]                                at /rustc/82e1608dfa6e0b5569232559e3d385fea5a93112/library/core/src/fmt/mod.rs:1120:17
[INFO] [stdout]    6:     0x55bdd2906b3f - std::io::Write::write_fmt::h040b369f3a0f9cbc
[INFO] [stdout]                                at /rustc/82e1608dfa6e0b5569232559e3d385fea5a93112/library/std/src/io/mod.rs:1762:15
[INFO] [stdout]    7:     0x55bdd2909a74 - std::sys_common::backtrace::_print::h894006fb5c6f3d45
[INFO] [stdout]                                at /rustc/82e1608dfa6e0b5569232559e3d385fea5a93112/library/std/src/sys_common/backtrace.rs:47:5
[INFO] [stdout]    8:     0x55bdd2909a74 - std::sys_common::backtrace::print::h23a2d212c6fff936
[INFO] [stdout]                                at /rustc/82e1608dfa6e0b5569232559e3d385fea5a93112/library/std/src/sys_common/backtrace.rs:34:9
[INFO] [stdout]    9:     0x55bdd290b737 - std::panicking::default_hook::{{closure}}::h8a1d2ee00185001a
[INFO] [stdout]   10:     0x55bdd290b423 - std::panicking::default_hook::h6038f2eba384e475
[INFO] [stdout]                                at /rustc/82e1608dfa6e0b5569232559e3d385fea5a93112/library/std/src/panicking.rs:289:9
[INFO] [stdout]   11:     0x55bdd28d9f27 - <alloc::boxed::Box<F,A> as core::ops::function::Fn<Args>>::call::h0ad024c9bdc6d768
[INFO] [stdout]                                at /rustc/82e1608dfa6e0b5569232559e3d385fea5a93112/library/alloc/src/boxed.rs:2021:9
[INFO] [stdout]   12:     0x55bdd28d9f27 - test::test_main::{{closure}}::h7500b54257359db6
[INFO] [stdout]                                at /rustc/82e1608dfa6e0b5569232559e3d385fea5a93112/library/test/src/lib.rs:138:21
[INFO] [stdout]   13:     0x55bdd290bd48 - <alloc::boxed::Box<F,A> as core::ops::function::Fn<Args>>::call::h1f8f335eaa9cfaee
[INFO] [stdout]                                at /rustc/82e1608dfa6e0b5569232559e3d385fea5a93112/library/alloc/src/boxed.rs:2021:9
[INFO] [stdout]   14:     0x55bdd290bd48 - std::panicking::rust_panic_with_hook::h2b5517d590cab22e
[INFO] [stdout]                                at /rustc/82e1608dfa6e0b5569232559e3d385fea5a93112/library/std/src/panicking.rs:783:13
[INFO] [stdout]   15:     0x55bdd290ba9e - std::panicking::begin_panic_handler::{{closure}}::h233112c06e0ef43e
[INFO] [stdout]                                at /rustc/82e1608dfa6e0b5569232559e3d385fea5a93112/library/std/src/panicking.rs:657:13
[INFO] [stdout]   16:     0x55bdd290a156 - std::sys_common::backtrace::__rust_end_short_backtrace::h6e893f24d7ebbff8
[INFO] [stdout]                                at /rustc/82e1608dfa6e0b5569232559e3d385fea5a93112/library/std/src/sys_common/backtrace.rs:170:18
[INFO] [stdout]   17:     0x55bdd290b802 - rust_begin_unwind
[INFO] [stdout]                                at /rustc/82e1608dfa6e0b5569232559e3d385fea5a93112/library/std/src/panicking.rs:645:5
[INFO] [stdout]   18:     0x55bdd26bcfc5 - core::panicking::panic_fmt::hbf0e066aabfa482c
[INFO] [stdout]                                at /rustc/82e1608dfa6e0b5569232559e3d385fea5a93112/library/core/src/panicking.rs:72:14
[INFO] [stdout]   19:     0x55bdd26ce84b - trybuild::run::<impl trybuild::Runner>::run::h7f3400ffb3721a6c
[INFO] [stdout]                                at /opt/rustwide/cargo-home/registry/src/index.crates.io-6f17d22bba15001f/trybuild-1.0.80/src/run.rs:101:13
[INFO] [stdout]   20:     0x55bdd26d3f08 - <trybuild::TestCases as core::ops::drop::Drop>::drop::h21b0c63902bd2a69
[INFO] [stdout]                                at /opt/rustwide/cargo-home/registry/src/index.crates.io-6f17d22bba15001f/trybuild-1.0.80/src/lib.rs:315:13
[INFO] [stdout]   21:     0x55bdd26bdbc7 - core::ptr::drop_in_place<trybuild::TestCases>::h7332355866a029cf
[INFO] [stdout]                                at /rustc/82e1608dfa6e0b5569232559e3d385fea5a93112/library/core/src/ptr/mod.rs:498:1
[INFO] [stdout]   22:     0x55bdd26becdb - compile_test::compile_test::h5de3a528c6e180d3
[INFO] [stdout]                                at /opt/rustwide/workdir/tests/compile_test.rs:8:1
[INFO] [stdout]   23:     0x55bdd26bec27 - compile_test::compile_test::{{closure}}::h0c52812d8358eb77
[INFO] [stdout]                                at /opt/rustwide/workdir/tests/compile_test.rs:2:18
[INFO] [stdout]   24:     0x55bdd26bdb76 - core::ops::function::FnOnce::call_once::hb844174b93411b22
[INFO] [stdout]                                at /rustc/82e1608dfa6e0b5569232559e3d385fea5a93112/library/core/src/ops/function.rs:250:5
[INFO] [stdout]   25:     0x55bdd28df57f - core::ops::function::FnOnce::call_once::h2b5d431d5046312d
[INFO] [stdout]                                at /rustc/82e1608dfa6e0b5569232559e3d385fea5a93112/library/core/src/ops/function.rs:250:5
[INFO] [stdout]   26:     0x55bdd28df57f - test::__rust_begin_short_backtrace::h7714669af176e207
[INFO] [stdout]                                at /rustc/82e1608dfa6e0b5569232559e3d385fea5a93112/library/test/src/lib.rs:628:18
[INFO] [stdout]   27:     0x55bdd28de595 - test::run_test_in_process::{{closure}}::h85218797dcbcec12
[INFO] [stdout]                                at /rustc/82e1608dfa6e0b5569232559e3d385fea5a93112/library/test/src/lib.rs:651:60
[INFO] [stdout]   28:     0x55bdd28de595 - <core::panic::unwind_safe::AssertUnwindSafe<F> as core::ops::function::FnOnce<()>>::call_once::h76c106ea31c14d7b
[INFO] [stdout]                                at /rustc/82e1608dfa6e0b5569232559e3d385fea5a93112/library/core/src/panic/unwind_safe.rs:272:9
[INFO] [stdout]   29:     0x55bdd28de595 - std::panicking::try::do_call::h3bd5d0f6620ee946
[INFO] [stdout]                                at /rustc/82e1608dfa6e0b5569232559e3d385fea5a93112/library/std/src/panicking.rs:552:40
[INFO] [stdout]   30:     0x55bdd28de595 - std::panicking::try::h232e535e4744fe31
[INFO] [stdout]                                at /rustc/82e1608dfa6e0b5569232559e3d385fea5a93112/library/std/src/panicking.rs:516:19
[INFO] [stdout]   31:     0x55bdd28de595 - std::panic::catch_unwind::h3ce3bd6ca8dbac68
[INFO] [stdout]                                at /rustc/82e1608dfa6e0b5569232559e3d385fea5a93112/library/std/src/panic.rs:142:14
[INFO] [stdout]   32:     0x55bdd28de595 - test::run_test_in_process::hc97b257c9621286a
[INFO] [stdout]                                at /rustc/82e1608dfa6e0b5569232559e3d385fea5a93112/library/test/src/lib.rs:651:27
[INFO] [stdout]   33:     0x55bdd28de595 - test::run_test::{{closure}}::h2aa798823a438d38
[INFO] [stdout]                                at /rustc/82e1608dfa6e0b5569232559e3d385fea5a93112/library/test/src/lib.rs:574:43
[INFO] [stdout]   34:     0x55bdd28a6856 - test::run_test::{{closure}}::h87d231c78fb59832
[INFO] [stdout]                                at /rustc/82e1608dfa6e0b5569232559e3d385fea5a93112/library/test/src/lib.rs:602:41
[INFO] [stdout]   35:     0x55bdd28a6856 - std::sys_common::backtrace::__rust_begin_short_backtrace::he6df152596625789
[INFO] [stdout]                                at /rustc/82e1608dfa6e0b5569232559e3d385fea5a93112/library/std/src/sys_common/backtrace.rs:154:18
[INFO] [stdout]   36:     0x55bdd28ab907 - std::thread::Builder::spawn_unchecked_::{{closure}}::{{closure}}::ha94be15d1e0acf36
[INFO] [stdout]                                at /rustc/82e1608dfa6e0b5569232559e3d385fea5a93112/library/std/src/thread/mod.rs:529:17
[INFO] [stdout]   37:     0x55bdd28ab907 - <core::panic::unwind_safe::AssertUnwindSafe<F> as core::ops::function::FnOnce<()>>::call_once::h9dc6bd6372f16606
[INFO] [stdout]                                at /rustc/82e1608dfa6e0b5569232559e3d385fea5a93112/library/core/src/panic/unwind_safe.rs:272:9
[INFO] [stdout]   38:     0x55bdd28ab907 - std::panicking::try::do_call::h9057517f80303cd4
[INFO] [stdout]                                at /rustc/82e1608dfa6e0b5569232559e3d385fea5a93112/library/std/src/panicking.rs:552:40
[INFO] [stdout]   39:     0x55bdd28ab907 - std::panicking::try::he3a30b11ee45340c
[INFO] [stdout]                                at /rustc/82e1608dfa6e0b5569232559e3d385fea5a93112/library/std/src/panicking.rs:516:19
[INFO] [stdout]   40:     0x55bdd28ab907 - std::panic::catch_unwind::h410458cfd3528b8b
[INFO] [stdout]                                at /rustc/82e1608dfa6e0b5569232559e3d385fea5a93112/library/std/src/panic.rs:142:14
[INFO] [stdout]   41:     0x55bdd28ab907 - std::thread::Builder::spawn_unchecked_::{{closure}}::h72ac3bdb567b737b
[INFO] [stdout]                                at /rustc/82e1608dfa6e0b5569232559e3d385fea5a93112/library/std/src/thread/mod.rs:528:30
[INFO] [stdout]   42:     0x55bdd28ab907 - core::ops::function::FnOnce::call_once{{vtable.shim}}::h38f34da3654a8344
[INFO] [stdout]                                at /rustc/82e1608dfa6e0b5569232559e3d385fea5a93112/library/core/src/ops/function.rs:250:5
[INFO] [stdout]   43:     0x55bdd2911925 - <alloc::boxed::Box<F,A> as core::ops::function::FnOnce<Args>>::call_once::hc7eafaff61e32df9
[INFO] [stdout]                                at /rustc/82e1608dfa6e0b5569232559e3d385fea5a93112/library/alloc/src/boxed.rs:2007:9
[INFO] [stdout]   44:     0x55bdd2911925 - <alloc::boxed::Box<F,A> as core::ops::function::FnOnce<Args>>::call_once::h6ba4a5de48dd2304
[INFO] [stdout]                                at /rustc/82e1608dfa6e0b5569232559e3d385fea5a93112/library/alloc/src/boxed.rs:2007:9
[INFO] [stdout]   45:     0x55bdd2911925 - std::sys::unix::thread::Thread::new::thread_start::he469335aef763e45
[INFO] [stdout]                                at /rustc/82e1608dfa6e0b5569232559e3d385fea5a93112/library/std/src/sys/unix/thread.rs:108:17
[INFO] [stdout]   46:     0x7f7a21594ac3 - <unknown>
[INFO] [stdout]   47:     0x7f7a21625bf4 - __clone
[INFO] [stdout]   48:                0x0 - <unknown>
[INFO] [stdout] 
[INFO] [stdout] 
[INFO] [stdout] failures:
[INFO] [stdout]     compile_test
[INFO] [stdout] 
[INFO] [stdout] test result: FAILED. 0 passed; 1 failed; 0 ignored; 0 measured; 0 filtered out; finished in 17.21s
[INFO] [stdout] 
[INFO] [stderr] error: test failed, to rerun pass `--test compile_test`
[INFO] running `Command { std: "docker" "inspect" "b86ec6f393c9371f707d03c40be5e1b4eaf511ec97f763dcddab83e2ff0bce65", kill_on_drop: false }`
[INFO] running `Command { std: "docker" "rm" "-f" "b86ec6f393c9371f707d03c40be5e1b4eaf511ec97f763dcddab83e2ff0bce65", kill_on_drop: false }`
[INFO] [stdout] b86ec6f393c9371f707d03c40be5e1b4eaf511ec97f763dcddab83e2ff0bce65
[INFO] testing custom_attrs-1.6.2 against beta-2023-12-22 for beta-1.76-1
[INFO] extracting crate custom_attrs 1.6.2 into /workspace/builds/worker-6-tc2/source
[INFO] validating manifest of crates.io crate custom_attrs 1.6.2 on toolchain beta-2023-12-22
[INFO] running `Command { std: CARGO_HOME="/workspace/cargo-home" RUSTUP_HOME="/workspace/rustup-home" "/workspace/cargo-home/bin/cargo" "+beta-2023-12-22" "metadata" "--manifest-path" "Cargo.toml" "--no-deps", kill_on_drop: false }`
[INFO] started tweaking crates.io crate custom_attrs 1.6.2
[INFO] finished tweaking crates.io crate custom_attrs 1.6.2
[INFO] tweaked toml for crates.io crate custom_attrs 1.6.2 written to /workspace/builds/worker-6-tc2/source/Cargo.toml
[INFO] crate crates.io crate custom_attrs 1.6.2 already has a lockfile, it will not be regenerated
[INFO] running `Command { std: CARGO_HOME="/workspace/cargo-home" RUSTUP_HOME="/workspace/rustup-home" "/workspace/cargo-home/bin/cargo" "+beta-2023-12-22" "fetch" "--manifest-path" "Cargo.toml", kill_on_drop: false }`
[INFO] running `Command { std: "docker" "create" "-v" "/var/lib/crater-agent-workspace/builds/worker-6-tc2/target:/opt/rustwide/target:rw,Z" "-v" "/var/lib/crater-agent-workspace/builds/worker-6-tc2/source:/opt/rustwide/workdir:ro,Z" "-v" "/var/lib/crater-agent-workspace/cargo-home:/opt/rustwide/cargo-home:ro,Z" "-v" "/var/lib/crater-agent-workspace/rustup-home:/opt/rustwide/rustup-home:ro,Z" "-e" "SOURCE_DIR=/opt/rustwide/workdir" "-e" "CARGO_TARGET_DIR=/opt/rustwide/target" "-e" "CARGO_HOME=/opt/rustwide/cargo-home" "-e" "RUSTUP_HOME=/opt/rustwide/rustup-home" "-w" "/opt/rustwide/workdir" "-m" "1610612736" "--user" "0:0" "--network" "none" "ghcr.io/rust-lang/crates-build-env/linux@sha256:2788e3201cd34a07e3172128adcd8b3090168a8e3bcc40d7c032b9dda1df7d1c" "/opt/rustwide/cargo-home/bin/cargo" "+beta-2023-12-22" "metadata" "--no-deps" "--format-version=1", kill_on_drop: false }`
[INFO] [stdout] 1564aa6a4a40e8f8551ffd94f750ca73612eba94db0845da98ee81565b937e19
[INFO] running `Command { std: "docker" "start" "-a" "1564aa6a4a40e8f8551ffd94f750ca73612eba94db0845da98ee81565b937e19", kill_on_drop: false }`
[INFO] running `Command { std: "docker" "inspect" "1564aa6a4a40e8f8551ffd94f750ca73612eba94db0845da98ee81565b937e19", kill_on_drop: false }`
[INFO] running `Command { std: "docker" "rm" "-f" "1564aa6a4a40e8f8551ffd94f750ca73612eba94db0845da98ee81565b937e19", kill_on_drop: false }`
[INFO] [stdout] 1564aa6a4a40e8f8551ffd94f750ca73612eba94db0845da98ee81565b937e19
[INFO] running `Command { std: "docker" "create" "-v" "/var/lib/crater-agent-workspace/builds/worker-6-tc2/target:/opt/rustwide/target:rw,Z" "-v" "/var/lib/crater-agent-workspace/builds/worker-6-tc2/source:/opt/rustwide/workdir:ro,Z" "-v" "/var/lib/crater-agent-workspace/cargo-home:/opt/rustwide/cargo-home:ro,Z" "-v" "/var/lib/crater-agent-workspace/rustup-home:/opt/rustwide/rustup-home:ro,Z" "-e" "SOURCE_DIR=/opt/rustwide/workdir" "-e" "CARGO_TARGET_DIR=/opt/rustwide/target" "-e" "CARGO_INCREMENTAL=0" "-e" "RUST_BACKTRACE=full" "-e" "RUSTFLAGS=--cap-lints=warn" "-e" "RUSTDOCFLAGS=--cap-lints=warn" "-e" "CARGO_HOME=/opt/rustwide/cargo-home" "-e" "RUSTUP_HOME=/opt/rustwide/rustup-home" "-w" "/opt/rustwide/workdir" "-m" "1610612736" "--user" "0:0" "--network" "none" "ghcr.io/rust-lang/crates-build-env/linux@sha256:2788e3201cd34a07e3172128adcd8b3090168a8e3bcc40d7c032b9dda1df7d1c" "/opt/rustwide/cargo-home/bin/cargo" "+beta-2023-12-22" "build" "--frozen" "--message-format=json", kill_on_drop: false }`
[INFO] [stdout] 06b8f8042436c9718a6401db2c7544570945f864de869a082d71401e35c32c2f
[INFO] running `Command { std: "docker" "start" "-a" "06b8f8042436c9718a6401db2c7544570945f864de869a082d71401e35c32c2f", kill_on_drop: false }`
[INFO] [stderr]    Compiling proc-macro2 v1.0.54
[INFO] [stderr]    Compiling unicode-ident v1.0.8
[INFO] [stderr]    Compiling quote v1.0.26
[INFO] [stderr]    Compiling proc-macro-error-attr v1.0.4
[INFO] [stderr]    Compiling proc-macro-error v1.0.4
[INFO] [stderr]    Compiling syn v1.0.109
[INFO] [stderr]    Compiling custom_attrs v1.6.2 (/opt/rustwide/workdir)
[INFO] [stderr]     Finished dev [unoptimized + debuginfo] target(s) in 6.78s
[INFO] running `Command { std: "docker" "inspect" "06b8f8042436c9718a6401db2c7544570945f864de869a082d71401e35c32c2f", kill_on_drop: false }`
[INFO] running `Command { std: "docker" "rm" "-f" "06b8f8042436c9718a6401db2c7544570945f864de869a082d71401e35c32c2f", kill_on_drop: false }`
[INFO] [stdout] 06b8f8042436c9718a6401db2c7544570945f864de869a082d71401e35c32c2f
[INFO] running `Command { std: "docker" "create" "-v" "/var/lib/crater-agent-workspace/builds/worker-6-tc2/target:/opt/rustwide/target:rw,Z" "-v" "/var/lib/crater-agent-workspace/builds/worker-6-tc2/source:/opt/rustwide/workdir:ro,Z" "-v" "/var/lib/crater-agent-workspace/cargo-home:/opt/rustwide/cargo-home:ro,Z" "-v" "/var/lib/crater-agent-workspace/rustup-home:/opt/rustwide/rustup-home:ro,Z" "-e" "SOURCE_DIR=/opt/rustwide/workdir" "-e" "CARGO_TARGET_DIR=/opt/rustwide/target" "-e" "CARGO_INCREMENTAL=0" "-e" "RUST_BACKTRACE=full" "-e" "RUSTFLAGS=--cap-lints=warn" "-e" "RUSTDOCFLAGS=--cap-lints=warn" "-e" "CARGO_HOME=/opt/rustwide/cargo-home" "-e" "RUSTUP_HOME=/opt/rustwide/rustup-home" "-w" "/opt/rustwide/workdir" "-m" "1610612736" "--user" "0:0" "--network" "none" "ghcr.io/rust-lang/crates-build-env/linux@sha256:2788e3201cd34a07e3172128adcd8b3090168a8e3bcc40d7c032b9dda1df7d1c" "/opt/rustwide/cargo-home/bin/cargo" "+beta-2023-12-22" "test" "--frozen" "--no-run" "--message-format=json", kill_on_drop: false }`
[INFO] [stdout] f34e20334d490c6d92f4144bcdec94cdd256dae831ec4d72575f15f8e2ad12be
[INFO] running `Command { std: "docker" "start" "-a" "f34e20334d490c6d92f4144bcdec94cdd256dae831ec4d72575f15f8e2ad12be", kill_on_drop: false }`
[INFO] [stderr]    Compiling proc-macro2 v1.0.54
[INFO] [stderr]    Compiling unicode-ident v1.0.8
[INFO] [stderr]    Compiling serde v1.0.158
[INFO] [stderr]    Compiling serde_derive v1.0.158
[INFO] [stderr]    Compiling serde_json v1.0.94
[INFO] [stderr]    Compiling quote v1.0.26
[INFO] [stderr]    Compiling syn v1.0.109
[INFO] [stderr]    Compiling proc-macro-error v1.0.4
[INFO] [stderr]    Compiling itoa v1.0.6
[INFO] [stderr]    Compiling trybuild v1.0.80
[INFO] [stderr]    Compiling ryu v1.0.13
[INFO] [stderr]    Compiling termcolor v1.2.0
[INFO] [stderr]    Compiling once_cell v1.17.1
[INFO] [stderr]    Compiling syn v2.0.10
[INFO] [stderr]    Compiling proc-macro-error-attr v1.0.4
[INFO] [stderr]    Compiling basic-toml v0.1.2
[INFO] [stderr]    Compiling custom_attrs v1.6.2 (/opt/rustwide/workdir)
[INFO] [stderr]     Finished test [unoptimized + debuginfo] target(s) in 16.73s
[INFO] running `Command { std: "docker" "inspect" "f34e20334d490c6d92f4144bcdec94cdd256dae831ec4d72575f15f8e2ad12be", kill_on_drop: false }`
[INFO] running `Command { std: "docker" "rm" "-f" "f34e20334d490c6d92f4144bcdec94cdd256dae831ec4d72575f15f8e2ad12be", kill_on_drop: false }`
[INFO] [stdout] f34e20334d490c6d92f4144bcdec94cdd256dae831ec4d72575f15f8e2ad12be
[INFO] running `Command { std: "docker" "create" "-v" "/var/lib/crater-agent-workspace/builds/worker-6-tc2/target:/opt/rustwide/target:rw,Z" "-v" "/var/lib/crater-agent-workspace/builds/worker-6-tc2/source:/opt/rustwide/workdir:ro,Z" "-v" "/var/lib/crater-agent-workspace/cargo-home:/opt/rustwide/cargo-home:ro,Z" "-v" "/var/lib/crater-agent-workspace/rustup-home:/opt/rustwide/rustup-home:ro,Z" "-e" "SOURCE_DIR=/opt/rustwide/workdir" "-e" "CARGO_TARGET_DIR=/opt/rustwide/target" "-e" "CARGO_INCREMENTAL=0" "-e" "RUST_BACKTRACE=full" "-e" "RUSTFLAGS=--cap-lints=warn" "-e" "RUSTDOCFLAGS=--cap-lints=warn" "-e" "CARGO_HOME=/opt/rustwide/cargo-home" "-e" "RUSTUP_HOME=/opt/rustwide/rustup-home" "-w" "/opt/rustwide/workdir" "-m" "1610612736" "--user" "0:0" "--network" "none" "ghcr.io/rust-lang/crates-build-env/linux@sha256:2788e3201cd34a07e3172128adcd8b3090168a8e3bcc40d7c032b9dda1df7d1c" "/opt/rustwide/cargo-home/bin/cargo" "+beta-2023-12-22" "test" "--frozen", kill_on_drop: false }`
[INFO] [stdout] 0a62588c84aba39f9352efc413f6313f7064e8223e2b468d8e359a235b2d99e2
[INFO] running `Command { std: "docker" "start" "-a" "0a62588c84aba39f9352efc413f6313f7064e8223e2b468d8e359a235b2d99e2", kill_on_drop: false }`
[INFO] [stderr]     Finished test [unoptimized + debuginfo] target(s) in 0.05s
[INFO] [stderr]      Running unittests src/lib.rs (/opt/rustwide/target/debug/deps/custom_attrs-67cd2bc029566036)
[INFO] [stdout] 
[INFO] [stderr]      Running tests/attribute_get_multi.rs (/opt/rustwide/target/debug/deps/attribute_get_multi-707b5f2ad98a87d0)
[INFO] [stdout] running 0 tests
[INFO] [stdout] 
[INFO] [stdout] test result: ok. 0 passed; 0 failed; 0 ignored; 0 measured; 0 filtered out; finished in 0.00s
[INFO] [stdout] 
[INFO] [stdout] 
[INFO] [stdout] running 3 tests
[INFO] [stdout] test test_attribute_default ... ok
[INFO] [stdout] test test_attribute_get ... ok
[INFO] [stdout] test test_attribute_options ... ok
[INFO] [stdout] 
[INFO] [stdout] test result: ok. 3 passed; 0 failed; 0 ignored; 0 measured; 0 filtered out; finished in 0.02s
[INFO] [stdout] 
[INFO] [stderr]      Running tests/attribute_get_simple.rs (/opt/rustwide/target/debug/deps/attribute_get_simple-d9e80130673b6d7f)
[INFO] [stdout] 
[INFO] [stdout] running 3 tests
[INFO] [stdout] test test_attribute_get ... ok
[INFO] [stdout] test test_attribute_default ... ok
[INFO] [stdout] test test_attribute_options ... ok
[INFO] [stdout] 
[INFO] [stdout] test result: ok. 3 passed; 0 failed; 0 ignored; 0 measured; 0 filtered out; finished in 0.01s
[INFO] [stdout] 
[INFO] [stderr]      Running tests/compile_test.rs (/opt/rustwide/target/debug/deps/compile_test-1e5dcf374e653bcf)
[INFO] [stdout] 
[INFO] [stdout] running 1 test
[INFO] [stderr]    Compiling proc-macro2 v1.0.54
[INFO] [stderr]    Compiling quote v1.0.26
[INFO] [stderr]    Compiling version_check v0.9.4
[INFO] [stderr]    Compiling syn v1.0.109
[INFO] [stderr]    Compiling unicode-ident v1.0.8
[INFO] [stderr]    Compiling cfg-if v1.0.0
[INFO] [stderr]    Compiling proc-macro-error-attr v1.0.4
[INFO] [stderr]    Compiling proc-macro-error v1.0.4
[INFO] [stderr]    Compiling custom_attrs v1.6.2 (/opt/rustwide/workdir)
[INFO] [stderr]    Compiling custom_attrs-tests v0.0.0 (/opt/rustwide/target/tests/trybuild/custom_attrs)
[INFO] [stderr]     Finished dev [unoptimized + debuginfo] target(s) in 15.08s
[INFO] [stderr] 
[INFO] [stderr] 
[INFO] [stderr] test tests/compile_pass/basic.rs [should pass] ... ok
[INFO] [stderr] test tests/compile_pass/documentation.rs [should pass] ... ok
[INFO] [stderr] test tests/compile_pass/function_name_changed.rs [should pass] ... ok
[INFO] [stderr] test tests/compile_pass/multi_assignment.rs [should pass] ... ok
[INFO] [stderr] test tests/compile_pass/multi_declaration.rs [should pass] ... ok
[INFO] [stderr] test tests/compile_pass/optional.rs [should pass] ... ok
[INFO] [stderr] test tests/compile_pass/with_default.rs [should pass] ... ok
[INFO] [stderr] test tests/compile_pass/with_fields.rs [should pass] ... ok
[INFO] [stderr] test tests/compile_pass/self_reference/field_variable_access.rs [should pass] ... ok
[INFO] [stderr] test tests/compile_pass/self_reference/self_references.rs [should pass] ... ok
[INFO] [stderr] test tests/compile_fail/attribute_already_declared.rs [should fail to compile] ... ok
[INFO] [stderr] test tests/compile_fail/attribute_not_set.rs [should fail to compile] ... ok
[INFO] [stderr] test tests/compile_fail/documentation_error.rs [should fail to compile] ... ok
[INFO] [stderr] test tests/compile_fail/function_name_changed.rs [should fail to compile] ... ok
[INFO] [stderr] test tests/compile_fail/incomplete_value_syntax.rs [should fail to compile] ... ok
[INFO] [stderr] test tests/compile_fail/not_right_type.rs [should fail to compile] ... ok
[INFO] [stderr] test tests/compile_fail/not_right_visibility.rs [should fail to compile] ... mismatch
[INFO] [stderr] 
[INFO] [stderr] EXPECTED:
[INFO] [stderr] ┈┈┈┈┈┈┈┈┈┈┈┈┈┈┈┈┈┈┈┈┈┈┈┈┈┈┈┈┈┈┈┈┈┈┈┈┈┈┈┈┈┈┈┈┈┈┈┈┈┈┈┈┈┈┈┈┈┈┈┈
[INFO] [stderr] error[E0624]: associated function `get_a` is private
[INFO] [stderr]   --> tests/compile_fail/not_right_visibility.rs:19:37
[INFO] [stderr]    |
[INFO] [stderr] 4  |     #[derive(CustomAttrs)]
[INFO] [stderr]    |              ----------- private associated function defined here
[INFO] [stderr] ...
[INFO] [stderr] 19 |     let _a = module::Enum::Variant1.get_a();
[INFO] [stderr]    |                                     ^^^^^ private associated function
[INFO] [stderr] ┈┈┈┈┈┈┈┈┈┈┈┈┈┈┈┈┈┈┈┈┈┈┈┈┈┈┈┈┈┈┈┈┈┈┈┈┈┈┈┈┈┈┈┈┈┈┈┈┈┈┈┈┈┈┈┈┈┈┈┈
[INFO] [stderr] 
[INFO] [stderr] ACTUAL OUTPUT:
[INFO] [stderr] ┈┈┈┈┈┈┈┈┈┈┈┈┈┈┈┈┈┈┈┈┈┈┈┈┈┈┈┈┈┈┈┈┈┈┈┈┈┈┈┈┈┈┈┈┈┈┈┈┈┈┈┈┈┈┈┈┈┈┈┈
[INFO] [stderr] error[E0624]: method `get_a` is private
[INFO] [stderr]   --> tests/compile_fail/not_right_visibility.rs:19:37
[INFO] [stderr]    |
[INFO] [stderr] 4  |     #[derive(CustomAttrs)]
[INFO] [stderr]    |              ----------- private method defined here
[INFO] [stderr] ...
[INFO] [stderr] 19 |     let _a = module::Enum::Variant1.get_a();
[INFO] [stderr]    |                                     ^^^^^ private method
[INFO] [stderr] ┈┈┈┈┈┈┈┈┈┈┈┈┈┈┈┈┈┈┈┈┈┈┈┈┈┈┈┈┈┈┈┈┈┈┈┈┈┈┈┈┈┈┈┈┈┈┈┈┈┈┈┈┈┈┈┈┈┈┈┈
[INFO] [stderr] note: If the actual output is the correct output you can bless it by rerunning
[INFO] [stderr]       your test with the environment variable TRYBUILD=overwrite
[INFO] [stderr] 
[INFO] [stderr] test tests/compile_fail/same_function_used.rs [should fail to compile] ... ok
[INFO] [stderr] test tests/compile_fail/unknown_attribute.rs [should fail to compile] ... ok
[INFO] [stderr] test tests/compile_fail/variant_value_already_set.rs [should fail to compile] ... ok
[INFO] [stderr] test tests/compile_fail/config/already_set.rs [should fail to compile] ... ok
[INFO] [stderr] test tests/compile_fail/config/not_empty.rs [should fail to compile] ... ok
[INFO] [stderr] test tests/compile_fail/config/unknown_config.rs [should fail to compile] ... ok
[INFO] [stderr] test tests/compile_fail/config/wrong_syntax.rs [should fail to compile] ... ok
[INFO] [stderr] test tests/compile_fail/self_references/invalid_syntax.rs [should fail to compile] ... ok
[INFO] [stderr] test tests/compile_fail/self_references/more_complex_syntax.rs [should fail to compile] ... mismatch
[INFO] [stderr] 
[INFO] [stderr] EXPECTED:
[INFO] [stderr] ┈┈┈┈┈┈┈┈┈┈┈┈┈┈┈┈┈┈┈┈┈┈┈┈┈┈┈┈┈┈┈┈┈┈┈┈┈┈┈┈┈┈┈┈┈┈┈┈┈┈┈┈┈┈┈┈┈┈┈┈
[INFO] [stderr] error[E0106]: missing lifetime specifier
[INFO] [stderr]   --> tests/compile_fail/self_references/more_complex_syntax.rs:12:15
[INFO] [stderr]    |
[INFO] [stderr] 12 |         list: &[u32],
[INFO] [stderr]    |               ^ expected named lifetime parameter
[INFO] [stderr]    |
[INFO] [stderr] help: consider introducing a named lifetime parameter
[INFO] [stderr]    |
[INFO] [stderr] 5  ~ enum Enum<'a> {
[INFO] [stderr] 6  |     #[attr(a = #self.5)]
[INFO] [stderr]  ...
[INFO] [stderr] 11 |         #[allow(unused)]
[INFO] [stderr] 12 ~         list: &'a [u32],
[INFO] [stderr]    |
[INFO] [stderr] 
[INFO] [stderr] error[E0425]: cannot find value `_5` in this scope
[INFO] [stderr]  --> tests/compile_fail/self_references/more_complex_syntax.rs:6:22
[INFO] [stderr]   |
[INFO] [stderr] 6 |     #[attr(a = #self.5)]
[INFO] [stderr]   |                      ^ help: a local variable with a similar name exists: `_0`
[INFO] [stderr] 
[INFO] [stderr] error[E0425]: cannot find value `unknown` in this scope
[INFO] [stderr]  --> tests/compile_fail/self_references/more_complex_syntax.rs:9:22
[INFO] [stderr]   |
[INFO] [stderr] 9 |     #[attr(a = #self.unknown)]
[INFO] [stderr]   |                      ^^^^^^^ not found in this scope
[INFO] [stderr] 
[INFO] [stderr] error[E0559]: variant `Enum::Variant2` has no field named `field1`
[INFO] [stderr]   --> tests/compile_fail/self_references/more_complex_syntax.rs:22:9
[INFO] [stderr]    |
[INFO] [stderr] 22 |         field1: 2,
[INFO] [stderr]    |         ^^^^^^ `Enum::Variant2` does not have this field
[INFO] [stderr]    |
[INFO] [stderr]    = note: available fields are: `list`, `field2`
[INFO] [stderr] ┈┈┈┈┈┈┈┈┈┈┈┈┈┈┈┈┈┈┈┈┈┈┈┈┈┈┈┈┈┈┈┈┈┈┈┈┈┈┈┈┈┈┈┈┈┈┈┈┈┈┈┈┈┈┈┈┈┈┈┈
[INFO] [stderr] 
[INFO] [stderr] ACTUAL OUTPUT:
[INFO] [stderr] ┈┈┈┈┈┈┈┈┈┈┈┈┈┈┈┈┈┈┈┈┈┈┈┈┈┈┈┈┈┈┈┈┈┈┈┈┈┈┈┈┈┈┈┈┈┈┈┈┈┈┈┈┈┈┈┈┈┈┈┈
[INFO] [stderr] error[E0106]: missing lifetime specifier
[INFO] [stderr]   --> tests/compile_fail/self_references/more_complex_syntax.rs:12:15
[INFO] [stderr]    |
[INFO] [stderr] 12 |         list: &[u32],
[INFO] [stderr]    |               ^ expected named lifetime parameter
[INFO] [stderr]    |
[INFO] [stderr] help: consider introducing a named lifetime parameter
[INFO] [stderr]    |
[INFO] [stderr] 5  ~ enum Enum<'a> {
[INFO] [stderr] 6  |     #[attr(a = #self.5)]
[INFO] [stderr]  ...
[INFO] [stderr] 11 |         #[allow(unused)]
[INFO] [stderr] 12 ~         list: &'a [u32],
[INFO] [stderr]    |
[INFO] [stderr] 
[INFO] [stderr] error[E0425]: cannot find value `_5` in this scope
[INFO] [stderr]  --> tests/compile_fail/self_references/more_complex_syntax.rs:6:22
[INFO] [stderr]   |
[INFO] [stderr] 6 |     #[attr(a = #self.5)]
[INFO] [stderr]   |                      ^ help: a local variable with a similar name exists: `_0`
[INFO] [stderr] 
[INFO] [stderr] error[E0425]: cannot find value `unknown` in this scope
[INFO] [stderr]  --> tests/compile_fail/self_references/more_complex_syntax.rs:9:22
[INFO] [stderr]   |
[INFO] [stderr] 9 |     #[attr(a = #self.unknown)]
[INFO] [stderr]   |                      ^^^^^^^ not found in this scope
[INFO] [stderr] 
[INFO] [stderr] error[E0559]: variant `Enum::Variant2` has no field named `field1`
[INFO] [stderr]   --> tests/compile_fail/self_references/more_complex_syntax.rs:22:9
[INFO] [stderr]    |
[INFO] [stderr] 22 |         field1: 2,
[INFO] [stderr]    |         ^^^^^^ `Enum::Variant2` does not have this field
[INFO] [stderr]    |
[INFO] [stderr]    = note: available fields are: `list`
[INFO] [stderr] ┈┈┈┈┈┈┈┈┈┈┈┈┈┈┈┈┈┈┈┈┈┈┈┈┈┈┈┈┈┈┈┈┈┈┈┈┈┈┈┈┈┈┈┈┈┈┈┈┈┈┈┈┈┈┈┈┈┈┈┈
[INFO] [stderr] note: If the actual output is the correct output you can bless it by rerunning
[INFO] [stderr]       your test with the environment variable TRYBUILD=overwrite
[INFO] [stderr] 
[INFO] [stderr] test tests/compile_fail/self_references/unknown_reference.rs [should fail to compile] ... ok
[INFO] [stderr] 
[INFO] [stderr] 
[INFO] [stdout] test compile_test ... FAILED
[INFO] [stdout] 
[INFO] [stdout] failures:
[INFO] [stdout] 
[INFO] [stdout] ---- compile_test stdout ----
[INFO] [stdout] thread 'compile_test' panicked at /opt/rustwide/cargo-home/registry/src/index.crates.io-6f17d22bba15001f/trybuild-1.0.80/src/run.rs:101:13:
[INFO] [stdout] 2 of 27 tests failed
[INFO] [stdout] stack backtrace:
[INFO] [stdout]    0:     0x55edb6a19116 - std::backtrace_rs::backtrace::libunwind::trace::h261606ad26a499c1
[INFO] [stdout]                                at /rustc/0e09125c6c3c2fd70d7de961bcf0e51575235fad/library/std/src/../../backtrace/src/backtrace/libunwind.rs:104:5
[INFO] [stdout]    1:     0x55edb6a19116 - std::backtrace_rs::backtrace::trace_unsynchronized::hd183f0625477fb28
[INFO] [stdout]                                at /rustc/0e09125c6c3c2fd70d7de961bcf0e51575235fad/library/std/src/../../backtrace/src/backtrace/mod.rs:66:5
[INFO] [stdout]    2:     0x55edb6a19116 - std::sys_common::backtrace::_print_fmt::hd7f8fef21b4eda67
[INFO] [stdout]                                at /rustc/0e09125c6c3c2fd70d7de961bcf0e51575235fad/library/std/src/sys_common/backtrace.rs:68:5
[INFO] [stdout]    3:     0x55edb6a19116 - <std::sys_common::backtrace::_print::DisplayBacktrace as core::fmt::Display>::fmt::h623d9b51f2f453f1
[INFO] [stdout]                                at /rustc/0e09125c6c3c2fd70d7de961bcf0e51575235fad/library/std/src/sys_common/backtrace.rs:44:22
[INFO] [stdout]    4:     0x55edb6a44810 - core::fmt::rt::Argument::fmt::h9f417ac76a86f368
[INFO] [stdout]                                at /rustc/0e09125c6c3c2fd70d7de961bcf0e51575235fad/library/core/src/fmt/rt.rs:142:9
[INFO] [stdout]    5:     0x55edb6a44810 - core::fmt::write::hc9b6faf4ac2aeff7
[INFO] [stdout]                                at /rustc/0e09125c6c3c2fd70d7de961bcf0e51575235fad/library/core/src/fmt/mod.rs:1120:17
[INFO] [stdout]    6:     0x55edb6a1610f - std::io::Write::write_fmt::he04625a3a989fec3
[INFO] [stdout]                                at /rustc/0e09125c6c3c2fd70d7de961bcf0e51575235fad/library/std/src/io/mod.rs:1810:15
[INFO] [stdout]    7:     0x55edb6a18ef4 - std::sys_common::backtrace::_print::hd5d66399c7df88a2
[INFO] [stdout]                                at /rustc/0e09125c6c3c2fd70d7de961bcf0e51575235fad/library/std/src/sys_common/backtrace.rs:47:5
[INFO] [stdout]    8:     0x55edb6a18ef4 - std::sys_common::backtrace::print::he81ed2da642d37e5
[INFO] [stdout]                                at /rustc/0e09125c6c3c2fd70d7de961bcf0e51575235fad/library/std/src/sys_common/backtrace.rs:34:9
[INFO] [stdout]    9:     0x55edb6a1ac67 - std::panicking::default_hook::{{closure}}::h85773f4fa117163d
[INFO] [stdout]   10:     0x55edb6a1a94d - std::panicking::default_hook::h6a1694a91d09b278
[INFO] [stdout]                                at /rustc/0e09125c6c3c2fd70d7de961bcf0e51575235fad/library/std/src/panicking.rs:289:9
[INFO] [stdout]   11:     0x55edb69e8b57 - <alloc::boxed::Box<F,A> as core::ops::function::Fn<Args>>::call::h616ac37fa3cd6c8f
[INFO] [stdout]                                at /rustc/0e09125c6c3c2fd70d7de961bcf0e51575235fad/library/alloc/src/boxed.rs:2029:9
[INFO] [stdout]   12:     0x55edb69e8b57 - test::test_main::{{closure}}::h00d84697cefdcbb6
[INFO] [stdout]                                at /rustc/0e09125c6c3c2fd70d7de961bcf0e51575235fad/library/test/src/lib.rs:138:21
[INFO] [stdout]   13:     0x55edb6a1b286 - <alloc::boxed::Box<F,A> as core::ops::function::Fn<Args>>::call::hcb3fe3b9bb537ba8
[INFO] [stdout]                                at /rustc/0e09125c6c3c2fd70d7de961bcf0e51575235fad/library/alloc/src/boxed.rs:2029:9
[INFO] [stdout]   14:     0x55edb6a1b286 - std::panicking::rust_panic_with_hook::h0a7ad96e90f7145b
[INFO] [stdout]                                at /rustc/0e09125c6c3c2fd70d7de961bcf0e51575235fad/library/std/src/panicking.rs:783:13
[INFO] [stdout]   15:     0x55edb6a1afd2 - std::panicking::begin_panic_handler::{{closure}}::h7919090525c6485e
[INFO] [stdout]                                at /rustc/0e09125c6c3c2fd70d7de961bcf0e51575235fad/library/std/src/panicking.rs:657:13
[INFO] [stdout]   16:     0x55edb6a19616 - std::sys_common::backtrace::__rust_end_short_backtrace::hf3289479464f7dfe
[INFO] [stdout]                                at /rustc/0e09125c6c3c2fd70d7de961bcf0e51575235fad/library/std/src/sys_common/backtrace.rs:171:18
[INFO] [stdout]   17:     0x55edb6a1ad30 - rust_begin_unwind
[INFO] [stdout]                                at /rustc/0e09125c6c3c2fd70d7de961bcf0e51575235fad/library/std/src/panicking.rs:645:5
[INFO] [stdout]   18:     0x55edb67cafc5 - core::panicking::panic_fmt::hcc9f77c5c132af55
[INFO] [stdout]                                at /rustc/0e09125c6c3c2fd70d7de961bcf0e51575235fad/library/core/src/panicking.rs:72:14
[INFO] [stdout]   19:     0x55edb684b699 - trybuild::run::<impl trybuild::Runner>::run::hfd03497ebe8ae627
[INFO] [stdout]                                at /opt/rustwide/cargo-home/registry/src/index.crates.io-6f17d22bba15001f/trybuild-1.0.80/src/run.rs:101:13
[INFO] [stdout]   20:     0x55edb6851208 - <trybuild::TestCases as core::ops::drop::Drop>::drop::hdddd09a3422e04ec
[INFO] [stdout]                                at /opt/rustwide/cargo-home/registry/src/index.crates.io-6f17d22bba15001f/trybuild-1.0.80/src/lib.rs:315:13
[INFO] [stdout]   21:     0x55edb67cbbd7 - core::ptr::drop_in_place<trybuild::TestCases>::h1a6d31183cb850ef
[INFO] [stdout]                                at /rustc/0e09125c6c3c2fd70d7de961bcf0e51575235fad/library/core/src/ptr/mod.rs:507:1
[INFO] [stdout]   22:     0x55edb67cccfb - compile_test::compile_test::h415020abd1732831
[INFO] [stdout]                                at /opt/rustwide/workdir/tests/compile_test.rs:8:1
[INFO] [stdout]   23:     0x55edb67ccc47 - compile_test::compile_test::{{closure}}::hcedd613749503c62
[INFO] [stdout]                                at /opt/rustwide/workdir/tests/compile_test.rs:2:18
[INFO] [stdout]   24:     0x55edb67cbb36 - core::ops::function::FnOnce::call_once::h757da9f20b4d6bf8
[INFO] [stdout]                                at /rustc/0e09125c6c3c2fd70d7de961bcf0e51575235fad/library/core/src/ops/function.rs:250:5
[INFO] [stdout]   25:     0x55edb69ee42f - core::ops::function::FnOnce::call_once::hd64d26f405258157
[INFO] [stdout]                                at /rustc/0e09125c6c3c2fd70d7de961bcf0e51575235fad/library/core/src/ops/function.rs:250:5
[INFO] [stdout]   26:     0x55edb69ee42f - test::__rust_begin_short_backtrace::he21b0b7a6d731bf9
[INFO] [stdout]                                at /rustc/0e09125c6c3c2fd70d7de961bcf0e51575235fad/library/test/src/lib.rs:627:18
[INFO] [stdout]   27:     0x55edb69ed1b1 - test::run_test_in_process::{{closure}}::hf5c73986d7bdfde2
[INFO] [stdout]                                at /rustc/0e09125c6c3c2fd70d7de961bcf0e51575235fad/library/test/src/lib.rs:650:60
[INFO] [stdout]   28:     0x55edb69ed1b1 - <core::panic::unwind_safe::AssertUnwindSafe<F> as core::ops::function::FnOnce<()>>::call_once::h330011ad032aadc0
[INFO] [stdout]                                at /rustc/0e09125c6c3c2fd70d7de961bcf0e51575235fad/library/core/src/panic/unwind_safe.rs:272:9
[INFO] [stdout]   29:     0x55edb69ed1b1 - std::panicking::try::do_call::he61b0a958b795a41
[INFO] [stdout]                                at /rustc/0e09125c6c3c2fd70d7de961bcf0e51575235fad/library/std/src/panicking.rs:552:40
[INFO] [stdout]   30:     0x55edb69ed1b1 - std::panicking::try::h7309da130f906eb7
[INFO] [stdout]                                at /rustc/0e09125c6c3c2fd70d7de961bcf0e51575235fad/library/std/src/panicking.rs:516:19
[INFO] [stdout]   31:     0x55edb69ed1b1 - std::panic::catch_unwind::hc5c3a06fdaf0a92a
[INFO] [stdout]                                at /rustc/0e09125c6c3c2fd70d7de961bcf0e51575235fad/library/std/src/panic.rs:142:14
[INFO] [stdout]   32:     0x55edb69ed1b1 - test::run_test_in_process::h7e7b7c71c3324e0f
[INFO] [stdout]                                at /rustc/0e09125c6c3c2fd70d7de961bcf0e51575235fad/library/test/src/lib.rs:650:27
[INFO] [stdout]   33:     0x55edb69ed1b1 - test::run_test::{{closure}}::h1f509f28f5cf20b1
[INFO] [stdout]                                at /rustc/0e09125c6c3c2fd70d7de961bcf0e51575235fad/library/test/src/lib.rs:573:43
[INFO] [stdout]   34:     0x55edb69b44e6 - test::run_test::{{closure}}::h1754218abf443f6d
[INFO] [stdout]                                at /rustc/0e09125c6c3c2fd70d7de961bcf0e51575235fad/library/test/src/lib.rs:601:41
[INFO] [stdout]   35:     0x55edb69b44e6 - std::sys_common::backtrace::__rust_begin_short_backtrace::h2ee174b9d5954948
[INFO] [stdout]                                at /rustc/0e09125c6c3c2fd70d7de961bcf0e51575235fad/library/std/src/sys_common/backtrace.rs:155:18
[INFO] [stdout]   36:     0x55edb69b9547 - std::thread::Builder::spawn_unchecked_::{{closure}}::{{closure}}::hf60bee9c1a17ef09
[INFO] [stdout]                                at /rustc/0e09125c6c3c2fd70d7de961bcf0e51575235fad/library/std/src/thread/mod.rs:529:17
[INFO] [stdout]   37:     0x55edb69b9547 - <core::panic::unwind_safe::AssertUnwindSafe<F> as core::ops::function::FnOnce<()>>::call_once::h33d0dddec5216160
[INFO] [stdout]                                at /rustc/0e09125c6c3c2fd70d7de961bcf0e51575235fad/library/core/src/panic/unwind_safe.rs:272:9
[INFO] [stdout]   38:     0x55edb69b9547 - std::panicking::try::do_call::h144b3048b546f835
[INFO] [stdout]                                at /rustc/0e09125c6c3c2fd70d7de961bcf0e51575235fad/library/std/src/panicking.rs:552:40
[INFO] [stdout]   39:     0x55edb69b9547 - std::panicking::try::h978244d04646189f
[INFO] [stdout]                                at /rustc/0e09125c6c3c2fd70d7de961bcf0e51575235fad/library/std/src/panicking.rs:516:19
[INFO] [stdout]   40:     0x55edb69b9547 - std::panic::catch_unwind::hdf436369d188fe86
[INFO] [stdout]                                at /rustc/0e09125c6c3c2fd70d7de961bcf0e51575235fad/library/std/src/panic.rs:142:14
[INFO] [stdout]   41:     0x55edb69b9547 - std::thread::Builder::spawn_unchecked_::{{closure}}::h87329cbdd33c79ec
[INFO] [stdout]                                at /rustc/0e09125c6c3c2fd70d7de961bcf0e51575235fad/library/std/src/thread/mod.rs:528:30
[INFO] [stdout]   42:     0x55edb69b9547 - core::ops::function::FnOnce::call_once{{vtable.shim}}::h401abbe67897d450
[INFO] [stdout]                                at /rustc/0e09125c6c3c2fd70d7de961bcf0e51575235fad/library/core/src/ops/function.rs:250:5
[INFO] [stdout]   43:     0x55edb6a20eb5 - <alloc::boxed::Box<F,A> as core::ops::function::FnOnce<Args>>::call_once::h5d7c8f150ab9c84c
[INFO] [stdout]                                at /rustc/0e09125c6c3c2fd70d7de961bcf0e51575235fad/library/alloc/src/boxed.rs:2015:9
[INFO] [stdout]   44:     0x55edb6a20eb5 - <alloc::boxed::Box<F,A> as core::ops::function::FnOnce<Args>>::call_once::h570d5b005c242c15
[INFO] [stdout]                                at /rustc/0e09125c6c3c2fd70d7de961bcf0e51575235fad/library/alloc/src/boxed.rs:2015:9
[INFO] [stdout]   45:     0x55edb6a20eb5 - std::sys::unix::thread::Thread::new::thread_start::h36b0a20c0b2361ad
[INFO] [stdout]                                at /rustc/0e09125c6c3c2fd70d7de961bcf0e51575235fad/library/std/src/sys/unix/thread.rs:108:17
[INFO] [stdout]   46:     0x7fa4049d6ac3 - <unknown>
[INFO] [stdout]   47:     0x7fa404a67bf4 - __clone
[INFO] [stdout]   48:                0x0 - <unknown>
[INFO] [stdout] 
[INFO] [stdout] 
[INFO] [stdout] failures:
[INFO] [stdout]     compile_test
[INFO] [stdout] 
[INFO] [stdout] test result: FAILED. 0 passed; 1 failed; 0 ignored; 0 measured; 0 filtered out; finished in 23.78s
[INFO] [stdout] 
[INFO] [stderr] error: test failed, to rerun pass `--test compile_test`
[INFO] running `Command { std: "docker" "inspect" "0a62588c84aba39f9352efc413f6313f7064e8223e2b468d8e359a235b2d99e2", kill_on_drop: false }`
[INFO] running `Command { std: "docker" "rm" "-f" "0a62588c84aba39f9352efc413f6313f7064e8223e2b468d8e359a235b2d99e2", kill_on_drop: false }`
[INFO] [stdout] 0a62588c84aba39f9352efc413f6313f7064e8223e2b468d8e359a235b2d99e2
