[INFO] fetching crate cust_core 0.1.1...
[INFO] testing cust_core-0.1.1 against 1.75.0 for beta-1.76-1
[INFO] extracting crate cust_core 0.1.1 into /workspace/builds/worker-6-tc1/source
[INFO] validating manifest of crates.io crate cust_core 0.1.1 on toolchain 1.75.0
[INFO] running `Command { std: CARGO_HOME="/workspace/cargo-home" RUSTUP_HOME="/workspace/rustup-home" "/workspace/cargo-home/bin/cargo" "+1.75.0" "metadata" "--manifest-path" "Cargo.toml" "--no-deps", kill_on_drop: false }`
[INFO] started tweaking crates.io crate cust_core 0.1.1
[INFO] finished tweaking crates.io crate cust_core 0.1.1
[INFO] tweaked toml for crates.io crate cust_core 0.1.1 written to /workspace/builds/worker-6-tc1/source/Cargo.toml
[INFO] running `Command { std: CARGO_HOME="/workspace/cargo-home" RUSTUP_HOME="/workspace/rustup-home" "/workspace/cargo-home/bin/cargo" "+1.75.0" "generate-lockfile" "--manifest-path" "Cargo.toml", kill_on_drop: false }`
[INFO] [stderr]     Updating crates.io index
[INFO] running `Command { std: CARGO_HOME="/workspace/cargo-home" RUSTUP_HOME="/workspace/rustup-home" "/workspace/cargo-home/bin/cargo" "+1.75.0" "fetch" "--manifest-path" "Cargo.toml", kill_on_drop: false }`
[INFO] [stderr]  Downloading crates ...
[INFO] [stderr]   Downloaded cust_derive v0.2.0
[INFO] [stderr]   Downloaded vek v0.15.10
[INFO] running `Command { std: "docker" "create" "-v" "/var/lib/crater-agent-workspace/builds/worker-6-tc1/target:/opt/rustwide/target:rw,Z" "-v" "/var/lib/crater-agent-workspace/builds/worker-6-tc1/source:/opt/rustwide/workdir:ro,Z" "-v" "/var/lib/crater-agent-workspace/cargo-home:/opt/rustwide/cargo-home:ro,Z" "-v" "/var/lib/crater-agent-workspace/rustup-home:/opt/rustwide/rustup-home:ro,Z" "-e" "SOURCE_DIR=/opt/rustwide/workdir" "-e" "CARGO_TARGET_DIR=/opt/rustwide/target" "-e" "CARGO_HOME=/opt/rustwide/cargo-home" "-e" "RUSTUP_HOME=/opt/rustwide/rustup-home" "-w" "/opt/rustwide/workdir" "-m" "1610612736" "--user" "0:0" "--network" "none" "ghcr.io/rust-lang/crates-build-env/linux@sha256:2788e3201cd34a07e3172128adcd8b3090168a8e3bcc40d7c032b9dda1df7d1c" "/opt/rustwide/cargo-home/bin/cargo" "+1.75.0" "metadata" "--no-deps" "--format-version=1", kill_on_drop: false }`
[INFO] [stdout] 1e97ec871223a3a558941faac7a22b722b0877eb46db0ac8fae1fe985f8ed945
[INFO] running `Command { std: "docker" "start" "-a" "1e97ec871223a3a558941faac7a22b722b0877eb46db0ac8fae1fe985f8ed945", kill_on_drop: false }`
[INFO] running `Command { std: "docker" "inspect" "1e97ec871223a3a558941faac7a22b722b0877eb46db0ac8fae1fe985f8ed945", kill_on_drop: false }`
[INFO] running `Command { std: "docker" "rm" "-f" "1e97ec871223a3a558941faac7a22b722b0877eb46db0ac8fae1fe985f8ed945", kill_on_drop: false }`
[INFO] [stdout] 1e97ec871223a3a558941faac7a22b722b0877eb46db0ac8fae1fe985f8ed945
[INFO] running `Command { std: "docker" "create" "-v" "/var/lib/crater-agent-workspace/builds/worker-6-tc1/target:/opt/rustwide/target:rw,Z" "-v" "/var/lib/crater-agent-workspace/builds/worker-6-tc1/source:/opt/rustwide/workdir:ro,Z" "-v" "/var/lib/crater-agent-workspace/cargo-home:/opt/rustwide/cargo-home:ro,Z" "-v" "/var/lib/crater-agent-workspace/rustup-home:/opt/rustwide/rustup-home:ro,Z" "-e" "SOURCE_DIR=/opt/rustwide/workdir" "-e" "CARGO_TARGET_DIR=/opt/rustwide/target" "-e" "CARGO_INCREMENTAL=0" "-e" "RUST_BACKTRACE=full" "-e" "RUSTFLAGS=--cap-lints=warn" "-e" "RUSTDOCFLAGS=--cap-lints=warn" "-e" "CARGO_HOME=/opt/rustwide/cargo-home" "-e" "RUSTUP_HOME=/opt/rustwide/rustup-home" "-w" "/opt/rustwide/workdir" "-m" "1610612736" "--user" "0:0" "--network" "none" "ghcr.io/rust-lang/crates-build-env/linux@sha256:2788e3201cd34a07e3172128adcd8b3090168a8e3bcc40d7c032b9dda1df7d1c" "/opt/rustwide/cargo-home/bin/cargo" "+1.75.0" "build" "--frozen" "--message-format=json", kill_on_drop: false }`
[INFO] [stdout] 6f9c39ce7cfc27c80fccde83748f4b446af4925836c79c703a9623315674352a
[INFO] running `Command { std: "docker" "start" "-a" "6f9c39ce7cfc27c80fccde83748f4b446af4925836c79c703a9623315674352a", kill_on_drop: false }`
[INFO] [stderr]    Compiling libm v0.2.8
[INFO] [stderr]    Compiling num-traits v0.2.17
[INFO] [stderr]    Compiling semver v1.0.21
[INFO] [stderr]    Compiling proc-macro2 v1.0.75
[INFO] [stderr]    Compiling unicode-ident v1.0.12
[INFO] [stderr]    Compiling num-integer v0.1.45
[INFO] [stderr]    Compiling syn v1.0.109
[INFO] [stderr]    Compiling mint v0.5.9
[INFO] [stderr]    Compiling rustc_version v0.4.0
[INFO] [stderr]    Compiling vek v0.15.10
[INFO] [stderr]    Compiling quote v1.0.35
[INFO] [stderr]    Compiling approx v0.5.1
[INFO] [stderr]    Compiling glam v0.20.5
[INFO] [stderr]    Compiling cust_derive v0.2.0
[INFO] [stderr]    Compiling cust_core v0.1.1 (/opt/rustwide/workdir)
[INFO] [stderr]     Finished dev [unoptimized + debuginfo] target(s) in 2.76s
[INFO] running `Command { std: "docker" "inspect" "6f9c39ce7cfc27c80fccde83748f4b446af4925836c79c703a9623315674352a", kill_on_drop: false }`
[INFO] running `Command { std: "docker" "rm" "-f" "6f9c39ce7cfc27c80fccde83748f4b446af4925836c79c703a9623315674352a", kill_on_drop: false }`
[INFO] [stdout] 6f9c39ce7cfc27c80fccde83748f4b446af4925836c79c703a9623315674352a
[INFO] running `Command { std: "docker" "create" "-v" "/var/lib/crater-agent-workspace/builds/worker-6-tc1/target:/opt/rustwide/target:rw,Z" "-v" "/var/lib/crater-agent-workspace/builds/worker-6-tc1/source:/opt/rustwide/workdir:ro,Z" "-v" "/var/lib/crater-agent-workspace/cargo-home:/opt/rustwide/cargo-home:ro,Z" "-v" "/var/lib/crater-agent-workspace/rustup-home:/opt/rustwide/rustup-home:ro,Z" "-e" "SOURCE_DIR=/opt/rustwide/workdir" "-e" "CARGO_TARGET_DIR=/opt/rustwide/target" "-e" "CARGO_INCREMENTAL=0" "-e" "RUST_BACKTRACE=full" "-e" "RUSTFLAGS=--cap-lints=warn" "-e" "RUSTDOCFLAGS=--cap-lints=warn" "-e" "CARGO_HOME=/opt/rustwide/cargo-home" "-e" "RUSTUP_HOME=/opt/rustwide/rustup-home" "-w" "/opt/rustwide/workdir" "-m" "1610612736" "--user" "0:0" "--network" "none" "ghcr.io/rust-lang/crates-build-env/linux@sha256:2788e3201cd34a07e3172128adcd8b3090168a8e3bcc40d7c032b9dda1df7d1c" "/opt/rustwide/cargo-home/bin/cargo" "+1.75.0" "test" "--frozen" "--no-run" "--message-format=json", kill_on_drop: false }`
[INFO] [stdout] 0cb9862b90929cc66bac1c2cd63a87c5fade7df974cc9ee1e80bc4b3e70b2aa9
[INFO] running `Command { std: "docker" "start" "-a" "0cb9862b90929cc66bac1c2cd63a87c5fade7df974cc9ee1e80bc4b3e70b2aa9", kill_on_drop: false }`
[INFO] [stderr]    Compiling cust_core v0.1.1 (/opt/rustwide/workdir)
[INFO] [stderr]     Finished test [unoptimized + debuginfo] target(s) in 0.17s
[INFO] running `Command { std: "docker" "inspect" "0cb9862b90929cc66bac1c2cd63a87c5fade7df974cc9ee1e80bc4b3e70b2aa9", kill_on_drop: false }`
[INFO] running `Command { std: "docker" "rm" "-f" "0cb9862b90929cc66bac1c2cd63a87c5fade7df974cc9ee1e80bc4b3e70b2aa9", kill_on_drop: false }`
[INFO] [stdout] 0cb9862b90929cc66bac1c2cd63a87c5fade7df974cc9ee1e80bc4b3e70b2aa9
[INFO] running `Command { std: "docker" "create" "-v" "/var/lib/crater-agent-workspace/builds/worker-6-tc1/target:/opt/rustwide/target:rw,Z" "-v" "/var/lib/crater-agent-workspace/builds/worker-6-tc1/source:/opt/rustwide/workdir:ro,Z" "-v" "/var/lib/crater-agent-workspace/cargo-home:/opt/rustwide/cargo-home:ro,Z" "-v" "/var/lib/crater-agent-workspace/rustup-home:/opt/rustwide/rustup-home:ro,Z" "-e" "SOURCE_DIR=/opt/rustwide/workdir" "-e" "CARGO_TARGET_DIR=/opt/rustwide/target" "-e" "CARGO_INCREMENTAL=0" "-e" "RUST_BACKTRACE=full" "-e" "RUSTFLAGS=--cap-lints=warn" "-e" "RUSTDOCFLAGS=--cap-lints=warn" "-e" "CARGO_HOME=/opt/rustwide/cargo-home" "-e" "RUSTUP_HOME=/opt/rustwide/rustup-home" "-w" "/opt/rustwide/workdir" "-m" "1610612736" "--user" "0:0" "--network" "none" "ghcr.io/rust-lang/crates-build-env/linux@sha256:2788e3201cd34a07e3172128adcd8b3090168a8e3bcc40d7c032b9dda1df7d1c" "/opt/rustwide/cargo-home/bin/cargo" "+1.75.0" "test" "--frozen", kill_on_drop: false }`
[INFO] [stdout] 0867fd3aa8b1060efa5fb6d75df26e965ecba0fc8439d169e89a612b245ba672
[INFO] running `Command { std: "docker" "start" "-a" "0867fd3aa8b1060efa5fb6d75df26e965ecba0fc8439d169e89a612b245ba672", kill_on_drop: false }`
[INFO] [stderr]     Finished test [unoptimized + debuginfo] target(s) in 0.01s
[INFO] [stderr]      Running unittests src/lib.rs (/opt/rustwide/target/debug/deps/cust_core-c9c548f957d33bc2)
[INFO] [stdout] 
[INFO] [stdout] running 0 tests
[INFO] [stdout] 
[INFO] [stdout] test result: ok. 0 passed; 0 failed; 0 ignored; 0 measured; 0 filtered out; finished in 0.00s
[INFO] [stdout] 
[INFO] [stderr]    Doc-tests cust_core
[INFO] [stdout] 
[INFO] [stdout] running 3 tests
[INFO] [stdout] test src/lib.rs - _hidden::DeviceCopy (line 44) ... FAILED
[INFO] [stdout] test src/lib.rs - _hidden::DeviceCopy (line 21) ... FAILED
[INFO] [stdout] test src/lib.rs - _hidden::DeviceCopy (line 34) - compile fail ... ok
[INFO] [stdout] 
[INFO] [stdout] failures:
[INFO] [stdout] 
[INFO] [stdout] ---- src/lib.rs - _hidden::DeviceCopy (line 44) stdout ----
[INFO] [stdout] error[E0433]: failed to resolve: use of undeclared crate or module `cust`
[INFO] [stdout]  --> src/lib.rs:45:5
[INFO] [stdout]   |
[INFO] [stdout] 2 | use cust::memory::DeviceCopy;
[INFO] [stdout]   |     ^^^^ use of undeclared crate or module `cust`
[INFO] [stdout] 
[INFO] [stdout] error: aborting due to previous error
[INFO] [stdout] 
[INFO] [stdout] For more information about this error, try `rustc --explain E0433`.
[INFO] [stdout] Couldn't compile the test.
[INFO] [stdout] ---- src/lib.rs - _hidden::DeviceCopy (line 21) stdout ----
[INFO] [stdout] error[E0432]: unresolved import `cust`
[INFO] [stdout]  --> src/lib.rs:22:5
[INFO] [stdout]   |
[INFO] [stdout] 2 | use cust::DeviceCopy;
[INFO] [stdout]   |     ^^^^ use of undeclared crate or module `cust`
[INFO] [stdout] 
[INFO] [stdout] error: cannot determine resolution for the derive macro `DeviceCopy`
[INFO] [stdout]  --> src/lib.rs:24:17
[INFO] [stdout]   |
[INFO] [stdout] 4 | #[derive(Clone, DeviceCopy)]
[INFO] [stdout]   |                 ^^^^^^^^^^
[INFO] [stdout]   |
[INFO] [stdout]   = note: import resolution is stuck, try simplifying macro imports
[INFO] [stdout] 
[INFO] [stdout] error: aborting due to 2 previous errors
[INFO] [stdout] 
[INFO] [stdout] For more information about this error, try `rustc --explain E0432`.
[INFO] [stdout] Couldn't compile the test.
[INFO] [stdout] 
[INFO] [stdout] failures:
[INFO] [stdout]     src/lib.rs - _hidden::DeviceCopy (line 21)
[INFO] [stdout]     src/lib.rs - _hidden::DeviceCopy (line 44)
[INFO] [stdout] 
[INFO] [stdout] test result: FAILED. 1 passed; 2 failed; 0 ignored; 0 measured; 0 filtered out; finished in 0.03s
[INFO] [stdout] 
[INFO] [stderr] error: doctest failed, to rerun pass `--doc`
[INFO] running `Command { std: "docker" "inspect" "0867fd3aa8b1060efa5fb6d75df26e965ecba0fc8439d169e89a612b245ba672", kill_on_drop: false }`
[INFO] running `Command { std: "docker" "rm" "-f" "0867fd3aa8b1060efa5fb6d75df26e965ecba0fc8439d169e89a612b245ba672", kill_on_drop: false }`
[INFO] [stdout] 0867fd3aa8b1060efa5fb6d75df26e965ecba0fc8439d169e89a612b245ba672
[INFO] testing cust_core-0.1.1 against beta-2023-12-22 for beta-1.76-1
[INFO] extracting crate cust_core 0.1.1 into /workspace/builds/worker-6-tc2/source
[INFO] validating manifest of crates.io crate cust_core 0.1.1 on toolchain beta-2023-12-22
[INFO] running `Command { std: CARGO_HOME="/workspace/cargo-home" RUSTUP_HOME="/workspace/rustup-home" "/workspace/cargo-home/bin/cargo" "+beta-2023-12-22" "metadata" "--manifest-path" "Cargo.toml" "--no-deps", kill_on_drop: false }`
[INFO] started tweaking crates.io crate cust_core 0.1.1
[INFO] finished tweaking crates.io crate cust_core 0.1.1
[INFO] tweaked toml for crates.io crate cust_core 0.1.1 written to /workspace/builds/worker-6-tc2/source/Cargo.toml
[INFO] running `Command { std: CARGO_HOME="/workspace/cargo-home" RUSTUP_HOME="/workspace/rustup-home" "/workspace/cargo-home/bin/cargo" "+beta-2023-12-22" "generate-lockfile" "--manifest-path" "Cargo.toml", kill_on_drop: false }`
[INFO] [stderr]     Updating crates.io index
[INFO] running `Command { std: CARGO_HOME="/workspace/cargo-home" RUSTUP_HOME="/workspace/rustup-home" "/workspace/cargo-home/bin/cargo" "+beta-2023-12-22" "fetch" "--manifest-path" "Cargo.toml", kill_on_drop: false }`
[INFO] running `Command { std: "docker" "create" "-v" "/var/lib/crater-agent-workspace/builds/worker-6-tc2/target:/opt/rustwide/target:rw,Z" "-v" "/var/lib/crater-agent-workspace/builds/worker-6-tc2/source:/opt/rustwide/workdir:ro,Z" "-v" "/var/lib/crater-agent-workspace/cargo-home:/opt/rustwide/cargo-home:ro,Z" "-v" "/var/lib/crater-agent-workspace/rustup-home:/opt/rustwide/rustup-home:ro,Z" "-e" "SOURCE_DIR=/opt/rustwide/workdir" "-e" "CARGO_TARGET_DIR=/opt/rustwide/target" "-e" "CARGO_HOME=/opt/rustwide/cargo-home" "-e" "RUSTUP_HOME=/opt/rustwide/rustup-home" "-w" "/opt/rustwide/workdir" "-m" "1610612736" "--user" "0:0" "--network" "none" "ghcr.io/rust-lang/crates-build-env/linux@sha256:2788e3201cd34a07e3172128adcd8b3090168a8e3bcc40d7c032b9dda1df7d1c" "/opt/rustwide/cargo-home/bin/cargo" "+beta-2023-12-22" "metadata" "--no-deps" "--format-version=1", kill_on_drop: false }`
[INFO] [stdout] 33e4ff4ce506252e301ab3a82e3d96f98d13090ea6b528e1e2fa4c7ebcbaba94
[INFO] running `Command { std: "docker" "start" "-a" "33e4ff4ce506252e301ab3a82e3d96f98d13090ea6b528e1e2fa4c7ebcbaba94", kill_on_drop: false }`
[INFO] running `Command { std: "docker" "inspect" "33e4ff4ce506252e301ab3a82e3d96f98d13090ea6b528e1e2fa4c7ebcbaba94", kill_on_drop: false }`
[INFO] running `Command { std: "docker" "rm" "-f" "33e4ff4ce506252e301ab3a82e3d96f98d13090ea6b528e1e2fa4c7ebcbaba94", kill_on_drop: false }`
[INFO] [stdout] 33e4ff4ce506252e301ab3a82e3d96f98d13090ea6b528e1e2fa4c7ebcbaba94
[INFO] running `Command { std: "docker" "create" "-v" "/var/lib/crater-agent-workspace/builds/worker-6-tc2/target:/opt/rustwide/target:rw,Z" "-v" "/var/lib/crater-agent-workspace/builds/worker-6-tc2/source:/opt/rustwide/workdir:ro,Z" "-v" "/var/lib/crater-agent-workspace/cargo-home:/opt/rustwide/cargo-home:ro,Z" "-v" "/var/lib/crater-agent-workspace/rustup-home:/opt/rustwide/rustup-home:ro,Z" "-e" "SOURCE_DIR=/opt/rustwide/workdir" "-e" "CARGO_TARGET_DIR=/opt/rustwide/target" "-e" "CARGO_INCREMENTAL=0" "-e" "RUST_BACKTRACE=full" "-e" "RUSTFLAGS=--cap-lints=warn" "-e" "RUSTDOCFLAGS=--cap-lints=warn" "-e" "CARGO_HOME=/opt/rustwide/cargo-home" "-e" "RUSTUP_HOME=/opt/rustwide/rustup-home" "-w" "/opt/rustwide/workdir" "-m" "1610612736" "--user" "0:0" "--network" "none" "ghcr.io/rust-lang/crates-build-env/linux@sha256:2788e3201cd34a07e3172128adcd8b3090168a8e3bcc40d7c032b9dda1df7d1c" "/opt/rustwide/cargo-home/bin/cargo" "+beta-2023-12-22" "build" "--frozen" "--message-format=json", kill_on_drop: false }`
[INFO] [stdout] fbaf46c1a353f17fa08758f27828ade70f0d247ac6cf7affae3425b2e80b6302
[INFO] running `Command { std: "docker" "start" "-a" "fbaf46c1a353f17fa08758f27828ade70f0d247ac6cf7affae3425b2e80b6302", kill_on_drop: false }`
[INFO] [stderr]    Compiling libm v0.2.8
[INFO] [stderr]    Compiling num-traits v0.2.17
[INFO] [stderr]    Compiling semver v1.0.21
[INFO] [stderr]    Compiling proc-macro2 v1.0.75
[INFO] [stderr]    Compiling unicode-ident v1.0.12
[INFO] [stderr]    Compiling num-integer v0.1.45
[INFO] [stderr]    Compiling syn v1.0.109
[INFO] [stderr]    Compiling mint v0.5.9
[INFO] [stderr]    Compiling rustc_version v0.4.0
[INFO] [stderr]    Compiling vek v0.15.10
[INFO] [stderr]    Compiling quote v1.0.35
[INFO] [stderr]    Compiling approx v0.5.1
[INFO] [stderr]    Compiling glam v0.20.5
[INFO] [stderr]    Compiling cust_derive v0.2.0
[INFO] [stderr]    Compiling cust_core v0.1.1 (/opt/rustwide/workdir)
[INFO] [stderr]     Finished dev [unoptimized + debuginfo] target(s) in 2.98s
[INFO] running `Command { std: "docker" "inspect" "fbaf46c1a353f17fa08758f27828ade70f0d247ac6cf7affae3425b2e80b6302", kill_on_drop: false }`
[INFO] running `Command { std: "docker" "rm" "-f" "fbaf46c1a353f17fa08758f27828ade70f0d247ac6cf7affae3425b2e80b6302", kill_on_drop: false }`
[INFO] [stdout] fbaf46c1a353f17fa08758f27828ade70f0d247ac6cf7affae3425b2e80b6302
[INFO] running `Command { std: "docker" "create" "-v" "/var/lib/crater-agent-workspace/builds/worker-6-tc2/target:/opt/rustwide/target:rw,Z" "-v" "/var/lib/crater-agent-workspace/builds/worker-6-tc2/source:/opt/rustwide/workdir:ro,Z" "-v" "/var/lib/crater-agent-workspace/cargo-home:/opt/rustwide/cargo-home:ro,Z" "-v" "/var/lib/crater-agent-workspace/rustup-home:/opt/rustwide/rustup-home:ro,Z" "-e" "SOURCE_DIR=/opt/rustwide/workdir" "-e" "CARGO_TARGET_DIR=/opt/rustwide/target" "-e" "CARGO_INCREMENTAL=0" "-e" "RUST_BACKTRACE=full" "-e" "RUSTFLAGS=--cap-lints=warn" "-e" "RUSTDOCFLAGS=--cap-lints=warn" "-e" "CARGO_HOME=/opt/rustwide/cargo-home" "-e" "RUSTUP_HOME=/opt/rustwide/rustup-home" "-w" "/opt/rustwide/workdir" "-m" "1610612736" "--user" "0:0" "--network" "none" "ghcr.io/rust-lang/crates-build-env/linux@sha256:2788e3201cd34a07e3172128adcd8b3090168a8e3bcc40d7c032b9dda1df7d1c" "/opt/rustwide/cargo-home/bin/cargo" "+beta-2023-12-22" "test" "--frozen" "--no-run" "--message-format=json", kill_on_drop: false }`
[INFO] [stdout] 93664943e7c914aaee09fd50eb0f5e8b1511fb044331c0926e5bc4691caa835a
[INFO] running `Command { std: "docker" "start" "-a" "93664943e7c914aaee09fd50eb0f5e8b1511fb044331c0926e5bc4691caa835a", kill_on_drop: false }`
[INFO] [stderr]    Compiling cust_core v0.1.1 (/opt/rustwide/workdir)
[INFO] [stderr]     Finished test [unoptimized + debuginfo] target(s) in 0.19s
[INFO] running `Command { std: "docker" "inspect" "93664943e7c914aaee09fd50eb0f5e8b1511fb044331c0926e5bc4691caa835a", kill_on_drop: false }`
[INFO] running `Command { std: "docker" "rm" "-f" "93664943e7c914aaee09fd50eb0f5e8b1511fb044331c0926e5bc4691caa835a", kill_on_drop: false }`
[INFO] [stdout] 93664943e7c914aaee09fd50eb0f5e8b1511fb044331c0926e5bc4691caa835a
[INFO] running `Command { std: "docker" "create" "-v" "/var/lib/crater-agent-workspace/builds/worker-6-tc2/target:/opt/rustwide/target:rw,Z" "-v" "/var/lib/crater-agent-workspace/builds/worker-6-tc2/source:/opt/rustwide/workdir:ro,Z" "-v" "/var/lib/crater-agent-workspace/cargo-home:/opt/rustwide/cargo-home:ro,Z" "-v" "/var/lib/crater-agent-workspace/rustup-home:/opt/rustwide/rustup-home:ro,Z" "-e" "SOURCE_DIR=/opt/rustwide/workdir" "-e" "CARGO_TARGET_DIR=/opt/rustwide/target" "-e" "CARGO_INCREMENTAL=0" "-e" "RUST_BACKTRACE=full" "-e" "RUSTFLAGS=--cap-lints=warn" "-e" "RUSTDOCFLAGS=--cap-lints=warn" "-e" "CARGO_HOME=/opt/rustwide/cargo-home" "-e" "RUSTUP_HOME=/opt/rustwide/rustup-home" "-w" "/opt/rustwide/workdir" "-m" "1610612736" "--user" "0:0" "--network" "none" "ghcr.io/rust-lang/crates-build-env/linux@sha256:2788e3201cd34a07e3172128adcd8b3090168a8e3bcc40d7c032b9dda1df7d1c" "/opt/rustwide/cargo-home/bin/cargo" "+beta-2023-12-22" "test" "--frozen", kill_on_drop: false }`
[INFO] [stdout] af77783a271143b44346a0b123128e9beae9c4a5c9854a32dbab0bf83f779611
[INFO] running `Command { std: "docker" "start" "-a" "af77783a271143b44346a0b123128e9beae9c4a5c9854a32dbab0bf83f779611", kill_on_drop: false }`
[INFO] [stderr]     Finished test [unoptimized + debuginfo] target(s) in 0.01s
[INFO] [stderr]      Running unittests src/lib.rs (/opt/rustwide/target/debug/deps/cust_core-a2b35c5dc186471c)
[INFO] [stdout] 
[INFO] [stdout] running 0 tests
[INFO] [stdout] 
[INFO] [stdout] test result: ok. 0 passed; 0 failed; 0 ignored; 0 measured; 0 filtered out; finished in 0.00s
[INFO] [stdout] 
[INFO] [stderr]    Doc-tests cust_core
[INFO] [stdout] 
[INFO] [stdout] running 3 tests
[INFO] [stdout] test src/lib.rs - _hidden::DeviceCopy (line 44) ... FAILED
[INFO] [stdout] test src/lib.rs - _hidden::DeviceCopy (line 21) ... FAILED
[INFO] [stdout] test src/lib.rs - _hidden::DeviceCopy (line 34) - compile fail ... ok
[INFO] [stdout] 
[INFO] [stdout] failures:
[INFO] [stdout] 
[INFO] [stdout] ---- src/lib.rs - _hidden::DeviceCopy (line 44) stdout ----
[INFO] [stdout] error[E0433]: failed to resolve: use of undeclared crate or module `cust`
[INFO] [stdout]  --> src/lib.rs:45:5
[INFO] [stdout]   |
[INFO] [stdout] 2 | use cust::memory::DeviceCopy;
[INFO] [stdout]   |     ^^^^ use of undeclared crate or module `cust`
[INFO] [stdout] 
[INFO] [stdout] error: aborting due to 1 previous error
[INFO] [stdout] 
[INFO] [stdout] For more information about this error, try `rustc --explain E0433`.
[INFO] [stdout] Couldn't compile the test.
[INFO] [stdout] ---- src/lib.rs - _hidden::DeviceCopy (line 21) stdout ----
[INFO] [stdout] error[E0432]: unresolved import `cust`
[INFO] [stdout]  --> src/lib.rs:22:5
[INFO] [stdout]   |
[INFO] [stdout] 2 | use cust::DeviceCopy;
[INFO] [stdout]   |     ^^^^ use of undeclared crate or module `cust`
[INFO] [stdout] 
[INFO] [stdout] error: cannot determine resolution for the derive macro `DeviceCopy`
[INFO] [stdout]  --> src/lib.rs:24:17
[INFO] [stdout]   |
[INFO] [stdout] 4 | #[derive(Clone, DeviceCopy)]
[INFO] [stdout]   |                 ^^^^^^^^^^
[INFO] [stdout]   |
[INFO] [stdout]   = note: import resolution is stuck, try simplifying macro imports
[INFO] [stdout] 
[INFO] [stdout] error: aborting due to 2 previous errors
[INFO] [stdout] 
[INFO] [stdout] For more information about this error, try `rustc --explain E0432`.
[INFO] [stdout] Couldn't compile the test.
[INFO] [stdout] 
[INFO] [stdout] failures:
[INFO] [stdout]     src/lib.rs - _hidden::DeviceCopy (line 21)
[INFO] [stdout]     src/lib.rs - _hidden::DeviceCopy (line 44)
[INFO] [stdout] 
[INFO] [stdout] test result: FAILED. 1 passed; 2 failed; 0 ignored; 0 measured; 0 filtered out; finished in 0.03s
[INFO] [stdout] 
[INFO] [stderr] error: doctest failed, to rerun pass `--doc`
[INFO] running `Command { std: "docker" "inspect" "af77783a271143b44346a0b123128e9beae9c4a5c9854a32dbab0bf83f779611", kill_on_drop: false }`
[INFO] running `Command { std: "docker" "rm" "-f" "af77783a271143b44346a0b123128e9beae9c4a5c9854a32dbab0bf83f779611", kill_on_drop: false }`
[INFO] [stdout] af77783a271143b44346a0b123128e9beae9c4a5c9854a32dbab0bf83f779611
