[INFO] fetching crate curve25519-entropic 3.2.1...
[INFO] testing curve25519-entropic-3.2.1 against 1.75.0 for beta-1.76-1
[INFO] extracting crate curve25519-entropic 3.2.1 into /workspace/builds/worker-7-tc1/source
[INFO] validating manifest of crates.io crate curve25519-entropic 3.2.1 on toolchain 1.75.0
[INFO] running `Command { std: CARGO_HOME="/workspace/cargo-home" RUSTUP_HOME="/workspace/rustup-home" "/workspace/cargo-home/bin/cargo" "+1.75.0" "metadata" "--manifest-path" "Cargo.toml" "--no-deps", kill_on_drop: false }`
[INFO] started tweaking crates.io crate curve25519-entropic 3.2.1
[INFO] finished tweaking crates.io crate curve25519-entropic 3.2.1
[INFO] tweaked toml for crates.io crate curve25519-entropic 3.2.1 written to /workspace/builds/worker-7-tc1/source/Cargo.toml
[INFO] running `Command { std: CARGO_HOME="/workspace/cargo-home" RUSTUP_HOME="/workspace/rustup-home" "/workspace/cargo-home/bin/cargo" "+1.75.0" "generate-lockfile" "--manifest-path" "Cargo.toml", kill_on_drop: false }`
[INFO] [stderr]     Updating crates.io index
[INFO] running `Command { std: CARGO_HOME="/workspace/cargo-home" RUSTUP_HOME="/workspace/rustup-home" "/workspace/cargo-home/bin/cargo" "+1.75.0" "fetch" "--manifest-path" "Cargo.toml", kill_on_drop: false }`
[INFO] [stderr]  Downloading crates ...
[INFO] [stderr]   Downloaded zeroize v1.5.5
[INFO] [stderr]   Downloaded fiat-crypto v0.1.20
[INFO] running `Command { std: "docker" "create" "-v" "/var/lib/crater-agent-workspace/builds/worker-7-tc1/target:/opt/rustwide/target:rw,Z" "-v" "/var/lib/crater-agent-workspace/builds/worker-7-tc1/source:/opt/rustwide/workdir:ro,Z" "-v" "/var/lib/crater-agent-workspace/cargo-home:/opt/rustwide/cargo-home:ro,Z" "-v" "/var/lib/crater-agent-workspace/rustup-home:/opt/rustwide/rustup-home:ro,Z" "-e" "SOURCE_DIR=/opt/rustwide/workdir" "-e" "CARGO_TARGET_DIR=/opt/rustwide/target" "-e" "CARGO_HOME=/opt/rustwide/cargo-home" "-e" "RUSTUP_HOME=/opt/rustwide/rustup-home" "-w" "/opt/rustwide/workdir" "-m" "1610612736" "--user" "0:0" "--network" "none" "ghcr.io/rust-lang/crates-build-env/linux@sha256:2788e3201cd34a07e3172128adcd8b3090168a8e3bcc40d7c032b9dda1df7d1c" "/opt/rustwide/cargo-home/bin/cargo" "+1.75.0" "metadata" "--no-deps" "--format-version=1", kill_on_drop: false }`
[INFO] [stdout] 1fadf69b2b66fa49e82e97b45567683ff14f0ec7f438a3e234cc984f187b9089
[INFO] running `Command { std: "docker" "start" "-a" "1fadf69b2b66fa49e82e97b45567683ff14f0ec7f438a3e234cc984f187b9089", kill_on_drop: false }`
[INFO] running `Command { std: "docker" "inspect" "1fadf69b2b66fa49e82e97b45567683ff14f0ec7f438a3e234cc984f187b9089", kill_on_drop: false }`
[INFO] running `Command { std: "docker" "rm" "-f" "1fadf69b2b66fa49e82e97b45567683ff14f0ec7f438a3e234cc984f187b9089", kill_on_drop: false }`
[INFO] [stdout] 1fadf69b2b66fa49e82e97b45567683ff14f0ec7f438a3e234cc984f187b9089
[INFO] running `Command { std: "docker" "create" "-v" "/var/lib/crater-agent-workspace/builds/worker-7-tc1/target:/opt/rustwide/target:rw,Z" "-v" "/var/lib/crater-agent-workspace/builds/worker-7-tc1/source:/opt/rustwide/workdir:ro,Z" "-v" "/var/lib/crater-agent-workspace/cargo-home:/opt/rustwide/cargo-home:ro,Z" "-v" "/var/lib/crater-agent-workspace/rustup-home:/opt/rustwide/rustup-home:ro,Z" "-e" "SOURCE_DIR=/opt/rustwide/workdir" "-e" "CARGO_TARGET_DIR=/opt/rustwide/target" "-e" "CARGO_INCREMENTAL=0" "-e" "RUST_BACKTRACE=full" "-e" "RUSTFLAGS=--cap-lints=warn" "-e" "RUSTDOCFLAGS=--cap-lints=warn" "-e" "CARGO_HOME=/opt/rustwide/cargo-home" "-e" "RUSTUP_HOME=/opt/rustwide/rustup-home" "-w" "/opt/rustwide/workdir" "-m" "1610612736" "--user" "0:0" "--network" "none" "ghcr.io/rust-lang/crates-build-env/linux@sha256:2788e3201cd34a07e3172128adcd8b3090168a8e3bcc40d7c032b9dda1df7d1c" "/opt/rustwide/cargo-home/bin/cargo" "+1.75.0" "build" "--frozen" "--message-format=json", kill_on_drop: false }`
[INFO] [stdout] 574676e9fd6e884ed91a7e0b30e59e1ca2a69529c8411f19d9fe27bf97f9b863
[INFO] running `Command { std: "docker" "start" "-a" "574676e9fd6e884ed91a7e0b30e59e1ca2a69529c8411f19d9fe27bf97f9b863", kill_on_drop: false }`
[INFO] [stderr]    Compiling byteorder v1.5.0
[INFO] [stderr]    Compiling subtle v2.5.0
[INFO] [stderr]    Compiling zeroize v1.5.5
[INFO] [stderr]    Compiling generic-array v0.14.7
[INFO] [stderr]    Compiling digest v0.9.0
[INFO] [stderr]    Compiling curve25519-entropic v3.2.1 (/opt/rustwide/workdir)
[INFO] [stdout] warning: unused import: `backend::serial::u64::field::*`
[INFO] [stdout]   --> src/field.rs:52:9
[INFO] [stdout]    |
[INFO] [stdout] 52 | pub use backend::serial::u64::field::*;
[INFO] [stdout]    |         ^^^^^^^^^^^^^^^^^^^^^^^^^^^^^^
[INFO] [stdout]    |
[INFO] [stdout]    = note: `#[warn(unused_imports)]` on by default
[INFO] [stdout] 
[INFO] [stdout] 
[INFO] [stdout] warning: call to `.borrow()` on a reference in this situation does nothing
[INFO] [stdout]    --> src/ristretto.rs:916:77
[INFO] [stdout]     |
[INFO] [stdout] 916 |         let extended_points = points.into_iter().map(|opt_P| opt_P.map(|P| P.borrow().0));
[INFO] [stdout]     |                                                                             ^^^^^^^^^ help: remove this redundant call
[INFO] [stdout]     |
[INFO] [stdout]     = note: the type `RistrettoPoint` does not implement `Borrow`, so calling `borrow` on `&RistrettoPoint` copies the reference, which does not do anything and can be removed
[INFO] [stdout]     = note: `#[warn(noop_method_call)]` on by default
[INFO] [stdout] 
[INFO] [stdout] 
[INFO] [stdout] warning: 2 warnings emitted
[INFO] [stdout] 
[INFO] [stdout] 
[INFO] [stderr]     Finished dev [unoptimized + debuginfo] target(s) in 1.05s
[INFO] running `Command { std: "docker" "inspect" "574676e9fd6e884ed91a7e0b30e59e1ca2a69529c8411f19d9fe27bf97f9b863", kill_on_drop: false }`
[INFO] running `Command { std: "docker" "rm" "-f" "574676e9fd6e884ed91a7e0b30e59e1ca2a69529c8411f19d9fe27bf97f9b863", kill_on_drop: false }`
[INFO] [stdout] 574676e9fd6e884ed91a7e0b30e59e1ca2a69529c8411f19d9fe27bf97f9b863
[INFO] running `Command { std: "docker" "create" "-v" "/var/lib/crater-agent-workspace/builds/worker-7-tc1/target:/opt/rustwide/target:rw,Z" "-v" "/var/lib/crater-agent-workspace/builds/worker-7-tc1/source:/opt/rustwide/workdir:ro,Z" "-v" "/var/lib/crater-agent-workspace/cargo-home:/opt/rustwide/cargo-home:ro,Z" "-v" "/var/lib/crater-agent-workspace/rustup-home:/opt/rustwide/rustup-home:ro,Z" "-e" "SOURCE_DIR=/opt/rustwide/workdir" "-e" "CARGO_TARGET_DIR=/opt/rustwide/target" "-e" "CARGO_INCREMENTAL=0" "-e" "RUST_BACKTRACE=full" "-e" "RUSTFLAGS=--cap-lints=warn" "-e" "RUSTDOCFLAGS=--cap-lints=warn" "-e" "CARGO_HOME=/opt/rustwide/cargo-home" "-e" "RUSTUP_HOME=/opt/rustwide/rustup-home" "-w" "/opt/rustwide/workdir" "-m" "1610612736" "--user" "0:0" "--network" "none" "ghcr.io/rust-lang/crates-build-env/linux@sha256:2788e3201cd34a07e3172128adcd8b3090168a8e3bcc40d7c032b9dda1df7d1c" "/opt/rustwide/cargo-home/bin/cargo" "+1.75.0" "test" "--frozen" "--no-run" "--message-format=json", kill_on_drop: false }`
[INFO] [stdout] 2eaaf45fa559de53abc39c63f26ae061f1101c8501f5b32f9ac4b1a72cc740ea
[INFO] running `Command { std: "docker" "start" "-a" "2eaaf45fa559de53abc39c63f26ae061f1101c8501f5b32f9ac4b1a72cc740ea", kill_on_drop: false }`
[INFO] [stderr]    Compiling atty v0.2.14
[INFO] [stderr]    Compiling syn v2.0.48
[INFO] [stderr]    Compiling block-buffer v0.9.0
[INFO] [stderr]    Compiling bincode v1.3.3
[INFO] [stdout] warning: unused import: `backend::serial::u64::field::*`
[INFO] [stdout]   --> src/field.rs:52:9
[INFO] [stdout]    |
[INFO] [stdout] 52 | pub use backend::serial::u64::field::*;
[INFO] [stdout]    |         ^^^^^^^^^^^^^^^^^^^^^^^^^^^^^^
[INFO] [stdout]    |
[INFO] [stdout]    = note: `#[warn(unused_imports)]` on by default
[INFO] [stdout] 
[INFO] [stdout] 
[INFO] [stdout] warning: call to `.borrow()` on a reference in this situation does nothing
[INFO] [stdout]    --> src/ristretto.rs:916:77
[INFO] [stdout]     |
[INFO] [stdout] 916 |         let extended_points = points.into_iter().map(|opt_P| opt_P.map(|P| P.borrow().0));
[INFO] [stdout]     |                                                                             ^^^^^^^^^ help: remove this redundant call
[INFO] [stdout]     |
[INFO] [stdout]     = note: the type `RistrettoPoint` does not implement `Borrow`, so calling `borrow` on `&RistrettoPoint` copies the reference, which does not do anything and can be removed
[INFO] [stdout]     = note: `#[warn(noop_method_call)]` on by default
[INFO] [stdout] 
[INFO] [stdout] 
[INFO] [stdout] warning: 2 warnings emitted
[INFO] [stdout] 
[INFO] [stdout] 
[INFO] [stderr]    Compiling sha2 v0.9.9
[INFO] [stderr]    Compiling serde_derive v1.0.194
[INFO] [stderr]    Compiling criterion v0.3.6
[INFO] [stderr]    Compiling curve25519-entropic v3.2.1 (/opt/rustwide/workdir)
[INFO] [stdout] warning: unused import: `backend::serial::u64::field::*`
[INFO] [stdout]   --> src/field.rs:52:9
[INFO] [stdout]    |
[INFO] [stdout] 52 | pub use backend::serial::u64::field::*;
[INFO] [stdout]    |         ^^^^^^^^^^^^^^^^^^^^^^^^^^^^^^
[INFO] [stdout]    |
[INFO] [stdout]    = note: `#[warn(unused_imports)]` on by default
[INFO] [stdout] 
[INFO] [stdout] 
[INFO] [stdout] warning: call to `.borrow()` on a reference in this situation does nothing
[INFO] [stdout]    --> src/ristretto.rs:916:77
[INFO] [stdout]     |
[INFO] [stdout] 916 |         let extended_points = points.into_iter().map(|opt_P| opt_P.map(|P| P.borrow().0));
[INFO] [stdout]     |                                                                             ^^^^^^^^^ help: remove this redundant call
[INFO] [stdout]     |
[INFO] [stdout]     = note: the type `ristretto::RistrettoPoint` does not implement `Borrow`, so calling `borrow` on `&ristretto::RistrettoPoint` copies the reference, which does not do anything and can be removed
[INFO] [stdout]     = note: `#[warn(noop_method_call)]` on by default
[INFO] [stdout] 
[INFO] [stdout] 
[INFO] [stdout] warning: 2 warnings emitted
[INFO] [stdout] 
[INFO] [stdout] 
[INFO] [stderr]     Finished test [unoptimized + debuginfo] target(s) in 8.68s
[INFO] running `Command { std: "docker" "inspect" "2eaaf45fa559de53abc39c63f26ae061f1101c8501f5b32f9ac4b1a72cc740ea", kill_on_drop: false }`
[INFO] running `Command { std: "docker" "rm" "-f" "2eaaf45fa559de53abc39c63f26ae061f1101c8501f5b32f9ac4b1a72cc740ea", kill_on_drop: false }`
[INFO] [stdout] 2eaaf45fa559de53abc39c63f26ae061f1101c8501f5b32f9ac4b1a72cc740ea
[INFO] running `Command { std: "docker" "create" "-v" "/var/lib/crater-agent-workspace/builds/worker-7-tc1/target:/opt/rustwide/target:rw,Z" "-v" "/var/lib/crater-agent-workspace/builds/worker-7-tc1/source:/opt/rustwide/workdir:ro,Z" "-v" "/var/lib/crater-agent-workspace/cargo-home:/opt/rustwide/cargo-home:ro,Z" "-v" "/var/lib/crater-agent-workspace/rustup-home:/opt/rustwide/rustup-home:ro,Z" "-e" "SOURCE_DIR=/opt/rustwide/workdir" "-e" "CARGO_TARGET_DIR=/opt/rustwide/target" "-e" "CARGO_INCREMENTAL=0" "-e" "RUST_BACKTRACE=full" "-e" "RUSTFLAGS=--cap-lints=warn" "-e" "RUSTDOCFLAGS=--cap-lints=warn" "-e" "CARGO_HOME=/opt/rustwide/cargo-home" "-e" "RUSTUP_HOME=/opt/rustwide/rustup-home" "-w" "/opt/rustwide/workdir" "-m" "1610612736" "--user" "0:0" "--network" "none" "ghcr.io/rust-lang/crates-build-env/linux@sha256:2788e3201cd34a07e3172128adcd8b3090168a8e3bcc40d7c032b9dda1df7d1c" "/opt/rustwide/cargo-home/bin/cargo" "+1.75.0" "test" "--frozen", kill_on_drop: false }`
[INFO] [stdout] 6b54f366cf1ef5d0c4ec458abdc43a949b5a9a4ab1026d3998a02a5e032f7c78
[INFO] running `Command { std: "docker" "start" "-a" "6b54f366cf1ef5d0c4ec458abdc43a949b5a9a4ab1026d3998a02a5e032f7c78", kill_on_drop: false }`
[INFO] [stderr] warning: unused import: `backend::serial::u64::field::*`
[INFO] [stderr]   --> src/field.rs:52:9
[INFO] [stderr]    |
[INFO] [stderr] 52 | pub use backend::serial::u64::field::*;
[INFO] [stderr]    |         ^^^^^^^^^^^^^^^^^^^^^^^^^^^^^^
[INFO] [stderr]    |
[INFO] [stderr]    = note: `#[warn(unused_imports)]` on by default
[INFO] [stderr] 
[INFO] [stderr] warning: call to `.borrow()` on a reference in this situation does nothing
[INFO] [stderr]    --> src/ristretto.rs:916:77
[INFO] [stderr]     |
[INFO] [stderr] 916 |         let extended_points = points.into_iter().map(|opt_P| opt_P.map(|P| P.borrow().0));
[INFO] [stderr]     |                                                                             ^^^^^^^^^ help: remove this redundant call
[INFO] [stderr]     |
[INFO] [stderr]     = note: the type `RistrettoPoint` does not implement `Borrow`, so calling `borrow` on `&RistrettoPoint` copies the reference, which does not do anything and can be removed
[INFO] [stderr]     = note: `#[warn(noop_method_call)]` on by default
[INFO] [stderr] 
[INFO] [stderr] warning: `curve25519-entropic` (lib) generated 2 warnings (run `cargo fix --lib -p curve25519-entropic` to apply 2 suggestions)
[INFO] [stderr] warning: call to `.borrow()` on a reference in this situation does nothing
[INFO] [stderr]    --> src/ristretto.rs:916:77
[INFO] [stderr]     |
[INFO] [stderr] 916 |         let extended_points = points.into_iter().map(|opt_P| opt_P.map(|P| P.borrow().0));
[INFO] [stderr]     |                                                                             ^^^^^^^^^ help: remove this redundant call
[INFO] [stderr]     |
[INFO] [stderr]     = note: the type `ristretto::RistrettoPoint` does not implement `Borrow`, so calling `borrow` on `&ristretto::RistrettoPoint` copies the reference, which does not do anything and can be removed
[INFO] [stderr]     = note: `#[warn(noop_method_call)]` on by default
[INFO] [stderr] 
[INFO] [stderr] warning: `curve25519-entropic` (lib test) generated 2 warnings (1 duplicate) (run `cargo fix --lib -p curve25519-entropic --tests` to apply 1 suggestion)
[INFO] [stderr]     Finished test [unoptimized + debuginfo] target(s) in 0.04s
[INFO] [stderr]      Running unittests src/lib.rs (/opt/rustwide/target/debug/deps/curve25519_entropic-234864f624404194)
[INFO] [stdout] 
[INFO] [stdout] running 110 tests
[INFO] [stdout] test backend::serial::u64::scalar::test::from_bytes_wide ... ok
[INFO] [stdout] test backend::serial::u64::scalar::test::add ... ok
[INFO] [stdout] test backend::serial::u64::scalar::test::montgomery_mul ... ok
[INFO] [stdout] test backend::serial::u64::scalar::test::montgomery_mul_max ... ok
[INFO] [stdout] test backend::serial::u64::scalar::test::montgomery_square_max ... ok
[INFO] [stdout] test backend::serial::u64::scalar::test::mul ... ok
[INFO] [stdout] test backend::serial::u64::scalar::test::mul_max ... ok
[INFO] [stdout] test backend::serial::u64::scalar::test::square_max ... ok
[INFO] [stdout] test backend::serial::u64::scalar::test::sub ... ok
[INFO] [stdout] test constants::test::test_d_vs_ratio ... ok
[INFO] [stdout] test constants::test::test_four_torsion ... ok
[INFO] [stdout] test constants::test::test_eight_torsion ... ok
[INFO] [stdout] test constants::test::test_sqrt_ad_minus_one ... ok
[INFO] [stdout] test constants::test::test_sqrt_constants_sign ... ok
[INFO] [stdout] test constants::test::test_sqrt_minus_one ... ok
[INFO] [stdout] test constants::test::test_two_torsion ... ok
[INFO] [stdout] test edwards::test::basepoint16_vs_mul_by_pow_2_4 ... ok
[INFO] [stdout] test edwards::test::basepoint_decompression_compression ... ok
[INFO] [stdout] test edwards::test::basepoint_double_vs_basepoint2 ... ok
[INFO] [stdout] test edwards::test::basepoint_mult_two_vs_basepoint2 ... ok
[INFO] [stdout] test edwards::test::basepoint_plus_basepoint_affine_niels_vs_basepoint2 ... ok
[INFO] [stdout] test edwards::test::basepoint_mult_by_basepoint_order ... ok
[INFO] [stdout] test edwards::test::basepoint_mult_one_vs_basepoint ... ok
[INFO] [stdout] test edwards::test::basepoint_mult_vs_ed25519py ... ok
[INFO] [stdout] test edwards::test::basepoint_table_basepoint_function_correct ... ok
[INFO] [stdout] test edwards::test::basepoint_plus_basepoint_projective_niels_vs_basepoint2 ... ok
[INFO] [stdout] test edwards::test::basepoint_plus_basepoint_vs_basepoint2 ... ok
[INFO] [stdout] test edwards::test::compressed_identity ... ok
[INFO] [stdout] test edwards::test::basepoint_projective_extended_round_trip ... ok
[INFO] [stdout] test edwards::test::conditional_assign_for_affine_niels_point ... ok
[INFO] [stdout] test edwards::test::is_small_order ... ok
[INFO] [stdout] test edwards::test::extended_point_equality_handles_scaling ... ok
[INFO] [stdout] test edwards::test::decompression_sign_handling ... ok
[INFO] [stdout] test edwards::test::is_identity ... ok
[INFO] [stdout] test edwards::test::to_affine_niels_clears_denominators ... ok
[INFO] [stdout] test edwards::test::scalar_mul_vs_ed25519py ... ok
[INFO] [stdout] test edwards::test::scalarmult_extended_point_works_both_ways ... ok
[INFO] [stdout] test edwards::test::test_precomputed_basepoint_mult ... ok
[INFO] [stdout] test field::test::a_invert_vs_inverse_of_a_constant ... ok
[INFO] [stdout] test field::test::a_p58_vs_ap58_constant ... ok
[INFO] [stdout] test edwards::test::vartime::double_scalar_mul_basepoint_vs_ed25519py ... ok
[INFO] [stdout] test field::test::a_mul_a_vs_a_squared_constant ... ok
[INFO] [stdout] test field::test::a_square_vs_a_squared_constant ... ok
[INFO] [stdout] test edwards::test::elligator_signal_test_vectors ... ok
[INFO] [stdout] test field::test::batch_invert_a_matches_nonbatched ... ok
[INFO] [stdout] test field::test::batch_invert_empty ... ok
[INFO] [stdout] test field::test::a_square2_vs_a_squared_constant ... ok
[INFO] [stdout] test edwards::test::vartime::multiscalar_mul_vs_ed25519py ... ok
[INFO] [stdout] test edwards::test::impl_sum ... ok
[INFO] [stdout] test field::test::conditional_negate ... ok
[INFO] [stdout] test field::test::from_bytes_highbit_is_ignored ... ok
[INFO] [stdout] test field::test::encoding_is_canonical ... ok
[INFO] [stdout] test field::test::equality ... ok
[INFO] [stdout] test edwards::test::vartime::multiscalar_mul_vartime_vs_consttime ... ok
[INFO] [stdout] test field::test::sqrt_ratio_behavior ... ok
[INFO] [stdout] test montgomery::test::eq_defined_mod_p ... ok
[INFO] [stdout] test montgomery::test::identity_in_different_models ... ok
[INFO] [stdout] test montgomery::test::montgomery_elligator_correct ... ok
[INFO] [stdout] test montgomery::test::identity_in_different_coordinates ... ok
[INFO] [stdout] test montgomery::test::basepoint_montgomery_to_edwards ... ok
[INFO] [stdout] test montgomery::test::basepoint_edwards_to_montgomery ... ok
[INFO] [stdout] test montgomery::test::montgomery_elligator_zero_zero ... ok
[INFO] [stdout] test montgomery::test::montgomery_to_edwards_rejects_twist ... ok
[INFO] [stdout] test ristretto::test::compress_id ... ok
[INFO] [stdout] test ristretto::test::decompress_negative_s_fails ... ok
[INFO] [stdout] test ristretto::test::basepoint_roundtrip ... ok
[INFO] [stdout] test ristretto::test::decompress_id ... ok
[INFO] [stdout] test ristretto::test::four_torsion_basepoint ... ok
[INFO] [stdout] test montgomery::test::montgomery_ladder_matches_edwards_scalarmult ... ok
[INFO] [stdout] test ristretto::test::elligator_vs_ristretto_sage ... ok
[INFO] [stdout] test ristretto::test::encodings_of_small_multiples_of_basepoint ... ok
[INFO] [stdout] test ristretto::test::four_torsion_random ... ok
[INFO] [stdout] test scalar::test::add_reduces ... ok
[INFO] [stdout] test scalar::test::batch_invert_empty ... ok
[INFO] [stdout] test ristretto::test::scalarmult_ristrettopoint_works_both_ways ... ok
[INFO] [stdout] test scalar::test::batch_invert_consistency ... ok
[INFO] [stdout] test scalar::test::canonical_decoding ... ok
[INFO] [stdout] test scalar::test::from_bytes_mod_order_wide ... ok
[INFO] [stdout] test ristretto::test::impl_sum ... ok
[INFO] [stdout] test scalar::test::from_u64 ... ok
[INFO] [stdout] test scalar::test::impl_add ... ok
[INFO] [stdout] test scalar::test::impl_mul ... ok
[INFO] [stdout] test scalar::test::fuzzer_testcase_reduction ... ok
[INFO] [stdout] test scalar::test::impl_sum ... ok
[INFO] [stdout] test scalar::test::montgomery_reduce_matches_from_bytes_mod_order_wide ... ok
[INFO] [stdout] test scalar::test::neg_twice_is_identity ... ok
[INFO] [stdout] test scalar::test::invert ... ok
[INFO] [stdout] test scalar::test::impl_product ... ok
[INFO] [stdout] test scalar::test::quarkslab_scalar_overflow_does_not_occur ... ok
[INFO] [stdout] test scalar::test::reduce ... ok
[INFO] [stdout] test scalar::test::scalar_mul_by_one ... ok
[INFO] [stdout] test scalar::test::square ... ok
[INFO] [stdout] test scalar::test::non_adjacent_form_test_vector ... ok
[INFO] [stdout] test scalar::test::sub_reduces ... ok
[INFO] [stdout] test scalar::test::to_bytes_from_bytes_roundtrips ... ok
[INFO] [stdout] test scalar::test::batch_invert_with_a_zero_input_panics - should panic ... ok
[INFO] [stdout] test ristretto::test::random_roundtrip ... ok
[INFO] [stdout] test ristretto::test::double_and_compress_1024_random_points ... ok
[INFO] [stdout] test scalar::test::test_pippenger_radix ... ok
[INFO] [stdout] test edwards::test::basepoint_tables_unreduced_scalar ... ok
[INFO] [stdout] test edwards::test::basepoint_tables ... ok
[INFO] [stdout] test edwards::test::vartime_precomputed_vs_nonprecomputed_multiscalar ... ok
[INFO] [stdout] test ristretto::test::vartime_precomputed_vs_nonprecomputed_multiscalar ... ok
[INFO] [stdout] test backend::serial::scalar_mul::pippenger::test::test_vartime_pippenger ... ok
[INFO] [stdout] test edwards::test::monte_carlo_overflow_underflow_debug_assert_test ... ok
[INFO] [stdout] test edwards::test::multiscalar_consistency_n_100 ... ok
[INFO] [stdout] test scalar::test::non_adjacent_form_random ... ok
[INFO] [stdout] test edwards::test::multiscalar_consistency_n_250 ... ok
[INFO] [stdout] test edwards::test::multiscalar_consistency_n_500 ... ok
[INFO] [stdout] test edwards::test::multiscalar_consistency_n_1000 ... ok
[INFO] [stdout] 
[INFO] [stdout] test result: ok. 110 passed; 0 failed; 0 ignored; 0 measured; 0 filtered out; finished in 14.70s
[INFO] [stdout] 
[INFO] [stderr]    Doc-tests curve25519-entropic
[INFO] [stdout] 
[INFO] [stdout] running 24 tests
[INFO] [stdout] test src/constants.rs - constants (line 18) ... FAILED
[INFO] [stdout] test src/edwards.rs - edwards::EdwardsPoint::is_torsion_free (line 1191) ... FAILED
[INFO] [stdout] test src/ristretto.rs - ristretto::RistrettoBasepointTable (line 987) ... FAILED
[INFO] [stdout] test src/scalar.rs - scalar (line 93) ... FAILED
[INFO] [stdout] test src/scalar.rs - scalar (line 48) ... FAILED
[INFO] [stdout] test src/scalar.rs - scalar (line 121) ... FAILED
[INFO] [stdout] test src/scalar.rs - scalar (line 36) ... FAILED
[INFO] [stdout] test src/scalar.rs - scalar::Scalar::from (line 511) ... FAILED
[INFO] [stdout] test src/ristretto.rs - ristretto::RistrettoPoint::conditional_select (line 1034) ... FAILED
[INFO] [stdout] test src/edwards.rs - edwards::EdwardsPoint::is_small_order (line 1161) ... FAILED
[INFO] [stdout] test src/scalar.rs - scalar::Scalar::from_hash (line 613) ... FAILED
[INFO] [stdout] test src/ristretto.rs - ristretto::RistrettoPoint::hash_from_bytes (line 677) ... FAILED
[INFO] [stdout] test src/scalar.rs - scalar (line 68) ... FAILED
[INFO] [stdout] test src/scalar.rs - scalar::Scalar::as_bytes (line 666) ... FAILED
[INFO] [stdout] test src/ristretto.rs - ristretto::RistrettoPoint::double_and_compress_batch (line 488) ... FAILED
[INFO] [stdout] test src/scalar.rs - scalar::Scalar::batch_invert (line 750) ... FAILED
[INFO] [stdout] test src/scalar.rs - scalar::Scalar::random (line 556) ... FAILED
[INFO] [stdout] test src/scalar.rs - scalar::Scalar::is_canonical (line 1115) ... FAILED
[INFO] [stdout] test src/scalar.rs - scalar::Scalar::hash_from_bytes (line 583) ... FAILED
[INFO] [stdout] test src/traits.rs - traits::VartimeMultiscalarMul::vartime_multiscalar_mul (line 201) ... FAILED
[INFO] [stdout] test src/scalar.rs - scalar::Scalar::invert (line 706) ... FAILED
[INFO] [stdout] test src/scalar.rs - scalar::Scalar::to_bytes (line 651) ... FAILED
[INFO] [stdout] test src/traits.rs - traits::VartimeMultiscalarMul::optional_multiscalar_mul (line 138) ... FAILED
[INFO] [stdout] test src/traits.rs - traits::MultiscalarMul::multiscalar_mul (line 86) ... FAILED
[INFO] [stdout] 
[INFO] [stdout] failures:
[INFO] [stdout] 
[INFO] [stdout] ---- src/constants.rs - constants (line 18) stdout ----
[INFO] [stdout] error[E0433]: failed to resolve: maybe a missing crate `curve25519_dalek`?
[INFO] [stdout]  --> src/constants.rs:20:5
[INFO] [stdout]   |
[INFO] [stdout] 4 | use curve25519_dalek::traits::IsIdentity;
[INFO] [stdout]   |     ^^^^^^^^^^^^^^^^ maybe a missing crate `curve25519_dalek`?
[INFO] [stdout]   |
[INFO] [stdout]   = help: consider adding `extern crate curve25519_dalek` to use the `curve25519_dalek` crate
[INFO] [stdout] 
[INFO] [stdout] error[E0432]: unresolved import `curve25519_dalek`
[INFO] [stdout]  --> src/constants.rs:19:5
[INFO] [stdout]   |
[INFO] [stdout] 3 | use curve25519_dalek::constants;
[INFO] [stdout]   |     ^^^^^^^^^^^^^^^^ maybe a missing crate `curve25519_dalek`?
[INFO] [stdout]   |
[INFO] [stdout]   = help: consider adding `extern crate curve25519_dalek` to use the `curve25519_dalek` crate
[INFO] [stdout] 
[INFO] [stdout] error: aborting due to 2 previous errors
[INFO] [stdout] 
[INFO] [stdout] Some errors have detailed explanations: E0432, E0433.
[INFO] [stdout] For more information about an error, try `rustc --explain E0432`.
[INFO] [stdout] Couldn't compile the test.
[INFO] [stdout] ---- src/edwards.rs - edwards::EdwardsPoint::is_torsion_free (line 1191) stdout ----
[INFO] [stdout] error[E0432]: unresolved import `curve25519_dalek`
[INFO] [stdout]  --> src/edwards.rs:1192:5
[INFO] [stdout]   |
[INFO] [stdout] 3 | use curve25519_dalek::constants;
[INFO] [stdout]   |     ^^^^^^^^^^^^^^^^ maybe a missing crate `curve25519_dalek`?
[INFO] [stdout]   |
[INFO] [stdout]   = help: consider adding `extern crate curve25519_dalek` to use the `curve25519_dalek` crate
[INFO] [stdout] 
[INFO] [stdout] error: aborting due to previous error
[INFO] [stdout] 
[INFO] [stdout] For more information about this error, try `rustc --explain E0432`.
[INFO] [stdout] Couldn't compile the test.
[INFO] [stdout] ---- src/ristretto.rs - ristretto::RistrettoBasepointTable (line 987) stdout ----
[INFO] [stdout] error[E0433]: failed to resolve: maybe a missing crate `curve25519_dalek`?
[INFO] [stdout]  --> src/ristretto.rs:989:5
[INFO] [stdout]   |
[INFO] [stdout] 4 | use curve25519_dalek::scalar::Scalar;
[INFO] [stdout]   |     ^^^^^^^^^^^^^^^^ maybe a missing crate `curve25519_dalek`?
[INFO] [stdout]   |
[INFO] [stdout]   = help: consider adding `extern crate curve25519_dalek` to use the `curve25519_dalek` crate
[INFO] [stdout] 
[INFO] [stdout] error[E0432]: unresolved import `curve25519_dalek`
[INFO] [stdout]  --> src/ristretto.rs:988:5
[INFO] [stdout]   |
[INFO] [stdout] 3 | use curve25519_dalek::constants;
[INFO] [stdout]   |     ^^^^^^^^^^^^^^^^ maybe a missing crate `curve25519_dalek`?
[INFO] [stdout]   |
[INFO] [stdout]   = help: consider adding `extern crate curve25519_dalek` to use the `curve25519_dalek` crate
[INFO] [stdout] 
[INFO] [stdout] error: aborting due to 2 previous errors
[INFO] [stdout] 
[INFO] [stdout] Some errors have detailed explanations: E0432, E0433.
[INFO] [stdout] For more information about an error, try `rustc --explain E0432`.
[INFO] [stdout] Couldn't compile the test.
[INFO] [stdout] ---- src/scalar.rs - scalar (line 93) stdout ----
[INFO] [stdout] error[E0463]: can't find crate for `curve25519_dalek`
[INFO] [stdout]  --> src/scalar.rs:94:1
[INFO] [stdout]   |
[INFO] [stdout] 2 | extern crate curve25519_dalek;
[INFO] [stdout]   | ^^^^^^^^^^^^^^^^^^^^^^^^^^^^^^ can't find crate
[INFO] [stdout] 
[INFO] [stdout] error: aborting due to previous error
[INFO] [stdout] 
[INFO] [stdout] For more information about this error, try `rustc --explain E0463`.
[INFO] [stdout] Couldn't compile the test.
[INFO] [stdout] ---- src/scalar.rs - scalar (line 48) stdout ----
[INFO] [stdout] error[E0433]: failed to resolve: maybe a missing crate `curve25519_dalek`?
[INFO] [stdout]  --> src/scalar.rs:49:5
[INFO] [stdout]   |
[INFO] [stdout] 3 | use curve25519_dalek::scalar::Scalar;
[INFO] [stdout]   |     ^^^^^^^^^^^^^^^^ maybe a missing crate `curve25519_dalek`?
[INFO] [stdout]   |
[INFO] [stdout]   = help: consider adding `extern crate curve25519_dalek` to use the `curve25519_dalek` crate
[INFO] [stdout] 
[INFO] [stdout] error: aborting due to previous error
[INFO] [stdout] 
[INFO] [stdout] For more information about this error, try `rustc --explain E0433`.
[INFO] [stdout] Couldn't compile the test.
[INFO] [stdout] ---- src/scalar.rs - scalar (line 121) stdout ----
[INFO] [stdout] error[E0433]: failed to resolve: maybe a missing crate `curve25519_dalek`?
[INFO] [stdout]  --> src/scalar.rs:122:5
[INFO] [stdout]   |
[INFO] [stdout] 3 | use curve25519_dalek::scalar::Scalar;
[INFO] [stdout]   |     ^^^^^^^^^^^^^^^^ maybe a missing crate `curve25519_dalek`?
[INFO] [stdout]   |
[INFO] [stdout]   = help: consider adding `extern crate curve25519_dalek` to use the `curve25519_dalek` crate
[INFO] [stdout] 
[INFO] [stdout] error: aborting due to previous error
[INFO] [stdout] 
[INFO] [stdout] For more information about this error, try `rustc --explain E0433`.
[INFO] [stdout] Couldn't compile the test.
[INFO] [stdout] ---- src/scalar.rs - scalar (line 36) stdout ----
[INFO] [stdout] error[E0433]: failed to resolve: maybe a missing crate `curve25519_dalek`?
[INFO] [stdout]  --> src/scalar.rs:37:5
[INFO] [stdout]   |
[INFO] [stdout] 3 | use curve25519_dalek::scalar::Scalar;
[INFO] [stdout]   |     ^^^^^^^^^^^^^^^^ maybe a missing crate `curve25519_dalek`?
[INFO] [stdout]   |
[INFO] [stdout]   = help: consider adding `extern crate curve25519_dalek` to use the `curve25519_dalek` crate
[INFO] [stdout] 
[INFO] [stdout] error: aborting due to previous error
[INFO] [stdout] 
[INFO] [stdout] For more information about this error, try `rustc --explain E0433`.
[INFO] [stdout] Couldn't compile the test.
[INFO] [stdout] ---- src/scalar.rs - scalar::Scalar::from (line 511) stdout ----
[INFO] [stdout] error[E0433]: failed to resolve: maybe a missing crate `curve25519_dalek`?
[INFO] [stdout]  --> src/scalar.rs:512:5
[INFO] [stdout]   |
[INFO] [stdout] 3 | use curve25519_dalek::scalar::Scalar;
[INFO] [stdout]   |     ^^^^^^^^^^^^^^^^ maybe a missing crate `curve25519_dalek`?
[INFO] [stdout]   |
[INFO] [stdout]   = help: consider adding `extern crate curve25519_dalek` to use the `curve25519_dalek` crate
[INFO] [stdout] 
[INFO] [stdout] error: aborting due to previous error
[INFO] [stdout] 
[INFO] [stdout] For more information about this error, try `rustc --explain E0433`.
[INFO] [stdout] Couldn't compile the test.
[INFO] [stdout] ---- src/ristretto.rs - ristretto::RistrettoPoint::conditional_select (line 1034) stdout ----
[INFO] [stdout] error[E0463]: can't find crate for `curve25519_dalek`
[INFO] [stdout]  --> src/ristretto.rs:1036:1
[INFO] [stdout]   |
[INFO] [stdout] 3 | extern crate curve25519_dalek;
[INFO] [stdout]   | ^^^^^^^^^^^^^^^^^^^^^^^^^^^^^^ can't find crate
[INFO] [stdout] 
[INFO] [stdout] error: aborting due to previous error
[INFO] [stdout] 
[INFO] [stdout] For more information about this error, try `rustc --explain E0463`.
[INFO] [stdout] Couldn't compile the test.
[INFO] [stdout] ---- src/edwards.rs - edwards::EdwardsPoint::is_small_order (line 1161) stdout ----
[INFO] [stdout] error[E0432]: unresolved import `curve25519_dalek`
[INFO] [stdout]  --> src/edwards.rs:1162:5
[INFO] [stdout]   |
[INFO] [stdout] 3 | use curve25519_dalek::constants;
[INFO] [stdout]   |     ^^^^^^^^^^^^^^^^ maybe a missing crate `curve25519_dalek`?
[INFO] [stdout]   |
[INFO] [stdout]   = help: consider adding `extern crate curve25519_dalek` to use the `curve25519_dalek` crate
[INFO] [stdout] 
[INFO] [stdout] error: aborting due to previous error
[INFO] [stdout] 
[INFO] [stdout] For more information about this error, try `rustc --explain E0432`.
[INFO] [stdout] Couldn't compile the test.
[INFO] [stdout] ---- src/scalar.rs - scalar::Scalar::from_hash (line 613) stdout ----
[INFO] [stdout] error[E0463]: can't find crate for `curve25519_dalek`
[INFO] [stdout]  --> src/scalar.rs:614:1
[INFO] [stdout]   |
[INFO] [stdout] 2 | extern crate curve25519_dalek;
[INFO] [stdout]   | ^^^^^^^^^^^^^^^^^^^^^^^^^^^^^^ can't find crate
[INFO] [stdout] 
[INFO] [stdout] error: aborting due to previous error
[INFO] [stdout] 
[INFO] [stdout] For more information about this error, try `rustc --explain E0463`.
[INFO] [stdout] Couldn't compile the test.
[INFO] [stdout] ---- src/ristretto.rs - ristretto::RistrettoPoint::hash_from_bytes (line 677) stdout ----
[INFO] [stdout] error[E0463]: can't find crate for `curve25519_dalek`
[INFO] [stdout]  --> src/ristretto.rs:678:1
[INFO] [stdout]   |
[INFO] [stdout] 2 | extern crate curve25519_dalek;
[INFO] [stdout]   | ^^^^^^^^^^^^^^^^^^^^^^^^^^^^^^ can't find crate
[INFO] [stdout] 
[INFO] [stdout] error: aborting due to previous error
[INFO] [stdout] 
[INFO] [stdout] For more information about this error, try `rustc --explain E0463`.
[INFO] [stdout] Couldn't compile the test.
[INFO] [stdout] ---- src/scalar.rs - scalar (line 68) stdout ----
[INFO] [stdout] error[E0433]: failed to resolve: maybe a missing crate `curve25519_dalek`?
[INFO] [stdout]  --> src/scalar.rs:69:5
[INFO] [stdout]   |
[INFO] [stdout] 3 | use curve25519_dalek::scalar::Scalar;
[INFO] [stdout]   |     ^^^^^^^^^^^^^^^^ maybe a missing crate `curve25519_dalek`?
[INFO] [stdout]   |
[INFO] [stdout]   = help: consider adding `extern crate curve25519_dalek` to use the `curve25519_dalek` crate
[INFO] [stdout] 
[INFO] [stdout] error: aborting due to previous error
[INFO] [stdout] 
[INFO] [stdout] For more information about this error, try `rustc --explain E0433`.
[INFO] [stdout] Couldn't compile the test.
[INFO] [stdout] ---- src/scalar.rs - scalar::Scalar::as_bytes (line 666) stdout ----
[INFO] [stdout] error[E0433]: failed to resolve: maybe a missing crate `curve25519_dalek`?
[INFO] [stdout]  --> src/scalar.rs:667:5
[INFO] [stdout]   |
[INFO] [stdout] 3 | use curve25519_dalek::scalar::Scalar;
[INFO] [stdout]   |     ^^^^^^^^^^^^^^^^ maybe a missing crate `curve25519_dalek`?
[INFO] [stdout]   |
[INFO] [stdout]   = help: consider adding `extern crate curve25519_dalek` to use the `curve25519_dalek` crate
[INFO] [stdout] 
[INFO] [stdout] error: aborting due to previous error
[INFO] [stdout] 
[INFO] [stdout] For more information about this error, try `rustc --explain E0433`.
[INFO] [stdout] Couldn't compile the test.
[INFO] [stdout] ---- src/ristretto.rs - ristretto::RistrettoPoint::double_and_compress_batch (line 488) stdout ----
[INFO] [stdout] error[E0463]: can't find crate for `curve25519_dalek`
[INFO] [stdout]  --> src/ristretto.rs:489:1
[INFO] [stdout]   |
[INFO] [stdout] 2 | extern crate curve25519_dalek;
[INFO] [stdout]   | ^^^^^^^^^^^^^^^^^^^^^^^^^^^^^^ can't find crate
[INFO] [stdout] 
[INFO] [stdout] error: aborting due to previous error
[INFO] [stdout] 
[INFO] [stdout] For more information about this error, try `rustc --explain E0463`.
[INFO] [stdout] Couldn't compile the test.
[INFO] [stdout] ---- src/scalar.rs - scalar::Scalar::batch_invert (line 750) stdout ----
[INFO] [stdout] error[E0463]: can't find crate for `curve25519_dalek`
[INFO] [stdout]  --> src/scalar.rs:751:1
[INFO] [stdout]   |
[INFO] [stdout] 2 | extern crate curve25519_dalek;
[INFO] [stdout]   | ^^^^^^^^^^^^^^^^^^^^^^^^^^^^^^ can't find crate
[INFO] [stdout] 
[INFO] [stdout] error: aborting due to previous error
[INFO] [stdout] 
[INFO] [stdout] For more information about this error, try `rustc --explain E0463`.
[INFO] [stdout] Couldn't compile the test.
[INFO] [stdout] ---- src/scalar.rs - scalar::Scalar::random (line 556) stdout ----
[INFO] [stdout] error[E0463]: can't find crate for `curve25519_dalek`
[INFO] [stdout]  --> src/scalar.rs:558:1
[INFO] [stdout]   |
[INFO] [stdout] 3 | extern crate curve25519_dalek;
[INFO] [stdout]   | ^^^^^^^^^^^^^^^^^^^^^^^^^^^^^^ can't find crate
[INFO] [stdout] 
[INFO] [stdout] error: aborting due to previous error
[INFO] [stdout] 
[INFO] [stdout] For more information about this error, try `rustc --explain E0463`.
[INFO] [stdout] Couldn't compile the test.
[INFO] [stdout] ---- src/scalar.rs - scalar::Scalar::is_canonical (line 1115) stdout ----
[INFO] [stdout] error[E0463]: can't find crate for `curve25519_dalek`
[INFO] [stdout]  --> src/scalar.rs:1116:1
[INFO] [stdout]   |
[INFO] [stdout] 2 | extern crate curve25519_dalek;
[INFO] [stdout]   | ^^^^^^^^^^^^^^^^^^^^^^^^^^^^^^ can't find crate
[INFO] [stdout] 
[INFO] [stdout] error: aborting due to previous error
[INFO] [stdout] 
[INFO] [stdout] For more information about this error, try `rustc --explain E0463`.
[INFO] [stdout] Couldn't compile the test.
[INFO] [stdout] ---- src/scalar.rs - scalar::Scalar::hash_from_bytes (line 583) stdout ----
[INFO] [stdout] error[E0463]: can't find crate for `curve25519_dalek`
[INFO] [stdout]  --> src/scalar.rs:584:1
[INFO] [stdout]   |
[INFO] [stdout] 2 | extern crate curve25519_dalek;
[INFO] [stdout]   | ^^^^^^^^^^^^^^^^^^^^^^^^^^^^^^ can't find crate
[INFO] [stdout] 
[INFO] [stdout] error: aborting due to previous error
[INFO] [stdout] 
[INFO] [stdout] For more information about this error, try `rustc --explain E0463`.
[INFO] [stdout] Couldn't compile the test.
[INFO] [stdout] ---- src/traits.rs - traits::VartimeMultiscalarMul::vartime_multiscalar_mul (line 201) stdout ----
[INFO] [stdout] error[E0433]: failed to resolve: maybe a missing crate `curve25519_dalek`?
[INFO] [stdout]  --> src/traits.rs:203:5
[INFO] [stdout]   |
[INFO] [stdout] 4 | use curve25519_dalek::traits::VartimeMultiscalarMul;
[INFO] [stdout]   |     ^^^^^^^^^^^^^^^^ maybe a missing crate `curve25519_dalek`?
[INFO] [stdout]   |
[INFO] [stdout]   = help: consider adding `extern crate curve25519_dalek` to use the `curve25519_dalek` crate
[INFO] [stdout] 
[INFO] [stdout] error[E0433]: failed to resolve: maybe a missing crate `curve25519_dalek`?
[INFO] [stdout]  --> src/traits.rs:204:5
[INFO] [stdout]   |
[INFO] [stdout] 5 | use curve25519_dalek::ristretto::RistrettoPoint;
[INFO] [stdout]   |     ^^^^^^^^^^^^^^^^ maybe a missing crate `curve25519_dalek`?
[INFO] [stdout]   |
[INFO] [stdout]   = help: consider adding `extern crate curve25519_dalek` to use the `curve25519_dalek` crate
[INFO] [stdout] 
[INFO] [stdout] error[E0433]: failed to resolve: maybe a missing crate `curve25519_dalek`?
[INFO] [stdout]  --> src/traits.rs:205:5
[INFO] [stdout]   |
[INFO] [stdout] 6 | use curve25519_dalek::scalar::Scalar;
[INFO] [stdout]   |     ^^^^^^^^^^^^^^^^ maybe a missing crate `curve25519_dalek`?
[INFO] [stdout]   |
[INFO] [stdout]   = help: consider adding `extern crate curve25519_dalek` to use the `curve25519_dalek` crate
[INFO] [stdout] 
[INFO] [stdout] error[E0432]: unresolved import `curve25519_dalek`
[INFO] [stdout]  --> src/traits.rs:202:5
[INFO] [stdout]   |
[INFO] [stdout] 3 | use curve25519_dalek::constants;
[INFO] [stdout]   |     ^^^^^^^^^^^^^^^^ maybe a missing crate `curve25519_dalek`?
[INFO] [stdout]   |
[INFO] [stdout]   = help: consider adding `extern crate curve25519_dalek` to use the `curve25519_dalek` crate
[INFO] [stdout] 
[INFO] [stdout] error: aborting due to 4 previous errors
[INFO] [stdout] 
[INFO] [stdout] Some errors have detailed explanations: E0432, E0433.
[INFO] [stdout] For more information about an error, try `rustc --explain E0432`.
[INFO] [stdout] Couldn't compile the test.
[INFO] [stdout] ---- src/scalar.rs - scalar::Scalar::invert (line 706) stdout ----
[INFO] [stdout] error[E0433]: failed to resolve: maybe a missing crate `curve25519_dalek`?
[INFO] [stdout]  --> src/scalar.rs:707:5
[INFO] [stdout]   |
[INFO] [stdout] 3 | use curve25519_dalek::scalar::Scalar;
[INFO] [stdout]   |     ^^^^^^^^^^^^^^^^ maybe a missing crate `curve25519_dalek`?
[INFO] [stdout]   |
[INFO] [stdout]   = help: consider adding `extern crate curve25519_dalek` to use the `curve25519_dalek` crate
[INFO] [stdout] 
[INFO] [stdout] error: aborting due to previous error
[INFO] [stdout] 
[INFO] [stdout] For more information about this error, try `rustc --explain E0433`.
[INFO] [stdout] Couldn't compile the test.
[INFO] [stdout] ---- src/scalar.rs - scalar::Scalar::to_bytes (line 651) stdout ----
[INFO] [stdout] error[E0433]: failed to resolve: maybe a missing crate `curve25519_dalek`?
[INFO] [stdout]  --> src/scalar.rs:652:5
[INFO] [stdout]   |
[INFO] [stdout] 3 | use curve25519_dalek::scalar::Scalar;
[INFO] [stdout]   |     ^^^^^^^^^^^^^^^^ maybe a missing crate `curve25519_dalek`?
[INFO] [stdout]   |
[INFO] [stdout]   = help: consider adding `extern crate curve25519_dalek` to use the `curve25519_dalek` crate
[INFO] [stdout] 
[INFO] [stdout] error: aborting due to previous error
[INFO] [stdout] 
[INFO] [stdout] For more information about this error, try `rustc --explain E0433`.
[INFO] [stdout] Couldn't compile the test.
[INFO] [stdout] ---- src/traits.rs - traits::VartimeMultiscalarMul::optional_multiscalar_mul (line 138) stdout ----
[INFO] [stdout] error[E0433]: failed to resolve: maybe a missing crate `curve25519_dalek`?
[INFO] [stdout]  --> src/traits.rs:140:5
[INFO] [stdout]   |
[INFO] [stdout] 4 | use curve25519_dalek::traits::VartimeMultiscalarMul;
[INFO] [stdout]   |     ^^^^^^^^^^^^^^^^ maybe a missing crate `curve25519_dalek`?
[INFO] [stdout]   |
[INFO] [stdout]   = help: consider adding `extern crate curve25519_dalek` to use the `curve25519_dalek` crate
[INFO] [stdout] 
[INFO] [stdout] error[E0433]: failed to resolve: maybe a missing crate `curve25519_dalek`?
[INFO] [stdout]  --> src/traits.rs:141:5
[INFO] [stdout]   |
[INFO] [stdout] 5 | use curve25519_dalek::ristretto::RistrettoPoint;
[INFO] [stdout]   |     ^^^^^^^^^^^^^^^^ maybe a missing crate `curve25519_dalek`?
[INFO] [stdout]   |
[INFO] [stdout]   = help: consider adding `extern crate curve25519_dalek` to use the `curve25519_dalek` crate
[INFO] [stdout] 
[INFO] [stdout] error[E0433]: failed to resolve: maybe a missing crate `curve25519_dalek`?
[INFO] [stdout]  --> src/traits.rs:142:5
[INFO] [stdout]   |
[INFO] [stdout] 6 | use curve25519_dalek::scalar::Scalar;
[INFO] [stdout]   |     ^^^^^^^^^^^^^^^^ maybe a missing crate `curve25519_dalek`?
[INFO] [stdout]   |
[INFO] [stdout]   = help: consider adding `extern crate curve25519_dalek` to use the `curve25519_dalek` crate
[INFO] [stdout] 
[INFO] [stdout] error[E0432]: unresolved import `curve25519_dalek`
[INFO] [stdout]  --> src/traits.rs:139:5
[INFO] [stdout]   |
[INFO] [stdout] 3 | use curve25519_dalek::constants;
[INFO] [stdout]   |     ^^^^^^^^^^^^^^^^ maybe a missing crate `curve25519_dalek`?
[INFO] [stdout]   |
[INFO] [stdout]   = help: consider adding `extern crate curve25519_dalek` to use the `curve25519_dalek` crate
[INFO] [stdout] 
[INFO] [stdout] error: aborting due to 4 previous errors
[INFO] [stdout] 
[INFO] [stdout] Some errors have detailed explanations: E0432, E0433.
[INFO] [stdout] For more information about an error, try `rustc --explain E0432`.
[INFO] [stdout] Couldn't compile the test.
[INFO] [stdout] ---- src/traits.rs - traits::MultiscalarMul::multiscalar_mul (line 86) stdout ----
[INFO] [stdout] error[E0433]: failed to resolve: maybe a missing crate `curve25519_dalek`?
[INFO] [stdout]  --> src/traits.rs:88:5
[INFO] [stdout]   |
[INFO] [stdout] 4 | use curve25519_dalek::traits::MultiscalarMul;
[INFO] [stdout]   |     ^^^^^^^^^^^^^^^^ maybe a missing crate `curve25519_dalek`?
[INFO] [stdout]   |
[INFO] [stdout]   = help: consider adding `extern crate curve25519_dalek` to use the `curve25519_dalek` crate
[INFO] [stdout] 
[INFO] [stdout] error[E0433]: failed to resolve: maybe a missing crate `curve25519_dalek`?
[INFO] [stdout]  --> src/traits.rs:89:5
[INFO] [stdout]   |
[INFO] [stdout] 5 | use curve25519_dalek::ristretto::RistrettoPoint;
[INFO] [stdout]   |     ^^^^^^^^^^^^^^^^ maybe a missing crate `curve25519_dalek`?
[INFO] [stdout]   |
[INFO] [stdout]   = help: consider adding `extern crate curve25519_dalek` to use the `curve25519_dalek` crate
[INFO] [stdout] 
[INFO] [stdout] error[E0433]: failed to resolve: maybe a missing crate `curve25519_dalek`?
[INFO] [stdout]  --> src/traits.rs:90:5
[INFO] [stdout]   |
[INFO] [stdout] 6 | use curve25519_dalek::scalar::Scalar;
[INFO] [stdout]   |     ^^^^^^^^^^^^^^^^ maybe a missing crate `curve25519_dalek`?
[INFO] [stdout]   |
[INFO] [stdout]   = help: consider adding `extern crate curve25519_dalek` to use the `curve25519_dalek` crate
[INFO] [stdout] 
[INFO] [stdout] error[E0432]: unresolved import `curve25519_dalek`
[INFO] [stdout]  --> src/traits.rs:87:5
[INFO] [stdout]   |
[INFO] [stdout] 3 | use curve25519_dalek::constants;
[INFO] [stdout]   |     ^^^^^^^^^^^^^^^^ maybe a missing crate `curve25519_dalek`?
[INFO] [stdout]   |
[INFO] [stdout]   = help: consider adding `extern crate curve25519_dalek` to use the `curve25519_dalek` crate
[INFO] [stdout] 
[INFO] [stdout] error: aborting due to 4 previous errors
[INFO] [stdout] 
[INFO] [stdout] Some errors have detailed explanations: E0432, E0433.
[INFO] [stdout] For more information about an error, try `rustc --explain E0432`.
[INFO] [stdout] Couldn't compile the test.
[INFO] [stdout] 
[INFO] [stdout] failures:
[INFO] [stdout]     src/constants.rs - constants (line 18)
[INFO] [stdout]     src/edwards.rs - edwards::EdwardsPoint::is_small_order (line 1161)
[INFO] [stdout]     src/edwards.rs - edwards::EdwardsPoint::is_torsion_free (line 1191)
[INFO] [stdout]     src/ristretto.rs - ristretto::RistrettoBasepointTable (line 987)
[INFO] [stdout]     src/ristretto.rs - ristretto::RistrettoPoint::conditional_select (line 1034)
[INFO] [stdout]     src/ristretto.rs - ristretto::RistrettoPoint::double_and_compress_batch (line 488)
[INFO] [stdout]     src/ristretto.rs - ristretto::RistrettoPoint::hash_from_bytes (line 677)
[INFO] [stdout]     src/scalar.rs - scalar (line 121)
[INFO] [stdout]     src/scalar.rs - scalar (line 36)
[INFO] [stdout]     src/scalar.rs - scalar (line 48)
[INFO] [stdout]     src/scalar.rs - scalar (line 68)
[INFO] [stdout]     src/scalar.rs - scalar (line 93)
[INFO] [stdout]     src/scalar.rs - scalar::Scalar::as_bytes (line 666)
[INFO] [stdout]     src/scalar.rs - scalar::Scalar::batch_invert (line 750)
[INFO] [stdout]     src/scalar.rs - scalar::Scalar::from (line 511)
[INFO] [stdout]     src/scalar.rs - scalar::Scalar::from_hash (line 613)
[INFO] [stdout]     src/scalar.rs - scalar::Scalar::hash_from_bytes (line 583)
[INFO] [stdout]     src/scalar.rs - scalar::Scalar::invert (line 706)
[INFO] [stdout]     src/scalar.rs - scalar::Scalar::is_canonical (line 1115)
[INFO] [stdout]     src/scalar.rs - scalar::Scalar::random (line 556)
[INFO] [stdout]     src/scalar.rs - scalar::Scalar::to_bytes (line 651)
[INFO] [stdout]     src/traits.rs - traits::MultiscalarMul::multiscalar_mul (line 86)
[INFO] [stdout]     src/traits.rs - traits::VartimeMultiscalarMul::optional_multiscalar_mul (line 138)
[INFO] [stdout]     src/traits.rs - traits::VartimeMultiscalarMul::vartime_multiscalar_mul (line 201)
[INFO] [stdout] 
[INFO] [stdout] test result: FAILED. 0 passed; 24 failed; 0 ignored; 0 measured; 0 filtered out; finished in 0.11s
[INFO] [stdout] 
[INFO] [stderr] error: doctest failed, to rerun pass `--doc`
[INFO] running `Command { std: "docker" "inspect" "6b54f366cf1ef5d0c4ec458abdc43a949b5a9a4ab1026d3998a02a5e032f7c78", kill_on_drop: false }`
[INFO] running `Command { std: "docker" "rm" "-f" "6b54f366cf1ef5d0c4ec458abdc43a949b5a9a4ab1026d3998a02a5e032f7c78", kill_on_drop: false }`
[INFO] [stdout] 6b54f366cf1ef5d0c4ec458abdc43a949b5a9a4ab1026d3998a02a5e032f7c78
