[INFO] fetching crate curve25519-dalek-ml 4.1.1...
[INFO] testing curve25519-dalek-ml-4.1.1 against 1.75.0 for beta-1.76-1
[INFO] extracting crate curve25519-dalek-ml 4.1.1 into /workspace/builds/worker-3-tc1/source
[INFO] validating manifest of crates.io crate curve25519-dalek-ml 4.1.1 on toolchain 1.75.0
[INFO] running `Command { std: CARGO_HOME="/workspace/cargo-home" RUSTUP_HOME="/workspace/rustup-home" "/workspace/cargo-home/bin/cargo" "+1.75.0" "metadata" "--manifest-path" "Cargo.toml" "--no-deps", kill_on_drop: false }`
[INFO] started tweaking crates.io crate curve25519-dalek-ml 4.1.1
[INFO] finished tweaking crates.io crate curve25519-dalek-ml 4.1.1
[INFO] tweaked toml for crates.io crate curve25519-dalek-ml 4.1.1 written to /workspace/builds/worker-3-tc1/source/Cargo.toml
[INFO] running `Command { std: CARGO_HOME="/workspace/cargo-home" RUSTUP_HOME="/workspace/rustup-home" "/workspace/cargo-home/bin/cargo" "+1.75.0" "generate-lockfile" "--manifest-path" "Cargo.toml", kill_on_drop: false }`
[INFO] [stderr]     Updating crates.io index
[INFO] running `Command { std: CARGO_HOME="/workspace/cargo-home" RUSTUP_HOME="/workspace/rustup-home" "/workspace/cargo-home/bin/cargo" "+1.75.0" "fetch" "--manifest-path" "Cargo.toml", kill_on_drop: false }`
[INFO] running `Command { std: "docker" "create" "-v" "/var/lib/crater-agent-workspace/builds/worker-3-tc1/target:/opt/rustwide/target:rw,Z" "-v" "/var/lib/crater-agent-workspace/builds/worker-3-tc1/source:/opt/rustwide/workdir:ro,Z" "-v" "/var/lib/crater-agent-workspace/cargo-home:/opt/rustwide/cargo-home:ro,Z" "-v" "/var/lib/crater-agent-workspace/rustup-home:/opt/rustwide/rustup-home:ro,Z" "-e" "SOURCE_DIR=/opt/rustwide/workdir" "-e" "CARGO_TARGET_DIR=/opt/rustwide/target" "-e" "CARGO_HOME=/opt/rustwide/cargo-home" "-e" "RUSTUP_HOME=/opt/rustwide/rustup-home" "-w" "/opt/rustwide/workdir" "-m" "1610612736" "--user" "0:0" "--network" "none" "ghcr.io/rust-lang/crates-build-env/linux@sha256:2788e3201cd34a07e3172128adcd8b3090168a8e3bcc40d7c032b9dda1df7d1c" "/opt/rustwide/cargo-home/bin/cargo" "+1.75.0" "metadata" "--no-deps" "--format-version=1", kill_on_drop: false }`
[INFO] [stdout] 89f2617fc40eeac178c272e84ee348356f5ab5d161b57a4a117bddae0da3bd5d
[INFO] running `Command { std: "docker" "start" "-a" "89f2617fc40eeac178c272e84ee348356f5ab5d161b57a4a117bddae0da3bd5d", kill_on_drop: false }`
[INFO] running `Command { std: "docker" "inspect" "89f2617fc40eeac178c272e84ee348356f5ab5d161b57a4a117bddae0da3bd5d", kill_on_drop: false }`
[INFO] running `Command { std: "docker" "rm" "-f" "89f2617fc40eeac178c272e84ee348356f5ab5d161b57a4a117bddae0da3bd5d", kill_on_drop: false }`
[INFO] [stdout] 89f2617fc40eeac178c272e84ee348356f5ab5d161b57a4a117bddae0da3bd5d
[INFO] running `Command { std: "docker" "create" "-v" "/var/lib/crater-agent-workspace/builds/worker-3-tc1/target:/opt/rustwide/target:rw,Z" "-v" "/var/lib/crater-agent-workspace/builds/worker-3-tc1/source:/opt/rustwide/workdir:ro,Z" "-v" "/var/lib/crater-agent-workspace/cargo-home:/opt/rustwide/cargo-home:ro,Z" "-v" "/var/lib/crater-agent-workspace/rustup-home:/opt/rustwide/rustup-home:ro,Z" "-e" "SOURCE_DIR=/opt/rustwide/workdir" "-e" "CARGO_TARGET_DIR=/opt/rustwide/target" "-e" "CARGO_INCREMENTAL=0" "-e" "RUST_BACKTRACE=full" "-e" "RUSTFLAGS=--cap-lints=warn" "-e" "RUSTDOCFLAGS=--cap-lints=warn" "-e" "CARGO_HOME=/opt/rustwide/cargo-home" "-e" "RUSTUP_HOME=/opt/rustwide/rustup-home" "-w" "/opt/rustwide/workdir" "-m" "1610612736" "--user" "0:0" "--network" "none" "ghcr.io/rust-lang/crates-build-env/linux@sha256:2788e3201cd34a07e3172128adcd8b3090168a8e3bcc40d7c032b9dda1df7d1c" "/opt/rustwide/cargo-home/bin/cargo" "+1.75.0" "build" "--frozen" "--message-format=json", kill_on_drop: false }`
[INFO] [stdout] 0c1cb833c0ead98fd4b50784febe02a87b79539d1eb76add12ec43944176a19a
[INFO] running `Command { std: "docker" "start" "-a" "0c1cb833c0ead98fd4b50784febe02a87b79539d1eb76add12ec43944176a19a", kill_on_drop: false }`
[INFO] [stderr]    Compiling zeroize v1.7.0
[INFO] [stderr]    Compiling semver v1.0.21
[INFO] [stderr]    Compiling subtle v2.5.0
[INFO] [stderr]    Compiling generic-array v0.14.7
[INFO] [stderr]    Compiling platforms v3.3.0
[INFO] [stderr]    Compiling base16ct v0.2.0
[INFO] [stderr]    Compiling syn v2.0.48
[INFO] [stderr]    Compiling ff v0.13.0
[INFO] [stderr]    Compiling group v0.13.0
[INFO] [stderr]    Compiling rustc_version v0.4.0
[INFO] [stderr]    Compiling crypto-common v0.1.6
[INFO] [stderr]    Compiling block-buffer v0.10.4
[INFO] [stderr]    Compiling crypto-bigint v0.5.5
[INFO] [stderr]    Compiling curve25519-dalek-ml v4.1.1 (/opt/rustwide/workdir)
[INFO] [stderr]    Compiling digest v0.10.7
[INFO] [stderr]    Compiling elliptic-curve v0.13.8
[INFO] [stderr]    Compiling curve25519-dalek-derive v0.1.1
[INFO] [stderr]     Finished dev [unoptimized + debuginfo] target(s) in 7.52s
[INFO] running `Command { std: "docker" "inspect" "0c1cb833c0ead98fd4b50784febe02a87b79539d1eb76add12ec43944176a19a", kill_on_drop: false }`
[INFO] running `Command { std: "docker" "rm" "-f" "0c1cb833c0ead98fd4b50784febe02a87b79539d1eb76add12ec43944176a19a", kill_on_drop: false }`
[INFO] [stdout] 0c1cb833c0ead98fd4b50784febe02a87b79539d1eb76add12ec43944176a19a
[INFO] running `Command { std: "docker" "create" "-v" "/var/lib/crater-agent-workspace/builds/worker-3-tc1/target:/opt/rustwide/target:rw,Z" "-v" "/var/lib/crater-agent-workspace/builds/worker-3-tc1/source:/opt/rustwide/workdir:ro,Z" "-v" "/var/lib/crater-agent-workspace/cargo-home:/opt/rustwide/cargo-home:ro,Z" "-v" "/var/lib/crater-agent-workspace/rustup-home:/opt/rustwide/rustup-home:ro,Z" "-e" "SOURCE_DIR=/opt/rustwide/workdir" "-e" "CARGO_TARGET_DIR=/opt/rustwide/target" "-e" "CARGO_INCREMENTAL=0" "-e" "RUST_BACKTRACE=full" "-e" "RUSTFLAGS=--cap-lints=warn" "-e" "RUSTDOCFLAGS=--cap-lints=warn" "-e" "CARGO_HOME=/opt/rustwide/cargo-home" "-e" "RUSTUP_HOME=/opt/rustwide/rustup-home" "-w" "/opt/rustwide/workdir" "-m" "1610612736" "--user" "0:0" "--network" "none" "ghcr.io/rust-lang/crates-build-env/linux@sha256:2788e3201cd34a07e3172128adcd8b3090168a8e3bcc40d7c032b9dda1df7d1c" "/opt/rustwide/cargo-home/bin/cargo" "+1.75.0" "test" "--frozen" "--no-run" "--message-format=json", kill_on_drop: false }`
[INFO] [stdout] a2e4694d4bec5bacaedb13936ff47849e1f7aecf18601571e10d54bcb7c3dabf
[INFO] running `Command { std: "docker" "start" "-a" "a2e4694d4bec5bacaedb13936ff47849e1f7aecf18601571e10d54bcb7c3dabf", kill_on_drop: false }`
[INFO] [stderr]    Compiling serde v1.0.194
[INFO] [stderr]    Compiling libc v0.2.151
[INFO] [stderr]    Compiling num-traits v0.2.17
[INFO] [stderr]    Compiling crossbeam-epoch v0.9.17
[INFO] [stderr]    Compiling rustix v0.38.28
[INFO] [stderr]    Compiling serde_derive v1.0.194
[INFO] [stderr]    Compiling either v1.9.0
[INFO] [stderr]    Compiling rayon-core v1.12.0
[INFO] [stderr]    Compiling ciborium-io v0.2.1
[INFO] [stderr]    Compiling half v1.8.2
[INFO] [stderr]    Compiling regex-syntax v0.8.2
[INFO] [stderr]    Compiling crossbeam-deque v0.8.4
[INFO] [stderr]    Compiling anstyle v1.0.4
[INFO] [stderr]    Compiling linux-raw-sys v0.4.12
[INFO] [stderr]    Compiling plotters-backend v0.3.5
[INFO] [stderr]    Compiling clap_lex v0.6.0
[INFO] [stderr]    Compiling plotters-svg v0.3.5
[INFO] [stderr]    Compiling clap_builder v4.4.12
[INFO] [stderr]    Compiling getrandom v0.2.11
[INFO] [stderr]    Compiling ciborium-ll v0.2.1
[INFO] [stderr]    Compiling rand_core v0.6.4
[INFO] [stderr]    Compiling itertools v0.10.5
[INFO] [stderr]    Compiling ff v0.13.0
[INFO] [stderr]    Compiling group v0.13.0
[INFO] [stderr]    Compiling regex-automata v0.4.3
[INFO] [stderr]    Compiling crypto-bigint v0.5.5
[INFO] [stderr]    Compiling cast v0.3.0
[INFO] [stderr]    Compiling same-file v1.0.6
[INFO] [stderr]    Compiling rand_chacha v0.3.1
[INFO] [stderr]    Compiling walkdir v2.4.0
[INFO] [stderr]    Compiling criterion-plot v0.5.0
[INFO] [stderr]    Compiling clap v4.4.13
[INFO] [stderr]    Compiling plotters v0.3.5
[INFO] [stderr]    Compiling is-terminal v0.4.10
[INFO] [stderr]    Compiling rayon v1.8.0
[INFO] [stderr]    Compiling regex v1.10.2
[INFO] [stderr]    Compiling elliptic-curve v0.13.8
[INFO] [stderr]    Compiling anes v0.1.6
[INFO] [stderr]    Compiling oorandom v11.1.3
[INFO] [stderr]    Compiling rand v0.8.5
[INFO] [stderr]    Compiling sha2 v0.10.8
[INFO] [stderr]    Compiling curve25519-dalek-ml v4.1.1 (/opt/rustwide/workdir)
[INFO] [stderr]    Compiling serde_json v1.0.111
[INFO] [stderr]    Compiling ciborium v0.2.1
[INFO] [stderr]    Compiling bincode v1.3.3
[INFO] [stderr]    Compiling tinytemplate v1.2.1
[INFO] [stderr]    Compiling criterion v0.5.1
[INFO] [stderr]     Finished test [unoptimized + debuginfo] target(s) in 17.11s
[INFO] running `Command { std: "docker" "inspect" "a2e4694d4bec5bacaedb13936ff47849e1f7aecf18601571e10d54bcb7c3dabf", kill_on_drop: false }`
[INFO] running `Command { std: "docker" "rm" "-f" "a2e4694d4bec5bacaedb13936ff47849e1f7aecf18601571e10d54bcb7c3dabf", kill_on_drop: false }`
[INFO] [stdout] a2e4694d4bec5bacaedb13936ff47849e1f7aecf18601571e10d54bcb7c3dabf
[INFO] running `Command { std: "docker" "create" "-v" "/var/lib/crater-agent-workspace/builds/worker-3-tc1/target:/opt/rustwide/target:rw,Z" "-v" "/var/lib/crater-agent-workspace/builds/worker-3-tc1/source:/opt/rustwide/workdir:ro,Z" "-v" "/var/lib/crater-agent-workspace/cargo-home:/opt/rustwide/cargo-home:ro,Z" "-v" "/var/lib/crater-agent-workspace/rustup-home:/opt/rustwide/rustup-home:ro,Z" "-e" "SOURCE_DIR=/opt/rustwide/workdir" "-e" "CARGO_TARGET_DIR=/opt/rustwide/target" "-e" "CARGO_INCREMENTAL=0" "-e" "RUST_BACKTRACE=full" "-e" "RUSTFLAGS=--cap-lints=warn" "-e" "RUSTDOCFLAGS=--cap-lints=warn" "-e" "CARGO_HOME=/opt/rustwide/cargo-home" "-e" "RUSTUP_HOME=/opt/rustwide/rustup-home" "-w" "/opt/rustwide/workdir" "-m" "1610612736" "--user" "0:0" "--network" "none" "ghcr.io/rust-lang/crates-build-env/linux@sha256:2788e3201cd34a07e3172128adcd8b3090168a8e3bcc40d7c032b9dda1df7d1c" "/opt/rustwide/cargo-home/bin/cargo" "+1.75.0" "test" "--frozen", kill_on_drop: false }`
[INFO] [stdout] 21aa921a6cb38209c4b30a5e82a078871d6d7d08b46191b3afc23ff1417cd4b0
[INFO] running `Command { std: "docker" "start" "-a" "21aa921a6cb38209c4b30a5e82a078871d6d7d08b46191b3afc23ff1417cd4b0", kill_on_drop: false }`
[INFO] [stderr]     Finished test [unoptimized + debuginfo] target(s) in 0.12s
[INFO] [stderr]      Running unittests src/lib.rs (/opt/rustwide/target/debug/deps/curve25519_dalek_ml-1df7897d5af6b21d)
[INFO] [stdout] 
[INFO] [stdout] running 121 tests
[INFO] [stdout] test backend::serial::u64::scalar::test::mul ... ok
[INFO] [stdout] test backend::serial::u64::scalar::test::montgomery_mul_max ... ok
[INFO] [stdout] test backend::serial::u64::scalar::test::from_bytes_wide ... ok
[INFO] [stdout] test backend::serial::u64::scalar::test::add ... ok
[INFO] [stdout] test backend::serial::u64::scalar::test::montgomery_mul ... ok
[INFO] [stdout] test backend::serial::u64::scalar::test::mul_max ... ok
[INFO] [stdout] test backend::serial::u64::scalar::test::sub ... ok
[INFO] [stdout] test backend::serial::u64::scalar::test::square_max ... ok
[INFO] [stdout] test backend::serial::u64::scalar::test::montgomery_square_max ... ok
[INFO] [stdout] test constants::test::test_d_vs_ratio ... ok
[INFO] [stdout] test constants::test::test_eight_torsion ... ok
[INFO] [stdout] test constants::test::test_two_torsion ... ok
[INFO] [stdout] test constants::test::test_sqrt_minus_one ... ok
[INFO] [stdout] test edwards::test::basepoint16_vs_mul_by_pow_2_4 ... ok
[INFO] [stdout] test edwards::test::basepoint_double_vs_basepoint2 ... ok
[INFO] [stdout] test edwards::test::basepoint_decompression_compression ... ok
[INFO] [stdout] test constants::test::test_sqrt_ad_minus_one ... ok
[INFO] [stdout] test constants::test::test_four_torsion ... ok
[INFO] [stdout] test constants::test::test_sqrt_constants_sign ... ok
[INFO] [stdout] test edwards::test::basepoint_mult_by_basepoint_order ... ok
[INFO] [stdout] test edwards::test::basepoint_mult_vs_ed25519py ... ok
[INFO] [stdout] test edwards::test::basepoint_plus_basepoint_vs_basepoint2 ... ok
[INFO] [stdout] test edwards::test::basepoint_mult_two_vs_basepoint2 ... ok
[INFO] [stdout] test edwards::test::basepoint_plus_basepoint_affine_niels_vs_basepoint2 ... ok
[INFO] [stdout] test edwards::test::basepoint_plus_basepoint_projective_niels_vs_basepoint2 ... ok
[INFO] [stdout] test edwards::test::compressed_identity ... ok
[INFO] [stdout] test edwards::test::basepoint_projective_extended_round_trip ... ok
[INFO] [stdout] test edwards::test::basepoint_table_basepoint_function_correct ... ok
[INFO] [stdout] test edwards::test::decompression_sign_handling ... ok
[INFO] [stdout] test edwards::test::basepoint_mult_one_vs_basepoint ... ok
[INFO] [stdout] test edwards::test::is_identity ... ok
[INFO] [stdout] test edwards::test::is_small_order ... ok
[INFO] [stdout] test edwards::test::hash_to_curve ... ok
[INFO] [stdout] test edwards::test::conditional_assign_for_affine_niels_point ... ok
[INFO] [stdout] test edwards::test::extended_point_equality_handles_scaling ... ok
[INFO] [stdout] test edwards::test::impl_sum ... ok
[INFO] [stdout] test edwards::test::basepoint_tables ... ok
[INFO] [stdout] test edwards::test::basepoint_tables_unreduced_scalar ... ok
[INFO] [stdout] test edwards::test::scalar_mul_vs_ed25519py ... ok
[INFO] [stdout] test edwards::test::scalarmult_extended_point_works_both_ways ... ok
[INFO] [stdout] test edwards::test::test_precomputed_basepoint_mult ... ok
[INFO] [stdout] test edwards::test::to_affine_niels_clears_denominators ... ok
[INFO] [stdout] test edwards::test::vartime::double_scalar_mul_basepoint_vs_ed25519py ... ok
[INFO] [stdout] test edwards::test::vartime::multiscalar_mul_vartime_vs_consttime ... ok
[INFO] [stdout] test edwards::test::vartime::multiscalar_mul_vs_ed25519py ... ok
[INFO] [stdout] test edwards::test::vartime_precomputed_vs_nonprecomputed_multiscalar ... ok
[INFO] [stdout] test field::test::a_invert_vs_inverse_of_a_constant ... ok
[INFO] [stdout] test field::test::a_mul_a_vs_a_squared_constant ... ok
[INFO] [stdout] test field::test::a_p58_vs_ap58_constant ... ok
[INFO] [stdout] test field::test::a_square2_vs_a_squared_constant ... ok
[INFO] [stdout] test field::test::a_square_vs_a_squared_constant ... ok
[INFO] [stdout] test field::test::batch_invert_a_matches_nonbatched ... ok
[INFO] [stdout] test field::test::batch_invert_empty ... ok
[INFO] [stdout] test field::test::conditional_negate ... ok
[INFO] [stdout] test field::test::encoding_is_canonical ... ok
[INFO] [stdout] test field::test::equality ... ok
[INFO] [stdout] test field::test::from_bytes_highbit_is_ignored ... ok
[INFO] [stdout] test field::test::sqrt_ratio_behavior ... ok
[INFO] [stdout] test montgomery::test::basepoint_edwards_to_montgomery ... ok
[INFO] [stdout] test montgomery::test::basepoint_montgomery_to_edwards ... ok
[INFO] [stdout] test montgomery::test::eq_defined_mod_p ... ok
[INFO] [stdout] test montgomery::test::identity_in_different_coordinates ... ok
[INFO] [stdout] test montgomery::test::identity_in_different_models ... ok
[INFO] [stdout] test montgomery::test::montgomery_elligator_correct ... ok
[INFO] [stdout] test montgomery::test::montgomery_elligator_zero_zero ... ok
[INFO] [stdout] test montgomery::test::montgomery_ladder_matches_edwards_scalarmult ... ok
[INFO] [stdout] test edwards::test::mul_base_clamped ... ok
[INFO] [stdout] test montgomery::test::montgomery_mul_bits_be_twist ... ok
[INFO] [stdout] test montgomery::test::montgomery_to_edwards_rejects_twist ... ok
[INFO] [stdout] test montgomery::test::mul_base_clamped ... ok
[INFO] [stdout] test ristretto::test::basepoint_roundtrip ... ok
[INFO] [stdout] test ristretto::test::compress_id ... ok
[INFO] [stdout] test ristretto::test::decompress_id ... ok
[INFO] [stdout] test ristretto::test::decompress_negative_s_fails ... ok
[INFO] [stdout] test ristretto::test::double_and_compress_1024_random_points ... ok
[INFO] [stdout] test ristretto::test::elligator_vs_ristretto_sage ... ok
[INFO] [stdout] test ristretto::test::encodings_of_small_multiples_of_basepoint ... ok
[INFO] [stdout] test ristretto::test::four_torsion_basepoint ... ok
[INFO] [stdout] test ristretto::test::four_torsion_random ... ok
[INFO] [stdout] test ristretto::test::impl_sum ... ok
[INFO] [stdout] test ristretto::test::one_way_map ... ok
[INFO] [stdout] test ristretto::test::random_roundtrip ... ok
[INFO] [stdout] test ristretto::test::scalarmult_ristrettopoint_works_both_ways ... ok
[INFO] [stdout] test montgomery::test::montgomery_mul_bits_be ... ok
[INFO] [stdout] test scalar::test::add_reduces ... ok
[INFO] [stdout] test scalar::test::batch_invert_consistency ... ok
[INFO] [stdout] test scalar::test::batch_invert_empty ... ok
[INFO] [stdout] test scalar::test::batch_invert_with_a_zero_input_panics - should panic ... ok
[INFO] [stdout] test scalar::test::canonical_decoding ... ok
[INFO] [stdout] test scalar::test::ff_constants ... ok
[INFO] [stdout] test scalar::test::ff_impls ... ok
[INFO] [stdout] test scalar::test::from_bytes_mod_order_wide ... ok
[INFO] [stdout] test scalar::test::from_u64 ... ok
[INFO] [stdout] test scalar::test::fuzzer_testcase_reduction ... ok
[INFO] [stdout] test scalar::test::impl_add ... ok
[INFO] [stdout] test scalar::test::impl_mul ... ok
[INFO] [stdout] test scalar::test::impl_product ... ok
[INFO] [stdout] test scalar::test::impl_sum ... ok
[INFO] [stdout] test scalar::test::invert ... ok
[INFO] [stdout] test scalar::test::montgomery_reduce_matches_from_bytes_mod_order_wide ... ok
[INFO] [stdout] test scalar::test::neg_twice_is_identity ... ok
[INFO] [stdout] test ristretto::test::vartime_precomputed_vs_nonprecomputed_multiscalar ... ok
[INFO] [stdout] test scalar::test::non_adjacent_form_test_vector ... ok
[INFO] [stdout] test scalar::test::reduce ... ok
[INFO] [stdout] test scalar::test::scalar_mul_by_one ... ok
[INFO] [stdout] test scalar::test::square ... ok
[INFO] [stdout] test scalar::test::sub_reduces ... ok
[INFO] [stdout] test scalar::test::test_mul_reduction_invariance ... ok
[INFO] [stdout] test scalar::test::test_pippenger_radix ... ok
[INFO] [stdout] test scalar::test::test_read_le_u64_into ... ok
[INFO] [stdout] test scalar::test::test_read_le_u64_into_should_panic_on_bad_input - should panic ... ok
[INFO] [stdout] test scalar::test::test_scalar_clamp ... ok
[INFO] [stdout] test scalar::test::test_scalar_from_int ... ok
[INFO] [stdout] test scalar::test::to_bytes_from_bytes_roundtrips ... ok
[INFO] [stdout] test scalar::test::non_adjacent_form_random ... ok
[INFO] [stdout] test edwards::test::monte_carlo_overflow_underflow_debug_assert_test ... ok
[INFO] [stdout] test backend::serial::scalar_mul::pippenger::test::test_vartime_pippenger ... ok
[INFO] [stdout] test edwards::test::multiscalar_consistency_n_100 ... ok
[INFO] [stdout] test edwards::test::multiscalar_consistency_n_1000 has been running for over 60 seconds
[INFO] [stdout] test edwards::test::multiscalar_consistency_n_250 has been running for over 60 seconds
[INFO] [stdout] test edwards::test::multiscalar_consistency_n_500 has been running for over 60 seconds
[INFO] [stdout] test edwards::test::multiscalar_consistency_n_250 ... ok
[INFO] [stdout] test edwards::test::multiscalar_consistency_n_500 ... ok
[INFO] [stdout] test edwards::test::multiscalar_consistency_n_1000 ... ok
[INFO] [stdout] 
[INFO] [stdout] test result: ok. 121 passed; 0 failed; 0 ignored; 0 measured; 0 filtered out; finished in 326.92s
[INFO] [stdout] 
[INFO] [stderr]    Doc-tests curve25519-dalek-ml
[INFO] [stdout] 
[INFO] [stdout] running 18 tests
[INFO] [stdout] test src/scalar.rs - scalar (line 68) ... FAILED
[INFO] [stdout] test src/scalar.rs - scalar (line 91) ... ignored
[INFO] [stdout] test src/ristretto.rs - ristretto::RistrettoBasepointTable (line 1072) ... FAILED
[INFO] [stdout] test src/scalar.rs - scalar (line 36) ... FAILED
[INFO] [stdout] test src/scalar.rs - scalar (line 48) ... FAILED
[INFO] [stdout] test src/ristretto.rs - ristretto::RistrettoPoint::double_and_compress_batch (line 532) ... FAILED
[INFO] [stdout] test src/scalar.rs - scalar::Scalar::as_bytes (line 701) ... FAILED
[INFO] [stdout] test src/scalar.rs - scalar::Scalar::from (line 531) ... FAILED
[INFO] [stdout] test src/scalar.rs - scalar::Scalar::invert (line 726) ... FAILED
[INFO] [stdout] test src/scalar.rs - scalar::Scalar::batch_invert (line 770) ... FAILED
[INFO] [stdout] test src/scalar.rs - scalar::Scalar::random (line 590) ... FAILED
[INFO] [stdout] test src/scalar.rs - scalar::Scalar::to_bytes (line 686) ... FAILED
[INFO] [stdout] test src/traits.rs - traits::MultiscalarMul::multiscalar_mul (line 98) ... FAILED
[INFO] [stdout] test src/edwards.rs - edwards::EdwardsPoint::is_small_order (line 1283) ... FAILED
[INFO] [stdout] test src/traits.rs - traits::VartimeMultiscalarMul::optional_multiscalar_mul (line 153) ... FAILED
[INFO] [stdout] test src/edwards.rs - edwards::EdwardsPoint::is_torsion_free (line 1313) ... FAILED
[INFO] [stdout] test src/traits.rs - traits::VartimeMultiscalarMul::vartime_multiscalar_mul (line 219) ... FAILED
[INFO] [stdout] test src/ristretto.rs - ristretto::RistrettoPoint::conditional_select (line 1124) ... FAILED
[INFO] [stdout] 
[INFO] [stdout] failures:
[INFO] [stdout] 
[INFO] [stdout] ---- src/scalar.rs - scalar (line 68) stdout ----
[INFO] [stdout] error[E0433]: failed to resolve: use of undeclared crate or module `curve25519_dalek`
[INFO] [stdout]  --> src/scalar.rs:69:5
[INFO] [stdout]   |
[INFO] [stdout] 3 | use curve25519_dalek::scalar::Scalar;
[INFO] [stdout]   |     ^^^^^^^^^^^^^^^^ use of undeclared crate or module `curve25519_dalek`
[INFO] [stdout]   |
[INFO] [stdout] help: there is a crate or module with a similar name
[INFO] [stdout]   |
[INFO] [stdout] 3 | use curve25519_dalek_ml::scalar::Scalar;
[INFO] [stdout]   |     ~~~~~~~~~~~~~~~~~~~
[INFO] [stdout] 
[INFO] [stdout] error: aborting due to previous error
[INFO] [stdout] 
[INFO] [stdout] For more information about this error, try `rustc --explain E0433`.
[INFO] [stdout] Couldn't compile the test.
[INFO] [stdout] ---- src/ristretto.rs - ristretto::RistrettoBasepointTable (line 1072) stdout ----
[INFO] [stdout] error[E0433]: failed to resolve: use of undeclared crate or module `curve25519_dalek`
[INFO] [stdout]  --> src/ristretto.rs:1073:5
[INFO] [stdout]   |
[INFO] [stdout] 3 | use curve25519_dalek::constants::RISTRETTO_BASEPOINT_TABLE;
[INFO] [stdout]   |     ^^^^^^^^^^^^^^^^ use of undeclared crate or module `curve25519_dalek`
[INFO] [stdout]   |
[INFO] [stdout] help: there is a crate or module with a similar name
[INFO] [stdout]   |
[INFO] [stdout] 3 | use curve25519_dalek_ml::constants::RISTRETTO_BASEPOINT_TABLE;
[INFO] [stdout]   |     ~~~~~~~~~~~~~~~~~~~
[INFO] [stdout] 
[INFO] [stdout] error[E0433]: failed to resolve: use of undeclared crate or module `curve25519_dalek`
[INFO] [stdout]  --> src/ristretto.rs:1074:5
[INFO] [stdout]   |
[INFO] [stdout] 4 | use curve25519_dalek::scalar::Scalar;
[INFO] [stdout]   |     ^^^^^^^^^^^^^^^^ use of undeclared crate or module `curve25519_dalek`
[INFO] [stdout]   |
[INFO] [stdout] help: there is a crate or module with a similar name
[INFO] [stdout]   |
[INFO] [stdout] 4 | use curve25519_dalek_ml::scalar::Scalar;
[INFO] [stdout]   |     ~~~~~~~~~~~~~~~~~~~
[INFO] [stdout] 
[INFO] [stdout] error: aborting due to 2 previous errors
[INFO] [stdout] 
[INFO] [stdout] For more information about this error, try `rustc --explain E0433`.
[INFO] [stdout] Couldn't compile the test.
[INFO] [stdout] ---- src/scalar.rs - scalar (line 36) stdout ----
[INFO] [stdout] error[E0433]: failed to resolve: use of undeclared crate or module `curve25519_dalek`
[INFO] [stdout]  --> src/scalar.rs:37:5
[INFO] [stdout]   |
[INFO] [stdout] 3 | use curve25519_dalek::scalar::Scalar;
[INFO] [stdout]   |     ^^^^^^^^^^^^^^^^ use of undeclared crate or module `curve25519_dalek`
[INFO] [stdout]   |
[INFO] [stdout] help: there is a crate or module with a similar name
[INFO] [stdout]   |
[INFO] [stdout] 3 | use curve25519_dalek_ml::scalar::Scalar;
[INFO] [stdout]   |     ~~~~~~~~~~~~~~~~~~~
[INFO] [stdout] 
[INFO] [stdout] error: aborting due to previous error
[INFO] [stdout] 
[INFO] [stdout] For more information about this error, try `rustc --explain E0433`.
[INFO] [stdout] Couldn't compile the test.
[INFO] [stdout] ---- src/scalar.rs - scalar (line 48) stdout ----
[INFO] [stdout] error[E0433]: failed to resolve: use of undeclared crate or module `curve25519_dalek`
[INFO] [stdout]  --> src/scalar.rs:49:5
[INFO] [stdout]   |
[INFO] [stdout] 3 | use curve25519_dalek::scalar::Scalar;
[INFO] [stdout]   |     ^^^^^^^^^^^^^^^^ use of undeclared crate or module `curve25519_dalek`
[INFO] [stdout]   |
[INFO] [stdout] help: there is a crate or module with a similar name
[INFO] [stdout]   |
[INFO] [stdout] 3 | use curve25519_dalek_ml::scalar::Scalar;
[INFO] [stdout]   |     ~~~~~~~~~~~~~~~~~~~
[INFO] [stdout] 
[INFO] [stdout] error: aborting due to previous error
[INFO] [stdout] 
[INFO] [stdout] For more information about this error, try `rustc --explain E0433`.
[INFO] [stdout] Couldn't compile the test.
[INFO] [stdout] ---- src/ristretto.rs - ristretto::RistrettoPoint::double_and_compress_batch (line 532) stdout ----
[INFO] [stdout] error[E0433]: failed to resolve: use of undeclared crate or module `curve25519_dalek`
[INFO] [stdout]  --> src/ristretto.rs:533:5
[INFO] [stdout]   |
[INFO] [stdout] 2 | use curve25519_dalek::ristretto::RistrettoPoint;
[INFO] [stdout]   |     ^^^^^^^^^^^^^^^^ use of undeclared crate or module `curve25519_dalek`
[INFO] [stdout]   |
[INFO] [stdout] help: there is a crate or module with a similar name
[INFO] [stdout]   |
[INFO] [stdout] 2 | use curve25519_dalek_ml::ristretto::RistrettoPoint;
[INFO] [stdout]   |     ~~~~~~~~~~~~~~~~~~~
[INFO] [stdout] 
[INFO] [stdout] error: aborting due to previous error
[INFO] [stdout] 
[INFO] [stdout] For more information about this error, try `rustc --explain E0433`.
[INFO] [stdout] Couldn't compile the test.
[INFO] [stdout] ---- src/scalar.rs - scalar::Scalar::as_bytes (line 701) stdout ----
[INFO] [stdout] error[E0433]: failed to resolve: use of undeclared crate or module `curve25519_dalek`
[INFO] [stdout]  --> src/scalar.rs:702:5
[INFO] [stdout]   |
[INFO] [stdout] 3 | use curve25519_dalek::scalar::Scalar;
[INFO] [stdout]   |     ^^^^^^^^^^^^^^^^ use of undeclared crate or module `curve25519_dalek`
[INFO] [stdout]   |
[INFO] [stdout] help: there is a crate or module with a similar name
[INFO] [stdout]   |
[INFO] [stdout] 3 | use curve25519_dalek_ml::scalar::Scalar;
[INFO] [stdout]   |     ~~~~~~~~~~~~~~~~~~~
[INFO] [stdout] 
[INFO] [stdout] error: aborting due to previous error
[INFO] [stdout] 
[INFO] [stdout] For more information about this error, try `rustc --explain E0433`.
[INFO] [stdout] Couldn't compile the test.
[INFO] [stdout] ---- src/scalar.rs - scalar::Scalar::from (line 531) stdout ----
[INFO] [stdout] error[E0433]: failed to resolve: use of undeclared crate or module `curve25519_dalek`
[INFO] [stdout]  --> src/scalar.rs:532:5
[INFO] [stdout]   |
[INFO] [stdout] 3 | use curve25519_dalek::scalar::Scalar;
[INFO] [stdout]   |     ^^^^^^^^^^^^^^^^ use of undeclared crate or module `curve25519_dalek`
[INFO] [stdout]   |
[INFO] [stdout] help: there is a crate or module with a similar name
[INFO] [stdout]   |
[INFO] [stdout] 3 | use curve25519_dalek_ml::scalar::Scalar;
[INFO] [stdout]   |     ~~~~~~~~~~~~~~~~~~~
[INFO] [stdout] 
[INFO] [stdout] error: aborting due to previous error
[INFO] [stdout] 
[INFO] [stdout] For more information about this error, try `rustc --explain E0433`.
[INFO] [stdout] Couldn't compile the test.
[INFO] [stdout] ---- src/scalar.rs - scalar::Scalar::invert (line 726) stdout ----
[INFO] [stdout] error[E0433]: failed to resolve: use of undeclared crate or module `curve25519_dalek`
[INFO] [stdout]  --> src/scalar.rs:727:5
[INFO] [stdout]   |
[INFO] [stdout] 3 | use curve25519_dalek::scalar::Scalar;
[INFO] [stdout]   |     ^^^^^^^^^^^^^^^^ use of undeclared crate or module `curve25519_dalek`
[INFO] [stdout]   |
[INFO] [stdout] help: there is a crate or module with a similar name
[INFO] [stdout]   |
[INFO] [stdout] 3 | use curve25519_dalek_ml::scalar::Scalar;
[INFO] [stdout]   |     ~~~~~~~~~~~~~~~~~~~
[INFO] [stdout] 
[INFO] [stdout] error: aborting due to previous error
[INFO] [stdout] 
[INFO] [stdout] For more information about this error, try `rustc --explain E0433`.
[INFO] [stdout] Couldn't compile the test.
[INFO] [stdout] ---- src/scalar.rs - scalar::Scalar::batch_invert (line 770) stdout ----
[INFO] [stdout] error[E0433]: failed to resolve: use of undeclared crate or module `curve25519_dalek`
[INFO] [stdout]  --> src/scalar.rs:771:5
[INFO] [stdout]   |
[INFO] [stdout] 2 | use curve25519_dalek::scalar::Scalar;
[INFO] [stdout]   |     ^^^^^^^^^^^^^^^^ use of undeclared crate or module `curve25519_dalek`
[INFO] [stdout]   |
[INFO] [stdout] help: there is a crate or module with a similar name
[INFO] [stdout]   |
[INFO] [stdout] 2 | use curve25519_dalek_ml::scalar::Scalar;
[INFO] [stdout]   |     ~~~~~~~~~~~~~~~~~~~
[INFO] [stdout] 
[INFO] [stdout] error: aborting due to previous error
[INFO] [stdout] 
[INFO] [stdout] For more information about this error, try `rustc --explain E0433`.
[INFO] [stdout] Couldn't compile the test.
[INFO] [stdout] ---- src/scalar.rs - scalar::Scalar::random (line 590) stdout ----
[INFO] [stdout] error[E0433]: failed to resolve: use of undeclared crate or module `curve25519_dalek`
[INFO] [stdout]  --> src/scalar.rs:592:5
[INFO] [stdout]   |
[INFO] [stdout] 3 | use curve25519_dalek::scalar::Scalar;
[INFO] [stdout]   |     ^^^^^^^^^^^^^^^^ use of undeclared crate or module `curve25519_dalek`
[INFO] [stdout]   |
[INFO] [stdout] help: there is a crate or module with a similar name
[INFO] [stdout]   |
[INFO] [stdout] 3 | use curve25519_dalek_ml::scalar::Scalar;
[INFO] [stdout]   |     ~~~~~~~~~~~~~~~~~~~
[INFO] [stdout] 
[INFO] [stdout] error: aborting due to previous error
[INFO] [stdout] 
[INFO] [stdout] For more information about this error, try `rustc --explain E0433`.
[INFO] [stdout] Couldn't compile the test.
[INFO] [stdout] ---- src/scalar.rs - scalar::Scalar::to_bytes (line 686) stdout ----
[INFO] [stdout] error[E0433]: failed to resolve: use of undeclared crate or module `curve25519_dalek`
[INFO] [stdout]  --> src/scalar.rs:687:5
[INFO] [stdout]   |
[INFO] [stdout] 3 | use curve25519_dalek::scalar::Scalar;
[INFO] [stdout]   |     ^^^^^^^^^^^^^^^^ use of undeclared crate or module `curve25519_dalek`
[INFO] [stdout]   |
[INFO] [stdout] help: there is a crate or module with a similar name
[INFO] [stdout]   |
[INFO] [stdout] 3 | use curve25519_dalek_ml::scalar::Scalar;
[INFO] [stdout]   |     ~~~~~~~~~~~~~~~~~~~
[INFO] [stdout] 
[INFO] [stdout] error: aborting due to previous error
[INFO] [stdout] 
[INFO] [stdout] For more information about this error, try `rustc --explain E0433`.
[INFO] [stdout] Couldn't compile the test.
[INFO] [stdout] ---- src/traits.rs - traits::MultiscalarMul::multiscalar_mul (line 98) stdout ----
[INFO] [stdout] error[E0433]: failed to resolve: use of undeclared crate or module `curve25519_dalek`
[INFO] [stdout]  --> src/traits.rs:102:5
[INFO] [stdout]   |
[INFO] [stdout] 6 | use curve25519_dalek::traits::MultiscalarMul;
[INFO] [stdout]   |     ^^^^^^^^^^^^^^^^ use of undeclared crate or module `curve25519_dalek`
[INFO] [stdout]   |
[INFO] [stdout] help: there is a crate or module with a similar name
[INFO] [stdout]   |
[INFO] [stdout] 6 | use curve25519_dalek_ml::traits::MultiscalarMul;
[INFO] [stdout]   |     ~~~~~~~~~~~~~~~~~~~
[INFO] [stdout] 
[INFO] [stdout] error[E0433]: failed to resolve: use of undeclared crate or module `curve25519_dalek`
[INFO] [stdout]  --> src/traits.rs:103:5
[INFO] [stdout]   |
[INFO] [stdout] 7 | use curve25519_dalek::ristretto::RistrettoPoint;
[INFO] [stdout]   |     ^^^^^^^^^^^^^^^^ use of undeclared crate or module `curve25519_dalek`
[INFO] [stdout]   |
[INFO] [stdout] help: there is a crate or module with a similar name
[INFO] [stdout]   |
[INFO] [stdout] 7 | use curve25519_dalek_ml::ristretto::RistrettoPoint;
[INFO] [stdout]   |     ~~~~~~~~~~~~~~~~~~~
[INFO] [stdout] 
[INFO] [stdout] error[E0433]: failed to resolve: use of undeclared crate or module `curve25519_dalek`
[INFO] [stdout]  --> src/traits.rs:104:5
[INFO] [stdout]   |
[INFO] [stdout] 8 | use curve25519_dalek::scalar::Scalar;
[INFO] [stdout]   |     ^^^^^^^^^^^^^^^^ use of undeclared crate or module `curve25519_dalek`
[INFO] [stdout]   |
[INFO] [stdout] help: there is a crate or module with a similar name
[INFO] [stdout]   |
[INFO] [stdout] 8 | use curve25519_dalek_ml::scalar::Scalar;
[INFO] [stdout]   |     ~~~~~~~~~~~~~~~~~~~
[INFO] [stdout] 
[INFO] [stdout] error[E0432]: unresolved import `curve25519_dalek`
[INFO] [stdout]  --> src/traits.rs:101:5
[INFO] [stdout]   |
[INFO] [stdout] 5 | use curve25519_dalek::constants;
[INFO] [stdout]   |     ^^^^^^^^^^^^^^^^ use of undeclared crate or module `curve25519_dalek`
[INFO] [stdout]   |
[INFO] [stdout] help: there is a crate or module with a similar name
[INFO] [stdout]   |
[INFO] [stdout] 5 | use curve25519_dalek_ml::constants;
[INFO] [stdout]   |     ~~~~~~~~~~~~~~~~~~~
[INFO] [stdout] 
[INFO] [stdout] error: aborting due to 4 previous errors
[INFO] [stdout] 
[INFO] [stdout] Some errors have detailed explanations: E0432, E0433.
[INFO] [stdout] For more information about an error, try `rustc --explain E0432`.
[INFO] [stdout] Couldn't compile the test.
[INFO] [stdout] ---- src/edwards.rs - edwards::EdwardsPoint::is_small_order (line 1283) stdout ----
[INFO] [stdout] error[E0432]: unresolved import `curve25519_dalek`
[INFO] [stdout]  --> src/edwards.rs:1284:5
[INFO] [stdout]   |
[INFO] [stdout] 3 | use curve25519_dalek::constants;
[INFO] [stdout]   |     ^^^^^^^^^^^^^^^^ use of undeclared crate or module `curve25519_dalek`
[INFO] [stdout]   |
[INFO] [stdout] help: there is a crate or module with a similar name
[INFO] [stdout]   |
[INFO] [stdout] 3 | use curve25519_dalek_ml::constants;
[INFO] [stdout]   |     ~~~~~~~~~~~~~~~~~~~
[INFO] [stdout] 
[INFO] [stdout] error: aborting due to previous error
[INFO] [stdout] 
[INFO] [stdout] For more information about this error, try `rustc --explain E0432`.
[INFO] [stdout] Couldn't compile the test.
[INFO] [stdout] ---- src/traits.rs - traits::VartimeMultiscalarMul::optional_multiscalar_mul (line 153) stdout ----
[INFO] [stdout] error[E0433]: failed to resolve: use of undeclared crate or module `curve25519_dalek`
[INFO] [stdout]  --> src/traits.rs:157:5
[INFO] [stdout]   |
[INFO] [stdout] 6 | use curve25519_dalek::traits::VartimeMultiscalarMul;
[INFO] [stdout]   |     ^^^^^^^^^^^^^^^^ use of undeclared crate or module `curve25519_dalek`
[INFO] [stdout]   |
[INFO] [stdout] help: there is a crate or module with a similar name
[INFO] [stdout]   |
[INFO] [stdout] 6 | use curve25519_dalek_ml::traits::VartimeMultiscalarMul;
[INFO] [stdout]   |     ~~~~~~~~~~~~~~~~~~~
[INFO] [stdout] 
[INFO] [stdout] error[E0433]: failed to resolve: use of undeclared crate or module `curve25519_dalek`
[INFO] [stdout]  --> src/traits.rs:158:5
[INFO] [stdout]   |
[INFO] [stdout] 7 | use curve25519_dalek::ristretto::RistrettoPoint;
[INFO] [stdout]   |     ^^^^^^^^^^^^^^^^ use of undeclared crate or module `curve25519_dalek`
[INFO] [stdout]   |
[INFO] [stdout] help: there is a crate or module with a similar name
[INFO] [stdout]   |
[INFO] [stdout] 7 | use curve25519_dalek_ml::ristretto::RistrettoPoint;
[INFO] [stdout]   |     ~~~~~~~~~~~~~~~~~~~
[INFO] [stdout] 
[INFO] [stdout] error[E0433]: failed to resolve: use of undeclared crate or module `curve25519_dalek`
[INFO] [stdout]  --> src/traits.rs:159:5
[INFO] [stdout]   |
[INFO] [stdout] 8 | use curve25519_dalek::scalar::Scalar;
[INFO] [stdout]   |     ^^^^^^^^^^^^^^^^ use of undeclared crate or module `curve25519_dalek`
[INFO] [stdout]   |
[INFO] [stdout] help: there is a crate or module with a similar name
[INFO] [stdout]   |
[INFO] [stdout] 8 | use curve25519_dalek_ml::scalar::Scalar;
[INFO] [stdout]   |     ~~~~~~~~~~~~~~~~~~~
[INFO] [stdout] 
[INFO] [stdout] error[E0432]: unresolved import `curve25519_dalek`
[INFO] [stdout]  --> src/traits.rs:156:5
[INFO] [stdout]   |
[INFO] [stdout] 5 | use curve25519_dalek::constants;
[INFO] [stdout]   |     ^^^^^^^^^^^^^^^^ use of undeclared crate or module `curve25519_dalek`
[INFO] [stdout]   |
[INFO] [stdout] help: there is a crate or module with a similar name
[INFO] [stdout]   |
[INFO] [stdout] 5 | use curve25519_dalek_ml::constants;
[INFO] [stdout]   |     ~~~~~~~~~~~~~~~~~~~
[INFO] [stdout] 
[INFO] [stdout] error: aborting due to 4 previous errors
[INFO] [stdout] 
[INFO] [stdout] Some errors have detailed explanations: E0432, E0433.
[INFO] [stdout] For more information about an error, try `rustc --explain E0432`.
[INFO] [stdout] Couldn't compile the test.
[INFO] [stdout] ---- src/edwards.rs - edwards::EdwardsPoint::is_torsion_free (line 1313) stdout ----
[INFO] [stdout] error[E0432]: unresolved import `curve25519_dalek`
[INFO] [stdout]  --> src/edwards.rs:1314:5
[INFO] [stdout]   |
[INFO] [stdout] 3 | use curve25519_dalek::constants;
[INFO] [stdout]   |     ^^^^^^^^^^^^^^^^ use of undeclared crate or module `curve25519_dalek`
[INFO] [stdout]   |
[INFO] [stdout] help: there is a crate or module with a similar name
[INFO] [stdout]   |
[INFO] [stdout] 3 | use curve25519_dalek_ml::constants;
[INFO] [stdout]   |     ~~~~~~~~~~~~~~~~~~~
[INFO] [stdout] 
[INFO] [stdout] error: aborting due to previous error
[INFO] [stdout] 
[INFO] [stdout] For more information about this error, try `rustc --explain E0432`.
[INFO] [stdout] Couldn't compile the test.
[INFO] [stdout] ---- src/traits.rs - traits::VartimeMultiscalarMul::vartime_multiscalar_mul (line 219) stdout ----
[INFO] [stdout] error[E0433]: failed to resolve: use of undeclared crate or module `curve25519_dalek`
[INFO] [stdout]  --> src/traits.rs:223:5
[INFO] [stdout]   |
[INFO] [stdout] 6 | use curve25519_dalek::traits::VartimeMultiscalarMul;
[INFO] [stdout]   |     ^^^^^^^^^^^^^^^^ use of undeclared crate or module `curve25519_dalek`
[INFO] [stdout]   |
[INFO] [stdout] help: there is a crate or module with a similar name
[INFO] [stdout]   |
[INFO] [stdout] 6 | use curve25519_dalek_ml::traits::VartimeMultiscalarMul;
[INFO] [stdout]   |     ~~~~~~~~~~~~~~~~~~~
[INFO] [stdout] 
[INFO] [stdout] error[E0433]: failed to resolve: use of undeclared crate or module `curve25519_dalek`
[INFO] [stdout]  --> src/traits.rs:224:5
[INFO] [stdout]   |
[INFO] [stdout] 7 | use curve25519_dalek::ristretto::RistrettoPoint;
[INFO] [stdout]   |     ^^^^^^^^^^^^^^^^ use of undeclared crate or module `curve25519_dalek`
[INFO] [stdout]   |
[INFO] [stdout] help: there is a crate or module with a similar name
[INFO] [stdout]   |
[INFO] [stdout] 7 | use curve25519_dalek_ml::ristretto::RistrettoPoint;
[INFO] [stdout]   |     ~~~~~~~~~~~~~~~~~~~
[INFO] [stdout] 
[INFO] [stdout] error[E0433]: failed to resolve: use of undeclared crate or module `curve25519_dalek`
[INFO] [stdout]  --> src/traits.rs:225:5
[INFO] [stdout]   |
[INFO] [stdout] 8 | use curve25519_dalek::scalar::Scalar;
[INFO] [stdout]   |     ^^^^^^^^^^^^^^^^ use of undeclared crate or module `curve25519_dalek`
[INFO] [stdout]   |
[INFO] [stdout] help: there is a crate or module with a similar name
[INFO] [stdout]   |
[INFO] [stdout] 8 | use curve25519_dalek_ml::scalar::Scalar;
[INFO] [stdout]   |     ~~~~~~~~~~~~~~~~~~~
[INFO] [stdout] 
[INFO] [stdout] error[E0432]: unresolved import `curve25519_dalek`
[INFO] [stdout]  --> src/traits.rs:222:5
[INFO] [stdout]   |
[INFO] [stdout] 5 | use curve25519_dalek::constants;
[INFO] [stdout]   |     ^^^^^^^^^^^^^^^^ use of undeclared crate or module `curve25519_dalek`
[INFO] [stdout]   |
[INFO] [stdout] help: there is a crate or module with a similar name
[INFO] [stdout]   |
[INFO] [stdout] 5 | use curve25519_dalek_ml::constants;
[INFO] [stdout]   |     ~~~~~~~~~~~~~~~~~~~
[INFO] [stdout] 
[INFO] [stdout] error: aborting due to 4 previous errors
[INFO] [stdout] 
[INFO] [stdout] Some errors have detailed explanations: E0432, E0433.
[INFO] [stdout] For more information about an error, try `rustc --explain E0432`.
[INFO] [stdout] Couldn't compile the test.
[INFO] [stdout] ---- src/ristretto.rs - ristretto::RistrettoPoint::conditional_select (line 1124) stdout ----
[INFO] [stdout] error[E0433]: failed to resolve: use of undeclared crate or module `curve25519_dalek`
[INFO] [stdout]  --> src/ristretto.rs:1128:5
[INFO] [stdout]   |
[INFO] [stdout] 5 | use curve25519_dalek::traits::Identity;
[INFO] [stdout]   |     ^^^^^^^^^^^^^^^^ use of undeclared crate or module `curve25519_dalek`
[INFO] [stdout]   |
[INFO] [stdout] help: there is a crate or module with a similar name
[INFO] [stdout]   |
[INFO] [stdout] 5 | use curve25519_dalek_ml::traits::Identity;
[INFO] [stdout]   |     ~~~~~~~~~~~~~~~~~~~
[INFO] [stdout] 
[INFO] [stdout] error[E0433]: failed to resolve: use of undeclared crate or module `curve25519_dalek`
[INFO] [stdout]  --> src/ristretto.rs:1129:5
[INFO] [stdout]   |
[INFO] [stdout] 6 | use curve25519_dalek::ristretto::RistrettoPoint;
[INFO] [stdout]   |     ^^^^^^^^^^^^^^^^ use of undeclared crate or module `curve25519_dalek`
[INFO] [stdout]   |
[INFO] [stdout] help: there is a crate or module with a similar name
[INFO] [stdout]   |
[INFO] [stdout] 6 | use curve25519_dalek_ml::ristretto::RistrettoPoint;
[INFO] [stdout]   |     ~~~~~~~~~~~~~~~~~~~
[INFO] [stdout] 
[INFO] [stdout] error[E0432]: unresolved import `curve25519_dalek`
[INFO] [stdout]  --> src/ristretto.rs:1130:5
[INFO] [stdout]   |
[INFO] [stdout] 7 | use curve25519_dalek::constants;
[INFO] [stdout]   |     ^^^^^^^^^^^^^^^^ use of undeclared crate or module `curve25519_dalek`
[INFO] [stdout]   |
[INFO] [stdout] help: there is a crate or module with a similar name
[INFO] [stdout]   |
[INFO] [stdout] 7 | use curve25519_dalek_ml::constants;
[INFO] [stdout]   |     ~~~~~~~~~~~~~~~~~~~
[INFO] [stdout] 
[INFO] [stdout] error: aborting due to 3 previous errors
[INFO] [stdout] 
[INFO] [stdout] Some errors have detailed explanations: E0432, E0433.
[INFO] [stdout] For more information about an error, try `rustc --explain E0432`.
[INFO] [stdout] Couldn't compile the test.
[INFO] [stdout] 
[INFO] [stdout] failures:
[INFO] [stdout]     src/edwards.rs - edwards::EdwardsPoint::is_small_order (line 1283)
[INFO] [stdout]     src/edwards.rs - edwards::EdwardsPoint::is_torsion_free (line 1313)
[INFO] [stdout]     src/ristretto.rs - ristretto::RistrettoBasepointTable (line 1072)
[INFO] [stdout]     src/ristretto.rs - ristretto::RistrettoPoint::conditional_select (line 1124)
[INFO] [stdout]     src/ristretto.rs - ristretto::RistrettoPoint::double_and_compress_batch (line 532)
[INFO] [stdout]     src/scalar.rs - scalar (line 36)
[INFO] [stdout]     src/scalar.rs - scalar (line 48)
[INFO] [stdout]     src/scalar.rs - scalar (line 68)
[INFO] [stdout]     src/scalar.rs - scalar::Scalar::as_bytes (line 701)
[INFO] [stdout]     src/scalar.rs - scalar::Scalar::batch_invert (line 770)
[INFO] [stdout]     src/scalar.rs - scalar::Scalar::from (line 531)
[INFO] [stdout]     src/scalar.rs - scalar::Scalar::invert (line 726)
[INFO] [stdout]     src/scalar.rs - scalar::Scalar::random (line 590)
[INFO] [stdout]     src/scalar.rs - scalar::Scalar::to_bytes (line 686)
[INFO] [stdout]     src/traits.rs - traits::MultiscalarMul::multiscalar_mul (line 98)
[INFO] [stdout]     src/traits.rs - traits::VartimeMultiscalarMul::optional_multiscalar_mul (line 153)
[INFO] [stdout]     src/traits.rs - traits::VartimeMultiscalarMul::vartime_multiscalar_mul (line 219)
[INFO] [stdout] 
[INFO] [stdout] test result: FAILED. 0 passed; 17 failed; 1 ignored; 0 measured; 0 filtered out; finished in 0.15s
[INFO] [stdout] 
[INFO] [stderr] error: doctest failed, to rerun pass `--doc`
[INFO] running `Command { std: "docker" "inspect" "21aa921a6cb38209c4b30a5e82a078871d6d7d08b46191b3afc23ff1417cd4b0", kill_on_drop: false }`
[INFO] running `Command { std: "docker" "rm" "-f" "21aa921a6cb38209c4b30a5e82a078871d6d7d08b46191b3afc23ff1417cd4b0", kill_on_drop: false }`
[INFO] [stdout] 21aa921a6cb38209c4b30a5e82a078871d6d7d08b46191b3afc23ff1417cd4b0
[INFO] testing curve25519-dalek-ml-4.1.1 against beta-2023-12-22 for beta-1.76-1
[INFO] extracting crate curve25519-dalek-ml 4.1.1 into /workspace/builds/worker-3-tc2/source
[INFO] validating manifest of crates.io crate curve25519-dalek-ml 4.1.1 on toolchain beta-2023-12-22
[INFO] running `Command { std: CARGO_HOME="/workspace/cargo-home" RUSTUP_HOME="/workspace/rustup-home" "/workspace/cargo-home/bin/cargo" "+beta-2023-12-22" "metadata" "--manifest-path" "Cargo.toml" "--no-deps", kill_on_drop: false }`
[INFO] started tweaking crates.io crate curve25519-dalek-ml 4.1.1
[INFO] finished tweaking crates.io crate curve25519-dalek-ml 4.1.1
[INFO] tweaked toml for crates.io crate curve25519-dalek-ml 4.1.1 written to /workspace/builds/worker-3-tc2/source/Cargo.toml
[INFO] running `Command { std: CARGO_HOME="/workspace/cargo-home" RUSTUP_HOME="/workspace/rustup-home" "/workspace/cargo-home/bin/cargo" "+beta-2023-12-22" "generate-lockfile" "--manifest-path" "Cargo.toml", kill_on_drop: false }`
[INFO] [stderr]     Updating crates.io index
[INFO] running `Command { std: CARGO_HOME="/workspace/cargo-home" RUSTUP_HOME="/workspace/rustup-home" "/workspace/cargo-home/bin/cargo" "+beta-2023-12-22" "fetch" "--manifest-path" "Cargo.toml", kill_on_drop: false }`
[INFO] running `Command { std: "docker" "create" "-v" "/var/lib/crater-agent-workspace/builds/worker-3-tc2/target:/opt/rustwide/target:rw,Z" "-v" "/var/lib/crater-agent-workspace/builds/worker-3-tc2/source:/opt/rustwide/workdir:ro,Z" "-v" "/var/lib/crater-agent-workspace/cargo-home:/opt/rustwide/cargo-home:ro,Z" "-v" "/var/lib/crater-agent-workspace/rustup-home:/opt/rustwide/rustup-home:ro,Z" "-e" "SOURCE_DIR=/opt/rustwide/workdir" "-e" "CARGO_TARGET_DIR=/opt/rustwide/target" "-e" "CARGO_HOME=/opt/rustwide/cargo-home" "-e" "RUSTUP_HOME=/opt/rustwide/rustup-home" "-w" "/opt/rustwide/workdir" "-m" "1610612736" "--user" "0:0" "--network" "none" "ghcr.io/rust-lang/crates-build-env/linux@sha256:2788e3201cd34a07e3172128adcd8b3090168a8e3bcc40d7c032b9dda1df7d1c" "/opt/rustwide/cargo-home/bin/cargo" "+beta-2023-12-22" "metadata" "--no-deps" "--format-version=1", kill_on_drop: false }`
[INFO] [stdout] 47ca5f009c5a076faa7049ecc46f498f6a1d2a73e2814656c26534b7f8569aaa
[INFO] running `Command { std: "docker" "start" "-a" "47ca5f009c5a076faa7049ecc46f498f6a1d2a73e2814656c26534b7f8569aaa", kill_on_drop: false }`
[INFO] running `Command { std: "docker" "inspect" "47ca5f009c5a076faa7049ecc46f498f6a1d2a73e2814656c26534b7f8569aaa", kill_on_drop: false }`
[INFO] running `Command { std: "docker" "rm" "-f" "47ca5f009c5a076faa7049ecc46f498f6a1d2a73e2814656c26534b7f8569aaa", kill_on_drop: false }`
[INFO] [stdout] 47ca5f009c5a076faa7049ecc46f498f6a1d2a73e2814656c26534b7f8569aaa
[INFO] running `Command { std: "docker" "create" "-v" "/var/lib/crater-agent-workspace/builds/worker-3-tc2/target:/opt/rustwide/target:rw,Z" "-v" "/var/lib/crater-agent-workspace/builds/worker-3-tc2/source:/opt/rustwide/workdir:ro,Z" "-v" "/var/lib/crater-agent-workspace/cargo-home:/opt/rustwide/cargo-home:ro,Z" "-v" "/var/lib/crater-agent-workspace/rustup-home:/opt/rustwide/rustup-home:ro,Z" "-e" "SOURCE_DIR=/opt/rustwide/workdir" "-e" "CARGO_TARGET_DIR=/opt/rustwide/target" "-e" "CARGO_INCREMENTAL=0" "-e" "RUST_BACKTRACE=full" "-e" "RUSTFLAGS=--cap-lints=warn" "-e" "RUSTDOCFLAGS=--cap-lints=warn" "-e" "CARGO_HOME=/opt/rustwide/cargo-home" "-e" "RUSTUP_HOME=/opt/rustwide/rustup-home" "-w" "/opt/rustwide/workdir" "-m" "1610612736" "--user" "0:0" "--network" "none" "ghcr.io/rust-lang/crates-build-env/linux@sha256:2788e3201cd34a07e3172128adcd8b3090168a8e3bcc40d7c032b9dda1df7d1c" "/opt/rustwide/cargo-home/bin/cargo" "+beta-2023-12-22" "build" "--frozen" "--message-format=json", kill_on_drop: false }`
[INFO] [stdout] 33f8668eb84e9348496b6f83b998419c999b4f04aa20fc938adefd31dc860a14
[INFO] running `Command { std: "docker" "start" "-a" "33f8668eb84e9348496b6f83b998419c999b4f04aa20fc938adefd31dc860a14", kill_on_drop: false }`
[INFO] [stderr]    Compiling zeroize v1.7.0
[INFO] [stderr]    Compiling semver v1.0.21
[INFO] [stderr]    Compiling subtle v2.5.0
[INFO] [stderr]    Compiling generic-array v0.14.7
[INFO] [stderr]    Compiling platforms v3.3.0
[INFO] [stderr]    Compiling base16ct v0.2.0
[INFO] [stderr]    Compiling syn v2.0.48
[INFO] [stderr]    Compiling ff v0.13.0
[INFO] [stderr]    Compiling group v0.13.0
[INFO] [stderr]    Compiling rustc_version v0.4.0
[INFO] [stderr]    Compiling curve25519-dalek-ml v4.1.1 (/opt/rustwide/workdir)
[INFO] [stderr]    Compiling block-buffer v0.10.4
[INFO] [stderr]    Compiling crypto-common v0.1.6
[INFO] [stderr]    Compiling crypto-bigint v0.5.5
[INFO] [stderr]    Compiling digest v0.10.7
[INFO] [stderr]    Compiling elliptic-curve v0.13.8
[INFO] [stderr]    Compiling curve25519-dalek-derive v0.1.1
[INFO] [stderr]     Finished dev [unoptimized + debuginfo] target(s) in 3.05s
[INFO] running `Command { std: "docker" "inspect" "33f8668eb84e9348496b6f83b998419c999b4f04aa20fc938adefd31dc860a14", kill_on_drop: false }`
[INFO] running `Command { std: "docker" "rm" "-f" "33f8668eb84e9348496b6f83b998419c999b4f04aa20fc938adefd31dc860a14", kill_on_drop: false }`
[INFO] [stdout] 33f8668eb84e9348496b6f83b998419c999b4f04aa20fc938adefd31dc860a14
[INFO] running `Command { std: "docker" "create" "-v" "/var/lib/crater-agent-workspace/builds/worker-3-tc2/target:/opt/rustwide/target:rw,Z" "-v" "/var/lib/crater-agent-workspace/builds/worker-3-tc2/source:/opt/rustwide/workdir:ro,Z" "-v" "/var/lib/crater-agent-workspace/cargo-home:/opt/rustwide/cargo-home:ro,Z" "-v" "/var/lib/crater-agent-workspace/rustup-home:/opt/rustwide/rustup-home:ro,Z" "-e" "SOURCE_DIR=/opt/rustwide/workdir" "-e" "CARGO_TARGET_DIR=/opt/rustwide/target" "-e" "CARGO_INCREMENTAL=0" "-e" "RUST_BACKTRACE=full" "-e" "RUSTFLAGS=--cap-lints=warn" "-e" "RUSTDOCFLAGS=--cap-lints=warn" "-e" "CARGO_HOME=/opt/rustwide/cargo-home" "-e" "RUSTUP_HOME=/opt/rustwide/rustup-home" "-w" "/opt/rustwide/workdir" "-m" "1610612736" "--user" "0:0" "--network" "none" "ghcr.io/rust-lang/crates-build-env/linux@sha256:2788e3201cd34a07e3172128adcd8b3090168a8e3bcc40d7c032b9dda1df7d1c" "/opt/rustwide/cargo-home/bin/cargo" "+beta-2023-12-22" "test" "--frozen" "--no-run" "--message-format=json", kill_on_drop: false }`
[INFO] [stdout] 3b0bcd0dc7d45d99a0b3163ceca5c0da8bfb0ed3d632e3c184cfb1b9f2652787
[INFO] running `Command { std: "docker" "start" "-a" "3b0bcd0dc7d45d99a0b3163ceca5c0da8bfb0ed3d632e3c184cfb1b9f2652787", kill_on_drop: false }`
[INFO] [stderr]    Compiling serde v1.0.194
[INFO] [stderr]    Compiling libc v0.2.151
[INFO] [stderr]    Compiling crossbeam-epoch v0.9.17
[INFO] [stderr]    Compiling num-traits v0.2.17
[INFO] [stderr]    Compiling rustix v0.38.28
[INFO] [stderr]    Compiling serde_derive v1.0.194
[INFO] [stderr]    Compiling rayon-core v1.12.0
[INFO] [stderr]    Compiling either v1.9.0
[INFO] [stderr]    Compiling clap_lex v0.6.0
[INFO] [stderr]    Compiling plotters-backend v0.3.5
[INFO] [stderr]    Compiling crossbeam-deque v0.8.4
[INFO] [stderr]    Compiling regex-syntax v0.8.2
[INFO] [stderr]    Compiling linux-raw-sys v0.4.12
[INFO] [stderr]    Compiling anstyle v1.0.4
[INFO] [stderr]    Compiling half v1.8.2
[INFO] [stderr]    Compiling ciborium-io v0.2.1
[INFO] [stderr]    Compiling clap_builder v4.4.12
[INFO] [stderr]    Compiling getrandom v0.2.11
[INFO] [stderr]    Compiling ciborium-ll v0.2.1
[INFO] [stderr]    Compiling rand_core v0.6.4
[INFO] [stderr]    Compiling plotters-svg v0.3.5
[INFO] [stderr]    Compiling ff v0.13.0
[INFO] [stderr]    Compiling crypto-bigint v0.5.5
[INFO] [stderr]    Compiling group v0.13.0
[INFO] [stderr]    Compiling itertools v0.10.5
[INFO] [stderr]    Compiling same-file v1.0.6
[INFO] [stderr]    Compiling cast v0.3.0
[INFO] [stderr]    Compiling is-terminal v0.4.10
[INFO] [stderr]    Compiling walkdir v2.4.0
[INFO] [stderr]    Compiling rand_chacha v0.3.1
[INFO] [stderr]    Compiling regex-automata v0.4.3
[INFO] [stderr]    Compiling plotters v0.3.5
[INFO] [stderr]    Compiling clap v4.4.13
[INFO] [stderr]    Compiling rayon v1.8.0
[INFO] [stderr]    Compiling criterion-plot v0.5.0
[INFO] [stderr]    Compiling elliptic-curve v0.13.8
[INFO] [stderr]    Compiling regex v1.10.2
[INFO] [stderr]    Compiling oorandom v11.1.3
[INFO] [stderr]    Compiling anes v0.1.6
[INFO] [stderr]    Compiling rand v0.8.5
[INFO] [stderr]    Compiling sha2 v0.10.8
[INFO] [stderr]    Compiling curve25519-dalek-ml v4.1.1 (/opt/rustwide/workdir)
[INFO] [stderr]    Compiling serde_json v1.0.111
[INFO] [stderr]    Compiling ciborium v0.2.1
[INFO] [stderr]    Compiling bincode v1.3.3
[INFO] [stderr]    Compiling tinytemplate v1.2.1
[INFO] [stderr]    Compiling criterion v0.5.1
[INFO] [stderr]     Finished test [unoptimized + debuginfo] target(s) in 10.77s
[INFO] running `Command { std: "docker" "inspect" "3b0bcd0dc7d45d99a0b3163ceca5c0da8bfb0ed3d632e3c184cfb1b9f2652787", kill_on_drop: false }`
[INFO] running `Command { std: "docker" "rm" "-f" "3b0bcd0dc7d45d99a0b3163ceca5c0da8bfb0ed3d632e3c184cfb1b9f2652787", kill_on_drop: false }`
[INFO] [stdout] 3b0bcd0dc7d45d99a0b3163ceca5c0da8bfb0ed3d632e3c184cfb1b9f2652787
[INFO] running `Command { std: "docker" "create" "-v" "/var/lib/crater-agent-workspace/builds/worker-3-tc2/target:/opt/rustwide/target:rw,Z" "-v" "/var/lib/crater-agent-workspace/builds/worker-3-tc2/source:/opt/rustwide/workdir:ro,Z" "-v" "/var/lib/crater-agent-workspace/cargo-home:/opt/rustwide/cargo-home:ro,Z" "-v" "/var/lib/crater-agent-workspace/rustup-home:/opt/rustwide/rustup-home:ro,Z" "-e" "SOURCE_DIR=/opt/rustwide/workdir" "-e" "CARGO_TARGET_DIR=/opt/rustwide/target" "-e" "CARGO_INCREMENTAL=0" "-e" "RUST_BACKTRACE=full" "-e" "RUSTFLAGS=--cap-lints=warn" "-e" "RUSTDOCFLAGS=--cap-lints=warn" "-e" "CARGO_HOME=/opt/rustwide/cargo-home" "-e" "RUSTUP_HOME=/opt/rustwide/rustup-home" "-w" "/opt/rustwide/workdir" "-m" "1610612736" "--user" "0:0" "--network" "none" "ghcr.io/rust-lang/crates-build-env/linux@sha256:2788e3201cd34a07e3172128adcd8b3090168a8e3bcc40d7c032b9dda1df7d1c" "/opt/rustwide/cargo-home/bin/cargo" "+beta-2023-12-22" "test" "--frozen", kill_on_drop: false }`
[INFO] [stdout] a75911088c30c4db3008863ebbb012ed83eb594a4353df69399eb4becc2777a0
[INFO] running `Command { std: "docker" "start" "-a" "a75911088c30c4db3008863ebbb012ed83eb594a4353df69399eb4becc2777a0", kill_on_drop: false }`
[INFO] [stderr]     Finished test [unoptimized + debuginfo] target(s) in 0.05s
[INFO] [stderr]      Running unittests src/lib.rs (/opt/rustwide/target/debug/deps/curve25519_dalek_ml-5812aedbc8dbf7a1)
[INFO] [stdout] 
[INFO] [stdout] running 121 tests
[INFO] [stdout] test backend::serial::u64::scalar::test::add ... ok
[INFO] [stdout] test backend::serial::u64::scalar::test::from_bytes_wide ... ok
[INFO] [stdout] test backend::serial::u64::scalar::test::montgomery_mul ... ok
[INFO] [stdout] test backend::serial::u64::scalar::test::montgomery_mul_max ... ok
[INFO] [stdout] test backend::serial::u64::scalar::test::montgomery_square_max ... ok
[INFO] [stdout] test backend::serial::u64::scalar::test::square_max ... ok
[INFO] [stdout] test backend::serial::u64::scalar::test::sub ... ok
[INFO] [stdout] test backend::serial::u64::scalar::test::mul ... ok
[INFO] [stdout] test constants::test::test_d_vs_ratio ... ok
[INFO] [stdout] test constants::test::test_eight_torsion ... ok
[INFO] [stdout] test constants::test::test_four_torsion ... ok
[INFO] [stdout] test backend::serial::u64::scalar::test::mul_max ... ok
[INFO] [stdout] test constants::test::test_sqrt_ad_minus_one ... ok
[INFO] [stdout] test constants::test::test_sqrt_minus_one ... ok
[INFO] [stdout] test constants::test::test_two_torsion ... ok
[INFO] [stdout] test constants::test::test_sqrt_constants_sign ... ok
[INFO] [stdout] test edwards::test::basepoint_decompression_compression ... ok
[INFO] [stdout] test edwards::test::basepoint16_vs_mul_by_pow_2_4 ... ok
[INFO] [stdout] test edwards::test::basepoint_double_vs_basepoint2 ... ok
[INFO] [stdout] test edwards::test::basepoint_mult_by_basepoint_order ... ok
[INFO] [stdout] test edwards::test::basepoint_plus_basepoint_affine_niels_vs_basepoint2 ... ok
[INFO] [stdout] test edwards::test::basepoint_plus_basepoint_projective_niels_vs_basepoint2 ... ok
[INFO] [stdout] test edwards::test::basepoint_mult_vs_ed25519py ... ok
[INFO] [stdout] test edwards::test::basepoint_mult_one_vs_basepoint ... ok
[INFO] [stdout] test edwards::test::basepoint_projective_extended_round_trip ... ok
[INFO] [stdout] test edwards::test::basepoint_mult_two_vs_basepoint2 ... ok
[INFO] [stdout] test edwards::test::basepoint_table_basepoint_function_correct ... ok
[INFO] [stdout] test edwards::test::compressed_identity ... ok
[INFO] [stdout] test edwards::test::conditional_assign_for_affine_niels_point ... ok
[INFO] [stdout] test edwards::test::basepoint_plus_basepoint_vs_basepoint2 ... ok
[INFO] [stdout] test edwards::test::decompression_sign_handling ... ok
[INFO] [stdout] test edwards::test::extended_point_equality_handles_scaling ... ok
[INFO] [stdout] test edwards::test::is_identity ... ok
[INFO] [stdout] test edwards::test::is_small_order ... ok
[INFO] [stdout] test edwards::test::hash_to_curve ... ok
[INFO] [stdout] test edwards::test::impl_sum ... ok
[INFO] [stdout] test edwards::test::basepoint_tables_unreduced_scalar ... ok
[INFO] [stdout] test edwards::test::basepoint_tables ... ok
[INFO] [stdout] test edwards::test::scalar_mul_vs_ed25519py ... ok
[INFO] [stdout] test edwards::test::scalarmult_extended_point_works_both_ways ... ok
[INFO] [stdout] test edwards::test::test_precomputed_basepoint_mult ... ok
[INFO] [stdout] test edwards::test::to_affine_niels_clears_denominators ... ok
[INFO] [stdout] test edwards::test::vartime::double_scalar_mul_basepoint_vs_ed25519py ... ok
[INFO] [stdout] test edwards::test::vartime::multiscalar_mul_vartime_vs_consttime ... ok
[INFO] [stdout] test edwards::test::vartime::multiscalar_mul_vs_ed25519py ... ok
[INFO] [stdout] test edwards::test::vartime_precomputed_vs_nonprecomputed_multiscalar ... ok
[INFO] [stdout] test field::test::a_invert_vs_inverse_of_a_constant ... ok
[INFO] [stdout] test field::test::a_mul_a_vs_a_squared_constant ... ok
[INFO] [stdout] test field::test::a_p58_vs_ap58_constant ... ok
[INFO] [stdout] test field::test::a_square2_vs_a_squared_constant ... ok
[INFO] [stdout] test field::test::a_square_vs_a_squared_constant ... ok
[INFO] [stdout] test field::test::batch_invert_a_matches_nonbatched ... ok
[INFO] [stdout] test field::test::batch_invert_empty ... ok
[INFO] [stdout] test field::test::conditional_negate ... ok
[INFO] [stdout] test field::test::encoding_is_canonical ... ok
[INFO] [stdout] test field::test::equality ... ok
[INFO] [stdout] test field::test::from_bytes_highbit_is_ignored ... ok
[INFO] [stdout] test field::test::sqrt_ratio_behavior ... ok
[INFO] [stdout] test montgomery::test::basepoint_edwards_to_montgomery ... ok
[INFO] [stdout] test montgomery::test::basepoint_montgomery_to_edwards ... ok
[INFO] [stdout] test montgomery::test::eq_defined_mod_p ... ok
[INFO] [stdout] test montgomery::test::identity_in_different_coordinates ... ok
[INFO] [stdout] test montgomery::test::identity_in_different_models ... ok
[INFO] [stdout] test montgomery::test::montgomery_elligator_correct ... ok
[INFO] [stdout] test montgomery::test::montgomery_elligator_zero_zero ... ok
[INFO] [stdout] test edwards::test::mul_base_clamped ... ok
[INFO] [stdout] test montgomery::test::montgomery_ladder_matches_edwards_scalarmult ... ok
[INFO] [stdout] test montgomery::test::montgomery_mul_bits_be_twist ... ok
[INFO] [stdout] test montgomery::test::montgomery_to_edwards_rejects_twist ... ok
[INFO] [stdout] test montgomery::test::mul_base_clamped ... ok
[INFO] [stdout] test ristretto::test::basepoint_roundtrip ... ok
[INFO] [stdout] test ristretto::test::compress_id ... ok
[INFO] [stdout] test ristretto::test::decompress_id ... ok
[INFO] [stdout] test ristretto::test::decompress_negative_s_fails ... ok
[INFO] [stdout] test ristretto::test::double_and_compress_1024_random_points ... ok
[INFO] [stdout] test ristretto::test::elligator_vs_ristretto_sage ... ok
[INFO] [stdout] test ristretto::test::encodings_of_small_multiples_of_basepoint ... ok
[INFO] [stdout] test ristretto::test::four_torsion_basepoint ... ok
[INFO] [stdout] test ristretto::test::four_torsion_random ... ok
[INFO] [stdout] test ristretto::test::impl_sum ... ok
[INFO] [stdout] test ristretto::test::one_way_map ... ok
[INFO] [stdout] test ristretto::test::random_roundtrip ... ok
[INFO] [stdout] test ristretto::test::scalarmult_ristrettopoint_works_both_ways ... ok
[INFO] [stdout] test montgomery::test::montgomery_mul_bits_be ... ok
[INFO] [stdout] test scalar::test::add_reduces ... ok
[INFO] [stdout] test scalar::test::batch_invert_consistency ... ok
[INFO] [stdout] test scalar::test::batch_invert_empty ... ok
[INFO] [stdout] test scalar::test::batch_invert_with_a_zero_input_panics - should panic ... ok
[INFO] [stdout] test scalar::test::canonical_decoding ... ok
[INFO] [stdout] test scalar::test::ff_constants ... ok
[INFO] [stdout] test scalar::test::ff_impls ... ok
[INFO] [stdout] test scalar::test::from_bytes_mod_order_wide ... ok
[INFO] [stdout] test scalar::test::from_u64 ... ok
[INFO] [stdout] test scalar::test::fuzzer_testcase_reduction ... ok
[INFO] [stdout] test scalar::test::impl_add ... ok
[INFO] [stdout] test scalar::test::impl_mul ... ok
[INFO] [stdout] test scalar::test::impl_product ... ok
[INFO] [stdout] test scalar::test::impl_sum ... ok
[INFO] [stdout] test scalar::test::invert ... ok
[INFO] [stdout] test scalar::test::montgomery_reduce_matches_from_bytes_mod_order_wide ... ok
[INFO] [stdout] test scalar::test::neg_twice_is_identity ... ok
[INFO] [stdout] test ristretto::test::vartime_precomputed_vs_nonprecomputed_multiscalar ... ok
[INFO] [stdout] test scalar::test::non_adjacent_form_test_vector ... ok
[INFO] [stdout] test scalar::test::reduce ... ok
[INFO] [stdout] test scalar::test::scalar_mul_by_one ... ok
[INFO] [stdout] test scalar::test::square ... ok
[INFO] [stdout] test scalar::test::sub_reduces ... ok
[INFO] [stdout] test scalar::test::test_mul_reduction_invariance ... ok
[INFO] [stdout] test scalar::test::test_pippenger_radix ... ok
[INFO] [stdout] test scalar::test::test_read_le_u64_into ... ok
[INFO] [stdout] test scalar::test::test_read_le_u64_into_should_panic_on_bad_input - should panic ... ok
[INFO] [stdout] test scalar::test::test_scalar_clamp ... ok
[INFO] [stdout] test scalar::test::test_scalar_from_int ... ok
[INFO] [stdout] test scalar::test::to_bytes_from_bytes_roundtrips ... ok
[INFO] [stdout] test scalar::test::non_adjacent_form_random ... ok
[INFO] [stdout] test edwards::test::monte_carlo_overflow_underflow_debug_assert_test ... ok
[INFO] [stdout] test backend::serial::scalar_mul::pippenger::test::test_vartime_pippenger ... ok
[INFO] [stdout] test edwards::test::multiscalar_consistency_n_100 ... ok
[INFO] [stdout] test edwards::test::multiscalar_consistency_n_1000 has been running for over 60 seconds
[INFO] [stdout] test edwards::test::multiscalar_consistency_n_250 has been running for over 60 seconds
[INFO] [stdout] test edwards::test::multiscalar_consistency_n_500 has been running for over 60 seconds
[INFO] [stdout] test edwards::test::multiscalar_consistency_n_250 ... ok
[INFO] [stdout] test edwards::test::multiscalar_consistency_n_500 ... ok
[INFO] [stdout] test edwards::test::multiscalar_consistency_n_1000 ... ok
[INFO] [stdout] 
[INFO] [stdout] test result: ok. 121 passed; 0 failed; 0 ignored; 0 measured; 0 filtered out; finished in 251.25s
[INFO] [stdout] 
[INFO] [stderr]    Doc-tests curve25519-dalek-ml
[INFO] [stdout] 
[INFO] [stdout] running 18 tests
[INFO] [stdout] test src/scalar.rs - scalar (line 48) ... FAILED
[INFO] [stdout] test src/scalar.rs - scalar (line 68) ... FAILED
[INFO] [stdout] test src/scalar.rs - scalar (line 36) ... FAILED
[INFO] [stdout] test src/ristretto.rs - ristretto::RistrettoBasepointTable (line 1072) ... FAILED
[INFO] [stdout] test src/scalar.rs - scalar (line 91) ... ignored
[INFO] [stdout] test src/scalar.rs - scalar::Scalar::from (line 531) ... FAILED
[INFO] [stdout] test src/scalar.rs - scalar::Scalar::as_bytes (line 701) ... FAILED
[INFO] [stdout] test src/ristretto.rs - ristretto::RistrettoPoint::double_and_compress_batch (line 532) ... FAILED
[INFO] [stdout] test src/scalar.rs - scalar::Scalar::invert (line 726) ... FAILED
[INFO] [stdout] test src/scalar.rs - scalar::Scalar::batch_invert (line 770) ... FAILED
[INFO] [stdout] test src/scalar.rs - scalar::Scalar::random (line 590) ... FAILED
[INFO] [stdout] test src/scalar.rs - scalar::Scalar::to_bytes (line 686) ... FAILED
[INFO] [stdout] test src/traits.rs - traits::MultiscalarMul::multiscalar_mul (line 98) ... FAILED
[INFO] [stdout] test src/edwards.rs - edwards::EdwardsPoint::is_small_order (line 1283) ... FAILED
[INFO] [stdout] test src/edwards.rs - edwards::EdwardsPoint::is_torsion_free (line 1313) ... FAILED
[INFO] [stdout] test src/traits.rs - traits::VartimeMultiscalarMul::vartime_multiscalar_mul (line 219) ... FAILED
[INFO] [stdout] test src/traits.rs - traits::VartimeMultiscalarMul::optional_multiscalar_mul (line 153) ... FAILED
[INFO] [stdout] test src/ristretto.rs - ristretto::RistrettoPoint::conditional_select (line 1124) ... FAILED
[INFO] [stdout] 
[INFO] [stdout] failures:
[INFO] [stdout] 
[INFO] [stdout] ---- src/scalar.rs - scalar (line 48) stdout ----
[INFO] [stdout] error[E0433]: failed to resolve: use of undeclared crate or module `curve25519_dalek`
[INFO] [stdout]  --> src/scalar.rs:49:5
[INFO] [stdout]   |
[INFO] [stdout] 3 | use curve25519_dalek::scalar::Scalar;
[INFO] [stdout]   |     ^^^^^^^^^^^^^^^^ use of undeclared crate or module `curve25519_dalek`
[INFO] [stdout]   |
[INFO] [stdout] help: there is a crate or module with a similar name
[INFO] [stdout]   |
[INFO] [stdout] 3 | use curve25519_dalek_ml::scalar::Scalar;
[INFO] [stdout]   |     ~~~~~~~~~~~~~~~~~~~
[INFO] [stdout] 
[INFO] [stdout] error: aborting due to 1 previous error
[INFO] [stdout] 
[INFO] [stdout] For more information about this error, try `rustc --explain E0433`.
[INFO] [stdout] Couldn't compile the test.
[INFO] [stdout] ---- src/scalar.rs - scalar (line 68) stdout ----
[INFO] [stdout] error[E0433]: failed to resolve: use of undeclared crate or module `curve25519_dalek`
[INFO] [stdout]  --> src/scalar.rs:69:5
[INFO] [stdout]   |
[INFO] [stdout] 3 | use curve25519_dalek::scalar::Scalar;
[INFO] [stdout]   |     ^^^^^^^^^^^^^^^^ use of undeclared crate or module `curve25519_dalek`
[INFO] [stdout]   |
[INFO] [stdout] help: there is a crate or module with a similar name
[INFO] [stdout]   |
[INFO] [stdout] 3 | use curve25519_dalek_ml::scalar::Scalar;
[INFO] [stdout]   |     ~~~~~~~~~~~~~~~~~~~
[INFO] [stdout] 
[INFO] [stdout] error: aborting due to 1 previous error
[INFO] [stdout] 
[INFO] [stdout] For more information about this error, try `rustc --explain E0433`.
[INFO] [stdout] Couldn't compile the test.
[INFO] [stdout] ---- src/scalar.rs - scalar (line 36) stdout ----
[INFO] [stdout] error[E0433]: failed to resolve: use of undeclared crate or module `curve25519_dalek`
[INFO] [stdout]  --> src/scalar.rs:37:5
[INFO] [stdout]   |
[INFO] [stdout] 3 | use curve25519_dalek::scalar::Scalar;
[INFO] [stdout]   |     ^^^^^^^^^^^^^^^^ use of undeclared crate or module `curve25519_dalek`
[INFO] [stdout]   |
[INFO] [stdout] help: there is a crate or module with a similar name
[INFO] [stdout]   |
[INFO] [stdout] 3 | use curve25519_dalek_ml::scalar::Scalar;
[INFO] [stdout]   |     ~~~~~~~~~~~~~~~~~~~
[INFO] [stdout] 
[INFO] [stdout] error: aborting due to 1 previous error
[INFO] [stdout] 
[INFO] [stdout] For more information about this error, try `rustc --explain E0433`.
[INFO] [stdout] Couldn't compile the test.
[INFO] [stdout] ---- src/ristretto.rs - ristretto::RistrettoBasepointTable (line 1072) stdout ----
[INFO] [stdout] error[E0433]: failed to resolve: use of undeclared crate or module `curve25519_dalek`
[INFO] [stdout]  --> src/ristretto.rs:1073:5
[INFO] [stdout]   |
[INFO] [stdout] 3 | use curve25519_dalek::constants::RISTRETTO_BASEPOINT_TABLE;
[INFO] [stdout]   |     ^^^^^^^^^^^^^^^^ use of undeclared crate or module `curve25519_dalek`
[INFO] [stdout]   |
[INFO] [stdout] help: there is a crate or module with a similar name
[INFO] [stdout]   |
[INFO] [stdout] 3 | use curve25519_dalek_ml::constants::RISTRETTO_BASEPOINT_TABLE;
[INFO] [stdout]   |     ~~~~~~~~~~~~~~~~~~~
[INFO] [stdout] 
[INFO] [stdout] error[E0433]: failed to resolve: use of undeclared crate or module `curve25519_dalek`
[INFO] [stdout]  --> src/ristretto.rs:1074:5
[INFO] [stdout]   |
[INFO] [stdout] 4 | use curve25519_dalek::scalar::Scalar;
[INFO] [stdout]   |     ^^^^^^^^^^^^^^^^ use of undeclared crate or module `curve25519_dalek`
[INFO] [stdout]   |
[INFO] [stdout] help: there is a crate or module with a similar name
[INFO] [stdout]   |
[INFO] [stdout] 4 | use curve25519_dalek_ml::scalar::Scalar;
[INFO] [stdout]   |     ~~~~~~~~~~~~~~~~~~~
[INFO] [stdout] 
[INFO] [stdout] error: aborting due to 2 previous errors
[INFO] [stdout] 
[INFO] [stdout] For more information about this error, try `rustc --explain E0433`.
[INFO] [stdout] Couldn't compile the test.
[INFO] [stdout] ---- src/scalar.rs - scalar::Scalar::from (line 531) stdout ----
[INFO] [stdout] error[E0433]: failed to resolve: use of undeclared crate or module `curve25519_dalek`
[INFO] [stdout]  --> src/scalar.rs:532:5
[INFO] [stdout]   |
[INFO] [stdout] 3 | use curve25519_dalek::scalar::Scalar;
[INFO] [stdout]   |     ^^^^^^^^^^^^^^^^ use of undeclared crate or module `curve25519_dalek`
[INFO] [stdout]   |
[INFO] [stdout] help: there is a crate or module with a similar name
[INFO] [stdout]   |
[INFO] [stdout] 3 | use curve25519_dalek_ml::scalar::Scalar;
[INFO] [stdout]   |     ~~~~~~~~~~~~~~~~~~~
[INFO] [stdout] 
[INFO] [stdout] error: aborting due to 1 previous error
[INFO] [stdout] 
[INFO] [stdout] For more information about this error, try `rustc --explain E0433`.
[INFO] [stdout] Couldn't compile the test.
[INFO] [stdout] ---- src/scalar.rs - scalar::Scalar::as_bytes (line 701) stdout ----
[INFO] [stdout] error[E0433]: failed to resolve: use of undeclared crate or module `curve25519_dalek`
[INFO] [stdout]  --> src/scalar.rs:702:5
[INFO] [stdout]   |
[INFO] [stdout] 3 | use curve25519_dalek::scalar::Scalar;
[INFO] [stdout]   |     ^^^^^^^^^^^^^^^^ use of undeclared crate or module `curve25519_dalek`
[INFO] [stdout]   |
[INFO] [stdout] help: there is a crate or module with a similar name
[INFO] [stdout]   |
[INFO] [stdout] 3 | use curve25519_dalek_ml::scalar::Scalar;
[INFO] [stdout]   |     ~~~~~~~~~~~~~~~~~~~
[INFO] [stdout] 
[INFO] [stdout] error: aborting due to 1 previous error
[INFO] [stdout] 
[INFO] [stdout] For more information about this error, try `rustc --explain E0433`.
[INFO] [stdout] Couldn't compile the test.
[INFO] [stdout] ---- src/ristretto.rs - ristretto::RistrettoPoint::double_and_compress_batch (line 532) stdout ----
[INFO] [stdout] error[E0433]: failed to resolve: use of undeclared crate or module `curve25519_dalek`
[INFO] [stdout]  --> src/ristretto.rs:533:5
[INFO] [stdout]   |
[INFO] [stdout] 2 | use curve25519_dalek::ristretto::RistrettoPoint;
[INFO] [stdout]   |     ^^^^^^^^^^^^^^^^ use of undeclared crate or module `curve25519_dalek`
[INFO] [stdout]   |
[INFO] [stdout] help: there is a crate or module with a similar name
[INFO] [stdout]   |
[INFO] [stdout] 2 | use curve25519_dalek_ml::ristretto::RistrettoPoint;
[INFO] [stdout]   |     ~~~~~~~~~~~~~~~~~~~
[INFO] [stdout] 
[INFO] [stdout] error: aborting due to 1 previous error
[INFO] [stdout] 
[INFO] [stdout] For more information about this error, try `rustc --explain E0433`.
[INFO] [stdout] Couldn't compile the test.
[INFO] [stdout] ---- src/scalar.rs - scalar::Scalar::invert (line 726) stdout ----
[INFO] [stdout] error[E0433]: failed to resolve: use of undeclared crate or module `curve25519_dalek`
[INFO] [stdout]  --> src/scalar.rs:727:5
[INFO] [stdout]   |
[INFO] [stdout] 3 | use curve25519_dalek::scalar::Scalar;
[INFO] [stdout]   |     ^^^^^^^^^^^^^^^^ use of undeclared crate or module `curve25519_dalek`
[INFO] [stdout]   |
[INFO] [stdout] help: there is a crate or module with a similar name
[INFO] [stdout]   |
[INFO] [stdout] 3 | use curve25519_dalek_ml::scalar::Scalar;
[INFO] [stdout]   |     ~~~~~~~~~~~~~~~~~~~
[INFO] [stdout] 
[INFO] [stdout] error: aborting due to 1 previous error
[INFO] [stdout] 
[INFO] [stdout] For more information about this error, try `rustc --explain E0433`.
[INFO] [stdout] Couldn't compile the test.
[INFO] [stdout] ---- src/scalar.rs - scalar::Scalar::batch_invert (line 770) stdout ----
[INFO] [stdout] error[E0433]: failed to resolve: use of undeclared crate or module `curve25519_dalek`
[INFO] [stdout]  --> src/scalar.rs:771:5
[INFO] [stdout]   |
[INFO] [stdout] 2 | use curve25519_dalek::scalar::Scalar;
[INFO] [stdout]   |     ^^^^^^^^^^^^^^^^ use of undeclared crate or module `curve25519_dalek`
[INFO] [stdout]   |
[INFO] [stdout] help: there is a crate or module with a similar name
[INFO] [stdout]   |
[INFO] [stdout] 2 | use curve25519_dalek_ml::scalar::Scalar;
[INFO] [stdout]   |     ~~~~~~~~~~~~~~~~~~~
[INFO] [stdout] 
[INFO] [stdout] error: aborting due to 1 previous error
[INFO] [stdout] 
[INFO] [stdout] For more information about this error, try `rustc --explain E0433`.
[INFO] [stdout] Couldn't compile the test.
[INFO] [stdout] ---- src/scalar.rs - scalar::Scalar::random (line 590) stdout ----
[INFO] [stdout] error[E0433]: failed to resolve: use of undeclared crate or module `curve25519_dalek`
[INFO] [stdout]  --> src/scalar.rs:592:5
[INFO] [stdout]   |
[INFO] [stdout] 3 | use curve25519_dalek::scalar::Scalar;
[INFO] [stdout]   |     ^^^^^^^^^^^^^^^^ use of undeclared crate or module `curve25519_dalek`
[INFO] [stdout]   |
[INFO] [stdout] help: there is a crate or module with a similar name
[INFO] [stdout]   |
[INFO] [stdout] 3 | use curve25519_dalek_ml::scalar::Scalar;
[INFO] [stdout]   |     ~~~~~~~~~~~~~~~~~~~
[INFO] [stdout] 
[INFO] [stdout] error: aborting due to 1 previous error
[INFO] [stdout] 
[INFO] [stdout] For more information about this error, try `rustc --explain E0433`.
[INFO] [stdout] Couldn't compile the test.
[INFO] [stdout] ---- src/scalar.rs - scalar::Scalar::to_bytes (line 686) stdout ----
[INFO] [stdout] error[E0433]: failed to resolve: use of undeclared crate or module `curve25519_dalek`
[INFO] [stdout]  --> src/scalar.rs:687:5
[INFO] [stdout]   |
[INFO] [stdout] 3 | use curve25519_dalek::scalar::Scalar;
[INFO] [stdout]   |     ^^^^^^^^^^^^^^^^ use of undeclared crate or module `curve25519_dalek`
[INFO] [stdout]   |
[INFO] [stdout] help: there is a crate or module with a similar name
[INFO] [stdout]   |
[INFO] [stdout] 3 | use curve25519_dalek_ml::scalar::Scalar;
[INFO] [stdout]   |     ~~~~~~~~~~~~~~~~~~~
[INFO] [stdout] 
[INFO] [stdout] error: aborting due to 1 previous error
[INFO] [stdout] 
[INFO] [stdout] For more information about this error, try `rustc --explain E0433`.
[INFO] [stdout] Couldn't compile the test.
[INFO] [stdout] ---- src/traits.rs - traits::MultiscalarMul::multiscalar_mul (line 98) stdout ----
[INFO] [stdout] error[E0433]: failed to resolve: use of undeclared crate or module `curve25519_dalek`
[INFO] [stdout]  --> src/traits.rs:102:5
[INFO] [stdout]   |
[INFO] [stdout] 6 | use curve25519_dalek::traits::MultiscalarMul;
[INFO] [stdout]   |     ^^^^^^^^^^^^^^^^ use of undeclared crate or module `curve25519_dalek`
[INFO] [stdout]   |
[INFO] [stdout] help: there is a crate or module with a similar name
[INFO] [stdout]   |
[INFO] [stdout] 6 | use curve25519_dalek_ml::traits::MultiscalarMul;
[INFO] [stdout]   |     ~~~~~~~~~~~~~~~~~~~
[INFO] [stdout] 
[INFO] [stdout] error[E0433]: failed to resolve: use of undeclared crate or module `curve25519_dalek`
[INFO] [stdout]  --> src/traits.rs:103:5
[INFO] [stdout]   |
[INFO] [stdout] 7 | use curve25519_dalek::ristretto::RistrettoPoint;
[INFO] [stdout]   |     ^^^^^^^^^^^^^^^^ use of undeclared crate or module `curve25519_dalek`
[INFO] [stdout]   |
[INFO] [stdout] help: there is a crate or module with a similar name
[INFO] [stdout]   |
[INFO] [stdout] 7 | use curve25519_dalek_ml::ristretto::RistrettoPoint;
[INFO] [stdout]   |     ~~~~~~~~~~~~~~~~~~~
[INFO] [stdout] 
[INFO] [stdout] error[E0433]: failed to resolve: use of undeclared crate or module `curve25519_dalek`
[INFO] [stdout]  --> src/traits.rs:104:5
[INFO] [stdout]   |
[INFO] [stdout] 8 | use curve25519_dalek::scalar::Scalar;
[INFO] [stdout]   |     ^^^^^^^^^^^^^^^^ use of undeclared crate or module `curve25519_dalek`
[INFO] [stdout]   |
[INFO] [stdout] help: there is a crate or module with a similar name
[INFO] [stdout]   |
[INFO] [stdout] 8 | use curve25519_dalek_ml::scalar::Scalar;
[INFO] [stdout]   |     ~~~~~~~~~~~~~~~~~~~
[INFO] [stdout] 
[INFO] [stdout] error[E0432]: unresolved import `curve25519_dalek`
[INFO] [stdout]  --> src/traits.rs:101:5
[INFO] [stdout]   |
[INFO] [stdout] 5 | use curve25519_dalek::constants;
[INFO] [stdout]   |     ^^^^^^^^^^^^^^^^ use of undeclared crate or module `curve25519_dalek`
[INFO] [stdout]   |
[INFO] [stdout] help: there is a crate or module with a similar name
[INFO] [stdout]   |
[INFO] [stdout] 5 | use curve25519_dalek_ml::constants;
[INFO] [stdout]   |     ~~~~~~~~~~~~~~~~~~~
[INFO] [stdout] 
[INFO] [stdout] error: aborting due to 4 previous errors
[INFO] [stdout] 
[INFO] [stdout] Some errors have detailed explanations: E0432, E0433.
[INFO] [stdout] For more information about an error, try `rustc --explain E0432`.
[INFO] [stdout] Couldn't compile the test.
[INFO] [stdout] ---- src/edwards.rs - edwards::EdwardsPoint::is_small_order (line 1283) stdout ----
[INFO] [stdout] error[E0432]: unresolved import `curve25519_dalek`
[INFO] [stdout]  --> src/edwards.rs:1284:5
[INFO] [stdout]   |
[INFO] [stdout] 3 | use curve25519_dalek::constants;
[INFO] [stdout]   |     ^^^^^^^^^^^^^^^^ use of undeclared crate or module `curve25519_dalek`
[INFO] [stdout]   |
[INFO] [stdout] help: there is a crate or module with a similar name
[INFO] [stdout]   |
[INFO] [stdout] 3 | use curve25519_dalek_ml::constants;
[INFO] [stdout]   |     ~~~~~~~~~~~~~~~~~~~
[INFO] [stdout] 
[INFO] [stdout] error: aborting due to 1 previous error
[INFO] [stdout] 
[INFO] [stdout] For more information about this error, try `rustc --explain E0432`.
[INFO] [stdout] Couldn't compile the test.
[INFO] [stdout] ---- src/edwards.rs - edwards::EdwardsPoint::is_torsion_free (line 1313) stdout ----
[INFO] [stdout] error[E0432]: unresolved import `curve25519_dalek`
[INFO] [stdout]  --> src/edwards.rs:1314:5
[INFO] [stdout]   |
[INFO] [stdout] 3 | use curve25519_dalek::constants;
[INFO] [stdout]   |     ^^^^^^^^^^^^^^^^ use of undeclared crate or module `curve25519_dalek`
[INFO] [stdout]   |
[INFO] [stdout] help: there is a crate or module with a similar name
[INFO] [stdout]   |
[INFO] [stdout] 3 | use curve25519_dalek_ml::constants;
[INFO] [stdout]   |     ~~~~~~~~~~~~~~~~~~~
[INFO] [stdout] 
[INFO] [stdout] error: aborting due to 1 previous error
[INFO] [stdout] 
[INFO] [stdout] For more information about this error, try `rustc --explain E0432`.
[INFO] [stdout] Couldn't compile the test.
[INFO] [stdout] ---- src/traits.rs - traits::VartimeMultiscalarMul::vartime_multiscalar_mul (line 219) stdout ----
[INFO] [stdout] error[E0433]: failed to resolve: use of undeclared crate or module `curve25519_dalek`
[INFO] [stdout]  --> src/traits.rs:223:5
[INFO] [stdout]   |
[INFO] [stdout] 6 | use curve25519_dalek::traits::VartimeMultiscalarMul;
[INFO] [stdout]   |     ^^^^^^^^^^^^^^^^ use of undeclared crate or module `curve25519_dalek`
[INFO] [stdout]   |
[INFO] [stdout] help: there is a crate or module with a similar name
[INFO] [stdout]   |
[INFO] [stdout] 6 | use curve25519_dalek_ml::traits::VartimeMultiscalarMul;
[INFO] [stdout]   |     ~~~~~~~~~~~~~~~~~~~
[INFO] [stdout] 
[INFO] [stdout] error[E0433]: failed to resolve: use of undeclared crate or module `curve25519_dalek`
[INFO] [stdout]  --> src/traits.rs:224:5
[INFO] [stdout]   |
[INFO] [stdout] 7 | use curve25519_dalek::ristretto::RistrettoPoint;
[INFO] [stdout]   |     ^^^^^^^^^^^^^^^^ use of undeclared crate or module `curve25519_dalek`
[INFO] [stdout]   |
[INFO] [stdout] help: there is a crate or module with a similar name
[INFO] [stdout]   |
[INFO] [stdout] 7 | use curve25519_dalek_ml::ristretto::RistrettoPoint;
[INFO] [stdout]   |     ~~~~~~~~~~~~~~~~~~~
[INFO] [stdout] 
[INFO] [stdout] error[E0433]: failed to resolve: use of undeclared crate or module `curve25519_dalek`
[INFO] [stdout]  --> src/traits.rs:225:5
[INFO] [stdout]   |
[INFO] [stdout] 8 | use curve25519_dalek::scalar::Scalar;
[INFO] [stdout]   |     ^^^^^^^^^^^^^^^^ use of undeclared crate or module `curve25519_dalek`
[INFO] [stdout]   |
[INFO] [stdout] help: there is a crate or module with a similar name
[INFO] [stdout]   |
[INFO] [stdout] 8 | use curve25519_dalek_ml::scalar::Scalar;
[INFO] [stdout]   |     ~~~~~~~~~~~~~~~~~~~
[INFO] [stdout] 
[INFO] [stdout] error[E0432]: unresolved import `curve25519_dalek`
[INFO] [stdout]  --> src/traits.rs:222:5
[INFO] [stdout]   |
[INFO] [stdout] 5 | use curve25519_dalek::constants;
[INFO] [stdout]   |     ^^^^^^^^^^^^^^^^ use of undeclared crate or module `curve25519_dalek`
[INFO] [stdout]   |
[INFO] [stdout] help: there is a crate or module with a similar name
[INFO] [stdout]   |
[INFO] [stdout] 5 | use curve25519_dalek_ml::constants;
[INFO] [stdout]   |     ~~~~~~~~~~~~~~~~~~~
[INFO] [stdout] 
[INFO] [stdout] error: aborting due to 4 previous errors
[INFO] [stdout] 
[INFO] [stdout] Some errors have detailed explanations: E0432, E0433.
[INFO] [stdout] For more information about an error, try `rustc --explain E0432`.
[INFO] [stdout] Couldn't compile the test.
[INFO] [stdout] ---- src/traits.rs - traits::VartimeMultiscalarMul::optional_multiscalar_mul (line 153) stdout ----
[INFO] [stdout] error[E0433]: failed to resolve: use of undeclared crate or module `curve25519_dalek`
[INFO] [stdout]  --> src/traits.rs:157:5
[INFO] [stdout]   |
[INFO] [stdout] 6 | use curve25519_dalek::traits::VartimeMultiscalarMul;
[INFO] [stdout]   |     ^^^^^^^^^^^^^^^^ use of undeclared crate or module `curve25519_dalek`
[INFO] [stdout]   |
[INFO] [stdout] help: there is a crate or module with a similar name
[INFO] [stdout]   |
[INFO] [stdout] 6 | use curve25519_dalek_ml::traits::VartimeMultiscalarMul;
[INFO] [stdout]   |     ~~~~~~~~~~~~~~~~~~~
[INFO] [stdout] 
[INFO] [stdout] error[E0433]: failed to resolve: use of undeclared crate or module `curve25519_dalek`
[INFO] [stdout]  --> src/traits.rs:158:5
[INFO] [stdout]   |
[INFO] [stdout] 7 | use curve25519_dalek::ristretto::RistrettoPoint;
[INFO] [stdout]   |     ^^^^^^^^^^^^^^^^ use of undeclared crate or module `curve25519_dalek`
[INFO] [stdout]   |
[INFO] [stdout] help: there is a crate or module with a similar name
[INFO] [stdout]   |
[INFO] [stdout] 7 | use curve25519_dalek_ml::ristretto::RistrettoPoint;
[INFO] [stdout]   |     ~~~~~~~~~~~~~~~~~~~
[INFO] [stdout] 
[INFO] [stdout] error[E0433]: failed to resolve: use of undeclared crate or module `curve25519_dalek`
[INFO] [stdout]  --> src/traits.rs:159:5
[INFO] [stdout]   |
[INFO] [stdout] 8 | use curve25519_dalek::scalar::Scalar;
[INFO] [stdout]   |     ^^^^^^^^^^^^^^^^ use of undeclared crate or module `curve25519_dalek`
[INFO] [stdout]   |
[INFO] [stdout] help: there is a crate or module with a similar name
[INFO] [stdout]   |
[INFO] [stdout] 8 | use curve25519_dalek_ml::scalar::Scalar;
[INFO] [stdout]   |     ~~~~~~~~~~~~~~~~~~~
[INFO] [stdout] 
[INFO] [stdout] error[E0432]: unresolved import `curve25519_dalek`
[INFO] [stdout]  --> src/traits.rs:156:5
[INFO] [stdout]   |
[INFO] [stdout] 5 | use curve25519_dalek::constants;
[INFO] [stdout]   |     ^^^^^^^^^^^^^^^^ use of undeclared crate or module `curve25519_dalek`
[INFO] [stdout]   |
[INFO] [stdout] help: there is a crate or module with a similar name
[INFO] [stdout]   |
[INFO] [stdout] 5 | use curve25519_dalek_ml::constants;
[INFO] [stdout]   |     ~~~~~~~~~~~~~~~~~~~
[INFO] [stdout] 
[INFO] [stdout] error: aborting due to 4 previous errors
[INFO] [stdout] 
[INFO] [stdout] Some errors have detailed explanations: E0432, E0433.
[INFO] [stdout] For more information about an error, try `rustc --explain E0432`.
[INFO] [stdout] Couldn't compile the test.
[INFO] [stdout] ---- src/ristretto.rs - ristretto::RistrettoPoint::conditional_select (line 1124) stdout ----
[INFO] [stdout] error[E0433]: failed to resolve: use of undeclared crate or module `curve25519_dalek`
[INFO] [stdout]  --> src/ristretto.rs:1128:5
[INFO] [stdout]   |
[INFO] [stdout] 5 | use curve25519_dalek::traits::Identity;
[INFO] [stdout]   |     ^^^^^^^^^^^^^^^^ use of undeclared crate or module `curve25519_dalek`
[INFO] [stdout]   |
[INFO] [stdout] help: there is a crate or module with a similar name
[INFO] [stdout]   |
[INFO] [stdout] 5 | use curve25519_dalek_ml::traits::Identity;
[INFO] [stdout]   |     ~~~~~~~~~~~~~~~~~~~
[INFO] [stdout] 
[INFO] [stdout] error[E0433]: failed to resolve: use of undeclared crate or module `curve25519_dalek`
[INFO] [stdout]  --> src/ristretto.rs:1129:5
[INFO] [stdout]   |
[INFO] [stdout] 6 | use curve25519_dalek::ristretto::RistrettoPoint;
[INFO] [stdout]   |     ^^^^^^^^^^^^^^^^ use of undeclared crate or module `curve25519_dalek`
[INFO] [stdout]   |
[INFO] [stdout] help: there is a crate or module with a similar name
[INFO] [stdout]   |
[INFO] [stdout] 6 | use curve25519_dalek_ml::ristretto::RistrettoPoint;
[INFO] [stdout]   |     ~~~~~~~~~~~~~~~~~~~
[INFO] [stdout] 
[INFO] [stdout] error[E0432]: unresolved import `curve25519_dalek`
[INFO] [stdout]  --> src/ristretto.rs:1130:5
[INFO] [stdout]   |
[INFO] [stdout] 7 | use curve25519_dalek::constants;
[INFO] [stdout]   |     ^^^^^^^^^^^^^^^^ use of undeclared crate or module `curve25519_dalek`
[INFO] [stdout]   |
[INFO] [stdout] help: there is a crate or module with a similar name
[INFO] [stdout]   |
[INFO] [stdout] 7 | use curve25519_dalek_ml::constants;
[INFO] [stdout]   |     ~~~~~~~~~~~~~~~~~~~
[INFO] [stdout] 
[INFO] [stdout] error: aborting due to 3 previous errors
[INFO] [stdout] 
[INFO] [stdout] Some errors have detailed explanations: E0432, E0433.
[INFO] [stdout] For more information about an error, try `rustc --explain E0432`.
[INFO] [stdout] Couldn't compile the test.
[INFO] [stdout] 
[INFO] [stdout] failures:
[INFO] [stdout]     src/edwards.rs - edwards::EdwardsPoint::is_small_order (line 1283)
[INFO] [stdout]     src/edwards.rs - edwards::EdwardsPoint::is_torsion_free (line 1313)
[INFO] [stdout]     src/ristretto.rs - ristretto::RistrettoBasepointTable (line 1072)
[INFO] [stdout]     src/ristretto.rs - ristretto::RistrettoPoint::conditional_select (line 1124)
[INFO] [stdout]     src/ristretto.rs - ristretto::RistrettoPoint::double_and_compress_batch (line 532)
[INFO] [stdout]     src/scalar.rs - scalar (line 36)
[INFO] [stdout]     src/scalar.rs - scalar (line 48)
[INFO] [stdout]     src/scalar.rs - scalar (line 68)
[INFO] [stdout]     src/scalar.rs - scalar::Scalar::as_bytes (line 701)
[INFO] [stdout]     src/scalar.rs - scalar::Scalar::batch_invert (line 770)
[INFO] [stdout]     src/scalar.rs - scalar::Scalar::from (line 531)
[INFO] [stdout]     src/scalar.rs - scalar::Scalar::invert (line 726)
[INFO] [stdout]     src/scalar.rs - scalar::Scalar::random (line 590)
[INFO] [stdout]     src/scalar.rs - scalar::Scalar::to_bytes (line 686)
[INFO] [stdout]     src/traits.rs - traits::MultiscalarMul::multiscalar_mul (line 98)
[INFO] [stdout]     src/traits.rs - traits::VartimeMultiscalarMul::optional_multiscalar_mul (line 153)
[INFO] [stdout]     src/traits.rs - traits::VartimeMultiscalarMul::vartime_multiscalar_mul (line 219)
[INFO] [stdout] 
[INFO] [stdout] test result: FAILED. 0 passed; 17 failed; 1 ignored; 0 measured; 0 filtered out; finished in 0.16s
[INFO] [stdout] 
[INFO] [stderr] error: doctest failed, to rerun pass `--doc`
[INFO] running `Command { std: "docker" "inspect" "a75911088c30c4db3008863ebbb012ed83eb594a4353df69399eb4becc2777a0", kill_on_drop: false }`
[INFO] running `Command { std: "docker" "rm" "-f" "a75911088c30c4db3008863ebbb012ed83eb594a4353df69399eb4becc2777a0", kill_on_drop: false }`
[INFO] [stdout] a75911088c30c4db3008863ebbb012ed83eb594a4353df69399eb4becc2777a0
