[INFO] fetching crate cucumber 0.20.1...
[INFO] testing cucumber-0.20.1 against 1.75.0 for beta-1.76-1
[INFO] extracting crate cucumber 0.20.1 into /workspace/builds/worker-6-tc1/source
[INFO] validating manifest of crates.io crate cucumber 0.20.1 on toolchain 1.75.0
[INFO] running `Command { std: CARGO_HOME="/workspace/cargo-home" RUSTUP_HOME="/workspace/rustup-home" "/workspace/cargo-home/bin/cargo" "+1.75.0" "metadata" "--manifest-path" "Cargo.toml" "--no-deps", kill_on_drop: false }`
[INFO] started tweaking crates.io crate cucumber 0.20.1
[INFO] removed 0 missing tests
[INFO] finished tweaking crates.io crate cucumber 0.20.1
[INFO] tweaked toml for crates.io crate cucumber 0.20.1 written to /workspace/builds/worker-6-tc1/source/Cargo.toml
[INFO] running `Command { std: CARGO_HOME="/workspace/cargo-home" RUSTUP_HOME="/workspace/rustup-home" "/workspace/cargo-home/bin/cargo" "+1.75.0" "generate-lockfile" "--manifest-path" "Cargo.toml", kill_on_drop: false }`
[INFO] [stderr]     Updating crates.io index
[INFO] running `Command { std: CARGO_HOME="/workspace/cargo-home" RUSTUP_HOME="/workspace/rustup-home" "/workspace/cargo-home/bin/cargo" "+1.75.0" "fetch" "--manifest-path" "Cargo.toml", kill_on_drop: false }`
[INFO] [stderr]  Downloading crates ...
[INFO] [stderr]   Downloaded lazy-regex v3.1.0
[INFO] [stderr]   Downloaded lazy-regex-proc_macros v3.1.0
[INFO] [stderr]   Downloaded cucumber-expressions v0.3.0
[INFO] [stderr]   Downloaded sealed v0.5.0
[INFO] [stderr]   Downloaded inventory v0.3.14
[INFO] [stderr]   Downloaded drain_filter_polyfill v0.1.3
[INFO] [stderr]   Downloaded peg-macros v0.6.3
[INFO] [stderr]   Downloaded terminal_size v0.3.0
[INFO] [stderr]   Downloaded junit-report v0.8.3
[INFO] [stderr]   Downloaded gherkin v0.14.0
[INFO] [stderr]   Downloaded peg-runtime v0.6.3
[INFO] [stderr]   Downloaded cucumber-codegen v0.20.2
[INFO] [stderr]   Downloaded peg v0.6.3
[INFO] [stderr]   Downloaded synthez-core v0.3.1
[INFO] [stderr]   Downloaded strip-ansi-escapes v0.2.0
[INFO] [stderr]   Downloaded synthez-codegen v0.3.1
[INFO] [stderr]   Downloaded derive-getters v0.3.0
[INFO] [stderr]   Downloaded vte v0.11.1
[INFO] [stderr]   Downloaded synthez v0.3.1
[INFO] running `Command { std: "docker" "create" "-v" "/var/lib/crater-agent-workspace/builds/worker-6-tc1/target:/opt/rustwide/target:rw,Z" "-v" "/var/lib/crater-agent-workspace/builds/worker-6-tc1/source:/opt/rustwide/workdir:ro,Z" "-v" "/var/lib/crater-agent-workspace/cargo-home:/opt/rustwide/cargo-home:ro,Z" "-v" "/var/lib/crater-agent-workspace/rustup-home:/opt/rustwide/rustup-home:ro,Z" "-e" "SOURCE_DIR=/opt/rustwide/workdir" "-e" "CARGO_TARGET_DIR=/opt/rustwide/target" "-e" "CARGO_HOME=/opt/rustwide/cargo-home" "-e" "RUSTUP_HOME=/opt/rustwide/rustup-home" "-w" "/opt/rustwide/workdir" "-m" "1610612736" "--user" "0:0" "--network" "none" "ghcr.io/rust-lang/crates-build-env/linux@sha256:2788e3201cd34a07e3172128adcd8b3090168a8e3bcc40d7c032b9dda1df7d1c" "/opt/rustwide/cargo-home/bin/cargo" "+1.75.0" "metadata" "--no-deps" "--format-version=1", kill_on_drop: false }`
[INFO] [stdout] b62536d97e965af595648873558f9251cdaf79b106fba20d3564df0d12772668
[INFO] running `Command { std: "docker" "start" "-a" "b62536d97e965af595648873558f9251cdaf79b106fba20d3564df0d12772668", kill_on_drop: false }`
[INFO] running `Command { std: "docker" "inspect" "b62536d97e965af595648873558f9251cdaf79b106fba20d3564df0d12772668", kill_on_drop: false }`
[INFO] running `Command { std: "docker" "rm" "-f" "b62536d97e965af595648873558f9251cdaf79b106fba20d3564df0d12772668", kill_on_drop: false }`
[INFO] [stdout] b62536d97e965af595648873558f9251cdaf79b106fba20d3564df0d12772668
[INFO] running `Command { std: "docker" "create" "-v" "/var/lib/crater-agent-workspace/builds/worker-6-tc1/target:/opt/rustwide/target:rw,Z" "-v" "/var/lib/crater-agent-workspace/builds/worker-6-tc1/source:/opt/rustwide/workdir:ro,Z" "-v" "/var/lib/crater-agent-workspace/cargo-home:/opt/rustwide/cargo-home:ro,Z" "-v" "/var/lib/crater-agent-workspace/rustup-home:/opt/rustwide/rustup-home:ro,Z" "-e" "SOURCE_DIR=/opt/rustwide/workdir" "-e" "CARGO_TARGET_DIR=/opt/rustwide/target" "-e" "CARGO_INCREMENTAL=0" "-e" "RUST_BACKTRACE=full" "-e" "RUSTFLAGS=--cap-lints=warn" "-e" "RUSTDOCFLAGS=--cap-lints=warn" "-e" "CARGO_HOME=/opt/rustwide/cargo-home" "-e" "RUSTUP_HOME=/opt/rustwide/rustup-home" "-w" "/opt/rustwide/workdir" "-m" "1610612736" "--user" "0:0" "--network" "none" "ghcr.io/rust-lang/crates-build-env/linux@sha256:2788e3201cd34a07e3172128adcd8b3090168a8e3bcc40d7c032b9dda1df7d1c" "/opt/rustwide/cargo-home/bin/cargo" "+1.75.0" "build" "--frozen" "--message-format=json", kill_on_drop: false }`
[INFO] [stdout] 5ff28e236bf996dd4b016d1e578a4ca5b7bcbe6a58721ca1f2ad8b9ce1aa0caf
[INFO] running `Command { std: "docker" "start" "-a" "5ff28e236bf996dd4b016d1e578a4ca5b7bcbe6a58721ca1f2ad8b9ce1aa0caf", kill_on_drop: false }`
[INFO] [stderr]    Compiling memchr v2.7.1
[INFO] [stderr]    Compiling crossbeam-utils v0.8.18
[INFO] [stderr]    Compiling ryu v1.0.16
[INFO] [stderr]    Compiling bytecount v0.6.7
[INFO] [stderr]    Compiling serde v1.0.194
[INFO] [stderr]    Compiling serde_json v1.0.111
[INFO] [stderr]    Compiling futures-sink v0.3.30
[INFO] [stderr]    Compiling itoa v1.0.10
[INFO] [stderr]    Compiling futures-core v0.3.30
[INFO] [stderr]    Compiling anstyle-parse v0.2.3
[INFO] [stderr]    Compiling syn v2.0.48
[INFO] [stderr]    Compiling unicode-width v0.1.11
[INFO] [stderr]    Compiling peg-runtime v0.6.3
[INFO] [stderr]    Compiling anstyle v1.0.4
[INFO] [stderr]    Compiling derive_more v0.99.17
[INFO] [stderr]    Compiling regex-syntax v0.7.5
[INFO] [stderr]    Compiling futures-task v0.3.30
[INFO] [stderr]    Compiling futures-io v0.3.30
[INFO] [stderr]    Compiling anstyle-query v1.0.2
[INFO] [stderr]    Compiling futures-channel v0.3.30
[INFO] [stderr]    Compiling walkdir v2.4.0
[INFO] [stderr]    Compiling terminal_size v0.3.0
[INFO] [stderr]    Compiling clap_lex v0.6.0
[INFO] [stderr]    Compiling smawk v0.3.2
[INFO] [stderr]    Compiling async-trait v0.1.77
[INFO] [stderr]    Compiling unicode-linebreak v0.1.5
[INFO] [stderr]    Compiling itertools v0.12.0
[INFO] [stderr]    Compiling anstream v0.6.5
[INFO] [stderr]    Compiling inflections v1.1.1
[INFO] [stderr]    Compiling console v0.15.7
[INFO] [stderr]    Compiling itertools v0.11.0
[INFO] [stderr]    Compiling drain_filter_polyfill v0.1.3
[INFO] [stderr]    Compiling humantime v2.1.0
[INFO] [stderr]    Compiling textwrap v0.16.0
[INFO] [stderr]    Compiling clap_builder v4.4.12
[INFO] [stderr]    Compiling peg-macros v0.6.3
[INFO] [stderr]    Compiling inventory v0.3.14
[INFO] [stderr]    Compiling aho-corasick v1.1.2
[INFO] [stderr]    Compiling nom v7.1.3
[INFO] [stderr]    Compiling bstr v1.9.0
[INFO] [stderr]    Compiling crossbeam-epoch v0.9.17
[INFO] [stderr]    Compiling crossbeam-deque v0.8.4
[INFO] [stderr]    Compiling regex-automata v0.4.3
[INFO] [stderr]    Compiling peg v0.6.3
[INFO] [stderr]    Compiling nom_locate v4.2.0
[INFO] [stderr]    Compiling regex v1.10.2
[INFO] [stderr]    Compiling globset v0.4.14
[INFO] [stderr]    Compiling cucumber-expressions v0.3.0
[INFO] [stderr]    Compiling ignore v0.4.21
[INFO] [stderr]    Compiling serde_derive v1.0.194
[INFO] [stderr]    Compiling sealed v0.5.0
[INFO] [stderr]    Compiling futures-macro v0.3.30
[INFO] [stderr]    Compiling typed-builder-macro v0.15.2
[INFO] [stderr]    Compiling thiserror-impl v1.0.56
[INFO] [stderr]    Compiling lazy-regex-proc_macros v3.1.0
[INFO] [stderr]    Compiling pin-project-internal v1.1.3
[INFO] [stderr]    Compiling clap_derive v4.4.7
[INFO] [stderr]    Compiling smart-default v0.7.1
[INFO] [stderr]    Compiling globwalk v0.8.1
[INFO] [stderr]    Compiling synthez-core v0.3.1
[INFO] [stderr]    Compiling futures-util v0.3.30
[INFO] [stderr]    Compiling synthez-codegen v0.3.1
[INFO] [stderr]    Compiling typed-builder v0.15.2
[INFO] [stderr]    Compiling thiserror v1.0.56
[INFO] [stderr]    Compiling lazy-regex v3.1.0
[INFO] [stderr]    Compiling pin-project v1.1.3
[INFO] [stderr]    Compiling synthez v0.3.1
[INFO] [stderr]    Compiling cucumber-codegen v0.20.2
[INFO] [stderr]    Compiling clap v4.4.13
[INFO] [stderr]    Compiling futures-executor v0.3.30
[INFO] [stderr]    Compiling futures v0.3.30
[INFO] [stderr]    Compiling gherkin v0.14.0
[INFO] [stderr]    Compiling cucumber v0.20.1 (/opt/rustwide/workdir)
[INFO] [stderr]     Finished dev [unoptimized + debuginfo] target(s) in 11.42s
[INFO] running `Command { std: "docker" "inspect" "5ff28e236bf996dd4b016d1e578a4ca5b7bcbe6a58721ca1f2ad8b9ce1aa0caf", kill_on_drop: false }`
[INFO] running `Command { std: "docker" "rm" "-f" "5ff28e236bf996dd4b016d1e578a4ca5b7bcbe6a58721ca1f2ad8b9ce1aa0caf", kill_on_drop: false }`
[INFO] [stdout] 5ff28e236bf996dd4b016d1e578a4ca5b7bcbe6a58721ca1f2ad8b9ce1aa0caf
[INFO] running `Command { std: "docker" "create" "-v" "/var/lib/crater-agent-workspace/builds/worker-6-tc1/target:/opt/rustwide/target:rw,Z" "-v" "/var/lib/crater-agent-workspace/builds/worker-6-tc1/source:/opt/rustwide/workdir:ro,Z" "-v" "/var/lib/crater-agent-workspace/cargo-home:/opt/rustwide/cargo-home:ro,Z" "-v" "/var/lib/crater-agent-workspace/rustup-home:/opt/rustwide/rustup-home:ro,Z" "-e" "SOURCE_DIR=/opt/rustwide/workdir" "-e" "CARGO_TARGET_DIR=/opt/rustwide/target" "-e" "CARGO_INCREMENTAL=0" "-e" "RUST_BACKTRACE=full" "-e" "RUSTFLAGS=--cap-lints=warn" "-e" "RUSTDOCFLAGS=--cap-lints=warn" "-e" "CARGO_HOME=/opt/rustwide/cargo-home" "-e" "RUSTUP_HOME=/opt/rustwide/rustup-home" "-w" "/opt/rustwide/workdir" "-m" "1610612736" "--user" "0:0" "--network" "none" "ghcr.io/rust-lang/crates-build-env/linux@sha256:2788e3201cd34a07e3172128adcd8b3090168a8e3bcc40d7c032b9dda1df7d1c" "/opt/rustwide/cargo-home/bin/cargo" "+1.75.0" "test" "--frozen" "--no-run" "--message-format=json", kill_on_drop: false }`
[INFO] [stdout] 1b5fc65a8122a73dc306914981fc425846f5b579ad736718c804fd9dde51800e
[INFO] running `Command { std: "docker" "start" "-a" "1b5fc65a8122a73dc306914981fc425846f5b579ad736718c804fd9dde51800e", kill_on_drop: false }`
[INFO] [stderr]    Compiling rustix v0.38.28
[INFO] [stderr]    Compiling getrandom v0.2.11
[INFO] [stderr]    Compiling cucumber-expressions v0.3.0
[INFO] [stderr]    Compiling tokio-macros v2.2.0
[INFO] [stderr]    Compiling num_cpus v1.16.0
[INFO] [stderr]    Compiling rand_core v0.6.4
[INFO] [stderr]    Compiling rand_chacha v0.3.1
[INFO] [stderr]    Compiling rand v0.8.5
[INFO] [stderr]    Compiling cucumber-codegen v0.20.2
[INFO] [stderr]    Compiling tokio v1.35.1
[INFO] [stderr]    Compiling terminal_size v0.3.0
[INFO] [stderr]    Compiling tempfile v3.9.0
[INFO] [stderr]    Compiling clap_builder v4.4.12
[INFO] [stderr]    Compiling clap v4.4.13
[INFO] [stderr]    Compiling cucumber v0.20.1 (/opt/rustwide/workdir)
[INFO] [stderr]     Finished test [unoptimized + debuginfo] target(s) in 6.55s
[INFO] running `Command { std: "docker" "inspect" "1b5fc65a8122a73dc306914981fc425846f5b579ad736718c804fd9dde51800e", kill_on_drop: false }`
[INFO] running `Command { std: "docker" "rm" "-f" "1b5fc65a8122a73dc306914981fc425846f5b579ad736718c804fd9dde51800e", kill_on_drop: false }`
[INFO] [stdout] 1b5fc65a8122a73dc306914981fc425846f5b579ad736718c804fd9dde51800e
[INFO] running `Command { std: "docker" "create" "-v" "/var/lib/crater-agent-workspace/builds/worker-6-tc1/target:/opt/rustwide/target:rw,Z" "-v" "/var/lib/crater-agent-workspace/builds/worker-6-tc1/source:/opt/rustwide/workdir:ro,Z" "-v" "/var/lib/crater-agent-workspace/cargo-home:/opt/rustwide/cargo-home:ro,Z" "-v" "/var/lib/crater-agent-workspace/rustup-home:/opt/rustwide/rustup-home:ro,Z" "-e" "SOURCE_DIR=/opt/rustwide/workdir" "-e" "CARGO_TARGET_DIR=/opt/rustwide/target" "-e" "CARGO_INCREMENTAL=0" "-e" "RUST_BACKTRACE=full" "-e" "RUSTFLAGS=--cap-lints=warn" "-e" "RUSTDOCFLAGS=--cap-lints=warn" "-e" "CARGO_HOME=/opt/rustwide/cargo-home" "-e" "RUSTUP_HOME=/opt/rustwide/rustup-home" "-w" "/opt/rustwide/workdir" "-m" "1610612736" "--user" "0:0" "--network" "none" "ghcr.io/rust-lang/crates-build-env/linux@sha256:2788e3201cd34a07e3172128adcd8b3090168a8e3bcc40d7c032b9dda1df7d1c" "/opt/rustwide/cargo-home/bin/cargo" "+1.75.0" "test" "--frozen", kill_on_drop: false }`
[INFO] [stdout] 759a726fa515661a30131e646d52924c8555c73758931c230e9dced793dfeedf
[INFO] running `Command { std: "docker" "start" "-a" "759a726fa515661a30131e646d52924c8555c73758931c230e9dced793dfeedf", kill_on_drop: false }`
[INFO] [stderr]     Finished test [unoptimized + debuginfo] target(s) in 0.09s
[INFO] [stderr]      Running unittests src/lib.rs (/opt/rustwide/target/debug/deps/cucumber-c9e24c4b07c49666)
[INFO] [stdout] 
[INFO] [stdout] running 9 tests
[INFO] [stdout] test runner::basic::retry_options::rule_tags::cli_retry_after_and_filter ... ok
[INFO] [stdout] test runner::basic::retry_options::feature_tags::empty_cli ... ok
[INFO] [stdout] test runner::basic::retry_options::rule_tags::empty_cli ... ok
[INFO] [stdout] test runner::basic::retry_options::scenario_tags::cli_retry_after_and_filter ... ok
[INFO] [stdout] test runner::basic::retry_options::scenario_tags::cli_retry_after ... ok
[INFO] [stdout] test runner::basic::retry_options::scenario_tags::cli_retries ... ok
[INFO] [stdout] test runner::basic::retry_options::scenario_tags::cli_retry_filter ... ok
[INFO] [stdout] test runner::basic::retry_options::scenario_tags::empty_cli ... ok
[INFO] [stdout] test runner::basic::retry_options::feature_tags::cli_retry_after_and_filter ... ok
[INFO] [stdout] 
[INFO] [stdout] test result: ok. 9 passed; 0 failed; 0 ignored; 0 measured; 0 filtered out; finished in 0.00s
[INFO] [stdout] 
[INFO] [stderr]    Doc-tests cucumber
[INFO] [stdout] 
[INFO] [stdout] running 20 tests
[INFO] [stdout] test src/writer/mod.rs - writer::NonTransforming (line 341) - compile fail ... ok
[INFO] [stdout] test src/writer/mod.rs - writer::NonTransforming (line 362) - compile fail ... ok
[INFO] [stdout] test src/codegen.rs - codegen::ToWorldFuture (line 114) ... ok
[INFO] [stdout] test src/codegen.rs - codegen::IntoWorldResult (line 182) ... ok
[INFO] [stdout] test src/cli.rs - cli::Compose (line 184) ... ok
[INFO] [stdout] test src/writer/summarize.rs - writer::summarize::Summarizable (line 507) - compile fail ... ok
[INFO] [stdout] test src/cucumber.rs - cucumber::Cucumber<W,P,I,R,Wr,Cli>::repeat_if (line 315) ... FAILED
[INFO] [stdout] test src/lib.rs - (line 45) ... FAILED
[INFO] [stdout] test src/cucumber.rs - cucumber::Cucumber<W,P,I,R,Wr,Cli>::repeat_failed (line 248) ... FAILED
[INFO] [stdout] test src/cucumber.rs - cucumber::Cucumber<W,P,I,R,Wr,Cli>::filter_run (line 678) ... FAILED
[INFO] [stdout] test src/cucumber.rs - cucumber::Cucumber<W,P,I,R,Wr,Cli>::fail_on_skipped_with (line 473) ... FAILED
[INFO] [stdout] test src/writer/mod.rs - writer::NonTransforming (line 383) ... FAILED
[INFO] [stdout] test src/writer/summarize.rs - writer::summarize::Summarizable (line 527) ... FAILED
[INFO] [stdout] test src/cucumber.rs - cucumber::Cucumber<W,P,I,R,Wr,Cli>::repeat_failed (line 227) ... FAILED
[INFO] [stdout] test src/cucumber.rs - cucumber::Cucumber<W,P,I,R,Wr,Cli>::repeat_skipped (line 183) ... FAILED
[INFO] [stdout] test src/cucumber.rs - cucumber::Cucumber<W,P,I,R,Wr,Cli>::filter_run_and_exit (line 1216) ... FAILED
[INFO] [stdout] test src/cli.rs - cli::Opts (line 44) ... FAILED
[INFO] [stdout] test src/cucumber.rs - cucumber::Cucumber<W,P,I,R,Wr,Cli>::with_cli (line 583) ... FAILED
[INFO] [stdout] test src/cucumber.rs - cucumber::Cucumber<W,P,I,R,Wr,Cli>::fail_on_skipped (line 403) ... ok
[INFO] [stdout] test src/cucumber.rs - cucumber::Cucumber<W,P,I,R,Wr,Cli>::repeat_if (line 292) ... ok
[INFO] [stdout] 
[INFO] [stdout] failures:
[INFO] [stdout] 
[INFO] [stdout] ---- src/cucumber.rs - cucumber::Cucumber<W,P,I,R,Wr,Cli>::repeat_if (line 315) stdout ----
[INFO] [stdout] Couldn't compile the test.
[INFO] [stdout] ---- src/lib.rs - (line 45) stdout ----
[INFO] [stdout] Couldn't compile the test.
[INFO] [stdout] ---- src/cucumber.rs - cucumber::Cucumber<W,P,I,R,Wr,Cli>::repeat_failed (line 248) stdout ----
[INFO] [stdout] Couldn't compile the test.
[INFO] [stdout] ---- src/cucumber.rs - cucumber::Cucumber<W,P,I,R,Wr,Cli>::filter_run (line 678) stdout ----
[INFO] [stdout] Couldn't compile the test.
[INFO] [stdout] ---- src/cucumber.rs - cucumber::Cucumber<W,P,I,R,Wr,Cli>::fail_on_skipped_with (line 473) stdout ----
[INFO] [stdout] Couldn't compile the test.
[INFO] [stdout] ---- src/writer/mod.rs - writer::NonTransforming (line 383) stdout ----
[INFO] [stdout] Couldn't compile the test.
[INFO] [stdout] ---- src/writer/summarize.rs - writer::summarize::Summarizable (line 527) stdout ----
[INFO] [stdout] Couldn't compile the test.
[INFO] [stdout] ---- src/cucumber.rs - cucumber::Cucumber<W,P,I,R,Wr,Cli>::repeat_failed (line 227) stdout ----
[INFO] [stdout] error: linking with `cc` failed: exit status: 1
[INFO] [stdout]   |
[INFO] [stdout]   = note: LC_ALL="C" PATH="/opt/rustwide/rustup-home/toolchains/1.75.0-x86_64-unknown-linux-gnu/lib/rustlib/x86_64-unknown-linux-gnu/bin:/opt/rustwide/cargo-home/bin:/usr/local/sbin:/usr/local/bin:/usr/sbin:/usr/bin:/sbin:/bin" VSLANG="1033" "cc" "-m64" "/tmp/rustcoCO2CU/symbols.o" "/tmp/rustdoctest3W0rd7/rust_out.rust_out.263fb70ac1c95110-cgu.0.rcgu.o" "/tmp/rustdoctest3W0rd7/rust_out.2uel00cfmdh5ufit.rcgu.o" "-Wl,--as-needed" "-L" "/opt/rustwide/target/debug/deps" "-L" "/opt/rustwide/target/debug/deps" "-L" "/opt/rustwide/rustup-home/toolchains/1.75.0-x86_64-unknown-linux-gnu/lib/rustlib/x86_64-unknown-linux-gnu/lib" "-Wl,-Bstatic" "/opt/rustwide/target/debug/deps/libtokio-f19da19ff8523a27.rlib" "/opt/rustwide/target/debug/deps/libnum_cpus-cb81d41626d198af.rlib" "/opt/rustwide/target/debug/deps/libcucumber-a9f5329421686eba.rlib" "/opt/rustwide/target/debug/deps/libhumantime-e2a10e0b2bfa2002.rlib" "/opt/rustwide/target/debug/deps/libinventory-8f9d046621dce4e2.rlib" "/opt/rustwide/target/debug/deps/libcucumber_expressions-7cfec1187f9e7d5c.rlib" "/opt/rustwide/target/debug/deps/libregex_syntax-92ff7cd7e2c66084.rlib" "/opt/rustwide/target/debug/deps/libnom_locate-8c3a1f971ff8168b.rlib" "/opt/rustwide/target/debug/deps/libbytecount-4fbcad287c0d26f4.rlib" "/opt/rustwide/target/debug/deps/libnom-47ed29cadda26e33.rlib" "/opt/rustwide/target/debug/deps/libanyhow-309ab2c875f40ec7.rlib" "/opt/rustwide/target/debug/deps/libconsole-612d96ac370ab585.rlib" "/opt/rustwide/target/debug/deps/liblibc-f01c1240f7c859d0.rlib" "/opt/rustwide/target/debug/deps/liblazy_static-591486ebcb9a7ead.rlib" "/opt/rustwide/target/debug/deps/liblinked_hash_map-55396135ba6b4b1c.rlib" "/opt/rustwide/target/debug/deps/libdrain_filter_polyfill-a4ba6150db3f7eb0.rlib" "/opt/rustwide/target/debug/deps/libitertools-7d9fd8b7e7b518ae.rlib" "/opt/rustwide/target/debug/deps/libeither-ff4e6ab7d60eb8c1.rlib" "/opt/rustwide/target/debug/deps/libglobwalk-9083bd50bfee606b.rlib" "/opt/rustwide/target/debug/deps/libbitflags-b7cee2ca4fb438d0.rlib" "/opt/rustwide/target/debug/deps/libignore-f1e851bbe8eb76e2.rlib" "/opt/rustwide/target/debug/deps/libwalkdir-855d0afe3de90c17.rlib" "/opt/rustwide/target/debug/deps/libsame_file-06a4c01142053b65.rlib" "/opt/rustwide/target/debug/deps/libcrossbeam_deque-2a3a8b3ae683b5fc.rlib" "/opt/rustwide/target/debug/deps/libcrossbeam_epoch-d3f6d83cd592834a.rlib" "/opt/rustwide/target/debug/deps/libcrossbeam_utils-edc5cfa41b1e38a6.rlib" "/opt/rustwide/target/debug/deps/libcfg_if-61dc7a6799e72b18.rlib" "/opt/rustwide/target/debug/deps/libglobset-6abe1c187f8e0e62.rlib" "/opt/rustwide/target/debug/deps/liblog-4f472032e8cdd371.rlib" "/opt/rustwide/target/debug/deps/libbstr-1bd3b35ad6c767a6.rlib" "/opt/rustwide/target/debug/deps/libpin_project-9fffb46c6eca72c9.rlib" "/opt/rustwide/target/debug/deps/liblazy_regex-045ef30b3ab05704.rlib" "/opt/rustwide/target/debug/deps/libonce_cell-63be820ac0ed0954.rlib" "/opt/rustwide/target/debug/deps/libfutures-efbb31f9cc3a962a.rlib" "/opt/rustwide/target/debug/deps/libfutures_executor-6ba7ac53d6138ed7.rlib" "/opt/rustwide/target/debug/deps/libfutures_util-94e03195e75e2177.rlib" "/opt/rustwide/target/debug/deps/libfutures_io-06ca5b85b7f1c406.rlib" "/opt/rustwide/target/debug/deps/libslab-6eb39baadbe9101c.rlib" "/opt/rustwide/target/debug/deps/libfutures_channel-53f0ed2f748347d4.rlib" "/opt/rustwide/target/debug/deps/libpin_project_lite-e0757e0deaa2f8a0.rlib" "/opt/rustwide/target/debug/deps/libfutures_sink-50fc48ec23ff5f80.rlib" "/opt/rustwide/target/debug/deps/libfutures_task-c1403167034c79e1.rlib" "/opt/rustwide/target/debug/deps/libpin_utils-741f7d9d160e4a16.rlib" "/opt/rustwide/target/debug/deps/libfutures_core-408247f29faf1ec8.rlib" "/opt/rustwide/target/debug/deps/libclap-e8fb81d45a3d4b4b.rlib" "/opt/rustwide/target/debug/deps/libclap_builder-ed7cc05a36a17fb5.rlib" "/opt/rustwide/target/debug/deps/libterminal_size-dfd59855f91f42ac.rlib" "/opt/rustwide/target/debug/deps/librustix-103ccd1ef98b030f.rlib" "/opt/rustwide/target/debug/deps/libbitflags-912d270082a3a4ea.rlib" "/opt/rustwide/target/debug/deps/liblinux_raw_sys-2091734e5f15aeaa.rlib" "/opt/rustwide/target/debug/deps/libstrsim-dec2701ee913c7f9.rlib" "/opt/rustwide/target/debug/deps/libanstream-a3155eb92241d524.rlib" "/opt/rustwide/target/debug/deps/libanstyle_query-bbb7c02ee04f4167.rlib" "/opt/rustwide/target/debug/deps/libcolorchoice-ebf3275943dd81c6.rlib" "/opt/rustwide/target/debug/deps/libanstyle_parse-93a71f9be6e105f5.rlib" "/opt/rustwide/target/debug/deps/libutf8parse-c12dc29a62b15885.rlib" "/opt/rustwide/target/debug/deps/libclap_lex-2b6602b27cbb9708.rlib" "/opt/rustwide/target/debug/deps/libanstyle-99bbc4ed7b6424dd.rlib" "/opt/rustwide/target/debug/deps/libregex-0f4270694c7420dc.rlib" "/opt/rustwide/target/debug/deps/libregex_automata-6ce46fdcde5d9568.rlib" "/opt/rustwide/target/debug/deps/libaho_corasick-a7001a8a6730b8eb.rlib" "/opt/rustwide/target/debug/deps/libmemchr-7da5465362ee94c1.rlib" "/opt/rustwide/target/debug/deps/libregex_syntax-e4dd3c3a3cb10e1d.rlib" "/opt/rustwide/target/debug/deps/libgherkin-2ed61b3c211f8285.rlib" "/opt/rustwide/target/debug/deps/libtextwrap-6545cadd659e5066.rlib" "/opt/rustwide/target/debug/deps/libunicode_width-a645f17db2f885de.rlib" "/opt/rustwide/target/debug/deps/libunicode_linebreak-c81817bfce72f5f3.rlib" "/opt/rustwide/target/debug/deps/libsmawk-8ebeab629f8845e9.rlib" "/opt/rustwide/target/debug/deps/libpeg-fc6bda92c59845d5.rlib" "/opt/rustwide/target/debug/deps/libpeg_runtime-06be20eb32e602ec.rlib" "/opt/rustwide/target/debug/deps/libthiserror-d1996b3b5c5b4ac9.rlib" "/opt/rustwide/target/debug/deps/libtyped_builder-594a24c0c0b1c5b3.rlib" "/opt/rustwide/rustup-home/toolchains/1.75.0-x86_64-unknown-linux-gnu/lib/rustlib/x86_64-unknown-linux-gnu/lib/libstd-90f6ddbf82de36ec.rlib" "/opt/rustwide/rustup-home/toolchains/1.75.0-x86_64-unknown-linux-gnu/lib/rustlib/x86_64-unknown-linux-gnu/lib/libpanic_unwind-480c41e9d4e1f677.rlib" "/opt/rustwide/rustup-home/toolchains/1.75.0-x86_64-unknown-linux-gnu/lib/rustlib/x86_64-unknown-linux-gnu/lib/libobject-db744c0ca03eed1d.rlib" "/opt/rustwide/rustup-home/toolchains/1.75.0-x86_64-unknown-linux-gnu/lib/rustlib/x86_64-unknown-linux-gnu/lib/libmemchr-8ba652dc7d4b285a.rlib" "/opt/rustwide/rustup-home/toolchains/1.75.0-x86_64-unknown-linux-gnu/lib/rustlib/x86_64-unknown-linux-gnu/lib/libaddr2line-d5f4520a9ebc0d58.rlib" "/opt/rustwide/rustup-home/toolchains/1.75.0-x86_64-unknown-linux-gnu/lib/rustlib/x86_64-unknown-linux-gnu/lib/libgimli-4ad84de58f0cb463.rlib" "/opt/rustwide/rustup-home/toolchains/1.75.0-x86_64-unknown-linux-gnu/lib/rustlib/x86_64-unknown-linux-gnu/lib/librustc_demangle-0d10aae2e0f38735.rlib" "/opt/rustwide/rustup-home/toolchains/1.75.0-x86_64-unknown-linux-gnu/lib/rustlib/x86_64-unknown-linux-gnu/lib/libstd_detect-0c17cff739e6745b.rlib" "/opt/rustwide/rustup-home/toolchains/1.75.0-x86_64-unknown-linux-gnu/lib/rustlib/x86_64-unknown-linux-gnu/lib/libhashbrown-b29e17139dde1aa8.rlib" "/opt/rustwide/rustup-home/toolchains/1.75.0-x86_64-unknown-linux-gnu/lib/rustlib/x86_64-unknown-linux-gnu/lib/librustc_std_workspace_alloc-1f975299829cc7bd.rlib" "/opt/rustwide/rustup-home/toolchains/1.75.0-x86_64-unknown-linux-gnu/lib/rustlib/x86_64-unknown-linux-gnu/lib/libminiz_oxide-86bae3bc3079f89b.rlib" "/opt/rustwide/rustup-home/toolchains/1.75.0-x86_64-unknown-linux-gnu/lib/rustlib/x86_64-unknown-linux-gnu/lib/libadler-321b82c30dffdf5f.rlib" "/opt/rustwide/rustup-home/toolchains/1.75.0-x86_64-unknown-linux-gnu/lib/rustlib/x86_64-unknown-linux-gnu/lib/libunwind-3dd8a6810a0bdfef.rlib" "/opt/rustwide/rustup-home/toolchains/1.75.0-x86_64-unknown-linux-gnu/lib/rustlib/x86_64-unknown-linux-gnu/lib/libcfg_if-eb39a61c0c879984.rlib" "/opt/rustwide/rustup-home/toolchains/1.75.0-x86_64-unknown-linux-gnu/lib/rustlib/x86_64-unknown-linux-gnu/lib/liblibc-aa769569f91c3548.rlib" "/opt/rustwide/rustup-home/toolchains/1.75.0-x86_64-unknown-linux-gnu/lib/rustlib/x86_64-unknown-linux-gnu/lib/liballoc-510a192a50a983ed.rlib" "/opt/rustwide/rustup-home/toolchains/1.75.0-x86_64-unknown-linux-gnu/lib/rustlib/x86_64-unknown-linux-gnu/lib/librustc_std_workspace_core-0577018320f99037.rlib" "/opt/rustwide/rustup-home/toolchains/1.75.0-x86_64-unknown-linux-gnu/lib/rustlib/x86_64-unknown-linux-gnu/lib/libcore-193cf992125ccd4c.rlib" "/opt/rustwide/rustup-home/toolchains/1.75.0-x86_64-unknown-linux-gnu/lib/rustlib/x86_64-unknown-linux-gnu/lib/libcompiler_builtins-8e138eaf26ebb4a8.rlib" "-Wl,-Bdynamic" "-lgcc_s" "-lutil" "-lrt" "-lpthread" "-lm" "-ldl" "-lc" "-Wl,--eh-frame-hdr" "-Wl,-z,noexecstack" "-L" "/opt/rustwide/rustup-home/toolchains/1.75.0-x86_64-unknown-linux-gnu/lib/rustlib/x86_64-unknown-linux-gnu/lib" "-o" "/tmp/rustdoctest3W0rd7/rust_out" "-Wl,--gc-sections" "-pie" "-Wl,-z,relro,-z,now" "-nodefaultlibs"
[INFO] [stdout]   = note: collect2: fatal error: ld terminated with signal 9 [Killed]
[INFO] [stdout]           compilation terminated.
[INFO] [stdout]           
[INFO] [stdout] 
[INFO] [stdout] error: aborting due to previous error
[INFO] [stdout] 
[INFO] [stdout] Couldn't compile the test.
[INFO] [stdout] ---- src/cucumber.rs - cucumber::Cucumber<W,P,I,R,Wr,Cli>::repeat_skipped (line 183) stdout ----
[INFO] [stdout] error: linking with `cc` failed: exit status: 1
[INFO] [stdout]   |
[INFO] [stdout]   = note: LC_ALL="C" PATH="/opt/rustwide/rustup-home/toolchains/1.75.0-x86_64-unknown-linux-gnu/lib/rustlib/x86_64-unknown-linux-gnu/bin:/opt/rustwide/cargo-home/bin:/usr/local/sbin:/usr/local/bin:/usr/sbin:/usr/bin:/sbin:/bin" VSLANG="1033" "cc" "-m64" "/tmp/rustc2SAZN1/symbols.o" "/tmp/rustdoctestkzc88j/rust_out.rust_out.263fb70ac1c95110-cgu.0.rcgu.o" "/tmp/rustdoctestkzc88j/rust_out.2uel00cfmdh5ufit.rcgu.o" "-Wl,--as-needed" "-L" "/opt/rustwide/target/debug/deps" "-L" "/opt/rustwide/target/debug/deps" "-L" "/opt/rustwide/rustup-home/toolchains/1.75.0-x86_64-unknown-linux-gnu/lib/rustlib/x86_64-unknown-linux-gnu/lib" "-Wl,-Bstatic" "/opt/rustwide/target/debug/deps/libtokio-f19da19ff8523a27.rlib" "/opt/rustwide/target/debug/deps/libnum_cpus-cb81d41626d198af.rlib" "/opt/rustwide/target/debug/deps/libcucumber-a9f5329421686eba.rlib" "/opt/rustwide/target/debug/deps/libhumantime-e2a10e0b2bfa2002.rlib" "/opt/rustwide/target/debug/deps/libinventory-8f9d046621dce4e2.rlib" "/opt/rustwide/target/debug/deps/libcucumber_expressions-7cfec1187f9e7d5c.rlib" "/opt/rustwide/target/debug/deps/libregex_syntax-92ff7cd7e2c66084.rlib" "/opt/rustwide/target/debug/deps/libnom_locate-8c3a1f971ff8168b.rlib" "/opt/rustwide/target/debug/deps/libbytecount-4fbcad287c0d26f4.rlib" "/opt/rustwide/target/debug/deps/libnom-47ed29cadda26e33.rlib" "/opt/rustwide/target/debug/deps/libanyhow-309ab2c875f40ec7.rlib" "/opt/rustwide/target/debug/deps/libconsole-612d96ac370ab585.rlib" "/opt/rustwide/target/debug/deps/liblibc-f01c1240f7c859d0.rlib" "/opt/rustwide/target/debug/deps/liblazy_static-591486ebcb9a7ead.rlib" "/opt/rustwide/target/debug/deps/liblinked_hash_map-55396135ba6b4b1c.rlib" "/opt/rustwide/target/debug/deps/libdrain_filter_polyfill-a4ba6150db3f7eb0.rlib" "/opt/rustwide/target/debug/deps/libitertools-7d9fd8b7e7b518ae.rlib" "/opt/rustwide/target/debug/deps/libeither-ff4e6ab7d60eb8c1.rlib" "/opt/rustwide/target/debug/deps/libglobwalk-9083bd50bfee606b.rlib" "/opt/rustwide/target/debug/deps/libbitflags-b7cee2ca4fb438d0.rlib" "/opt/rustwide/target/debug/deps/libignore-f1e851bbe8eb76e2.rlib" "/opt/rustwide/target/debug/deps/libwalkdir-855d0afe3de90c17.rlib" "/opt/rustwide/target/debug/deps/libsame_file-06a4c01142053b65.rlib" "/opt/rustwide/target/debug/deps/libcrossbeam_deque-2a3a8b3ae683b5fc.rlib" "/opt/rustwide/target/debug/deps/libcrossbeam_epoch-d3f6d83cd592834a.rlib" "/opt/rustwide/target/debug/deps/libcrossbeam_utils-edc5cfa41b1e38a6.rlib" "/opt/rustwide/target/debug/deps/libcfg_if-61dc7a6799e72b18.rlib" "/opt/rustwide/target/debug/deps/libglobset-6abe1c187f8e0e62.rlib" "/opt/rustwide/target/debug/deps/liblog-4f472032e8cdd371.rlib" "/opt/rustwide/target/debug/deps/libbstr-1bd3b35ad6c767a6.rlib" "/opt/rustwide/target/debug/deps/libpin_project-9fffb46c6eca72c9.rlib" "/opt/rustwide/target/debug/deps/liblazy_regex-045ef30b3ab05704.rlib" "/opt/rustwide/target/debug/deps/libonce_cell-63be820ac0ed0954.rlib" "/opt/rustwide/target/debug/deps/libfutures-efbb31f9cc3a962a.rlib" "/opt/rustwide/target/debug/deps/libfutures_executor-6ba7ac53d6138ed7.rlib" "/opt/rustwide/target/debug/deps/libfutures_util-94e03195e75e2177.rlib" "/opt/rustwide/target/debug/deps/libfutures_io-06ca5b85b7f1c406.rlib" "/opt/rustwide/target/debug/deps/libslab-6eb39baadbe9101c.rlib" "/opt/rustwide/target/debug/deps/libfutures_channel-53f0ed2f748347d4.rlib" "/opt/rustwide/target/debug/deps/libpin_project_lite-e0757e0deaa2f8a0.rlib" "/opt/rustwide/target/debug/deps/libfutures_sink-50fc48ec23ff5f80.rlib" "/opt/rustwide/target/debug/deps/libfutures_task-c1403167034c79e1.rlib" "/opt/rustwide/target/debug/deps/libpin_utils-741f7d9d160e4a16.rlib" "/opt/rustwide/target/debug/deps/libfutures_core-408247f29faf1ec8.rlib" "/opt/rustwide/target/debug/deps/libclap-e8fb81d45a3d4b4b.rlib" "/opt/rustwide/target/debug/deps/libclap_builder-ed7cc05a36a17fb5.rlib" "/opt/rustwide/target/debug/deps/libterminal_size-dfd59855f91f42ac.rlib" "/opt/rustwide/target/debug/deps/librustix-103ccd1ef98b030f.rlib" "/opt/rustwide/target/debug/deps/libbitflags-912d270082a3a4ea.rlib" "/opt/rustwide/target/debug/deps/liblinux_raw_sys-2091734e5f15aeaa.rlib" "/opt/rustwide/target/debug/deps/libstrsim-dec2701ee913c7f9.rlib" "/opt/rustwide/target/debug/deps/libanstream-a3155eb92241d524.rlib" "/opt/rustwide/target/debug/deps/libanstyle_query-bbb7c02ee04f4167.rlib" "/opt/rustwide/target/debug/deps/libcolorchoice-ebf3275943dd81c6.rlib" "/opt/rustwide/target/debug/deps/libanstyle_parse-93a71f9be6e105f5.rlib" "/opt/rustwide/target/debug/deps/libutf8parse-c12dc29a62b15885.rlib" "/opt/rustwide/target/debug/deps/libclap_lex-2b6602b27cbb9708.rlib" "/opt/rustwide/target/debug/deps/libanstyle-99bbc4ed7b6424dd.rlib" "/opt/rustwide/target/debug/deps/libregex-0f4270694c7420dc.rlib" "/opt/rustwide/target/debug/deps/libregex_automata-6ce46fdcde5d9568.rlib" "/opt/rustwide/target/debug/deps/libaho_corasick-a7001a8a6730b8eb.rlib" "/opt/rustwide/target/debug/deps/libmemchr-7da5465362ee94c1.rlib" "/opt/rustwide/target/debug/deps/libregex_syntax-e4dd3c3a3cb10e1d.rlib" "/opt/rustwide/target/debug/deps/libgherkin-2ed61b3c211f8285.rlib" "/opt/rustwide/target/debug/deps/libtextwrap-6545cadd659e5066.rlib" "/opt/rustwide/target/debug/deps/libunicode_width-a645f17db2f885de.rlib" "/opt/rustwide/target/debug/deps/libunicode_linebreak-c81817bfce72f5f3.rlib" "/opt/rustwide/target/debug/deps/libsmawk-8ebeab629f8845e9.rlib" "/opt/rustwide/target/debug/deps/libpeg-fc6bda92c59845d5.rlib" "/opt/rustwide/target/debug/deps/libpeg_runtime-06be20eb32e602ec.rlib" "/opt/rustwide/target/debug/deps/libthiserror-d1996b3b5c5b4ac9.rlib" "/opt/rustwide/target/debug/deps/libtyped_builder-594a24c0c0b1c5b3.rlib" "/opt/rustwide/rustup-home/toolchains/1.75.0-x86_64-unknown-linux-gnu/lib/rustlib/x86_64-unknown-linux-gnu/lib/libstd-90f6ddbf82de36ec.rlib" "/opt/rustwide/rustup-home/toolchains/1.75.0-x86_64-unknown-linux-gnu/lib/rustlib/x86_64-unknown-linux-gnu/lib/libpanic_unwind-480c41e9d4e1f677.rlib" "/opt/rustwide/rustup-home/toolchains/1.75.0-x86_64-unknown-linux-gnu/lib/rustlib/x86_64-unknown-linux-gnu/lib/libobject-db744c0ca03eed1d.rlib" "/opt/rustwide/rustup-home/toolchains/1.75.0-x86_64-unknown-linux-gnu/lib/rustlib/x86_64-unknown-linux-gnu/lib/libmemchr-8ba652dc7d4b285a.rlib" "/opt/rustwide/rustup-home/toolchains/1.75.0-x86_64-unknown-linux-gnu/lib/rustlib/x86_64-unknown-linux-gnu/lib/libaddr2line-d5f4520a9ebc0d58.rlib" "/opt/rustwide/rustup-home/toolchains/1.75.0-x86_64-unknown-linux-gnu/lib/rustlib/x86_64-unknown-linux-gnu/lib/libgimli-4ad84de58f0cb463.rlib" "/opt/rustwide/rustup-home/toolchains/1.75.0-x86_64-unknown-linux-gnu/lib/rustlib/x86_64-unknown-linux-gnu/lib/librustc_demangle-0d10aae2e0f38735.rlib" "/opt/rustwide/rustup-home/toolchains/1.75.0-x86_64-unknown-linux-gnu/lib/rustlib/x86_64-unknown-linux-gnu/lib/libstd_detect-0c17cff739e6745b.rlib" "/opt/rustwide/rustup-home/toolchains/1.75.0-x86_64-unknown-linux-gnu/lib/rustlib/x86_64-unknown-linux-gnu/lib/libhashbrown-b29e17139dde1aa8.rlib" "/opt/rustwide/rustup-home/toolchains/1.75.0-x86_64-unknown-linux-gnu/lib/rustlib/x86_64-unknown-linux-gnu/lib/librustc_std_workspace_alloc-1f975299829cc7bd.rlib" "/opt/rustwide/rustup-home/toolchains/1.75.0-x86_64-unknown-linux-gnu/lib/rustlib/x86_64-unknown-linux-gnu/lib/libminiz_oxide-86bae3bc3079f89b.rlib" "/opt/rustwide/rustup-home/toolchains/1.75.0-x86_64-unknown-linux-gnu/lib/rustlib/x86_64-unknown-linux-gnu/lib/libadler-321b82c30dffdf5f.rlib" "/opt/rustwide/rustup-home/toolchains/1.75.0-x86_64-unknown-linux-gnu/lib/rustlib/x86_64-unknown-linux-gnu/lib/libunwind-3dd8a6810a0bdfef.rlib" "/opt/rustwide/rustup-home/toolchains/1.75.0-x86_64-unknown-linux-gnu/lib/rustlib/x86_64-unknown-linux-gnu/lib/libcfg_if-eb39a61c0c879984.rlib" "/opt/rustwide/rustup-home/toolchains/1.75.0-x86_64-unknown-linux-gnu/lib/rustlib/x86_64-unknown-linux-gnu/lib/liblibc-aa769569f91c3548.rlib" "/opt/rustwide/rustup-home/toolchains/1.75.0-x86_64-unknown-linux-gnu/lib/rustlib/x86_64-unknown-linux-gnu/lib/liballoc-510a192a50a983ed.rlib" "/opt/rustwide/rustup-home/toolchains/1.75.0-x86_64-unknown-linux-gnu/lib/rustlib/x86_64-unknown-linux-gnu/lib/librustc_std_workspace_core-0577018320f99037.rlib" "/opt/rustwide/rustup-home/toolchains/1.75.0-x86_64-unknown-linux-gnu/lib/rustlib/x86_64-unknown-linux-gnu/lib/libcore-193cf992125ccd4c.rlib" "/opt/rustwide/rustup-home/toolchains/1.75.0-x86_64-unknown-linux-gnu/lib/rustlib/x86_64-unknown-linux-gnu/lib/libcompiler_builtins-8e138eaf26ebb4a8.rlib" "-Wl,-Bdynamic" "-lgcc_s" "-lutil" "-lrt" "-lpthread" "-lm" "-ldl" "-lc" "-Wl,--eh-frame-hdr" "-Wl,-z,noexecstack" "-L" "/opt/rustwide/rustup-home/toolchains/1.75.0-x86_64-unknown-linux-gnu/lib/rustlib/x86_64-unknown-linux-gnu/lib" "-o" "/tmp/rustdoctestkzc88j/rust_out" "-Wl,--gc-sections" "-pie" "-Wl,-z,relro,-z,now" "-nodefaultlibs"
[INFO] [stdout]   = note: collect2: fatal error: ld terminated with signal 9 [Killed]
[INFO] [stdout]           compilation terminated.
[INFO] [stdout]           
[INFO] [stdout] 
[INFO] [stdout] error: aborting due to previous error
[INFO] [stdout] 
[INFO] [stdout] Couldn't compile the test.
[INFO] [stdout] ---- src/cucumber.rs - cucumber::Cucumber<W,P,I,R,Wr,Cli>::filter_run_and_exit (line 1216) stdout ----
[INFO] [stdout] error: linking with `cc` failed: exit status: 1
[INFO] [stdout]   |
[INFO] [stdout]   = note: LC_ALL="C" PATH="/opt/rustwide/rustup-home/toolchains/1.75.0-x86_64-unknown-linux-gnu/lib/rustlib/x86_64-unknown-linux-gnu/bin:/opt/rustwide/cargo-home/bin:/usr/local/sbin:/usr/local/bin:/usr/sbin:/usr/bin:/sbin:/bin" VSLANG="1033" "cc" "-m64" "/tmp/rustcZefqN2/symbols.o" "/tmp/rustdoctestiVpsF2/rust_out.rust_out.263fb70ac1c95110-cgu.0.rcgu.o" "/tmp/rustdoctestiVpsF2/rust_out.2uel00cfmdh5ufit.rcgu.o" "-Wl,--as-needed" "-L" "/opt/rustwide/target/debug/deps" "-L" "/opt/rustwide/target/debug/deps" "-L" "/opt/rustwide/rustup-home/toolchains/1.75.0-x86_64-unknown-linux-gnu/lib/rustlib/x86_64-unknown-linux-gnu/lib" "-Wl,-Bstatic" "/opt/rustwide/target/debug/deps/libtokio-f19da19ff8523a27.rlib" "/opt/rustwide/target/debug/deps/libnum_cpus-cb81d41626d198af.rlib" "/opt/rustwide/target/debug/deps/libcucumber-a9f5329421686eba.rlib" "/opt/rustwide/target/debug/deps/libhumantime-e2a10e0b2bfa2002.rlib" "/opt/rustwide/target/debug/deps/libinventory-8f9d046621dce4e2.rlib" "/opt/rustwide/target/debug/deps/libcucumber_expressions-7cfec1187f9e7d5c.rlib" "/opt/rustwide/target/debug/deps/libregex_syntax-92ff7cd7e2c66084.rlib" "/opt/rustwide/target/debug/deps/libnom_locate-8c3a1f971ff8168b.rlib" "/opt/rustwide/target/debug/deps/libbytecount-4fbcad287c0d26f4.rlib" "/opt/rustwide/target/debug/deps/libnom-47ed29cadda26e33.rlib" "/opt/rustwide/target/debug/deps/libanyhow-309ab2c875f40ec7.rlib" "/opt/rustwide/target/debug/deps/libconsole-612d96ac370ab585.rlib" "/opt/rustwide/target/debug/deps/liblibc-f01c1240f7c859d0.rlib" "/opt/rustwide/target/debug/deps/liblazy_static-591486ebcb9a7ead.rlib" "/opt/rustwide/target/debug/deps/liblinked_hash_map-55396135ba6b4b1c.rlib" "/opt/rustwide/target/debug/deps/libdrain_filter_polyfill-a4ba6150db3f7eb0.rlib" "/opt/rustwide/target/debug/deps/libitertools-7d9fd8b7e7b518ae.rlib" "/opt/rustwide/target/debug/deps/libeither-ff4e6ab7d60eb8c1.rlib" "/opt/rustwide/target/debug/deps/libglobwalk-9083bd50bfee606b.rlib" "/opt/rustwide/target/debug/deps/libbitflags-b7cee2ca4fb438d0.rlib" "/opt/rustwide/target/debug/deps/libignore-f1e851bbe8eb76e2.rlib" "/opt/rustwide/target/debug/deps/libwalkdir-855d0afe3de90c17.rlib" "/opt/rustwide/target/debug/deps/libsame_file-06a4c01142053b65.rlib" "/opt/rustwide/target/debug/deps/libcrossbeam_deque-2a3a8b3ae683b5fc.rlib" "/opt/rustwide/target/debug/deps/libcrossbeam_epoch-d3f6d83cd592834a.rlib" "/opt/rustwide/target/debug/deps/libcrossbeam_utils-edc5cfa41b1e38a6.rlib" "/opt/rustwide/target/debug/deps/libcfg_if-61dc7a6799e72b18.rlib" "/opt/rustwide/target/debug/deps/libglobset-6abe1c187f8e0e62.rlib" "/opt/rustwide/target/debug/deps/liblog-4f472032e8cdd371.rlib" "/opt/rustwide/target/debug/deps/libbstr-1bd3b35ad6c767a6.rlib" "/opt/rustwide/target/debug/deps/libpin_project-9fffb46c6eca72c9.rlib" "/opt/rustwide/target/debug/deps/liblazy_regex-045ef30b3ab05704.rlib" "/opt/rustwide/target/debug/deps/libonce_cell-63be820ac0ed0954.rlib" "/opt/rustwide/target/debug/deps/libfutures-efbb31f9cc3a962a.rlib" "/opt/rustwide/target/debug/deps/libfutures_executor-6ba7ac53d6138ed7.rlib" "/opt/rustwide/target/debug/deps/libfutures_util-94e03195e75e2177.rlib" "/opt/rustwide/target/debug/deps/libfutures_io-06ca5b85b7f1c406.rlib" "/opt/rustwide/target/debug/deps/libslab-6eb39baadbe9101c.rlib" "/opt/rustwide/target/debug/deps/libfutures_channel-53f0ed2f748347d4.rlib" "/opt/rustwide/target/debug/deps/libpin_project_lite-e0757e0deaa2f8a0.rlib" "/opt/rustwide/target/debug/deps/libfutures_sink-50fc48ec23ff5f80.rlib" "/opt/rustwide/target/debug/deps/libfutures_task-c1403167034c79e1.rlib" "/opt/rustwide/target/debug/deps/libpin_utils-741f7d9d160e4a16.rlib" "/opt/rustwide/target/debug/deps/libfutures_core-408247f29faf1ec8.rlib" "/opt/rustwide/target/debug/deps/libclap-e8fb81d45a3d4b4b.rlib" "/opt/rustwide/target/debug/deps/libclap_builder-ed7cc05a36a17fb5.rlib" "/opt/rustwide/target/debug/deps/libterminal_size-dfd59855f91f42ac.rlib" "/opt/rustwide/target/debug/deps/librustix-103ccd1ef98b030f.rlib" "/opt/rustwide/target/debug/deps/libbitflags-912d270082a3a4ea.rlib" "/opt/rustwide/target/debug/deps/liblinux_raw_sys-2091734e5f15aeaa.rlib" "/opt/rustwide/target/debug/deps/libstrsim-dec2701ee913c7f9.rlib" "/opt/rustwide/target/debug/deps/libanstream-a3155eb92241d524.rlib" "/opt/rustwide/target/debug/deps/libanstyle_query-bbb7c02ee04f4167.rlib" "/opt/rustwide/target/debug/deps/libcolorchoice-ebf3275943dd81c6.rlib" "/opt/rustwide/target/debug/deps/libanstyle_parse-93a71f9be6e105f5.rlib" "/opt/rustwide/target/debug/deps/libutf8parse-c12dc29a62b15885.rlib" "/opt/rustwide/target/debug/deps/libclap_lex-2b6602b27cbb9708.rlib" "/opt/rustwide/target/debug/deps/libanstyle-99bbc4ed7b6424dd.rlib" "/opt/rustwide/target/debug/deps/libregex-0f4270694c7420dc.rlib" "/opt/rustwide/target/debug/deps/libregex_automata-6ce46fdcde5d9568.rlib" "/opt/rustwide/target/debug/deps/libaho_corasick-a7001a8a6730b8eb.rlib" "/opt/rustwide/target/debug/deps/libmemchr-7da5465362ee94c1.rlib" "/opt/rustwide/target/debug/deps/libregex_syntax-e4dd3c3a3cb10e1d.rlib" "/opt/rustwide/target/debug/deps/libgherkin-2ed61b3c211f8285.rlib" "/opt/rustwide/target/debug/deps/libtextwrap-6545cadd659e5066.rlib" "/opt/rustwide/target/debug/deps/libunicode_width-a645f17db2f885de.rlib" "/opt/rustwide/target/debug/deps/libunicode_linebreak-c81817bfce72f5f3.rlib" "/opt/rustwide/target/debug/deps/libsmawk-8ebeab629f8845e9.rlib" "/opt/rustwide/target/debug/deps/libpeg-fc6bda92c59845d5.rlib" "/opt/rustwide/target/debug/deps/libpeg_runtime-06be20eb32e602ec.rlib" "/opt/rustwide/target/debug/deps/libthiserror-d1996b3b5c5b4ac9.rlib" "/opt/rustwide/target/debug/deps/libtyped_builder-594a24c0c0b1c5b3.rlib" "/opt/rustwide/rustup-home/toolchains/1.75.0-x86_64-unknown-linux-gnu/lib/rustlib/x86_64-unknown-linux-gnu/lib/libstd-90f6ddbf82de36ec.rlib" "/opt/rustwide/rustup-home/toolchains/1.75.0-x86_64-unknown-linux-gnu/lib/rustlib/x86_64-unknown-linux-gnu/lib/libpanic_unwind-480c41e9d4e1f677.rlib" "/opt/rustwide/rustup-home/toolchains/1.75.0-x86_64-unknown-linux-gnu/lib/rustlib/x86_64-unknown-linux-gnu/lib/libobject-db744c0ca03eed1d.rlib" "/opt/rustwide/rustup-home/toolchains/1.75.0-x86_64-unknown-linux-gnu/lib/rustlib/x86_64-unknown-linux-gnu/lib/libmemchr-8ba652dc7d4b285a.rlib" "/opt/rustwide/rustup-home/toolchains/1.75.0-x86_64-unknown-linux-gnu/lib/rustlib/x86_64-unknown-linux-gnu/lib/libaddr2line-d5f4520a9ebc0d58.rlib" "/opt/rustwide/rustup-home/toolchains/1.75.0-x86_64-unknown-linux-gnu/lib/rustlib/x86_64-unknown-linux-gnu/lib/libgimli-4ad84de58f0cb463.rlib" "/opt/rustwide/rustup-home/toolchains/1.75.0-x86_64-unknown-linux-gnu/lib/rustlib/x86_64-unknown-linux-gnu/lib/librustc_demangle-0d10aae2e0f38735.rlib" "/opt/rustwide/rustup-home/toolchains/1.75.0-x86_64-unknown-linux-gnu/lib/rustlib/x86_64-unknown-linux-gnu/lib/libstd_detect-0c17cff739e6745b.rlib" "/opt/rustwide/rustup-home/toolchains/1.75.0-x86_64-unknown-linux-gnu/lib/rustlib/x86_64-unknown-linux-gnu/lib/libhashbrown-b29e17139dde1aa8.rlib" "/opt/rustwide/rustup-home/toolchains/1.75.0-x86_64-unknown-linux-gnu/lib/rustlib/x86_64-unknown-linux-gnu/lib/librustc_std_workspace_alloc-1f975299829cc7bd.rlib" "/opt/rustwide/rustup-home/toolchains/1.75.0-x86_64-unknown-linux-gnu/lib/rustlib/x86_64-unknown-linux-gnu/lib/libminiz_oxide-86bae3bc3079f89b.rlib" "/opt/rustwide/rustup-home/toolchains/1.75.0-x86_64-unknown-linux-gnu/lib/rustlib/x86_64-unknown-linux-gnu/lib/libadler-321b82c30dffdf5f.rlib" "/opt/rustwide/rustup-home/toolchains/1.75.0-x86_64-unknown-linux-gnu/lib/rustlib/x86_64-unknown-linux-gnu/lib/libunwind-3dd8a6810a0bdfef.rlib" "/opt/rustwide/rustup-home/toolchains/1.75.0-x86_64-unknown-linux-gnu/lib/rustlib/x86_64-unknown-linux-gnu/lib/libcfg_if-eb39a61c0c879984.rlib" "/opt/rustwide/rustup-home/toolchains/1.75.0-x86_64-unknown-linux-gnu/lib/rustlib/x86_64-unknown-linux-gnu/lib/liblibc-aa769569f91c3548.rlib" "/opt/rustwide/rustup-home/toolchains/1.75.0-x86_64-unknown-linux-gnu/lib/rustlib/x86_64-unknown-linux-gnu/lib/liballoc-510a192a50a983ed.rlib" "/opt/rustwide/rustup-home/toolchains/1.75.0-x86_64-unknown-linux-gnu/lib/rustlib/x86_64-unknown-linux-gnu/lib/librustc_std_workspace_core-0577018320f99037.rlib" "/opt/rustwide/rustup-home/toolchains/1.75.0-x86_64-unknown-linux-gnu/lib/rustlib/x86_64-unknown-linux-gnu/lib/libcore-193cf992125ccd4c.rlib" "/opt/rustwide/rustup-home/toolchains/1.75.0-x86_64-unknown-linux-gnu/lib/rustlib/x86_64-unknown-linux-gnu/lib/libcompiler_builtins-8e138eaf26ebb4a8.rlib" "-Wl,-Bdynamic" "-lgcc_s" "-lutil" "-lrt" "-lpthread" "-lm" "-ldl" "-lc" "-Wl,--eh-frame-hdr" "-Wl,-z,noexecstack" "-L" "/opt/rustwide/rustup-home/toolchains/1.75.0-x86_64-unknown-linux-gnu/lib/rustlib/x86_64-unknown-linux-gnu/lib" "-o" "/tmp/rustdoctestiVpsF2/rust_out" "-Wl,--gc-sections" "-pie" "-Wl,-z,relro,-z,now" "-nodefaultlibs"
[INFO] [stdout]   = note: collect2: fatal error: ld terminated with signal 9 [Killed]
[INFO] [stdout]           compilation terminated.
[INFO] [stdout]           
[INFO] [stdout] 
[INFO] [stdout] error: aborting due to previous error
[INFO] [stdout] 
[INFO] [stdout] Couldn't compile the test.
[INFO] [stdout] ---- src/cli.rs - cli::Opts (line 44) stdout ----
[INFO] [stdout] Test executable failed (exit status: 101).
[INFO] [stdout] 
[INFO] [stdout] stdout:
[INFO] [stdout] Failed to parse: Failed to parse feature: Could not read path: tests/features/readme
[INFO] [stdout] [Summary]
[INFO] [stdout] 0 features
[INFO] [stdout] 0 scenarios
[INFO] [stdout] 0 steps
[INFO] [stdout] 1 parsing error
[INFO] [stdout] 
[INFO] [stdout] stderr:
[INFO] [stdout] thread 'main' panicked at /opt/rustwide/workdir/src/cucumber.rs:1292:13:
[INFO] [stdout] 1 parsing error
[INFO] [stdout] stack backtrace:
[INFO] [stdout]    0:     0x560aefaa415c - std::backtrace_rs::backtrace::libunwind::trace::ha637c64ce894333a
[INFO] [stdout]                                at /rustc/82e1608dfa6e0b5569232559e3d385fea5a93112/library/std/src/../../backtrace/src/backtrace/libunwind.rs:104:5
[INFO] [stdout]    1:     0x560aefaa415c - std::backtrace_rs::backtrace::trace_unsynchronized::h47f62dea28e0c88d
[INFO] [stdout]                                at /rustc/82e1608dfa6e0b5569232559e3d385fea5a93112/library/std/src/../../backtrace/src/backtrace/mod.rs:66:5
[INFO] [stdout]    2:     0x560aefaa415c - std::sys_common::backtrace::_print_fmt::h9eef0abe20ede486
[INFO] [stdout]                                at /rustc/82e1608dfa6e0b5569232559e3d385fea5a93112/library/std/src/sys_common/backtrace.rs:67:5
[INFO] [stdout]    3:     0x560aefaa415c - <std::sys_common::backtrace::_print::DisplayBacktrace as core::fmt::Display>::fmt::hed7f999df88cc644
[INFO] [stdout]                                at /rustc/82e1608dfa6e0b5569232559e3d385fea5a93112/library/std/src/sys_common/backtrace.rs:44:22
[INFO] [stdout]    4:     0x560aefac6770 - core::fmt::rt::Argument::fmt::h1539a9308b8d058d
[INFO] [stdout]                                at /rustc/82e1608dfa6e0b5569232559e3d385fea5a93112/library/core/src/fmt/rt.rs:142:9
[INFO] [stdout]    5:     0x560aefac6770 - core::fmt::write::h3a39390d8560d9c9
[INFO] [stdout]                                at /rustc/82e1608dfa6e0b5569232559e3d385fea5a93112/library/core/src/fmt/mod.rs:1120:17
[INFO] [stdout]    6:     0x560aefaa1b6f - std::io::Write::write_fmt::h5fc9997dfe05f882
[INFO] [stdout]                                at /rustc/82e1608dfa6e0b5569232559e3d385fea5a93112/library/std/src/io/mod.rs:1762:15
[INFO] [stdout]    7:     0x560aefaa3f44 - std::sys_common::backtrace::_print::h894006fb5c6f3d45
[INFO] [stdout]                                at /rustc/82e1608dfa6e0b5569232559e3d385fea5a93112/library/std/src/sys_common/backtrace.rs:47:5
[INFO] [stdout]    8:     0x560aefaa3f44 - std::sys_common::backtrace::print::h23a2d212c6fff936
[INFO] [stdout]                                at /rustc/82e1608dfa6e0b5569232559e3d385fea5a93112/library/std/src/sys_common/backtrace.rs:34:9
[INFO] [stdout]    9:     0x560aefaa58c7 - std::panicking::default_hook::{{closure}}::h8a1d2ee00185001a
[INFO] [stdout]   10:     0x560aefaa562f - std::panicking::default_hook::h6038f2eba384e475
[INFO] [stdout]                                at /rustc/82e1608dfa6e0b5569232559e3d385fea5a93112/library/std/src/panicking.rs:292:9
[INFO] [stdout]   11:     0x560aefaa5ed8 - <alloc::boxed::Box<F,A> as core::ops::function::Fn<Args>>::call::h1f8f335eaa9cfaee
[INFO] [stdout]                                at /rustc/82e1608dfa6e0b5569232559e3d385fea5a93112/library/alloc/src/boxed.rs:2021:9
[INFO] [stdout]   12:     0x560aefaa5ed8 - std::panicking::rust_panic_with_hook::h2b5517d590cab22e
[INFO] [stdout]                                at /rustc/82e1608dfa6e0b5569232559e3d385fea5a93112/library/std/src/panicking.rs:783:13
[INFO] [stdout]   13:     0x560aefaa5c2e - std::panicking::begin_panic_handler::{{closure}}::h233112c06e0ef43e
[INFO] [stdout]                                at /rustc/82e1608dfa6e0b5569232559e3d385fea5a93112/library/std/src/panicking.rs:657:13
[INFO] [stdout]   14:     0x560aefaa4626 - std::sys_common::backtrace::__rust_end_short_backtrace::h6e893f24d7ebbff8
[INFO] [stdout]                                at /rustc/82e1608dfa6e0b5569232559e3d385fea5a93112/library/std/src/sys_common/backtrace.rs:170:18
[INFO] [stdout]   15:     0x560aefaa5992 - rust_begin_unwind
[INFO] [stdout]                                at /rustc/82e1608dfa6e0b5569232559e3d385fea5a93112/library/std/src/panicking.rs:645:5
[INFO] [stdout]   16:     0x560aef44d415 - core::panicking::panic_fmt::hbf0e066aabfa482c
[INFO] [stdout]                                at /rustc/82e1608dfa6e0b5569232559e3d385fea5a93112/library/core/src/panicking.rs:72:14
[INFO] [stdout]   17:     0x560aef4a12c5 - core::panicking::panic_display::hcb86b6f09384c1f6
[INFO] [stdout]   18:     0x560aef4eb326 - cucumber::cucumber::Cucumber<W,P,I,R,Wr,Cli>::filter_run_and_exit::{{closure}}::panic_cold_display::hc357652358dad2d5
[INFO] [stdout]   19:     0x560aef4eb2dd - cucumber::cucumber::Cucumber<W,P,I,R,Wr,Cli>::filter_run_and_exit::{{closure}}::he506eb778f86ecfd
[INFO] [stdout]   20:     0x560aef4ea80f - cucumber::cucumber::Cucumber<W,P,I,R,Wr,Cli>::run_and_exit::{{closure}}::hde4cc971b8db719b
[INFO] [stdout]   21:     0x560aef50735c - rust_out::main::{{closure}}::hd0e9fb49b6a8fe2b
[INFO] [stdout]   22:     0x560aef4bb68a - <core::pin::Pin<P> as core::future::future::Future>::poll::hd4093e8500287be8
[INFO] [stdout]   23:     0x560aef4b5a9a - tokio::runtime::scheduler::current_thread::CoreGuard::block_on::{{closure}}::{{closure}}::{{closure}}::h1e5924040cfad770
[INFO] [stdout]   24:     0x560aef4b59de - tokio::runtime::scheduler::current_thread::CoreGuard::block_on::{{closure}}::{{closure}}::hb0fa20df9d718bcd
[INFO] [stdout]   25:     0x560aef4b4423 - tokio::runtime::scheduler::current_thread::Context::enter::h25b3c012a7a1d620
[INFO] [stdout]   26:     0x560aef4b522b - tokio::runtime::scheduler::current_thread::CoreGuard::block_on::{{closure}}::haff1a2521af5eb33
[INFO] [stdout]   27:     0x560aef4b4f5b - tokio::runtime::scheduler::current_thread::CoreGuard::enter::{{closure}}::h080d47666363dd94
[INFO] [stdout]   28:     0x560aef4b30f1 - tokio::runtime::context::scoped::Scoped<T>::set::ha2e5b5ba3b92ef24
[INFO] [stdout]   29:     0x560aef4b2f44 - tokio::runtime::context::set_scheduler::{{closure}}::ha57448172016092c
[INFO] [stdout]   30:     0x560aef47a7b0 - std::thread::local::LocalKey<T>::try_with::hc182478970258bd7
[INFO] [stdout]   31:     0x560aef47a266 - std::thread::local::LocalKey<T>::with::h79f9fdc094442e2a
[INFO] [stdout]   32:     0x560aef4b2efb - tokio::runtime::context::set_scheduler::h34f3a6ce9bb0cbc8
[INFO] [stdout]   33:     0x560aef4b4cf4 - tokio::runtime::scheduler::current_thread::CoreGuard::enter::h0040ffb7624bd79b
[INFO] [stdout]   34:     0x560aef4b4f88 - tokio::runtime::scheduler::current_thread::CoreGuard::block_on::h4174ecf4c75b3ce6
[INFO] [stdout]   35:     0x560aef4b3f6d - tokio::runtime::scheduler::current_thread::CurrentThread::block_on::{{closure}}::h5a8558eef62333d7
[INFO] [stdout]   36:     0x560aef4b3582 - tokio::runtime::context::runtime::enter_runtime::h57a67eb3ba4c3650
[INFO] [stdout]   37:     0x560aef4b3e6a - tokio::runtime::scheduler::current_thread::CurrentThread::block_on::h4e78a103504ae45b
[INFO] [stdout]   38:     0x560aef4b3c16 - tokio::runtime::runtime::Runtime::block_on::h5c1e4259d668ce71
[INFO] [stdout]   39:     0x560aef506ffb - rust_out::main::hc20c0d07e2402830
[INFO] [stdout]   40:     0x560aef47e6e3 - core::ops::function::FnOnce::call_once::hbc459743598298c4
[INFO] [stdout]   41:     0x560aef477e56 - std::sys_common::backtrace::__rust_begin_short_backtrace::h62debe7d3058b76a
[INFO] [stdout]   42:     0x560aef479aa9 - std::rt::lang_start::{{closure}}::h8f486f3e1e6418b2
[INFO] [stdout]   43:     0x560aefa9bc57 - core::ops::function::impls::<impl core::ops::function::FnOnce<A> for &F>::call_once::hd95060ecd5e1ca24
[INFO] [stdout]                                at /rustc/82e1608dfa6e0b5569232559e3d385fea5a93112/library/core/src/ops/function.rs:284:13
[INFO] [stdout]   44:     0x560aefa9bc57 - std::panicking::try::do_call::h6e8cf51db32a6e4b
[INFO] [stdout]                                at /rustc/82e1608dfa6e0b5569232559e3d385fea5a93112/library/std/src/panicking.rs:552:40
[INFO] [stdout]   45:     0x560aefa9bc57 - std::panicking::try::h3a52eefe24fe3c29
[INFO] [stdout]                                at /rustc/82e1608dfa6e0b5569232559e3d385fea5a93112/library/std/src/panicking.rs:516:19
[INFO] [stdout]   46:     0x560aefa9bc57 - std::panic::catch_unwind::h24c28c23c02c3841
[INFO] [stdout]                                at /rustc/82e1608dfa6e0b5569232559e3d385fea5a93112/library/std/src/panic.rs:142:14
[INFO] [stdout]   47:     0x560aefa9bc57 - std::rt::lang_start_internal::{{closure}}::h705d3c9cbc06ef47
[INFO] [stdout]                                at /rustc/82e1608dfa6e0b5569232559e3d385fea5a93112/library/std/src/rt.rs:148:48
[INFO] [stdout]   48:     0x560aefa9bc57 - std::panicking::try::do_call::ha21f52ba13158470
[INFO] [stdout]                                at /rustc/82e1608dfa6e0b5569232559e3d385fea5a93112/library/std/src/panicking.rs:552:40
[INFO] [stdout]   49:     0x560aefa9bc57 - std::panicking::try::h5581346bf6aeb1f8
[INFO] [stdout]                                at /rustc/82e1608dfa6e0b5569232559e3d385fea5a93112/library/std/src/panicking.rs:516:19
[INFO] [stdout]   50:     0x560aefa9bc57 - std::panic::catch_unwind::h7919645a6b72e25b
[INFO] [stdout]                                at /rustc/82e1608dfa6e0b5569232559e3d385fea5a93112/library/std/src/panic.rs:142:14
[INFO] [stdout]   51:     0x560aefa9bc57 - std::rt::lang_start_internal::h12de51168669836e
[INFO] [stdout]                                at /rustc/82e1608dfa6e0b5569232559e3d385fea5a93112/library/std/src/rt.rs:148:20
[INFO] [stdout]   52:     0x560aef479a87 - std::rt::lang_start::h2c48f91a7bf85629
[INFO] [stdout]   53:     0x560aef507865 - main
[INFO] [stdout]   54:     0x7f006f4f5d90 - <unknown>
[INFO] [stdout]   55:     0x7f006f4f5e40 - __libc_start_main
[INFO] [stdout]   56:     0x560aef44dd05 - _start
[INFO] [stdout]   57:                0x0 - <unknown>
[INFO] [stdout] 
[INFO] [stdout] 
[INFO] [stdout] ---- src/cucumber.rs - cucumber::Cucumber<W,P,I,R,Wr,Cli>::with_cli (line 583) stdout ----
[INFO] [stdout] Test executable failed (exit status: 101).
[INFO] [stdout] 
[INFO] [stdout] stdout:
[INFO] [stdout] Failed to parse: Failed to parse feature: Could not read path: tests/features/readme
[INFO] [stdout] [Summary]
[INFO] [stdout] 0 features
[INFO] [stdout] 0 scenarios
[INFO] [stdout] 0 steps
[INFO] [stdout] 1 parsing error
[INFO] [stdout] 
[INFO] [stdout] stderr:
[INFO] [stdout] thread 'main' panicked at /opt/rustwide/workdir/src/cucumber.rs:1292:13:
[INFO] [stdout] 1 parsing error
[INFO] [stdout] stack backtrace:
[INFO] [stdout]    0:     0x55fcf339015c - std::backtrace_rs::backtrace::libunwind::trace::ha637c64ce894333a
[INFO] [stdout]                                at /rustc/82e1608dfa6e0b5569232559e3d385fea5a93112/library/std/src/../../backtrace/src/backtrace/libunwind.rs:104:5
[INFO] [stdout]    1:     0x55fcf339015c - std::backtrace_rs::backtrace::trace_unsynchronized::h47f62dea28e0c88d
[INFO] [stdout]                                at /rustc/82e1608dfa6e0b5569232559e3d385fea5a93112/library/std/src/../../backtrace/src/backtrace/mod.rs:66:5
[INFO] [stdout]    2:     0x55fcf339015c - std::sys_common::backtrace::_print_fmt::h9eef0abe20ede486
[INFO] [stdout]                                at /rustc/82e1608dfa6e0b5569232559e3d385fea5a93112/library/std/src/sys_common/backtrace.rs:67:5
[INFO] [stdout]    3:     0x55fcf339015c - <std::sys_common::backtrace::_print::DisplayBacktrace as core::fmt::Display>::fmt::hed7f999df88cc644
[INFO] [stdout]                                at /rustc/82e1608dfa6e0b5569232559e3d385fea5a93112/library/std/src/sys_common/backtrace.rs:44:22
[INFO] [stdout]    4:     0x55fcf33b2770 - core::fmt::rt::Argument::fmt::h1539a9308b8d058d
[INFO] [stdout]                                at /rustc/82e1608dfa6e0b5569232559e3d385fea5a93112/library/core/src/fmt/rt.rs:142:9
[INFO] [stdout]    5:     0x55fcf33b2770 - core::fmt::write::h3a39390d8560d9c9
[INFO] [stdout]                                at /rustc/82e1608dfa6e0b5569232559e3d385fea5a93112/library/core/src/fmt/mod.rs:1120:17
[INFO] [stdout]    6:     0x55fcf338db6f - std::io::Write::write_fmt::h5fc9997dfe05f882
[INFO] [stdout]                                at /rustc/82e1608dfa6e0b5569232559e3d385fea5a93112/library/std/src/io/mod.rs:1762:15
[INFO] [stdout]    7:     0x55fcf338ff44 - std::sys_common::backtrace::_print::h894006fb5c6f3d45
[INFO] [stdout]                                at /rustc/82e1608dfa6e0b5569232559e3d385fea5a93112/library/std/src/sys_common/backtrace.rs:47:5
[INFO] [stdout]    8:     0x55fcf338ff44 - std::sys_common::backtrace::print::h23a2d212c6fff936
[INFO] [stdout]                                at /rustc/82e1608dfa6e0b5569232559e3d385fea5a93112/library/std/src/sys_common/backtrace.rs:34:9
[INFO] [stdout]    9:     0x55fcf33918c7 - std::panicking::default_hook::{{closure}}::h8a1d2ee00185001a
[INFO] [stdout]   10:     0x55fcf339162f - std::panicking::default_hook::h6038f2eba384e475
[INFO] [stdout]                                at /rustc/82e1608dfa6e0b5569232559e3d385fea5a93112/library/std/src/panicking.rs:292:9
[INFO] [stdout]   11:     0x55fcf3391ed8 - <alloc::boxed::Box<F,A> as core::ops::function::Fn<Args>>::call::h1f8f335eaa9cfaee
[INFO] [stdout]                                at /rustc/82e1608dfa6e0b5569232559e3d385fea5a93112/library/alloc/src/boxed.rs:2021:9
[INFO] [stdout]   12:     0x55fcf3391ed8 - std::panicking::rust_panic_with_hook::h2b5517d590cab22e
[INFO] [stdout]                                at /rustc/82e1608dfa6e0b5569232559e3d385fea5a93112/library/std/src/panicking.rs:783:13
[INFO] [stdout]   13:     0x55fcf3391c2e - std::panicking::begin_panic_handler::{{closure}}::h233112c06e0ef43e
[INFO] [stdout]                                at /rustc/82e1608dfa6e0b5569232559e3d385fea5a93112/library/std/src/panicking.rs:657:13
[INFO] [stdout]   14:     0x55fcf3390626 - std::sys_common::backtrace::__rust_end_short_backtrace::h6e893f24d7ebbff8
[INFO] [stdout]                                at /rustc/82e1608dfa6e0b5569232559e3d385fea5a93112/library/std/src/sys_common/backtrace.rs:170:18
[INFO] [stdout]   15:     0x55fcf3391992 - rust_begin_unwind
[INFO] [stdout]                                at /rustc/82e1608dfa6e0b5569232559e3d385fea5a93112/library/std/src/panicking.rs:645:5
[INFO] [stdout]   16:     0x55fcf2d39415 - core::panicking::panic_fmt::hbf0e066aabfa482c
[INFO] [stdout]                                at /rustc/82e1608dfa6e0b5569232559e3d385fea5a93112/library/core/src/panicking.rs:72:14
[INFO] [stdout]   17:     0x55fcf2d8d2c5 - core::panicking::panic_display::hcb86b6f09384c1f6
[INFO] [stdout]   18:     0x55fcf2dd7326 - cucumber::cucumber::Cucumber<W,P,I,R,Wr,Cli>::filter_run_and_exit::{{closure}}::panic_cold_display::hc357652358dad2d5
[INFO] [stdout]   19:     0x55fcf2dd72dd - cucumber::cucumber::Cucumber<W,P,I,R,Wr,Cli>::filter_run_and_exit::{{closure}}::hc143206954dc440b
[INFO] [stdout]   20:     0x55fcf2dd680f - cucumber::cucumber::Cucumber<W,P,I,R,Wr,Cli>::run_and_exit::{{closure}}::h9d16210669963e74
[INFO] [stdout]   21:     0x55fcf2df335c - rust_out::main::{{closure}}::hd0e9fb49b6a8fe2b
[INFO] [stdout]   22:     0x55fcf2da768a - <core::pin::Pin<P> as core::future::future::Future>::poll::hd4093e8500287be8
[INFO] [stdout]   23:     0x55fcf2da1a9a - tokio::runtime::scheduler::current_thread::CoreGuard::block_on::{{closure}}::{{closure}}::{{closure}}::h1e5924040cfad770
[INFO] [stdout]   24:     0x55fcf2da19de - tokio::runtime::scheduler::current_thread::CoreGuard::block_on::{{closure}}::{{closure}}::hb0fa20df9d718bcd
[INFO] [stdout]   25:     0x55fcf2da0423 - tokio::runtime::scheduler::current_thread::Context::enter::h25b3c012a7a1d620
[INFO] [stdout]   26:     0x55fcf2da122b - tokio::runtime::scheduler::current_thread::CoreGuard::block_on::{{closure}}::haff1a2521af5eb33
[INFO] [stdout]   27:     0x55fcf2da0f5b - tokio::runtime::scheduler::current_thread::CoreGuard::enter::{{closure}}::h080d47666363dd94
[INFO] [stdout]   28:     0x55fcf2d9f0f1 - tokio::runtime::context::scoped::Scoped<T>::set::ha2e5b5ba3b92ef24
[INFO] [stdout]   29:     0x55fcf2d9ef44 - tokio::runtime::context::set_scheduler::{{closure}}::ha57448172016092c
[INFO] [stdout]   30:     0x55fcf2d667b0 - std::thread::local::LocalKey<T>::try_with::hc182478970258bd7
[INFO] [stdout]   31:     0x55fcf2d66266 - std::thread::local::LocalKey<T>::with::h79f9fdc094442e2a
[INFO] [stdout]   32:     0x55fcf2d9eefb - tokio::runtime::context::set_scheduler::h34f3a6ce9bb0cbc8
[INFO] [stdout]   33:     0x55fcf2da0cf4 - tokio::runtime::scheduler::current_thread::CoreGuard::enter::h0040ffb7624bd79b
[INFO] [stdout]   34:     0x55fcf2da0f88 - tokio::runtime::scheduler::current_thread::CoreGuard::block_on::h4174ecf4c75b3ce6
[INFO] [stdout]   35:     0x55fcf2d9ff6d - tokio::runtime::scheduler::current_thread::CurrentThread::block_on::{{closure}}::h5a8558eef62333d7
[INFO] [stdout]   36:     0x55fcf2d9f582 - tokio::runtime::context::runtime::enter_runtime::h57a67eb3ba4c3650
[INFO] [stdout]   37:     0x55fcf2d9fe6a - tokio::runtime::scheduler::current_thread::CurrentThread::block_on::h4e78a103504ae45b
[INFO] [stdout]   38:     0x55fcf2d9fc16 - tokio::runtime::runtime::Runtime::block_on::h5c1e4259d668ce71
[INFO] [stdout]   39:     0x55fcf2df2ffb - rust_out::main::hc20c0d07e2402830
[INFO] [stdout]   40:     0x55fcf2d6a6e3 - core::ops::function::FnOnce::call_once::hbc459743598298c4
[INFO] [stdout]   41:     0x55fcf2d63e56 - std::sys_common::backtrace::__rust_begin_short_backtrace::h62debe7d3058b76a
[INFO] [stdout]   42:     0x55fcf2d65aa9 - std::rt::lang_start::{{closure}}::h8f486f3e1e6418b2
[INFO] [stdout]   43:     0x55fcf3387c57 - core::ops::function::impls::<impl core::ops::function::FnOnce<A> for &F>::call_once::hd95060ecd5e1ca24
[INFO] [stdout]                                at /rustc/82e1608dfa6e0b5569232559e3d385fea5a93112/library/core/src/ops/function.rs:284:13
[INFO] [stdout]   44:     0x55fcf3387c57 - std::panicking::try::do_call::h6e8cf51db32a6e4b
[INFO] [stdout]                                at /rustc/82e1608dfa6e0b5569232559e3d385fea5a93112/library/std/src/panicking.rs:552:40
[INFO] [stdout]   45:     0x55fcf3387c57 - std::panicking::try::h3a52eefe24fe3c29
[INFO] [stdout]                                at /rustc/82e1608dfa6e0b5569232559e3d385fea5a93112/library/std/src/panicking.rs:516:19
[INFO] [stdout]   46:     0x55fcf3387c57 - std::panic::catch_unwind::h24c28c23c02c3841
[INFO] [stdout]                                at /rustc/82e1608dfa6e0b5569232559e3d385fea5a93112/library/std/src/panic.rs:142:14
[INFO] [stdout]   47:     0x55fcf3387c57 - std::rt::lang_start_internal::{{closure}}::h705d3c9cbc06ef47
[INFO] [stdout]                                at /rustc/82e1608dfa6e0b5569232559e3d385fea5a93112/library/std/src/rt.rs:148:48
[INFO] [stdout]   48:     0x55fcf3387c57 - std::panicking::try::do_call::ha21f52ba13158470
[INFO] [stdout]                                at /rustc/82e1608dfa6e0b5569232559e3d385fea5a93112/library/std/src/panicking.rs:552:40
[INFO] [stdout]   49:     0x55fcf3387c57 - std::panicking::try::h5581346bf6aeb1f8
[INFO] [stdout]                                at /rustc/82e1608dfa6e0b5569232559e3d385fea5a93112/library/std/src/panicking.rs:516:19
[INFO] [stdout]   50:     0x55fcf3387c57 - std::panic::catch_unwind::h7919645a6b72e25b
[INFO] [stdout]                                at /rustc/82e1608dfa6e0b5569232559e3d385fea5a93112/library/std/src/panic.rs:142:14
[INFO] [stdout]   51:     0x55fcf3387c57 - std::rt::lang_start_internal::h12de51168669836e
[INFO] [stdout]                                at /rustc/82e1608dfa6e0b5569232559e3d385fea5a93112/library/std/src/rt.rs:148:20
[INFO] [stdout]   52:     0x55fcf2d65a87 - std::rt::lang_start::h2c48f91a7bf85629
[INFO] [stdout]   53:     0x55fcf2df3865 - main
[INFO] [stdout]   54:     0x7f788da5ad90 - <unknown>
[INFO] [stdout]   55:     0x7f788da5ae40 - __libc_start_main
[INFO] [stdout]   56:     0x55fcf2d39d05 - _start
[INFO] [stdout]   57:                0x0 - <unknown>
[INFO] [stdout] 
[INFO] [stdout] 
[INFO] [stdout] 
[INFO] [stdout] failures:
[INFO] [stdout]     src/cli.rs - cli::Opts (line 44)
[INFO] [stdout]     src/cucumber.rs - cucumber::Cucumber<W,P,I,R,Wr,Cli>::fail_on_skipped_with (line 473)
[INFO] [stdout]     src/cucumber.rs - cucumber::Cucumber<W,P,I,R,Wr,Cli>::filter_run (line 678)
[INFO] [stdout]     src/cucumber.rs - cucumber::Cucumber<W,P,I,R,Wr,Cli>::filter_run_and_exit (line 1216)
[INFO] [stdout]     src/cucumber.rs - cucumber::Cucumber<W,P,I,R,Wr,Cli>::repeat_failed (line 227)
[INFO] [stdout]     src/cucumber.rs - cucumber::Cucumber<W,P,I,R,Wr,Cli>::repeat_failed (line 248)
[INFO] [stdout]     src/cucumber.rs - cucumber::Cucumber<W,P,I,R,Wr,Cli>::repeat_if (line 315)
[INFO] [stdout]     src/cucumber.rs - cucumber::Cucumber<W,P,I,R,Wr,Cli>::repeat_skipped (line 183)
[INFO] [stdout]     src/cucumber.rs - cucumber::Cucumber<W,P,I,R,Wr,Cli>::with_cli (line 583)
[INFO] [stdout]     src/lib.rs - (line 45)
[INFO] [stdout]     src/writer/mod.rs - writer::NonTransforming (line 383)
[INFO] [stdout]     src/writer/summarize.rs - writer::summarize::Summarizable (line 527)
[INFO] [stdout] 
[INFO] [stdout] test result: FAILED. 8 passed; 12 failed; 0 ignored; 0 measured; 0 filtered out; finished in 8.18s
[INFO] [stdout] 
[INFO] [stderr] error: doctest failed, to rerun pass `--doc`
[INFO] running `Command { std: "docker" "inspect" "759a726fa515661a30131e646d52924c8555c73758931c230e9dced793dfeedf", kill_on_drop: false }`
[INFO] running `Command { std: "docker" "rm" "-f" "759a726fa515661a30131e646d52924c8555c73758931c230e9dced793dfeedf", kill_on_drop: false }`
[INFO] [stdout] 759a726fa515661a30131e646d52924c8555c73758931c230e9dced793dfeedf
