[INFO] fetching crate cubing_core 0.12.2...
[INFO] testing cubing_core-0.12.2 against 1.75.0 for beta-1.76-1
[INFO] extracting crate cubing_core 0.12.2 into /workspace/builds/worker-0-tc1/source
[INFO] validating manifest of crates.io crate cubing_core 0.12.2 on toolchain 1.75.0
[INFO] running `Command { std: CARGO_HOME="/workspace/cargo-home" RUSTUP_HOME="/workspace/rustup-home" "/workspace/cargo-home/bin/cargo" "+1.75.0" "metadata" "--manifest-path" "Cargo.toml" "--no-deps", kill_on_drop: false }`
[INFO] started tweaking crates.io crate cubing_core 0.12.2
[INFO] finished tweaking crates.io crate cubing_core 0.12.2
[INFO] tweaked toml for crates.io crate cubing_core 0.12.2 written to /workspace/builds/worker-0-tc1/source/Cargo.toml
[INFO] running `Command { std: CARGO_HOME="/workspace/cargo-home" RUSTUP_HOME="/workspace/rustup-home" "/workspace/cargo-home/bin/cargo" "+1.75.0" "generate-lockfile" "--manifest-path" "Cargo.toml", kill_on_drop: false }`
[INFO] [stderr]     Updating crates.io index
[INFO] running `Command { std: CARGO_HOME="/workspace/cargo-home" RUSTUP_HOME="/workspace/rustup-home" "/workspace/cargo-home/bin/cargo" "+1.75.0" "fetch" "--manifest-path" "Cargo.toml", kill_on_drop: false }`
[INFO] [stderr]  Downloading crates ...
[INFO] [stderr]   Downloaded cityhasher v0.1.0
[INFO] [stderr]   Downloaded more-asserts v0.3.1
[INFO] running `Command { std: "docker" "create" "-v" "/var/lib/crater-agent-workspace/builds/worker-0-tc1/target:/opt/rustwide/target:rw,Z" "-v" "/var/lib/crater-agent-workspace/builds/worker-0-tc1/source:/opt/rustwide/workdir:ro,Z" "-v" "/var/lib/crater-agent-workspace/cargo-home:/opt/rustwide/cargo-home:ro,Z" "-v" "/var/lib/crater-agent-workspace/rustup-home:/opt/rustwide/rustup-home:ro,Z" "-e" "SOURCE_DIR=/opt/rustwide/workdir" "-e" "CARGO_TARGET_DIR=/opt/rustwide/target" "-e" "CARGO_HOME=/opt/rustwide/cargo-home" "-e" "RUSTUP_HOME=/opt/rustwide/rustup-home" "-w" "/opt/rustwide/workdir" "-m" "1610612736" "--user" "0:0" "--network" "none" "ghcr.io/rust-lang/crates-build-env/linux@sha256:2788e3201cd34a07e3172128adcd8b3090168a8e3bcc40d7c032b9dda1df7d1c" "/opt/rustwide/cargo-home/bin/cargo" "+1.75.0" "metadata" "--no-deps" "--format-version=1", kill_on_drop: false }`
[INFO] [stdout] 8a7f58e0aebe6c21fa28999c2c3e02becff5c2fb27f8577e7b7f19aa89ef87b0
[INFO] running `Command { std: "docker" "start" "-a" "8a7f58e0aebe6c21fa28999c2c3e02becff5c2fb27f8577e7b7f19aa89ef87b0", kill_on_drop: false }`
[INFO] running `Command { std: "docker" "inspect" "8a7f58e0aebe6c21fa28999c2c3e02becff5c2fb27f8577e7b7f19aa89ef87b0", kill_on_drop: false }`
[INFO] running `Command { std: "docker" "rm" "-f" "8a7f58e0aebe6c21fa28999c2c3e02becff5c2fb27f8577e7b7f19aa89ef87b0", kill_on_drop: false }`
[INFO] [stdout] 8a7f58e0aebe6c21fa28999c2c3e02becff5c2fb27f8577e7b7f19aa89ef87b0
[INFO] running `Command { std: "docker" "create" "-v" "/var/lib/crater-agent-workspace/builds/worker-0-tc1/target:/opt/rustwide/target:rw,Z" "-v" "/var/lib/crater-agent-workspace/builds/worker-0-tc1/source:/opt/rustwide/workdir:ro,Z" "-v" "/var/lib/crater-agent-workspace/cargo-home:/opt/rustwide/cargo-home:ro,Z" "-v" "/var/lib/crater-agent-workspace/rustup-home:/opt/rustwide/rustup-home:ro,Z" "-e" "SOURCE_DIR=/opt/rustwide/workdir" "-e" "CARGO_TARGET_DIR=/opt/rustwide/target" "-e" "CARGO_INCREMENTAL=0" "-e" "RUST_BACKTRACE=full" "-e" "RUSTFLAGS=--cap-lints=warn" "-e" "RUSTDOCFLAGS=--cap-lints=warn" "-e" "CARGO_HOME=/opt/rustwide/cargo-home" "-e" "RUSTUP_HOME=/opt/rustwide/rustup-home" "-w" "/opt/rustwide/workdir" "-m" "1610612736" "--user" "0:0" "--network" "none" "ghcr.io/rust-lang/crates-build-env/linux@sha256:2788e3201cd34a07e3172128adcd8b3090168a8e3bcc40d7c032b9dda1df7d1c" "/opt/rustwide/cargo-home/bin/cargo" "+1.75.0" "build" "--frozen" "--message-format=json", kill_on_drop: false }`
[INFO] [stdout] 3e867afff5bb9c0a2660c8e389c3e0847c2678fb2438d3e056439d474bb5a43a
[INFO] running `Command { std: "docker" "start" "-a" "3e867afff5bb9c0a2660c8e389c3e0847c2678fb2438d3e056439d474bb5a43a", kill_on_drop: false }`
[INFO] [stderr]    Compiling serde v1.0.194
[INFO] [stderr]    Compiling paste v1.0.14
[INFO] [stderr]    Compiling convert_case v0.4.0
[INFO] [stderr]    Compiling minimal-lexical v0.2.1
[INFO] [stderr]    Compiling memchr v2.7.1
[INFO] [stderr]    Compiling cityhasher v0.1.0
[INFO] [stderr]    Compiling more-asserts v0.3.1
[INFO] [stderr]    Compiling derive_more v0.99.17
[INFO] [stderr]    Compiling nom v7.1.3
[INFO] [stderr]    Compiling serde_json v1.0.111
[INFO] [stderr]    Compiling cubing_core v0.12.2 (/opt/rustwide/workdir)
[INFO] [stdout] warning: unused import: `json_macros::*`
[INFO] [stdout]   --> src/kpuzzle/mod.rs:15:9
[INFO] [stdout]    |
[INFO] [stdout] 15 | pub use json_macros::*;
[INFO] [stdout]    |         ^^^^^^^^^^^^^^
[INFO] [stdout]    |
[INFO] [stdout]    = note: `#[warn(unused_imports)]` on by default
[INFO] [stdout] 
[INFO] [stdout] 
[INFO] [stdout] warning: 1 warning emitted
[INFO] [stdout] 
[INFO] [stdout] 
[INFO] [stderr]     Finished dev [unoptimized + debuginfo] target(s) in 3.05s
[INFO] running `Command { std: "docker" "inspect" "3e867afff5bb9c0a2660c8e389c3e0847c2678fb2438d3e056439d474bb5a43a", kill_on_drop: false }`
[INFO] running `Command { std: "docker" "rm" "-f" "3e867afff5bb9c0a2660c8e389c3e0847c2678fb2438d3e056439d474bb5a43a", kill_on_drop: false }`
[INFO] [stdout] 3e867afff5bb9c0a2660c8e389c3e0847c2678fb2438d3e056439d474bb5a43a
[INFO] running `Command { std: "docker" "create" "-v" "/var/lib/crater-agent-workspace/builds/worker-0-tc1/target:/opt/rustwide/target:rw,Z" "-v" "/var/lib/crater-agent-workspace/builds/worker-0-tc1/source:/opt/rustwide/workdir:ro,Z" "-v" "/var/lib/crater-agent-workspace/cargo-home:/opt/rustwide/cargo-home:ro,Z" "-v" "/var/lib/crater-agent-workspace/rustup-home:/opt/rustwide/rustup-home:ro,Z" "-e" "SOURCE_DIR=/opt/rustwide/workdir" "-e" "CARGO_TARGET_DIR=/opt/rustwide/target" "-e" "CARGO_INCREMENTAL=0" "-e" "RUST_BACKTRACE=full" "-e" "RUSTFLAGS=--cap-lints=warn" "-e" "RUSTDOCFLAGS=--cap-lints=warn" "-e" "CARGO_HOME=/opt/rustwide/cargo-home" "-e" "RUSTUP_HOME=/opt/rustwide/rustup-home" "-w" "/opt/rustwide/workdir" "-m" "1610612736" "--user" "0:0" "--network" "none" "ghcr.io/rust-lang/crates-build-env/linux@sha256:2788e3201cd34a07e3172128adcd8b3090168a8e3bcc40d7c032b9dda1df7d1c" "/opt/rustwide/cargo-home/bin/cargo" "+1.75.0" "test" "--frozen" "--no-run" "--message-format=json", kill_on_drop: false }`
[INFO] [stdout] fc1648bf8a0c7660b836c217f5e8ecf2b6abcbe4472a9004fd3cefbe253c1a17
[INFO] running `Command { std: "docker" "start" "-a" "fc1648bf8a0c7660b836c217f5e8ecf2b6abcbe4472a9004fd3cefbe253c1a17", kill_on_drop: false }`
[INFO] [stderr]    Compiling libc v0.2.151
[INFO] [stderr]    Compiling utf8parse v0.2.1
[INFO] [stderr]    Compiling tinyvec_macros v0.1.1
[INFO] [stderr]    Compiling anstyle-query v1.0.2
[INFO] [stderr]    Compiling anstyle v1.0.4
[INFO] [stderr]    Compiling colorchoice v1.0.0
[INFO] [stderr]    Compiling serde_derive v1.0.194
[INFO] [stderr]    Compiling ppv-lite86 v0.2.17
[INFO] [stderr]    Compiling tinyvec v1.6.0
[INFO] [stderr]    Compiling anstyle-parse v0.2.3
[INFO] [stderr]    Compiling clap_lex v0.6.0
[INFO] [stderr]    Compiling unicode-bidi v0.3.14
[INFO] [stderr]    Compiling anstream v0.6.5
[INFO] [stderr]    Compiling percent-encoding v2.3.1
[INFO] [stderr]    Compiling strsim v0.10.0
[INFO] [stderr]    Compiling form_urlencoded v1.2.1
[INFO] [stderr]    Compiling clap_derive v4.4.7
[INFO] [stderr]    Compiling clap_builder v4.4.12
[INFO] [stderr]    Compiling once_cell v1.19.0
[INFO] [stderr]    Compiling unicode-normalization v0.1.22
[INFO] [stderr]    Compiling getrandom v0.2.11
[INFO] [stderr]    Compiling rand_core v0.6.4
[INFO] [stderr]    Compiling idna v0.5.0
[INFO] [stderr]    Compiling rand_chacha v0.3.1
[INFO] [stderr]    Compiling rand v0.8.5
[INFO] [stderr]    Compiling url v2.5.0
[INFO] [stderr]    Compiling clap v4.4.13
[INFO] [stderr]    Compiling serde v1.0.194
[INFO] [stderr]    Compiling serde_json v1.0.111
[INFO] [stderr]    Compiling cubing_core v0.12.2 (/opt/rustwide/workdir)
[INFO] [stdout] warning: unused import: `json_macros::*`
[INFO] [stdout]   --> src/kpuzzle/mod.rs:15:9
[INFO] [stdout]    |
[INFO] [stdout] 15 | pub use json_macros::*;
[INFO] [stdout]    |         ^^^^^^^^^^^^^^
[INFO] [stdout]    |
[INFO] [stdout]    = note: `#[warn(unused_imports)]` on by default
[INFO] [stdout] 
[INFO] [stdout] 
[INFO] [stdout] warning: unused import: `json_macros::*`
[INFO] [stdout]   --> src/kpuzzle/mod.rs:15:9
[INFO] [stdout]    |
[INFO] [stdout] 15 | pub use json_macros::*;
[INFO] [stdout]    |         ^^^^^^^^^^^^^^
[INFO] [stdout]    |
[INFO] [stdout]    = note: `#[warn(unused_imports)]` on by default
[INFO] [stdout] 
[INFO] [stdout] 
[INFO] [stdout] warning: 1 warning emitted
[INFO] [stdout] 
[INFO] [stdout] 
[INFO] [stdout] warning: 1 warning emitted
[INFO] [stdout] 
[INFO] [stdout] 
[INFO] [stderr]     Finished test [unoptimized + debuginfo] target(s) in 5.83s
[INFO] running `Command { std: "docker" "inspect" "fc1648bf8a0c7660b836c217f5e8ecf2b6abcbe4472a9004fd3cefbe253c1a17", kill_on_drop: false }`
[INFO] running `Command { std: "docker" "rm" "-f" "fc1648bf8a0c7660b836c217f5e8ecf2b6abcbe4472a9004fd3cefbe253c1a17", kill_on_drop: false }`
[INFO] [stdout] fc1648bf8a0c7660b836c217f5e8ecf2b6abcbe4472a9004fd3cefbe253c1a17
[INFO] running `Command { std: "docker" "create" "-v" "/var/lib/crater-agent-workspace/builds/worker-0-tc1/target:/opt/rustwide/target:rw,Z" "-v" "/var/lib/crater-agent-workspace/builds/worker-0-tc1/source:/opt/rustwide/workdir:ro,Z" "-v" "/var/lib/crater-agent-workspace/cargo-home:/opt/rustwide/cargo-home:ro,Z" "-v" "/var/lib/crater-agent-workspace/rustup-home:/opt/rustwide/rustup-home:ro,Z" "-e" "SOURCE_DIR=/opt/rustwide/workdir" "-e" "CARGO_TARGET_DIR=/opt/rustwide/target" "-e" "CARGO_INCREMENTAL=0" "-e" "RUST_BACKTRACE=full" "-e" "RUSTFLAGS=--cap-lints=warn" "-e" "RUSTDOCFLAGS=--cap-lints=warn" "-e" "CARGO_HOME=/opt/rustwide/cargo-home" "-e" "RUSTUP_HOME=/opt/rustwide/rustup-home" "-w" "/opt/rustwide/workdir" "-m" "1610612736" "--user" "0:0" "--network" "none" "ghcr.io/rust-lang/crates-build-env/linux@sha256:2788e3201cd34a07e3172128adcd8b3090168a8e3bcc40d7c032b9dda1df7d1c" "/opt/rustwide/cargo-home/bin/cargo" "+1.75.0" "test" "--frozen", kill_on_drop: false }`
[INFO] [stdout] 397de82c662c1fbdaadefef79b8cb18e50aef2b50701e60b236c1d0525d03566
[INFO] running `Command { std: "docker" "start" "-a" "397de82c662c1fbdaadefef79b8cb18e50aef2b50701e60b236c1d0525d03566", kill_on_drop: false }`
[INFO] [stderr] warning: unused import: `json_macros::*`
[INFO] [stderr]   --> src/kpuzzle/mod.rs:15:9
[INFO] [stderr]    |
[INFO] [stderr] 15 | pub use json_macros::*;
[INFO] [stderr]    |         ^^^^^^^^^^^^^^
[INFO] [stderr]    |
[INFO] [stderr]    = note: `#[warn(unused_imports)]` on by default
[INFO] [stderr] 
[INFO] [stderr] warning: `cubing_core` (lib) generated 1 warning (run `cargo fix --lib -p cubing_core` to apply 1 suggestion)
[INFO] [stderr] warning: `cubing_core` (lib test) generated 1 warning (1 duplicate)
[INFO] [stderr]     Finished test [unoptimized + debuginfo] target(s) in 0.03s
[INFO] [stderr]      Running unittests src/lib.rs (/opt/rustwide/target/debug/deps/cubing_core-4aa03236cfe7b2f3)
[INFO] [stdout] 
[INFO] [stdout] running 3 tests
[INFO] [stdout] test kpuzzle::packed::orientation_packer::tests::orientation_mod ... ok
[INFO] [stdout] test kpuzzle::packed::kpattern::tests::compose ... ok
[INFO] [stdout] test kpuzzle::packed::ktransformation::tests::compose ... ok
[INFO] [stdout] 
[INFO] [stdout] test result: ok. 3 passed; 0 failed; 0 ignored; 0 measured; 0 filtered out; finished in 0.00s
[INFO] [stdout] 
[INFO] [stderr]      Running tests/alg_tests.rs (/opt/rustwide/target/debug/deps/alg_tests-cffaac7d4145e561)
[INFO] [stdout] 
[INFO] [stdout] running 5 tests
[INFO] [stdout] test it_handles_crowding ... ok
[INFO] [stdout] test alg_can_be_sent_to_and_returned_from_threads ... ok
[INFO] [stdout] test mixed_puzzle_notation ... ok
[INFO] [stdout] test it_works ... ok
[INFO] [stdout] test it_can_build_and_parse_long_strings ... ok
[INFO] [stdout] 
[INFO] [stdout] test result: ok. 5 passed; 0 failed; 0 ignored; 0 measured; 0 filtered out; finished in 0.00s
[INFO] [stdout] 
[INFO] [stderr]      Running tests/kpuzzle_tests.rs (/opt/rustwide/target/debug/deps/kpuzzle_tests-e88af684f96218cb)
[INFO] [stdout] 
[INFO] [stdout] running 3 tests
[INFO] [stdout] test it_works ... ok
[INFO] [stdout] test ktransformation_can_be_sent_to_and_returned_from_threads ... ok
[INFO] [stdout] test static_kpattern_can_be_sent_to_and_returned_from_threads ... ok
[INFO] [stdout] 
[INFO] [stdout] test result: ok. 3 passed; 0 failed; 0 ignored; 0 measured; 0 filtered out; finished in 0.00s
[INFO] [stdout] 
[INFO] [stderr]      Running tests/puzzle_tests.rs (/opt/rustwide/target/debug/deps/puzzle_tests-4ca7a72673c5b075)
[INFO] [stdout] 
[INFO] [stdout] running 3 tests
[INFO] [stdout] test avoids_recursion ... ok
[INFO] [stdout] test test_2x2x2 ... ok
[INFO] [stdout] test it_works ... ok
[INFO] [stdout] 
[INFO] [stdout] test result: ok. 3 passed; 0 failed; 0 ignored; 0 measured; 0 filtered out; finished in 0.00s
[INFO] [stdout] 
[INFO] [stderr]    Doc-tests cubing_core
[INFO] [stdout] 
[INFO] [stdout] running 3 tests
[INFO] [stdout] test src/kpuzzle/json_macros.rs - kpuzzle::json_macros::kpattern_from_json_file (line 39) ... FAILED
[INFO] [stdout] test src/kpuzzle/json_macros.rs - kpuzzle::json_macros::ktransformation_from_json_file (line 75) ... FAILED
[INFO] [stdout] test src/kpuzzle/json_macros.rs - kpuzzle::json_macros::kpuzzle_from_json_file (line 9) ... FAILED
[INFO] [stdout] 
[INFO] [stdout] failures:
[INFO] [stdout] 
[INFO] [stdout] ---- src/kpuzzle/json_macros.rs - kpuzzle::json_macros::kpattern_from_json_file (line 39) stdout ----
[INFO] [stdout] error[E0433]: failed to resolve: use of undeclared crate or module `cubing`
[INFO] [stdout]  --> src/kpuzzle/json_macros.rs:40:5
[INFO] [stdout]   |
[INFO] [stdout] 3 | use cubing::kpuzzle::{KPuzzle, KPattern};
[INFO] [stdout]   |     ^^^^^^ use of undeclared crate or module `cubing`
[INFO] [stdout] 
[INFO] [stdout] error[E0432]: unresolved import `cubing`
[INFO] [stdout]  --> src/kpuzzle/json_macros.rs:41:5
[INFO] [stdout]   |
[INFO] [stdout] 4 | use cubing::{kpattern_from_json_file, kpuzzle_from_json_file};
[INFO] [stdout]   |     ^^^^^^ use of undeclared crate or module `cubing`
[INFO] [stdout] 
[INFO] [stdout] error: cannot determine resolution for the macro `kpattern_from_json_file`
[INFO] [stdout]  --> src/kpuzzle/json_macros.rs:45:1
[INFO] [stdout]   |
[INFO] [stdout] 8 | kpattern_from_json_file!(pub(crate), example, "./example.kpattern.json", example_kpuzzle());
[INFO] [stdout]   | ^^^^^^^^^^^^^^^^^^^^^^^
[INFO] [stdout]   |
[INFO] [stdout]   = note: import resolution is stuck, try simplifying macro imports
[INFO] [stdout] 
[INFO] [stdout] error: cannot determine resolution for the macro `kpuzzle_from_json_file`
[INFO] [stdout]  --> src/kpuzzle/json_macros.rs:43:1
[INFO] [stdout]   |
[INFO] [stdout] 6 | kpuzzle_from_json_file!(pub(crate), example, "./example.kpuzzle.json");
[INFO] [stdout]   | ^^^^^^^^^^^^^^^^^^^^^^
[INFO] [stdout]   |
[INFO] [stdout]   = note: import resolution is stuck, try simplifying macro imports
[INFO] [stdout] 
[INFO] [stdout] error[E0425]: cannot find function `example_kpattern` in this scope
[INFO] [stdout]  --> src/kpuzzle/json_macros.rs:46:27
[INFO] [stdout]   |
[INFO] [stdout] 9 | let kpattern: &KPattern = example_kpattern();
[INFO] [stdout]   |                           ^^^^^^^^^^^^^^^^ not found in this scope
[INFO] [stdout] 
[INFO] [stdout] error: aborting due to 5 previous errors
[INFO] [stdout] 
[INFO] [stdout] Some errors have detailed explanations: E0425, E0432, E0433.
[INFO] [stdout] For more information about an error, try `rustc --explain E0425`.
[INFO] [stdout] Couldn't compile the test.
[INFO] [stdout] ---- src/kpuzzle/json_macros.rs - kpuzzle::json_macros::ktransformation_from_json_file (line 75) stdout ----
[INFO] [stdout] error[E0433]: failed to resolve: use of undeclared crate or module `cubing`
[INFO] [stdout]  --> src/kpuzzle/json_macros.rs:76:5
[INFO] [stdout]   |
[INFO] [stdout] 3 | use cubing::kpuzzle::{KPuzzle, KTransformation};
[INFO] [stdout]   |     ^^^^^^ use of undeclared crate or module `cubing`
[INFO] [stdout] 
[INFO] [stdout] error[E0432]: unresolved import `cubing`
[INFO] [stdout]  --> src/kpuzzle/json_macros.rs:77:5
[INFO] [stdout]   |
[INFO] [stdout] 4 | use cubing::{kpuzzle_from_json_file, ktransformation_from_json_file};
[INFO] [stdout]   |     ^^^^^^ use of undeclared crate or module `cubing`
[INFO] [stdout] 
[INFO] [stdout] error: cannot determine resolution for the macro `ktransformation_from_json_file`
[INFO] [stdout]  --> src/kpuzzle/json_macros.rs:81:1
[INFO] [stdout]   |
[INFO] [stdout] 8 | ktransformation_from_json_file!(pub(crate), example, "./example.ktransformation.json", example_kpuzzle());
[INFO] [stdout]   | ^^^^^^^^^^^^^^^^^^^^^^^^^^^^^^
[INFO] [stdout]   |
[INFO] [stdout]   = note: import resolution is stuck, try simplifying macro imports
[INFO] [stdout] 
[INFO] [stdout] error: cannot determine resolution for the macro `kpuzzle_from_json_file`
[INFO] [stdout]  --> src/kpuzzle/json_macros.rs:79:1
[INFO] [stdout]   |
[INFO] [stdout] 6 | kpuzzle_from_json_file!(pub(crate), example, "./example.kpuzzle.json");
[INFO] [stdout]   | ^^^^^^^^^^^^^^^^^^^^^^
[INFO] [stdout]   |
[INFO] [stdout]   = note: import resolution is stuck, try simplifying macro imports
[INFO] [stdout] 
[INFO] [stdout] error[E0425]: cannot find function `example_ktransformation` in this scope
[INFO] [stdout]  --> src/kpuzzle/json_macros.rs:82:41
[INFO] [stdout]   |
[INFO] [stdout] 9 | let ktransformation: &KTransformation = example_ktransformation();
[INFO] [stdout]   |                                         ^^^^^^^^^^^^^^^^^^^^^^^ not found in this scope
[INFO] [stdout] 
[INFO] [stdout] error: aborting due to 5 previous errors
[INFO] [stdout] 
[INFO] [stdout] Some errors have detailed explanations: E0425, E0432, E0433.
[INFO] [stdout] For more information about an error, try `rustc --explain E0425`.
[INFO] [stdout] Couldn't compile the test.
[INFO] [stdout] ---- src/kpuzzle/json_macros.rs - kpuzzle::json_macros::kpuzzle_from_json_file (line 9) stdout ----
[INFO] [stdout] error[E0433]: failed to resolve: use of undeclared crate or module `cubing`
[INFO] [stdout]  --> src/kpuzzle/json_macros.rs:10:5
[INFO] [stdout]   |
[INFO] [stdout] 3 | use cubing::kpuzzle::KPuzzle;
[INFO] [stdout]   |     ^^^^^^ use of undeclared crate or module `cubing`
[INFO] [stdout] 
[INFO] [stdout] error[E0432]: unresolved import `cubing`
[INFO] [stdout]  --> src/kpuzzle/json_macros.rs:11:5
[INFO] [stdout]   |
[INFO] [stdout] 4 | use cubing::{kpuzzle_from_json_file};
[INFO] [stdout]   |     ^^^^^^ use of undeclared crate or module `cubing`
[INFO] [stdout] 
[INFO] [stdout] error: cannot determine resolution for the macro `kpuzzle_from_json_file`
[INFO] [stdout]  --> src/kpuzzle/json_macros.rs:13:1
[INFO] [stdout]   |
[INFO] [stdout] 6 | kpuzzle_from_json_file!(pub(crate), example, "./example.kpuzzle.json");
[INFO] [stdout]   | ^^^^^^^^^^^^^^^^^^^^^^
[INFO] [stdout]   |
[INFO] [stdout]   = note: import resolution is stuck, try simplifying macro imports
[INFO] [stdout] 
[INFO] [stdout] error[E0425]: cannot find function `example_kpuzzle` in this scope
[INFO] [stdout]  --> src/kpuzzle/json_macros.rs:14:25
[INFO] [stdout]   |
[INFO] [stdout] 7 | let kpuzzle: &KPuzzle = example_kpuzzle();
[INFO] [stdout]   |                         ^^^^^^^^^^^^^^^ not found in this scope
[INFO] [stdout] 
[INFO] [stdout] error: aborting due to 4 previous errors
[INFO] [stdout] 
[INFO] [stdout] Some errors have detailed explanations: E0425, E0432, E0433.
[INFO] [stdout] For more information about an error, try `rustc --explain E0425`.
[INFO] [stdout] Couldn't compile the test.
[INFO] [stdout] 
[INFO] [stdout] failures:
[INFO] [stdout]     src/kpuzzle/json_macros.rs - kpuzzle::json_macros::kpattern_from_json_file (line 39)
[INFO] [stdout]     src/kpuzzle/json_macros.rs - kpuzzle::json_macros::kpuzzle_from_json_file (line 9)
[INFO] [stdout]     src/kpuzzle/json_macros.rs - kpuzzle::json_macros::ktransformation_from_json_file (line 75)
[INFO] [stdout] 
[INFO] [stdout] test result: FAILED. 0 passed; 3 failed; 0 ignored; 0 measured; 0 filtered out; finished in 0.05s
[INFO] [stdout] 
[INFO] [stderr] error: doctest failed, to rerun pass `--doc`
[INFO] running `Command { std: "docker" "inspect" "397de82c662c1fbdaadefef79b8cb18e50aef2b50701e60b236c1d0525d03566", kill_on_drop: false }`
[INFO] running `Command { std: "docker" "rm" "-f" "397de82c662c1fbdaadefef79b8cb18e50aef2b50701e60b236c1d0525d03566", kill_on_drop: false }`
[INFO] [stdout] 397de82c662c1fbdaadefef79b8cb18e50aef2b50701e60b236c1d0525d03566
