[INFO] fetching crate csv-sanity 0.1.0...
[INFO] testing csv-sanity-0.1.0 against 1.75.0 for beta-1.76-1
[INFO] extracting crate csv-sanity 0.1.0 into /workspace/builds/worker-6-tc1/source
[INFO] validating manifest of crates.io crate csv-sanity 0.1.0 on toolchain 1.75.0
[INFO] running `Command { std: CARGO_HOME="/workspace/cargo-home" RUSTUP_HOME="/workspace/rustup-home" "/workspace/cargo-home/bin/cargo" "+1.75.0" "metadata" "--manifest-path" "Cargo.toml" "--no-deps", kill_on_drop: false }`
[INFO] started tweaking crates.io crate csv-sanity 0.1.0
[INFO] finished tweaking crates.io crate csv-sanity 0.1.0
[INFO] tweaked toml for crates.io crate csv-sanity 0.1.0 written to /workspace/builds/worker-6-tc1/source/Cargo.toml
[INFO] running `Command { std: CARGO_HOME="/workspace/cargo-home" RUSTUP_HOME="/workspace/rustup-home" "/workspace/cargo-home/bin/cargo" "+1.75.0" "generate-lockfile" "--manifest-path" "Cargo.toml", kill_on_drop: false }`
[INFO] [stderr]     Updating crates.io index
[INFO] running `Command { std: CARGO_HOME="/workspace/cargo-home" RUSTUP_HOME="/workspace/rustup-home" "/workspace/cargo-home/bin/cargo" "+1.75.0" "fetch" "--manifest-path" "Cargo.toml", kill_on_drop: false }`
[INFO] [stderr]  Downloading crates ...
[INFO] [stderr]   Downloaded memchr v1.0.2
[INFO] [stderr]   Downloaded maplit v0.1.6
[INFO] [stderr]   Downloaded csv v0.15.0
[INFO] running `Command { std: "docker" "create" "-v" "/var/lib/crater-agent-workspace/builds/worker-6-tc1/target:/opt/rustwide/target:rw,Z" "-v" "/var/lib/crater-agent-workspace/builds/worker-6-tc1/source:/opt/rustwide/workdir:ro,Z" "-v" "/var/lib/crater-agent-workspace/cargo-home:/opt/rustwide/cargo-home:ro,Z" "-v" "/var/lib/crater-agent-workspace/rustup-home:/opt/rustwide/rustup-home:ro,Z" "-e" "SOURCE_DIR=/opt/rustwide/workdir" "-e" "CARGO_TARGET_DIR=/opt/rustwide/target" "-e" "CARGO_HOME=/opt/rustwide/cargo-home" "-e" "RUSTUP_HOME=/opt/rustwide/rustup-home" "-w" "/opt/rustwide/workdir" "-m" "1610612736" "--user" "0:0" "--network" "none" "ghcr.io/rust-lang/crates-build-env/linux@sha256:2788e3201cd34a07e3172128adcd8b3090168a8e3bcc40d7c032b9dda1df7d1c" "/opt/rustwide/cargo-home/bin/cargo" "+1.75.0" "metadata" "--no-deps" "--format-version=1", kill_on_drop: false }`
[INFO] [stdout] 811bcb032eac1daa48ddcb00539d504ddbd87ddf6c8115751bf7d730b5c97df6
[INFO] running `Command { std: "docker" "start" "-a" "811bcb032eac1daa48ddcb00539d504ddbd87ddf6c8115751bf7d730b5c97df6", kill_on_drop: false }`
[INFO] running `Command { std: "docker" "inspect" "811bcb032eac1daa48ddcb00539d504ddbd87ddf6c8115751bf7d730b5c97df6", kill_on_drop: false }`
[INFO] running `Command { std: "docker" "rm" "-f" "811bcb032eac1daa48ddcb00539d504ddbd87ddf6c8115751bf7d730b5c97df6", kill_on_drop: false }`
[INFO] [stdout] 811bcb032eac1daa48ddcb00539d504ddbd87ddf6c8115751bf7d730b5c97df6
[INFO] running `Command { std: "docker" "create" "-v" "/var/lib/crater-agent-workspace/builds/worker-6-tc1/target:/opt/rustwide/target:rw,Z" "-v" "/var/lib/crater-agent-workspace/builds/worker-6-tc1/source:/opt/rustwide/workdir:ro,Z" "-v" "/var/lib/crater-agent-workspace/cargo-home:/opt/rustwide/cargo-home:ro,Z" "-v" "/var/lib/crater-agent-workspace/rustup-home:/opt/rustwide/rustup-home:ro,Z" "-e" "SOURCE_DIR=/opt/rustwide/workdir" "-e" "CARGO_TARGET_DIR=/opt/rustwide/target" "-e" "CARGO_INCREMENTAL=0" "-e" "RUST_BACKTRACE=full" "-e" "RUSTFLAGS=--cap-lints=warn" "-e" "RUSTDOCFLAGS=--cap-lints=warn" "-e" "CARGO_HOME=/opt/rustwide/cargo-home" "-e" "RUSTUP_HOME=/opt/rustwide/rustup-home" "-w" "/opt/rustwide/workdir" "-m" "1610612736" "--user" "0:0" "--network" "none" "ghcr.io/rust-lang/crates-build-env/linux@sha256:2788e3201cd34a07e3172128adcd8b3090168a8e3bcc40d7c032b9dda1df7d1c" "/opt/rustwide/cargo-home/bin/cargo" "+1.75.0" "build" "--frozen" "--message-format=json", kill_on_drop: false }`
[INFO] [stdout] 29c92342d3d760afdc974bbef64f163ee54a41a0a43eb03f358a124220bc86bb
[INFO] running `Command { std: "docker" "start" "-a" "29c92342d3d760afdc974bbef64f163ee54a41a0a43eb03f358a124220bc86bb", kill_on_drop: false }`
[INFO] [stderr]    Compiling libc v0.2.151
[INFO] [stderr]    Compiling semver v0.1.20
[INFO] [stderr]    Compiling serde v1.0.194
[INFO] [stderr]    Compiling regex v0.2.11
[INFO] [stderr]    Compiling ucd-util v0.1.10
[INFO] [stderr]    Compiling serde_json v1.0.111
[INFO] [stderr]    Compiling unicode-width v0.1.11
[INFO] [stderr]    Compiling memchr v2.7.1
[INFO] [stderr]    Compiling textwrap v0.11.0
[INFO] [stderr]    Compiling regex-syntax v0.5.6
[INFO] [stderr]    Compiling rustc_version v0.1.7
[INFO] [stderr]    Compiling syn v2.0.48
[INFO] [stderr]    Compiling thread_local v0.3.6
[INFO] [stderr]    Compiling newtype_derive v0.1.6
[INFO] [stderr]    Compiling strsim v0.8.0
[INFO] [stderr]    Compiling aho-corasick v0.6.10
[INFO] [stderr]    Compiling ryu v1.0.16
[INFO] [stderr]    Compiling log v0.4.20
[INFO] [stderr]    Compiling ansi_term v0.12.1
[INFO] [stderr]    Compiling utf8-ranges v1.0.5
[INFO] [stderr]    Compiling memchr v1.0.2
[INFO] [stderr]    Compiling atty v0.2.14
[INFO] [stderr]    Compiling itoa v1.0.10
[INFO] [stderr]    Compiling vec_map v0.8.2
[INFO] [stderr]    Compiling bitflags v1.3.2
[INFO] [stderr]    Compiling rustc-serialize v0.3.25
[INFO] [stderr]    Compiling clap v2.34.0
[INFO] [stderr]    Compiling time v0.1.45
[INFO] [stderr]    Compiling log v0.3.9
[INFO] [stderr]    Compiling custom_derive v0.1.7
[INFO] [stderr]    Compiling unicode-segmentation v1.10.1
[INFO] [stderr]    Compiling maplit v0.1.6
[INFO] [stderr]    Compiling lazy_static v0.2.11
[INFO] [stderr]    Compiling csv v0.15.0
[INFO] [stderr]    Compiling serde_derive v1.0.194
[INFO] [stderr]    Compiling csv-sanity v0.1.0 (/opt/rustwide/workdir)
[INFO] [stdout] warning: use of deprecated macro `RustcEncodable`: rustc-serialize is deprecated and no longer supported
[INFO] [stdout]   --> src/transformer.rs:70:10
[INFO] [stdout]    |
[INFO] [stdout] 70 | #[derive(RustcEncodable, Deserialize, Serialize, Clone, PartialEq, Eq, Hash, Debug)]
[INFO] [stdout]    |          ^^^^^^^^^^^^^^
[INFO] [stdout]    |
[INFO] [stdout]    = note: `#[warn(deprecated)]` on by default
[INFO] [stdout] 
[INFO] [stdout] 
[INFO] [stdout] warning: use of deprecated constant `std::sync::ONCE_INIT`: the `new` function is now preferred
[INFO] [stdout]   --> src/transformers/email.rs:9:1
[INFO] [stdout]    |
[INFO] [stdout] 9  | / lazy_static! {
[INFO] [stdout] 10 | |     static ref EMAIL_REGEX: Regex = Regex::new(r"(?i)\A[a-z0-9!#$%&'*+/=?^_`{|}~-]+(?:\.[a-z0-9!#$%&'*+/=?^_`{|}~-]+)*@(?:[a-z0-9](?:[a-z...
[INFO] [stdout] 11 | | }
[INFO] [stdout]    | |_^
[INFO] [stdout]    |
[INFO] [stdout]    = note: this warning originates in the macro `__lazy_static_create` which comes from the expansion of the macro `lazy_static` (in Nightly builds, run with -Z macro-backtrace for more info)
[INFO] [stdout] 
[INFO] [stdout] 
[INFO] [stdout] warning: use of deprecated constant `std::sync::ONCE_INIT`: the `new` function is now preferred
[INFO] [stdout]   --> src/transformers/number.rs:9:1
[INFO] [stdout]    |
[INFO] [stdout] 9  | / lazy_static! {
[INFO] [stdout] 10 | |     static ref INTEGER_REGEX: Regex = Regex::new(r"\A(:?0|[1-9]\d*)\z").unwrap();
[INFO] [stdout] 11 | | }
[INFO] [stdout]    | |_^
[INFO] [stdout]    |
[INFO] [stdout]    = note: this warning originates in the macro `__lazy_static_create` which comes from the expansion of the macro `lazy_static` (in Nightly builds, run with -Z macro-backtrace for more info)
[INFO] [stdout] 
[INFO] [stdout] 
[INFO] [stdout] warning: use of deprecated constant `std::sync::ONCE_INIT`: the `new` function is now preferred
[INFO] [stdout]   --> src/transformers/zipcode.rs:9:1
[INFO] [stdout]    |
[INFO] [stdout] 9  | / lazy_static! {
[INFO] [stdout] 10 | |     static ref ZIP_REGEX: Regex = Regex::new(r"\A(\d{5})\D*(?:(\d{4}))?\z").unwrap();
[INFO] [stdout] 11 | | }
[INFO] [stdout]    | |_^
[INFO] [stdout]    |
[INFO] [stdout]    = note: this warning originates in the macro `__lazy_static_create` which comes from the expansion of the macro `lazy_static` (in Nightly builds, run with -Z macro-backtrace for more info)
[INFO] [stdout] 
[INFO] [stdout] 
[INFO] [stdout] warning: use of deprecated constant `std::sync::ONCE_INIT`: the `new` function is now preferred
[INFO] [stdout]   --> src/transformers/phone_number.rs:9:1
[INFO] [stdout]    |
[INFO] [stdout] 9  | / lazy_static! {
[INFO] [stdout] 10 | |     static ref NANP_REGEX: Regex = Regex::new(r"\A(?:\+?1)?\D*\(?(?P<area>\d{3})\)?\D*(?P<exchange>\d{3})\D*(?P<subscriber>\d{4})\z").unw...
[INFO] [stdout] 11 | | }
[INFO] [stdout]    | |_^
[INFO] [stdout]    |
[INFO] [stdout]    = note: this warning originates in the macro `__lazy_static_create` which comes from the expansion of the macro `lazy_static` (in Nightly builds, run with -Z macro-backtrace for more info)
[INFO] [stdout] 
[INFO] [stdout] 
[INFO] [stdout] warning: call to `.clone()` on a reference in this situation does nothing
[INFO] [stdout]    --> src/cli.rs:179:62
[INFO] [stdout]     |
[INFO] [stdout] 179 |         let mut reader = csv::Reader::from_file(path.as_ref().clone()).map(|r| {
[INFO] [stdout]     |                                                              ^^^^^^^^ help: remove this redundant call
[INFO] [stdout]     |
[INFO] [stdout]     = note: the type `Path` does not implement `Clone`, so calling `clone` on `&Path` copies the reference, which does not do anything and can be removed
[INFO] [stdout]     = note: `#[warn(noop_method_call)]` on by default
[INFO] [stdout] 
[INFO] [stdout] 
[INFO] [stdout] warning: 6 warnings emitted
[INFO] [stdout] 
[INFO] [stdout] 
[INFO] [stderr]     Finished dev [unoptimized + debuginfo] target(s) in 13.92s
[INFO] running `Command { std: "docker" "inspect" "29c92342d3d760afdc974bbef64f163ee54a41a0a43eb03f358a124220bc86bb", kill_on_drop: false }`
[INFO] running `Command { std: "docker" "rm" "-f" "29c92342d3d760afdc974bbef64f163ee54a41a0a43eb03f358a124220bc86bb", kill_on_drop: false }`
[INFO] [stdout] 29c92342d3d760afdc974bbef64f163ee54a41a0a43eb03f358a124220bc86bb
[INFO] running `Command { std: "docker" "create" "-v" "/var/lib/crater-agent-workspace/builds/worker-6-tc1/target:/opt/rustwide/target:rw,Z" "-v" "/var/lib/crater-agent-workspace/builds/worker-6-tc1/source:/opt/rustwide/workdir:ro,Z" "-v" "/var/lib/crater-agent-workspace/cargo-home:/opt/rustwide/cargo-home:ro,Z" "-v" "/var/lib/crater-agent-workspace/rustup-home:/opt/rustwide/rustup-home:ro,Z" "-e" "SOURCE_DIR=/opt/rustwide/workdir" "-e" "CARGO_TARGET_DIR=/opt/rustwide/target" "-e" "CARGO_INCREMENTAL=0" "-e" "RUST_BACKTRACE=full" "-e" "RUSTFLAGS=--cap-lints=warn" "-e" "RUSTDOCFLAGS=--cap-lints=warn" "-e" "CARGO_HOME=/opt/rustwide/cargo-home" "-e" "RUSTUP_HOME=/opt/rustwide/rustup-home" "-w" "/opt/rustwide/workdir" "-m" "1610612736" "--user" "0:0" "--network" "none" "ghcr.io/rust-lang/crates-build-env/linux@sha256:2788e3201cd34a07e3172128adcd8b3090168a8e3bcc40d7c032b9dda1df7d1c" "/opt/rustwide/cargo-home/bin/cargo" "+1.75.0" "test" "--frozen" "--no-run" "--message-format=json", kill_on_drop: false }`
[INFO] [stdout] f20ca09f62d261f9909e4f33150e1c5c979151f2456b057a43d82699db06f7af
[INFO] running `Command { std: "docker" "start" "-a" "f20ca09f62d261f9909e4f33150e1c5c979151f2456b057a43d82699db06f7af", kill_on_drop: false }`
[INFO] [stdout] warning: use of deprecated macro `RustcEncodable`: rustc-serialize is deprecated and no longer supported
[INFO] [stdout]   --> src/transformer.rs:70:10
[INFO] [stdout]    |
[INFO] [stdout] 70 | #[derive(RustcEncodable, Deserialize, Serialize, Clone, PartialEq, Eq, Hash, Debug)]
[INFO] [stdout]    |          ^^^^^^^^^^^^^^
[INFO] [stdout]    |
[INFO] [stdout]    = note: `#[warn(deprecated)]` on by default
[INFO] [stdout] 
[INFO] [stdout] 
[INFO] [stdout] warning: use of deprecated constant `std::sync::ONCE_INIT`: the `new` function is now preferred
[INFO] [stdout]   --> src/transformers/email.rs:9:1
[INFO] [stdout]    |
[INFO] [stdout] 9  | / lazy_static! {
[INFO] [stdout] 10 | |     static ref EMAIL_REGEX: Regex = Regex::new(r"(?i)\A[a-z0-9!#$%&'*+/=?^_`{|}~-]+(?:\.[a-z0-9!#$%&'*+/=?^_`{|}~-]+)*@(?:[a-z0-9](?:[a-z...
[INFO] [stdout] 11 | | }
[INFO] [stdout]    | |_^
[INFO] [stdout]    |
[INFO] [stdout]    = note: this warning originates in the macro `__lazy_static_create` which comes from the expansion of the macro `lazy_static` (in Nightly builds, run with -Z macro-backtrace for more info)
[INFO] [stdout] 
[INFO] [stdout] 
[INFO] [stdout] warning: use of deprecated constant `std::sync::ONCE_INIT`: the `new` function is now preferred
[INFO] [stdout]   --> src/transformers/number.rs:9:1
[INFO] [stdout]    |
[INFO] [stdout] 9  | / lazy_static! {
[INFO] [stdout] 10 | |     static ref INTEGER_REGEX: Regex = Regex::new(r"\A(:?0|[1-9]\d*)\z").unwrap();
[INFO] [stdout] 11 | | }
[INFO] [stdout]    | |_^
[INFO] [stdout]    |
[INFO] [stdout]    = note: this warning originates in the macro `__lazy_static_create` which comes from the expansion of the macro `lazy_static` (in Nightly builds, run with -Z macro-backtrace for more info)
[INFO] [stdout] 
[INFO] [stdout] 
[INFO] [stdout] warning: use of deprecated constant `std::sync::ONCE_INIT`: the `new` function is now preferred
[INFO] [stdout]   --> src/transformers/zipcode.rs:9:1
[INFO] [stdout]    |
[INFO] [stdout] 9  | / lazy_static! {
[INFO] [stdout] 10 | |     static ref ZIP_REGEX: Regex = Regex::new(r"\A(\d{5})\D*(?:(\d{4}))?\z").unwrap();
[INFO] [stdout] 11 | | }
[INFO] [stdout]    | |_^
[INFO] [stdout]    |
[INFO] [stdout]    = note: this warning originates in the macro `__lazy_static_create` which comes from the expansion of the macro `lazy_static` (in Nightly builds, run with -Z macro-backtrace for more info)
[INFO] [stdout] 
[INFO] [stdout] 
[INFO] [stdout] warning: use of deprecated constant `std::sync::ONCE_INIT`: the `new` function is now preferred
[INFO] [stdout]   --> src/transformers/phone_number.rs:9:1
[INFO] [stdout]    |
[INFO] [stdout] 9  | / lazy_static! {
[INFO] [stdout] 10 | |     static ref NANP_REGEX: Regex = Regex::new(r"\A(?:\+?1)?\D*\(?(?P<area>\d{3})\)?\D*(?P<exchange>\d{3})\D*(?P<subscriber>\d{4})\z").unw...
[INFO] [stdout] 11 | | }
[INFO] [stdout]    | |_^
[INFO] [stdout]    |
[INFO] [stdout]    = note: this warning originates in the macro `__lazy_static_create` which comes from the expansion of the macro `lazy_static` (in Nightly builds, run with -Z macro-backtrace for more info)
[INFO] [stdout] 
[INFO] [stdout] 
[INFO] [stdout] warning: call to `.clone()` on a reference in this situation does nothing
[INFO] [stdout]    --> src/cli.rs:179:62
[INFO] [stdout]     |
[INFO] [stdout] 179 |         let mut reader = csv::Reader::from_file(path.as_ref().clone()).map(|r| {
[INFO] [stdout]     |                                                              ^^^^^^^^ help: remove this redundant call
[INFO] [stdout]     |
[INFO] [stdout]     = note: the type `Path` does not implement `Clone`, so calling `clone` on `&Path` copies the reference, which does not do anything and can be removed
[INFO] [stdout]     = note: `#[warn(noop_method_call)]` on by default
[INFO] [stdout] 
[INFO] [stdout] 
[INFO] [stdout] warning: 6 warnings emitted
[INFO] [stdout] 
[INFO] [stdout] 
[INFO] [stderr]    Compiling csv-sanity v0.1.0 (/opt/rustwide/workdir)
[INFO] [stdout] warning: use of deprecated macro `RustcEncodable`: rustc-serialize is deprecated and no longer supported
[INFO] [stdout]   --> src/transformer.rs:70:10
[INFO] [stdout]    |
[INFO] [stdout] 70 | #[derive(RustcEncodable, Deserialize, Serialize, Clone, PartialEq, Eq, Hash, Debug)]
[INFO] [stdout]    |          ^^^^^^^^^^^^^^
[INFO] [stdout]    |
[INFO] [stdout]    = note: `#[warn(deprecated)]` on by default
[INFO] [stdout] 
[INFO] [stdout] 
[INFO] [stdout] warning: use of deprecated constant `std::sync::ONCE_INIT`: the `new` function is now preferred
[INFO] [stdout]   --> src/transformers/email.rs:9:1
[INFO] [stdout]    |
[INFO] [stdout] 9  | / lazy_static! {
[INFO] [stdout] 10 | |     static ref EMAIL_REGEX: Regex = Regex::new(r"(?i)\A[a-z0-9!#$%&'*+/=?^_`{|}~-]+(?:\.[a-z0-9!#$%&'*+/=?^_`{|}~-]+)*@(?:[a-z0-9](?:[a-z...
[INFO] [stdout] 11 | | }
[INFO] [stdout]    | |_^
[INFO] [stdout]    |
[INFO] [stdout]    = note: this warning originates in the macro `__lazy_static_create` which comes from the expansion of the macro `lazy_static` (in Nightly builds, run with -Z macro-backtrace for more info)
[INFO] [stdout] 
[INFO] [stdout] 
[INFO] [stdout] warning: use of deprecated constant `std::sync::ONCE_INIT`: the `new` function is now preferred
[INFO] [stdout]   --> src/transformers/number.rs:9:1
[INFO] [stdout]    |
[INFO] [stdout] 9  | / lazy_static! {
[INFO] [stdout] 10 | |     static ref INTEGER_REGEX: Regex = Regex::new(r"\A(:?0|[1-9]\d*)\z").unwrap();
[INFO] [stdout] 11 | | }
[INFO] [stdout]    | |_^
[INFO] [stdout]    |
[INFO] [stdout]    = note: this warning originates in the macro `__lazy_static_create` which comes from the expansion of the macro `lazy_static` (in Nightly builds, run with -Z macro-backtrace for more info)
[INFO] [stdout] 
[INFO] [stdout] 
[INFO] [stdout] warning: use of deprecated constant `std::sync::ONCE_INIT`: the `new` function is now preferred
[INFO] [stdout]   --> src/transformers/zipcode.rs:9:1
[INFO] [stdout]    |
[INFO] [stdout] 9  | / lazy_static! {
[INFO] [stdout] 10 | |     static ref ZIP_REGEX: Regex = Regex::new(r"\A(\d{5})\D*(?:(\d{4}))?\z").unwrap();
[INFO] [stdout] 11 | | }
[INFO] [stdout]    | |_^
[INFO] [stdout]    |
[INFO] [stdout]    = note: this warning originates in the macro `__lazy_static_create` which comes from the expansion of the macro `lazy_static` (in Nightly builds, run with -Z macro-backtrace for more info)
[INFO] [stdout] 
[INFO] [stdout] 
[INFO] [stdout] warning: use of deprecated constant `std::sync::ONCE_INIT`: the `new` function is now preferred
[INFO] [stdout]   --> src/transformers/phone_number.rs:9:1
[INFO] [stdout]    |
[INFO] [stdout] 9  | / lazy_static! {
[INFO] [stdout] 10 | |     static ref NANP_REGEX: Regex = Regex::new(r"\A(?:\+?1)?\D*\(?(?P<area>\d{3})\)?\D*(?P<exchange>\d{3})\D*(?P<subscriber>\d{4})\z").unw...
[INFO] [stdout] 11 | | }
[INFO] [stdout]    | |_^
[INFO] [stdout]    |
[INFO] [stdout]    = note: this warning originates in the macro `__lazy_static_create` which comes from the expansion of the macro `lazy_static` (in Nightly builds, run with -Z macro-backtrace for more info)
[INFO] [stdout] 
[INFO] [stdout] 
[INFO] [stdout] warning: call to `.clone()` on a reference in this situation does nothing
[INFO] [stdout]    --> src/cli.rs:179:62
[INFO] [stdout]     |
[INFO] [stdout] 179 |         let mut reader = csv::Reader::from_file(path.as_ref().clone()).map(|r| {
[INFO] [stdout]     |                                                              ^^^^^^^^ help: remove this redundant call
[INFO] [stdout]     |
[INFO] [stdout]     = note: the type `Path` does not implement `Clone`, so calling `clone` on `&Path` copies the reference, which does not do anything and can be removed
[INFO] [stdout]     = note: `#[warn(noop_method_call)]` on by default
[INFO] [stdout] 
[INFO] [stdout] 
[INFO] [stdout] warning: 6 warnings emitted
[INFO] [stdout] 
[INFO] [stdout] 
[INFO] [stderr]     Finished test [unoptimized + debuginfo] target(s) in 0.88s
[INFO] running `Command { std: "docker" "inspect" "f20ca09f62d261f9909e4f33150e1c5c979151f2456b057a43d82699db06f7af", kill_on_drop: false }`
[INFO] running `Command { std: "docker" "rm" "-f" "f20ca09f62d261f9909e4f33150e1c5c979151f2456b057a43d82699db06f7af", kill_on_drop: false }`
[INFO] [stdout] f20ca09f62d261f9909e4f33150e1c5c979151f2456b057a43d82699db06f7af
[INFO] running `Command { std: "docker" "create" "-v" "/var/lib/crater-agent-workspace/builds/worker-6-tc1/target:/opt/rustwide/target:rw,Z" "-v" "/var/lib/crater-agent-workspace/builds/worker-6-tc1/source:/opt/rustwide/workdir:ro,Z" "-v" "/var/lib/crater-agent-workspace/cargo-home:/opt/rustwide/cargo-home:ro,Z" "-v" "/var/lib/crater-agent-workspace/rustup-home:/opt/rustwide/rustup-home:ro,Z" "-e" "SOURCE_DIR=/opt/rustwide/workdir" "-e" "CARGO_TARGET_DIR=/opt/rustwide/target" "-e" "CARGO_INCREMENTAL=0" "-e" "RUST_BACKTRACE=full" "-e" "RUSTFLAGS=--cap-lints=warn" "-e" "RUSTDOCFLAGS=--cap-lints=warn" "-e" "CARGO_HOME=/opt/rustwide/cargo-home" "-e" "RUSTUP_HOME=/opt/rustwide/rustup-home" "-w" "/opt/rustwide/workdir" "-m" "1610612736" "--user" "0:0" "--network" "none" "ghcr.io/rust-lang/crates-build-env/linux@sha256:2788e3201cd34a07e3172128adcd8b3090168a8e3bcc40d7c032b9dda1df7d1c" "/opt/rustwide/cargo-home/bin/cargo" "+1.75.0" "test" "--frozen", kill_on_drop: false }`
[INFO] [stdout] d69ab91de85020c118b8ce76221e16445ed50857fc42550fbbd729638ccda1ee
[INFO] running `Command { std: "docker" "start" "-a" "d69ab91de85020c118b8ce76221e16445ed50857fc42550fbbd729638ccda1ee", kill_on_drop: false }`
[INFO] [stderr] warning: use of deprecated macro `RustcEncodable`: rustc-serialize is deprecated and no longer supported
[INFO] [stderr]   --> src/transformer.rs:70:10
[INFO] [stderr]    |
[INFO] [stderr] 70 | #[derive(RustcEncodable, Deserialize, Serialize, Clone, PartialEq, Eq, Hash, Debug)]
[INFO] [stderr]    |          ^^^^^^^^^^^^^^
[INFO] [stderr]    |
[INFO] [stderr]    = note: `#[warn(deprecated)]` on by default
[INFO] [stderr] 
[INFO] [stderr] warning: use of deprecated constant `std::sync::ONCE_INIT`: the `new` function is now preferred
[INFO] [stderr]   --> src/transformers/email.rs:9:1
[INFO] [stderr]    |
[INFO] [stderr] 9  | / lazy_static! {
[INFO] [stderr] 10 | |     static ref EMAIL_REGEX: Regex = Regex::new(r"(?i)\A[a-z0-9!#$%&'*+/=?^_`{|}~-]+(?:\.[a-z0-9!#$%&'*+/=?^_`{|}~-]+)*@(?:[a-z0-9](?:[a-z...
[INFO] [stderr] 11 | | }
[INFO] [stderr]    | |_^
[INFO] [stderr]    |
[INFO] [stderr]    = note: this warning originates in the macro `__lazy_static_create` which comes from the expansion of the macro `lazy_static` (in Nightly builds, run with -Z macro-backtrace for more info)
[INFO] [stderr] 
[INFO] [stderr] warning: use of deprecated constant `std::sync::ONCE_INIT`: the `new` function is now preferred
[INFO] [stderr]   --> src/transformers/number.rs:9:1
[INFO] [stderr]    |
[INFO] [stderr] 9  | / lazy_static! {
[INFO] [stderr] 10 | |     static ref INTEGER_REGEX: Regex = Regex::new(r"\A(:?0|[1-9]\d*)\z").unwrap();
[INFO] [stderr] 11 | | }
[INFO] [stderr]    | |_^
[INFO] [stderr]    |
[INFO] [stderr]    = note: this warning originates in the macro `__lazy_static_create` which comes from the expansion of the macro `lazy_static` (in Nightly builds, run with -Z macro-backtrace for more info)
[INFO] [stderr] 
[INFO] [stderr] warning: use of deprecated constant `std::sync::ONCE_INIT`: the `new` function is now preferred
[INFO] [stderr]   --> src/transformers/zipcode.rs:9:1
[INFO] [stderr]    |
[INFO] [stderr] 9  | / lazy_static! {
[INFO] [stderr] 10 | |     static ref ZIP_REGEX: Regex = Regex::new(r"\A(\d{5})\D*(?:(\d{4}))?\z").unwrap();
[INFO] [stderr] 11 | | }
[INFO] [stderr]    | |_^
[INFO] [stderr]    |
[INFO] [stderr]    = note: this warning originates in the macro `__lazy_static_create` which comes from the expansion of the macro `lazy_static` (in Nightly builds, run with -Z macro-backtrace for more info)
[INFO] [stderr] 
[INFO] [stderr] warning: use of deprecated constant `std::sync::ONCE_INIT`: the `new` function is now preferred
[INFO] [stderr]   --> src/transformers/phone_number.rs:9:1
[INFO] [stderr]    |
[INFO] [stderr] 9  | / lazy_static! {
[INFO] [stderr] 10 | |     static ref NANP_REGEX: Regex = Regex::new(r"\A(?:\+?1)?\D*\(?(?P<area>\d{3})\)?\D*(?P<exchange>\d{3})\D*(?P<subscriber>\d{4})\z").unw...
[INFO] [stderr] 11 | | }
[INFO] [stderr]    | |_^
[INFO] [stderr]    |
[INFO] [stderr]    = note: this warning originates in the macro `__lazy_static_create` which comes from the expansion of the macro `lazy_static` (in Nightly builds, run with -Z macro-backtrace for more info)
[INFO] [stderr] 
[INFO] [stderr] warning: call to `.clone()` on a reference in this situation does nothing
[INFO] [stderr]    --> src/cli.rs:179:62
[INFO] [stderr]     |
[INFO] [stderr] 179 |         let mut reader = csv::Reader::from_file(path.as_ref().clone()).map(|r| {
[INFO] [stderr]     |                                                              ^^^^^^^^ help: remove this redundant call
[INFO] [stderr]     |
[INFO] [stderr]     = note: the type `Path` does not implement `Clone`, so calling `clone` on `&Path` copies the reference, which does not do anything and can be removed
[INFO] [stderr]     = note: `#[warn(noop_method_call)]` on by default
[INFO] [stderr] 
[INFO] [stderr] warning: `csv-sanity` (lib) generated 6 warnings (run `cargo fix --lib -p csv-sanity` to apply 1 suggestion)
[INFO] [stderr] warning: `csv-sanity` (lib test) generated 6 warnings (6 duplicates)
[INFO] [stderr]     Finished test [unoptimized + debuginfo] target(s) in 0.04s
[INFO] [stderr]      Running unittests src/lib.rs (/opt/rustwide/target/debug/deps/csv_sanity-cf1ec167c21f8e38)
[INFO] [stdout] 
[INFO] [stdout] running 0 tests
[INFO] [stdout] 
[INFO] [stdout] test result: ok. 0 passed; 0 failed; 0 ignored; 0 measured; 0 filtered out; finished in 0.00s
[INFO] [stdout] 
[INFO] [stderr]      Running unittests src/main.rs (/opt/rustwide/target/debug/deps/csv_sanity-d790abaa4c9b6e7b)
[INFO] [stdout] 
[INFO] [stdout] running 0 tests
[INFO] [stdout] 
[INFO] [stdout] test result: ok. 0 passed; 0 failed; 0 ignored; 0 measured; 0 filtered out; finished in 0.00s
[INFO] [stdout] 
[INFO] [stderr]    Doc-tests csv-sanity
[INFO] [stdout] 
[INFO] [stdout] running 10 tests
[INFO] [stdout] test src/cli.rs - cli::CsvOptions (line 33) ... FAILED
[INFO] [stdout] test src/ruleset.rs - ruleset::Rule::for_fields (line 72) ... ok
[INFO] [stdout] test src/ruleset.rs - ruleset::Rule::for_fields_with_priority (line 88) ... ok
[INFO] [stdout] test src/ruleset.rs - ruleset::Rule::global_with_priority (line 124) ... ok
[INFO] [stdout] test src/ruleset.rs - ruleset::Rule::global (line 108) ... ok
[INFO] [stdout] test src/cli.rs - cli::Cli::new_with_options (line 110) ... ok
[INFO] [stdout] test src/cli.rs - cli::Cli::new (line 95) ... ok
[INFO] [stdout] test src/ruleset.rs - ruleset::Rule::apply (line 143) ... ok
[INFO] [stdout] test src/ruleset.rs - ruleset::Ruleset (line 185) ... ok
[INFO] [stdout] test src/transformer.rs - transformer::TransformResultHelper::error (line 36) ... ok
[INFO] [stdout] 
[INFO] [stdout] failures:
[INFO] [stdout] 
[INFO] [stdout] ---- src/cli.rs - cli::CsvOptions (line 33) stdout ----
[INFO] [stdout] error[E0369]: binary operation `==` cannot be applied to type `CsvOptions`
[INFO] [stdout]   --> src/cli.rs:46:1
[INFO] [stdout]    |
[INFO] [stdout] 16 | assert_eq!(defaults, Default::default());
[INFO] [stdout]    | ^^^^^^^^^^^^^^^^^^^^^^^^^^^^^^^^^^^^^^^^
[INFO] [stdout]    | |
[INFO] [stdout]    | CsvOptions
[INFO] [stdout]    | _
[INFO] [stdout]    |
[INFO] [stdout]    = note: this error originates in the macro `assert_eq` (in Nightly builds, run with -Z macro-backtrace for more info)
[INFO] [stdout] 
[INFO] [stdout] error[E0277]: `CsvOptions` doesn't implement `Debug`
[INFO] [stdout]   --> src/cli.rs:46:1
[INFO] [stdout]    |
[INFO] [stdout] 16 | assert_eq!(defaults, Default::default());
[INFO] [stdout]    | ^^^^^^^^^^^^^^^^^^^^^^^^^^^^^^^^^^^^^^^^ `CsvOptions` cannot be formatted using `{:?}` because it doesn't implement `Debug`
[INFO] [stdout]    |
[INFO] [stdout]    = help: the trait `Debug` is not implemented for `CsvOptions`
[INFO] [stdout]    = note: this error originates in the macro `assert_eq` (in Nightly builds, run with -Z macro-backtrace for more info)
[INFO] [stdout] 
[INFO] [stdout] error: aborting due to 2 previous errors
[INFO] [stdout] 
[INFO] [stdout] Some errors have detailed explanations: E0277, E0369.
[INFO] [stdout] For more information about an error, try `rustc --explain E0277`.
[INFO] [stdout] Couldn't compile the test.
[INFO] [stdout] 
[INFO] [stdout] failures:
[INFO] [stdout]     src/cli.rs - cli::CsvOptions (line 33)
[INFO] [stdout] 
[INFO] [stdout] test result: FAILED. 9 passed; 1 failed; 0 ignored; 0 measured; 0 filtered out; finished in 1.78s
[INFO] [stdout] 
[INFO] [stderr] error: doctest failed, to rerun pass `--doc`
[INFO] running `Command { std: "docker" "inspect" "d69ab91de85020c118b8ce76221e16445ed50857fc42550fbbd729638ccda1ee", kill_on_drop: false }`
[INFO] running `Command { std: "docker" "rm" "-f" "d69ab91de85020c118b8ce76221e16445ed50857fc42550fbbd729638ccda1ee", kill_on_drop: false }`
[INFO] [stdout] d69ab91de85020c118b8ce76221e16445ed50857fc42550fbbd729638ccda1ee
