[INFO] fetching crate cssparser-macros 0.6.1...
[INFO] testing cssparser-macros-0.6.1 against 1.75.0 for beta-1.76-1
[INFO] extracting crate cssparser-macros 0.6.1 into /workspace/builds/worker-2-tc1/source
[INFO] validating manifest of crates.io crate cssparser-macros 0.6.1 on toolchain 1.75.0
[INFO] running `Command { std: CARGO_HOME="/workspace/cargo-home" RUSTUP_HOME="/workspace/rustup-home" "/workspace/cargo-home/bin/cargo" "+1.75.0" "metadata" "--manifest-path" "Cargo.toml" "--no-deps", kill_on_drop: false }`
[INFO] started tweaking crates.io crate cssparser-macros 0.6.1
[INFO] finished tweaking crates.io crate cssparser-macros 0.6.1
[INFO] tweaked toml for crates.io crate cssparser-macros 0.6.1 written to /workspace/builds/worker-2-tc1/source/Cargo.toml
[INFO] running `Command { std: CARGO_HOME="/workspace/cargo-home" RUSTUP_HOME="/workspace/rustup-home" "/workspace/cargo-home/bin/cargo" "+1.75.0" "generate-lockfile" "--manifest-path" "Cargo.toml", kill_on_drop: false }`
[INFO] [stderr]     Updating crates.io index
[INFO] running `Command { std: CARGO_HOME="/workspace/cargo-home" RUSTUP_HOME="/workspace/rustup-home" "/workspace/cargo-home/bin/cargo" "+1.75.0" "fetch" "--manifest-path" "Cargo.toml", kill_on_drop: false }`
[INFO] running `Command { std: "docker" "create" "-v" "/var/lib/crater-agent-workspace/builds/worker-2-tc1/target:/opt/rustwide/target:rw,Z" "-v" "/var/lib/crater-agent-workspace/builds/worker-2-tc1/source:/opt/rustwide/workdir:ro,Z" "-v" "/var/lib/crater-agent-workspace/cargo-home:/opt/rustwide/cargo-home:ro,Z" "-v" "/var/lib/crater-agent-workspace/rustup-home:/opt/rustwide/rustup-home:ro,Z" "-e" "SOURCE_DIR=/opt/rustwide/workdir" "-e" "CARGO_TARGET_DIR=/opt/rustwide/target" "-e" "CARGO_HOME=/opt/rustwide/cargo-home" "-e" "RUSTUP_HOME=/opt/rustwide/rustup-home" "-w" "/opt/rustwide/workdir" "-m" "1610612736" "--user" "0:0" "--network" "none" "ghcr.io/rust-lang/crates-build-env/linux@sha256:2788e3201cd34a07e3172128adcd8b3090168a8e3bcc40d7c032b9dda1df7d1c" "/opt/rustwide/cargo-home/bin/cargo" "+1.75.0" "metadata" "--no-deps" "--format-version=1", kill_on_drop: false }`
[INFO] [stdout] 2b276a5ca45d278317f69cbfe30c6ca920e5f787a70be2d268bd6b316f85d02d
[INFO] running `Command { std: "docker" "start" "-a" "2b276a5ca45d278317f69cbfe30c6ca920e5f787a70be2d268bd6b316f85d02d", kill_on_drop: false }`
[INFO] running `Command { std: "docker" "inspect" "2b276a5ca45d278317f69cbfe30c6ca920e5f787a70be2d268bd6b316f85d02d", kill_on_drop: false }`
[INFO] running `Command { std: "docker" "rm" "-f" "2b276a5ca45d278317f69cbfe30c6ca920e5f787a70be2d268bd6b316f85d02d", kill_on_drop: false }`
[INFO] [stdout] 2b276a5ca45d278317f69cbfe30c6ca920e5f787a70be2d268bd6b316f85d02d
[INFO] running `Command { std: "docker" "create" "-v" "/var/lib/crater-agent-workspace/builds/worker-2-tc1/target:/opt/rustwide/target:rw,Z" "-v" "/var/lib/crater-agent-workspace/builds/worker-2-tc1/source:/opt/rustwide/workdir:ro,Z" "-v" "/var/lib/crater-agent-workspace/cargo-home:/opt/rustwide/cargo-home:ro,Z" "-v" "/var/lib/crater-agent-workspace/rustup-home:/opt/rustwide/rustup-home:ro,Z" "-e" "SOURCE_DIR=/opt/rustwide/workdir" "-e" "CARGO_TARGET_DIR=/opt/rustwide/target" "-e" "CARGO_INCREMENTAL=0" "-e" "RUST_BACKTRACE=full" "-e" "RUSTFLAGS=--cap-lints=warn" "-e" "RUSTDOCFLAGS=--cap-lints=warn" "-e" "CARGO_HOME=/opt/rustwide/cargo-home" "-e" "RUSTUP_HOME=/opt/rustwide/rustup-home" "-w" "/opt/rustwide/workdir" "-m" "1610612736" "--user" "0:0" "--network" "none" "ghcr.io/rust-lang/crates-build-env/linux@sha256:2788e3201cd34a07e3172128adcd8b3090168a8e3bcc40d7c032b9dda1df7d1c" "/opt/rustwide/cargo-home/bin/cargo" "+1.75.0" "build" "--frozen" "--message-format=json", kill_on_drop: false }`
[INFO] [stdout] f8ffb3a9cd76a07dc206d8e213fe85f492146b51894dd549e8a7c3124ed09ebf
[INFO] running `Command { std: "docker" "start" "-a" "f8ffb3a9cd76a07dc206d8e213fe85f492146b51894dd549e8a7c3124ed09ebf", kill_on_drop: false }`
[INFO] [stderr]    Compiling proc-macro2 v1.0.75
[INFO] [stderr]    Compiling quote v1.0.35
[INFO] [stderr]    Compiling syn v2.0.48
[INFO] [stderr]    Compiling cssparser-macros v0.6.1 (/opt/rustwide/workdir)
[INFO] [stderr]     Finished dev [unoptimized + debuginfo] target(s) in 3.27s
[INFO] running `Command { std: "docker" "inspect" "f8ffb3a9cd76a07dc206d8e213fe85f492146b51894dd549e8a7c3124ed09ebf", kill_on_drop: false }`
[INFO] running `Command { std: "docker" "rm" "-f" "f8ffb3a9cd76a07dc206d8e213fe85f492146b51894dd549e8a7c3124ed09ebf", kill_on_drop: false }`
[INFO] [stdout] f8ffb3a9cd76a07dc206d8e213fe85f492146b51894dd549e8a7c3124ed09ebf
[INFO] running `Command { std: "docker" "create" "-v" "/var/lib/crater-agent-workspace/builds/worker-2-tc1/target:/opt/rustwide/target:rw,Z" "-v" "/var/lib/crater-agent-workspace/builds/worker-2-tc1/source:/opt/rustwide/workdir:ro,Z" "-v" "/var/lib/crater-agent-workspace/cargo-home:/opt/rustwide/cargo-home:ro,Z" "-v" "/var/lib/crater-agent-workspace/rustup-home:/opt/rustwide/rustup-home:ro,Z" "-e" "SOURCE_DIR=/opt/rustwide/workdir" "-e" "CARGO_TARGET_DIR=/opt/rustwide/target" "-e" "CARGO_INCREMENTAL=0" "-e" "RUST_BACKTRACE=full" "-e" "RUSTFLAGS=--cap-lints=warn" "-e" "RUSTDOCFLAGS=--cap-lints=warn" "-e" "CARGO_HOME=/opt/rustwide/cargo-home" "-e" "RUSTUP_HOME=/opt/rustwide/rustup-home" "-w" "/opt/rustwide/workdir" "-m" "1610612736" "--user" "0:0" "--network" "none" "ghcr.io/rust-lang/crates-build-env/linux@sha256:2788e3201cd34a07e3172128adcd8b3090168a8e3bcc40d7c032b9dda1df7d1c" "/opt/rustwide/cargo-home/bin/cargo" "+1.75.0" "test" "--frozen" "--no-run" "--message-format=json", kill_on_drop: false }`
[INFO] [stdout] 9c425de4af8e6306e223b6cd6603521ef75dd722219f430e694a91b2a0a75411
[INFO] running `Command { std: "docker" "start" "-a" "9c425de4af8e6306e223b6cd6603521ef75dd722219f430e694a91b2a0a75411", kill_on_drop: false }`
[INFO] [stderr]    Compiling cssparser-macros v0.6.1 (/opt/rustwide/workdir)
[INFO] [stderr]     Finished test [unoptimized + debuginfo] target(s) in 0.42s
[INFO] running `Command { std: "docker" "inspect" "9c425de4af8e6306e223b6cd6603521ef75dd722219f430e694a91b2a0a75411", kill_on_drop: false }`
[INFO] running `Command { std: "docker" "rm" "-f" "9c425de4af8e6306e223b6cd6603521ef75dd722219f430e694a91b2a0a75411", kill_on_drop: false }`
[INFO] [stdout] 9c425de4af8e6306e223b6cd6603521ef75dd722219f430e694a91b2a0a75411
[INFO] running `Command { std: "docker" "create" "-v" "/var/lib/crater-agent-workspace/builds/worker-2-tc1/target:/opt/rustwide/target:rw,Z" "-v" "/var/lib/crater-agent-workspace/builds/worker-2-tc1/source:/opt/rustwide/workdir:ro,Z" "-v" "/var/lib/crater-agent-workspace/cargo-home:/opt/rustwide/cargo-home:ro,Z" "-v" "/var/lib/crater-agent-workspace/rustup-home:/opt/rustwide/rustup-home:ro,Z" "-e" "SOURCE_DIR=/opt/rustwide/workdir" "-e" "CARGO_TARGET_DIR=/opt/rustwide/target" "-e" "CARGO_INCREMENTAL=0" "-e" "RUST_BACKTRACE=full" "-e" "RUSTFLAGS=--cap-lints=warn" "-e" "RUSTDOCFLAGS=--cap-lints=warn" "-e" "CARGO_HOME=/opt/rustwide/cargo-home" "-e" "RUSTUP_HOME=/opt/rustwide/rustup-home" "-w" "/opt/rustwide/workdir" "-m" "1610612736" "--user" "0:0" "--network" "none" "ghcr.io/rust-lang/crates-build-env/linux@sha256:2788e3201cd34a07e3172128adcd8b3090168a8e3bcc40d7c032b9dda1df7d1c" "/opt/rustwide/cargo-home/bin/cargo" "+1.75.0" "test" "--frozen", kill_on_drop: false }`
[INFO] [stdout] ad3d6dafcf5c857b2266dc665fc80a746266bbf4c23ec1e9958089aebb71c8b6
[INFO] running `Command { std: "docker" "start" "-a" "ad3d6dafcf5c857b2266dc665fc80a746266bbf4c23ec1e9958089aebb71c8b6", kill_on_drop: false }`
[INFO] [stderr]     Finished test [unoptimized + debuginfo] target(s) in 0.01s
[INFO] [stderr]      Running unittests lib.rs (/opt/rustwide/target/debug/deps/cssparser_macros-94f0a3e8e98f8e36)
[INFO] [stdout] 
[INFO] [stdout] running 0 tests
[INFO] [stdout] 
[INFO] [stdout] test result: ok. 0 passed; 0 failed; 0 ignored; 0 measured; 0 filtered out; finished in 0.00s
[INFO] [stdout] 
[INFO] [stderr]    Doc-tests cssparser-macros
[INFO] [stdout] 
[INFO] [stdout] running 1 test
[INFO] [stdout] test lib.rs - match_byte (line 115) ... FAILED
[INFO] [stdout] 
[INFO] [stdout] failures:
[INFO] [stdout] 
[INFO] [stdout] ---- lib.rs - match_byte (line 115) stdout ----
[INFO] [stdout] error: cannot find macro `match_byte` in this scope
[INFO] [stdout]  --> lib.rs:116:1
[INFO] [stdout]   |
[INFO] [stdout] 3 | match_byte! { tokenizer.next_byte_unchecked(),
[INFO] [stdout]   | ^^^^^^^^^^
[INFO] [stdout]   |
[INFO] [stdout] help: consider importing this macro
[INFO] [stdout]   |
[INFO] [stdout] 2 + use cssparser_macros::match_byte;
[INFO] [stdout]   |
[INFO] [stdout] 
[INFO] [stdout] error: aborting due to previous error
[INFO] [stdout] 
[INFO] [stdout] Couldn't compile the test.
[INFO] [stdout] 
[INFO] [stdout] failures:
[INFO] [stdout]     lib.rs - match_byte (line 115)
[INFO] [stdout] 
[INFO] [stdout] test result: FAILED. 0 passed; 1 failed; 0 ignored; 0 measured; 0 filtered out; finished in 0.05s
[INFO] [stdout] 
[INFO] [stderr] error: doctest failed, to rerun pass `--doc`
[INFO] running `Command { std: "docker" "inspect" "ad3d6dafcf5c857b2266dc665fc80a746266bbf4c23ec1e9958089aebb71c8b6", kill_on_drop: false }`
[INFO] running `Command { std: "docker" "rm" "-f" "ad3d6dafcf5c857b2266dc665fc80a746266bbf4c23ec1e9958089aebb71c8b6", kill_on_drop: false }`
[INFO] [stdout] ad3d6dafcf5c857b2266dc665fc80a746266bbf4c23ec1e9958089aebb71c8b6
[INFO] testing cssparser-macros-0.6.1 against beta-2023-12-22 for beta-1.76-1
[INFO] extracting crate cssparser-macros 0.6.1 into /workspace/builds/worker-2-tc2/source
[INFO] validating manifest of crates.io crate cssparser-macros 0.6.1 on toolchain beta-2023-12-22
[INFO] running `Command { std: CARGO_HOME="/workspace/cargo-home" RUSTUP_HOME="/workspace/rustup-home" "/workspace/cargo-home/bin/cargo" "+beta-2023-12-22" "metadata" "--manifest-path" "Cargo.toml" "--no-deps", kill_on_drop: false }`
[INFO] started tweaking crates.io crate cssparser-macros 0.6.1
[INFO] finished tweaking crates.io crate cssparser-macros 0.6.1
[INFO] tweaked toml for crates.io crate cssparser-macros 0.6.1 written to /workspace/builds/worker-2-tc2/source/Cargo.toml
[INFO] running `Command { std: CARGO_HOME="/workspace/cargo-home" RUSTUP_HOME="/workspace/rustup-home" "/workspace/cargo-home/bin/cargo" "+beta-2023-12-22" "generate-lockfile" "--manifest-path" "Cargo.toml", kill_on_drop: false }`
[INFO] [stderr]     Updating crates.io index
[INFO] running `Command { std: CARGO_HOME="/workspace/cargo-home" RUSTUP_HOME="/workspace/rustup-home" "/workspace/cargo-home/bin/cargo" "+beta-2023-12-22" "fetch" "--manifest-path" "Cargo.toml", kill_on_drop: false }`
[INFO] running `Command { std: "docker" "create" "-v" "/var/lib/crater-agent-workspace/builds/worker-2-tc2/target:/opt/rustwide/target:rw,Z" "-v" "/var/lib/crater-agent-workspace/builds/worker-2-tc2/source:/opt/rustwide/workdir:ro,Z" "-v" "/var/lib/crater-agent-workspace/cargo-home:/opt/rustwide/cargo-home:ro,Z" "-v" "/var/lib/crater-agent-workspace/rustup-home:/opt/rustwide/rustup-home:ro,Z" "-e" "SOURCE_DIR=/opt/rustwide/workdir" "-e" "CARGO_TARGET_DIR=/opt/rustwide/target" "-e" "CARGO_HOME=/opt/rustwide/cargo-home" "-e" "RUSTUP_HOME=/opt/rustwide/rustup-home" "-w" "/opt/rustwide/workdir" "-m" "1610612736" "--user" "0:0" "--network" "none" "ghcr.io/rust-lang/crates-build-env/linux@sha256:2788e3201cd34a07e3172128adcd8b3090168a8e3bcc40d7c032b9dda1df7d1c" "/opt/rustwide/cargo-home/bin/cargo" "+beta-2023-12-22" "metadata" "--no-deps" "--format-version=1", kill_on_drop: false }`
[INFO] [stdout] 3b3dd27326a29e0263646f97aed8db4495dc228ced6742074c11787f12651216
[INFO] running `Command { std: "docker" "start" "-a" "3b3dd27326a29e0263646f97aed8db4495dc228ced6742074c11787f12651216", kill_on_drop: false }`
[INFO] running `Command { std: "docker" "inspect" "3b3dd27326a29e0263646f97aed8db4495dc228ced6742074c11787f12651216", kill_on_drop: false }`
[INFO] running `Command { std: "docker" "rm" "-f" "3b3dd27326a29e0263646f97aed8db4495dc228ced6742074c11787f12651216", kill_on_drop: false }`
[INFO] [stdout] 3b3dd27326a29e0263646f97aed8db4495dc228ced6742074c11787f12651216
[INFO] running `Command { std: "docker" "create" "-v" "/var/lib/crater-agent-workspace/builds/worker-2-tc2/target:/opt/rustwide/target:rw,Z" "-v" "/var/lib/crater-agent-workspace/builds/worker-2-tc2/source:/opt/rustwide/workdir:ro,Z" "-v" "/var/lib/crater-agent-workspace/cargo-home:/opt/rustwide/cargo-home:ro,Z" "-v" "/var/lib/crater-agent-workspace/rustup-home:/opt/rustwide/rustup-home:ro,Z" "-e" "SOURCE_DIR=/opt/rustwide/workdir" "-e" "CARGO_TARGET_DIR=/opt/rustwide/target" "-e" "CARGO_INCREMENTAL=0" "-e" "RUST_BACKTRACE=full" "-e" "RUSTFLAGS=--cap-lints=warn" "-e" "RUSTDOCFLAGS=--cap-lints=warn" "-e" "CARGO_HOME=/opt/rustwide/cargo-home" "-e" "RUSTUP_HOME=/opt/rustwide/rustup-home" "-w" "/opt/rustwide/workdir" "-m" "1610612736" "--user" "0:0" "--network" "none" "ghcr.io/rust-lang/crates-build-env/linux@sha256:2788e3201cd34a07e3172128adcd8b3090168a8e3bcc40d7c032b9dda1df7d1c" "/opt/rustwide/cargo-home/bin/cargo" "+beta-2023-12-22" "build" "--frozen" "--message-format=json", kill_on_drop: false }`
[INFO] [stdout] 0ba0a42d5c40b2df14e3ecb367f4d764f17ffd471f8c64e9ed88ba01af6ebb53
[INFO] running `Command { std: "docker" "start" "-a" "0ba0a42d5c40b2df14e3ecb367f4d764f17ffd471f8c64e9ed88ba01af6ebb53", kill_on_drop: false }`
[INFO] [stderr]    Compiling proc-macro2 v1.0.75
[INFO] [stderr]    Compiling quote v1.0.35
[INFO] [stderr]    Compiling syn v2.0.48
[INFO] [stderr]    Compiling cssparser-macros v0.6.1 (/opt/rustwide/workdir)
[INFO] [stderr]     Finished dev [unoptimized + debuginfo] target(s) in 3.29s
[INFO] running `Command { std: "docker" "inspect" "0ba0a42d5c40b2df14e3ecb367f4d764f17ffd471f8c64e9ed88ba01af6ebb53", kill_on_drop: false }`
[INFO] running `Command { std: "docker" "rm" "-f" "0ba0a42d5c40b2df14e3ecb367f4d764f17ffd471f8c64e9ed88ba01af6ebb53", kill_on_drop: false }`
[INFO] [stdout] 0ba0a42d5c40b2df14e3ecb367f4d764f17ffd471f8c64e9ed88ba01af6ebb53
[INFO] running `Command { std: "docker" "create" "-v" "/var/lib/crater-agent-workspace/builds/worker-2-tc2/target:/opt/rustwide/target:rw,Z" "-v" "/var/lib/crater-agent-workspace/builds/worker-2-tc2/source:/opt/rustwide/workdir:ro,Z" "-v" "/var/lib/crater-agent-workspace/cargo-home:/opt/rustwide/cargo-home:ro,Z" "-v" "/var/lib/crater-agent-workspace/rustup-home:/opt/rustwide/rustup-home:ro,Z" "-e" "SOURCE_DIR=/opt/rustwide/workdir" "-e" "CARGO_TARGET_DIR=/opt/rustwide/target" "-e" "CARGO_INCREMENTAL=0" "-e" "RUST_BACKTRACE=full" "-e" "RUSTFLAGS=--cap-lints=warn" "-e" "RUSTDOCFLAGS=--cap-lints=warn" "-e" "CARGO_HOME=/opt/rustwide/cargo-home" "-e" "RUSTUP_HOME=/opt/rustwide/rustup-home" "-w" "/opt/rustwide/workdir" "-m" "1610612736" "--user" "0:0" "--network" "none" "ghcr.io/rust-lang/crates-build-env/linux@sha256:2788e3201cd34a07e3172128adcd8b3090168a8e3bcc40d7c032b9dda1df7d1c" "/opt/rustwide/cargo-home/bin/cargo" "+beta-2023-12-22" "test" "--frozen" "--no-run" "--message-format=json", kill_on_drop: false }`
[INFO] [stdout] e67659cf0bb49ec7e6fb2217f636e34f96d9449d4d3aeb8da51c46ce3cacd0c5
[INFO] running `Command { std: "docker" "start" "-a" "e67659cf0bb49ec7e6fb2217f636e34f96d9449d4d3aeb8da51c46ce3cacd0c5", kill_on_drop: false }`
[INFO] [stderr]    Compiling cssparser-macros v0.6.1 (/opt/rustwide/workdir)
[INFO] [stderr]     Finished test [unoptimized + debuginfo] target(s) in 0.39s
[INFO] running `Command { std: "docker" "inspect" "e67659cf0bb49ec7e6fb2217f636e34f96d9449d4d3aeb8da51c46ce3cacd0c5", kill_on_drop: false }`
[INFO] running `Command { std: "docker" "rm" "-f" "e67659cf0bb49ec7e6fb2217f636e34f96d9449d4d3aeb8da51c46ce3cacd0c5", kill_on_drop: false }`
[INFO] [stdout] e67659cf0bb49ec7e6fb2217f636e34f96d9449d4d3aeb8da51c46ce3cacd0c5
[INFO] running `Command { std: "docker" "create" "-v" "/var/lib/crater-agent-workspace/builds/worker-2-tc2/target:/opt/rustwide/target:rw,Z" "-v" "/var/lib/crater-agent-workspace/builds/worker-2-tc2/source:/opt/rustwide/workdir:ro,Z" "-v" "/var/lib/crater-agent-workspace/cargo-home:/opt/rustwide/cargo-home:ro,Z" "-v" "/var/lib/crater-agent-workspace/rustup-home:/opt/rustwide/rustup-home:ro,Z" "-e" "SOURCE_DIR=/opt/rustwide/workdir" "-e" "CARGO_TARGET_DIR=/opt/rustwide/target" "-e" "CARGO_INCREMENTAL=0" "-e" "RUST_BACKTRACE=full" "-e" "RUSTFLAGS=--cap-lints=warn" "-e" "RUSTDOCFLAGS=--cap-lints=warn" "-e" "CARGO_HOME=/opt/rustwide/cargo-home" "-e" "RUSTUP_HOME=/opt/rustwide/rustup-home" "-w" "/opt/rustwide/workdir" "-m" "1610612736" "--user" "0:0" "--network" "none" "ghcr.io/rust-lang/crates-build-env/linux@sha256:2788e3201cd34a07e3172128adcd8b3090168a8e3bcc40d7c032b9dda1df7d1c" "/opt/rustwide/cargo-home/bin/cargo" "+beta-2023-12-22" "test" "--frozen", kill_on_drop: false }`
[INFO] [stdout] 3481e2afd0cd76966cc4878818355f84a302cf6376d21419fbedb43711fe2770
[INFO] running `Command { std: "docker" "start" "-a" "3481e2afd0cd76966cc4878818355f84a302cf6376d21419fbedb43711fe2770", kill_on_drop: false }`
[INFO] [stderr]     Finished test [unoptimized + debuginfo] target(s) in 0.01s
[INFO] [stderr]      Running unittests lib.rs (/opt/rustwide/target/debug/deps/cssparser_macros-d5770e6cb68f4b6e)
[INFO] [stdout] 
[INFO] [stdout] running 0 tests
[INFO] [stdout] 
[INFO] [stdout] test result: ok. 0 passed; 0 failed; 0 ignored; 0 measured; 0 filtered out; finished in 0.00s
[INFO] [stdout] 
[INFO] [stderr]    Doc-tests cssparser-macros
[INFO] [stdout] 
[INFO] [stdout] running 1 test
[INFO] [stdout] test lib.rs - match_byte (line 115) ... FAILED
[INFO] [stdout] 
[INFO] [stdout] failures:
[INFO] [stdout] 
[INFO] [stdout] ---- lib.rs - match_byte (line 115) stdout ----
[INFO] [stdout] error: cannot find macro `match_byte` in this scope
[INFO] [stdout]  --> lib.rs:116:1
[INFO] [stdout]   |
[INFO] [stdout] 3 | match_byte! { tokenizer.next_byte_unchecked(),
[INFO] [stdout]   | ^^^^^^^^^^
[INFO] [stdout]   |
[INFO] [stdout] help: consider importing this macro
[INFO] [stdout]   |
[INFO] [stdout] 2 + use cssparser_macros::match_byte;
[INFO] [stdout]   |
[INFO] [stdout] 
[INFO] [stdout] error: aborting due to 1 previous error
[INFO] [stdout] 
[INFO] [stdout] Couldn't compile the test.
[INFO] [stdout] 
[INFO] [stdout] failures:
[INFO] [stdout]     lib.rs - match_byte (line 115)
[INFO] [stdout] 
[INFO] [stdout] test result: FAILED. 0 passed; 1 failed; 0 ignored; 0 measured; 0 filtered out; finished in 0.05s
[INFO] [stdout] 
[INFO] [stderr] error: doctest failed, to rerun pass `--doc`
[INFO] running `Command { std: "docker" "inspect" "3481e2afd0cd76966cc4878818355f84a302cf6376d21419fbedb43711fe2770", kill_on_drop: false }`
[INFO] running `Command { std: "docker" "rm" "-f" "3481e2afd0cd76966cc4878818355f84a302cf6376d21419fbedb43711fe2770", kill_on_drop: false }`
[INFO] [stdout] 3481e2afd0cd76966cc4878818355f84a302cf6376d21419fbedb43711fe2770
