[INFO] fetching crate cruet 0.14.0...
[INFO] testing cruet-0.14.0 against 1.75.0 for beta-1.76-1
[INFO] extracting crate cruet 0.14.0 into /workspace/builds/worker-5-tc1/source
[INFO] validating manifest of crates.io crate cruet 0.14.0 on toolchain 1.75.0
[INFO] running `Command { std: CARGO_HOME="/workspace/cargo-home" RUSTUP_HOME="/workspace/rustup-home" "/workspace/cargo-home/bin/cargo" "+1.75.0" "metadata" "--manifest-path" "Cargo.toml" "--no-deps", kill_on_drop: false }`
[INFO] started tweaking crates.io crate cruet 0.14.0
[INFO] finished tweaking crates.io crate cruet 0.14.0
[INFO] tweaked toml for crates.io crate cruet 0.14.0 written to /workspace/builds/worker-5-tc1/source/Cargo.toml
[INFO] running `Command { std: CARGO_HOME="/workspace/cargo-home" RUSTUP_HOME="/workspace/rustup-home" "/workspace/cargo-home/bin/cargo" "+1.75.0" "generate-lockfile" "--manifest-path" "Cargo.toml", kill_on_drop: false }`
[INFO] [stderr]     Updating crates.io index
[INFO] running `Command { std: CARGO_HOME="/workspace/cargo-home" RUSTUP_HOME="/workspace/rustup-home" "/workspace/cargo-home/bin/cargo" "+1.75.0" "fetch" "--manifest-path" "Cargo.toml", kill_on_drop: false }`
[INFO] running `Command { std: "docker" "create" "-v" "/var/lib/crater-agent-workspace/builds/worker-5-tc1/target:/opt/rustwide/target:rw,Z" "-v" "/var/lib/crater-agent-workspace/builds/worker-5-tc1/source:/opt/rustwide/workdir:ro,Z" "-v" "/var/lib/crater-agent-workspace/cargo-home:/opt/rustwide/cargo-home:ro,Z" "-v" "/var/lib/crater-agent-workspace/rustup-home:/opt/rustwide/rustup-home:ro,Z" "-e" "SOURCE_DIR=/opt/rustwide/workdir" "-e" "CARGO_TARGET_DIR=/opt/rustwide/target" "-e" "CARGO_HOME=/opt/rustwide/cargo-home" "-e" "RUSTUP_HOME=/opt/rustwide/rustup-home" "-w" "/opt/rustwide/workdir" "-m" "1610612736" "--user" "0:0" "--network" "none" "ghcr.io/rust-lang/crates-build-env/linux@sha256:2788e3201cd34a07e3172128adcd8b3090168a8e3bcc40d7c032b9dda1df7d1c" "/opt/rustwide/cargo-home/bin/cargo" "+1.75.0" "metadata" "--no-deps" "--format-version=1", kill_on_drop: false }`
[INFO] [stdout] b30b48819df758ec0c8aec0353b85a437454fe9313e8846bd9deaa163c1d0b0f
[INFO] running `Command { std: "docker" "start" "-a" "b30b48819df758ec0c8aec0353b85a437454fe9313e8846bd9deaa163c1d0b0f", kill_on_drop: false }`
[INFO] running `Command { std: "docker" "inspect" "b30b48819df758ec0c8aec0353b85a437454fe9313e8846bd9deaa163c1d0b0f", kill_on_drop: false }`
[INFO] running `Command { std: "docker" "rm" "-f" "b30b48819df758ec0c8aec0353b85a437454fe9313e8846bd9deaa163c1d0b0f", kill_on_drop: false }`
[INFO] [stdout] b30b48819df758ec0c8aec0353b85a437454fe9313e8846bd9deaa163c1d0b0f
[INFO] running `Command { std: "docker" "create" "-v" "/var/lib/crater-agent-workspace/builds/worker-5-tc1/target:/opt/rustwide/target:rw,Z" "-v" "/var/lib/crater-agent-workspace/builds/worker-5-tc1/source:/opt/rustwide/workdir:ro,Z" "-v" "/var/lib/crater-agent-workspace/cargo-home:/opt/rustwide/cargo-home:ro,Z" "-v" "/var/lib/crater-agent-workspace/rustup-home:/opt/rustwide/rustup-home:ro,Z" "-e" "SOURCE_DIR=/opt/rustwide/workdir" "-e" "CARGO_TARGET_DIR=/opt/rustwide/target" "-e" "CARGO_INCREMENTAL=0" "-e" "RUST_BACKTRACE=full" "-e" "RUSTFLAGS=--cap-lints=warn" "-e" "RUSTDOCFLAGS=--cap-lints=warn" "-e" "CARGO_HOME=/opt/rustwide/cargo-home" "-e" "RUSTUP_HOME=/opt/rustwide/rustup-home" "-w" "/opt/rustwide/workdir" "-m" "1610612736" "--user" "0:0" "--network" "none" "ghcr.io/rust-lang/crates-build-env/linux@sha256:2788e3201cd34a07e3172128adcd8b3090168a8e3bcc40d7c032b9dda1df7d1c" "/opt/rustwide/cargo-home/bin/cargo" "+1.75.0" "build" "--frozen" "--message-format=json", kill_on_drop: false }`
[INFO] [stdout] 56e587d082b1f1869cf0474a7904d0ff0e981e93d52acae63aa9b0c17cec5995
[INFO] running `Command { std: "docker" "start" "-a" "56e587d082b1f1869cf0474a7904d0ff0e981e93d52acae63aa9b0c17cec5995", kill_on_drop: false }`
[INFO] [stderr]    Compiling regex-syntax v0.8.2
[INFO] [stderr]    Compiling regex-automata v0.4.3
[INFO] [stderr]    Compiling regex v1.10.2
[INFO] [stderr]    Compiling cruet v0.14.0 (/opt/rustwide/workdir)
[INFO] [stderr]     Finished dev [unoptimized + debuginfo] target(s) in 6.35s
[INFO] running `Command { std: "docker" "inspect" "56e587d082b1f1869cf0474a7904d0ff0e981e93d52acae63aa9b0c17cec5995", kill_on_drop: false }`
[INFO] running `Command { std: "docker" "rm" "-f" "56e587d082b1f1869cf0474a7904d0ff0e981e93d52acae63aa9b0c17cec5995", kill_on_drop: false }`
[INFO] [stdout] 56e587d082b1f1869cf0474a7904d0ff0e981e93d52acae63aa9b0c17cec5995
[INFO] running `Command { std: "docker" "create" "-v" "/var/lib/crater-agent-workspace/builds/worker-5-tc1/target:/opt/rustwide/target:rw,Z" "-v" "/var/lib/crater-agent-workspace/builds/worker-5-tc1/source:/opt/rustwide/workdir:ro,Z" "-v" "/var/lib/crater-agent-workspace/cargo-home:/opt/rustwide/cargo-home:ro,Z" "-v" "/var/lib/crater-agent-workspace/rustup-home:/opt/rustwide/rustup-home:ro,Z" "-e" "SOURCE_DIR=/opt/rustwide/workdir" "-e" "CARGO_TARGET_DIR=/opt/rustwide/target" "-e" "CARGO_INCREMENTAL=0" "-e" "RUST_BACKTRACE=full" "-e" "RUSTFLAGS=--cap-lints=warn" "-e" "RUSTDOCFLAGS=--cap-lints=warn" "-e" "CARGO_HOME=/opt/rustwide/cargo-home" "-e" "RUSTUP_HOME=/opt/rustwide/rustup-home" "-w" "/opt/rustwide/workdir" "-m" "1610612736" "--user" "0:0" "--network" "none" "ghcr.io/rust-lang/crates-build-env/linux@sha256:2788e3201cd34a07e3172128adcd8b3090168a8e3bcc40d7c032b9dda1df7d1c" "/opt/rustwide/cargo-home/bin/cargo" "+1.75.0" "test" "--frozen" "--no-run" "--message-format=json", kill_on_drop: false }`
[INFO] [stdout] 887bf9c365b89174602ae6e217b9041cd514dfd978056d4d80f3d50e09ff336d
[INFO] running `Command { std: "docker" "start" "-a" "887bf9c365b89174602ae6e217b9041cd514dfd978056d4d80f3d50e09ff336d", kill_on_drop: false }`
[INFO] [stderr]    Compiling cruet v0.14.0 (/opt/rustwide/workdir)
[INFO] [stderr]     Finished test [unoptimized + debuginfo] target(s) in 2.03s
[INFO] running `Command { std: "docker" "inspect" "887bf9c365b89174602ae6e217b9041cd514dfd978056d4d80f3d50e09ff336d", kill_on_drop: false }`
[INFO] running `Command { std: "docker" "rm" "-f" "887bf9c365b89174602ae6e217b9041cd514dfd978056d4d80f3d50e09ff336d", kill_on_drop: false }`
[INFO] [stdout] 887bf9c365b89174602ae6e217b9041cd514dfd978056d4d80f3d50e09ff336d
[INFO] running `Command { std: "docker" "create" "-v" "/var/lib/crater-agent-workspace/builds/worker-5-tc1/target:/opt/rustwide/target:rw,Z" "-v" "/var/lib/crater-agent-workspace/builds/worker-5-tc1/source:/opt/rustwide/workdir:ro,Z" "-v" "/var/lib/crater-agent-workspace/cargo-home:/opt/rustwide/cargo-home:ro,Z" "-v" "/var/lib/crater-agent-workspace/rustup-home:/opt/rustwide/rustup-home:ro,Z" "-e" "SOURCE_DIR=/opt/rustwide/workdir" "-e" "CARGO_TARGET_DIR=/opt/rustwide/target" "-e" "CARGO_INCREMENTAL=0" "-e" "RUST_BACKTRACE=full" "-e" "RUSTFLAGS=--cap-lints=warn" "-e" "RUSTDOCFLAGS=--cap-lints=warn" "-e" "CARGO_HOME=/opt/rustwide/cargo-home" "-e" "RUSTUP_HOME=/opt/rustwide/rustup-home" "-w" "/opt/rustwide/workdir" "-m" "1610612736" "--user" "0:0" "--network" "none" "ghcr.io/rust-lang/crates-build-env/linux@sha256:2788e3201cd34a07e3172128adcd8b3090168a8e3bcc40d7c032b9dda1df7d1c" "/opt/rustwide/cargo-home/bin/cargo" "+1.75.0" "test" "--frozen", kill_on_drop: false }`
[INFO] [stdout] dee1a0c33e2d6f2def0b1712dd14431d5c91c05a3827835fc2b29a6bedfcbdf1
[INFO] running `Command { std: "docker" "start" "-a" "dee1a0c33e2d6f2def0b1712dd14431d5c91c05a3827835fc2b29a6bedfcbdf1", kill_on_drop: false }`
[INFO] [stderr]     Finished test [unoptimized + debuginfo] target(s) in 0.01s
[INFO] [stderr]      Running unittests src/lib.rs (/opt/rustwide/target/debug/deps/cruet-888e06884ae4e036)
[INFO] [stdout] 
[INFO] [stdout] running 261 tests
[INFO] [stdout] test case::camel::tests::from_case_with_loads_of_space ... ok
[INFO] [stdout] test case::camel::tests::a_name_with_a_dot ... ok
[INFO] [stdout] test case::camel::tests::from_camel_case ... ok
[INFO] [stdout] test case::camel::tests::from_kebab_case ... ok
[INFO] [stdout] test case::camel::tests::from_pascal_case ... ok
[INFO] [stdout] test case::camel::tests::from_screaming_snake_case ... ok
[INFO] [stdout] test case::camel::tests::from_sentence_case ... ok
[INFO] [stdout] test case::camel::tests::from_snake_case ... ok
[INFO] [stdout] test case::camel::tests::from_title_case ... ok
[INFO] [stdout] test case::camel::tests::from_train_case ... ok
[INFO] [stdout] test case::camel::tests::has_a_sign ... ok
[INFO] [stdout] test case::camel::tests::is_correct_from_camel_case ... ok
[INFO] [stdout] test case::camel::tests::is_correct_from_kebab_case ... ok
[INFO] [stdout] test case::camel::tests::is_correct_from_pascal_case ... ok
[INFO] [stdout] test case::camel::tests::is_correct_from_screaming_snake_case ... ok
[INFO] [stdout] test case::camel::tests::is_correct_from_sentence_case ... ok
[INFO] [stdout] test case::camel::tests::is_correct_from_snake_case ... ok
[INFO] [stdout] test case::camel::tests::is_correct_from_title_case ... ok
[INFO] [stdout] test case::camel::tests::is_correct_from_train_case ... ok
[INFO] [stdout] test case::camel::tests::leading_bad_chars ... ok
[INFO] [stdout] test case::camel::tests::random_text_with_bad_chars ... ok
[INFO] [stdout] test case::camel::tests::trailing_bad_chars ... ok
[INFO] [stdout] test case::camel::tests::wrapped_in_bad_chars ... ok
[INFO] [stdout] test case::class::tests::from_case_with_loads_of_space ... ok
[INFO] [stdout] test case::class::tests::from_screaming_class_case ... ok
[INFO] [stdout] test case::class::tests::is_correct_from_screaming_snake_case ... ok
[INFO] [stdout] test case::class::tests::is_correct_from_table_case ... ok
[INFO] [stdout] test case::class::tests::is_correct_from_title_case ... ok
[INFO] [stdout] test case::class::tests::from_kebab_case ... ok
[INFO] [stdout] test case::class::tests::from_train_case ... ok
[INFO] [stdout] test case::class::tests::is_correct_from_sentence_case ... ok
[INFO] [stdout] test case::class::tests::is_correct_from_pascal_case ... ok
[INFO] [stdout] test case::class::tests::from_camel_case ... ok
[INFO] [stdout] test case::class::tests::from_pascal_case ... ok
[INFO] [stdout] test case::kebab::tests::from_camel_case ... ok
[INFO] [stdout] test case::kebab::tests::from_kebab_case ... ok
[INFO] [stdout] test case::kebab::tests::from_screaming_snake_case ... ok
[INFO] [stdout] test case::kebab::tests::from_pascal_case ... ok
[INFO] [stdout] test case::kebab::tests::from_sentence_case ... ok
[INFO] [stdout] test case::class::tests::from_snake_case ... ok
[INFO] [stdout] test case::kebab::tests::from_snake_case ... ok
[INFO] [stdout] test case::class::tests::is_correct_from_kebab_case ... ok
[INFO] [stdout] test case::kebab::tests::is_correct_from_kebab_case ... ok
[INFO] [stdout] test case::class::tests::is_correct_from_class_case ... ok
[INFO] [stdout] test case::kebab::tests::is_correct_from_pascal_case ... ok
[INFO] [stdout] test case::kebab::tests::is_correct_from_camel_case ... ok
[INFO] [stdout] test case::kebab::tests::from_title_case ... ok
[INFO] [stdout] test case::kebab::tests::is_correct_from_screaming_snake_case ... ok
[INFO] [stdout] test case::kebab::tests::from_train_case ... ok
[INFO] [stdout] test case::class::tests::is_correct_from_train_case ... ok
[INFO] [stdout] test case::kebab::tests::is_correct_from_snake_case ... ok
[INFO] [stdout] test case::kebab::tests::is_correct_from_sentence_case ... ok
[INFO] [stdout] test case::kebab::tests::is_correct_from_title_case ... ok
[INFO] [stdout] test case::kebab::tests::is_correct_from_train_case ... ok
[INFO] [stdout] test case::pascal::tests::a_name_with_a_dot ... ok
[INFO] [stdout] test case::class::tests::is_correct_from_snake_case ... ok
[INFO] [stdout] test case::pascal::tests::from_camel_case ... ok
[INFO] [stdout] test case::pascal::tests::from_case_with_loads_of_space ... ok
[INFO] [stdout] test case::pascal::tests::from_kebab_case ... ok
[INFO] [stdout] test case::pascal::tests::from_pascal_case ... ok
[INFO] [stdout] test case::pascal::tests::from_screaming_snake_case ... ok
[INFO] [stdout] test case::pascal::tests::from_train_case ... ok
[INFO] [stdout] test case::pascal::tests::has_a_sign ... ok
[INFO] [stdout] test case::pascal::tests::from_sentence_case ... ok
[INFO] [stdout] test case::pascal::tests::from_snake_case ... ok
[INFO] [stdout] test case::pascal::tests::from_title_case ... ok
[INFO] [stdout] test case::pascal::tests::is_correct_from_camel_case ... ok
[INFO] [stdout] test case::pascal::tests::is_correct_from_snake_case ... ok
[INFO] [stdout] test case::pascal::tests::is_correct_from_screaming_snake_case ... ok
[INFO] [stdout] test case::pascal::tests::is_correct_from_sentence_case ... ok
[INFO] [stdout] test case::pascal::tests::is_correct_from_kebab_case ... ok
[INFO] [stdout] test case::pascal::tests::is_correct_from_title_case ... ok
[INFO] [stdout] test case::pascal::tests::is_correct_from_pascal_case ... ok
[INFO] [stdout] test case::pascal::tests::is_correct_from_train_case ... ok
[INFO] [stdout] test case::pascal::tests::leading_bad_chars ... ok
[INFO] [stdout] test case::pascal::tests::random_text_with_bad_chars ... ok
[INFO] [stdout] test case::pascal::tests::wrapped_in_bad_chars ... ok
[INFO] [stdout] test case::requires_seperator_upper_first_wrap_is_safe_current_lower ... ok
[INFO] [stdout] test case::requires_seperator_upper_first_wrap_is_safe_current_lower_next_is_too ... ok
[INFO] [stdout] test case::requires_seperator_upper_first_wrap_is_safe_current_upper ... ok
[INFO] [stdout] test case::pascal::tests::trailing_bad_chars ... ok
[INFO] [stdout] test case::requires_seperator_upper_not_first_wrap_is_safe_current_lower ... ok
[INFO] [stdout] test case::screaming_snake::tests::from_camel_case ... ok
[INFO] [stdout] test case::screaming_snake::tests::from_screaming_screaming_snake_case ... ok
[INFO] [stdout] test case::screaming_snake::tests::from_kebab_case ... ok
[INFO] [stdout] test case::screaming_snake::tests::from_sentence_case ... ok
[INFO] [stdout] test case::screaming_snake::tests::from_pascal_case ... ok
[INFO] [stdout] test case::screaming_snake::tests::from_snake_case ... ok
[INFO] [stdout] test case::screaming_snake::tests::is_correct_from_camel_case ... ok
[INFO] [stdout] test case::screaming_snake::tests::from_train_case ... ok
[INFO] [stdout] test case::requires_seperator_upper_not_first_wrap_is_safe_current_upper ... ok
[INFO] [stdout] test case::screaming_snake::tests::is_correct_from_kebab_case ... ok
[INFO] [stdout] test case::screaming_snake::tests::from_title_case ... ok
[INFO] [stdout] test case::screaming_snake::tests::is_correct_from_title_case ... ok
[INFO] [stdout] test case::screaming_snake::tests::is_correct_from_train_case ... ok
[INFO] [stdout] test case::sentence::tests::a_name_with_a_dot ... ok
[INFO] [stdout] test case::sentence::tests::from_camel_case ... ok
[INFO] [stdout] test case::class::tests::a_name_with_a_dot ... ok
[INFO] [stdout] test case::screaming_snake::tests::is_correct_from_pascal_case ... ok
[INFO] [stdout] test case::screaming_snake::tests::is_correct_from_sentence_case ... ok
[INFO] [stdout] test case::sentence::tests::from_pascal_case ... ok
[INFO] [stdout] test case::sentence::tests::from_sentence_case ... ok
[INFO] [stdout] test case::sentence::tests::from_screaming_snake_case ... ok
[INFO] [stdout] test case::sentence::tests::from_title_case ... ok
[INFO] [stdout] test case::class::tests::has_a_sign ... ok
[INFO] [stdout] test case::sentence::tests::from_snake_case ... ok
[INFO] [stdout] test case::screaming_snake::tests::is_correct_from_snake_case ... ok
[INFO] [stdout] test case::sentence::tests::from_kebab_case ... ok
[INFO] [stdout] test case::screaming_snake::tests::is_correct_from_screaming_screaming_snake_case ... ok
[INFO] [stdout] test case::sentence::tests::from_train_case ... ok
[INFO] [stdout] test case::sentence::tests::has_a_sign ... ok
[INFO] [stdout] test case::sentence::tests::is_correct_from_camel_case ... ok
[INFO] [stdout] test case::sentence::tests::is_correct_from_kebab_case ... ok
[INFO] [stdout] test case::sentence::tests::from_case_with_loads_of_space ... ok
[INFO] [stdout] test case::sentence::tests::is_correct_from_snake_case ... ok
[INFO] [stdout] test case::sentence::tests::is_correct_from_train_case ... ok
[INFO] [stdout] test case::sentence::tests::leading_bad_chars ... ok
[INFO] [stdout] test case::sentence::tests::is_correct_from_pascal_case ... ok
[INFO] [stdout] test case::sentence::tests::is_correct_from_title_case ... ok
[INFO] [stdout] test case::class::tests::from_title_case ... ok
[INFO] [stdout] test case::snake::tests::a_name_with_a_dot ... ok
[INFO] [stdout] test case::sentence::tests::random_text_with_bad_chars ... ok
[INFO] [stdout] test case::sentence::tests::is_correct_from_sentence_case ... ok
[INFO] [stdout] test case::sentence::tests::is_correct_from_screaming_snake_case ... ok
[INFO] [stdout] test case::sentence::tests::trailing_bad_chars ... ok
[INFO] [stdout] test case::class::tests::from_sentence_case ... ok
[INFO] [stdout] test case::sentence::tests::wrapped_in_bad_chars ... ok
[INFO] [stdout] test case::snake::tests::from_camel_case ... ok
[INFO] [stdout] test case::snake::tests::from_pascal_case ... ok
[INFO] [stdout] test case::snake::tests::from_kebab_case ... ok
[INFO] [stdout] test case::snake::tests::from_case_with_loads_of_space ... ok
[INFO] [stdout] test case::snake::tests::from_snake_case ... ok
[INFO] [stdout] test case::snake::tests::from_train_case ... ok
[INFO] [stdout] test case::snake::tests::from_title_case ... ok
[INFO] [stdout] test case::snake::tests::is_correct_from_camel_case ... ok
[INFO] [stdout] test case::snake::tests::is_correct_from_kebab_case ... ok
[INFO] [stdout] test case::snake::tests::from_screaming_snake_case ... ok
[INFO] [stdout] test case::snake::tests::has_a_sign ... ok
[INFO] [stdout] test case::snake::tests::is_correct_from_sentence_case ... ok
[INFO] [stdout] test case::snake::tests::is_correct_from_pascal_case ... ok
[INFO] [stdout] test case::snake::tests::is_correct_from_snake_case ... ok
[INFO] [stdout] test case::snake::tests::is_correct_from_title_case ... ok
[INFO] [stdout] test case::snake::tests::is_correct_from_train_case ... ok
[INFO] [stdout] test case::snake::tests::from_sentence_case ... ok
[INFO] [stdout] test case::snake_like_no_seperator_lower ... ok
[INFO] [stdout] test case::snake_like_no_seperator_upper ... ok
[INFO] [stdout] test case::snake::tests::is_correct_from_screaming_snake_case ... ok
[INFO] [stdout] test case::snake::tests::random_text_with_bad_chars ... ok
[INFO] [stdout] test case::snake_like_with_seperator_upper ... ok
[INFO] [stdout] test case::snake::tests::leading_bad_chars ... ok
[INFO] [stdout] test case::snake::tests::trailing_bad_chars ... ok
[INFO] [stdout] test case::snake::tests::wrapped_in_bad_chars ... ok
[INFO] [stdout] test case::snake_like_with_seperator_lowers ... ok
[INFO] [stdout] test case::class::tests::from_table_case ... ok
[INFO] [stdout] test case::class::tests::trailing_bad_chars ... ok
[INFO] [stdout] test case::class::tests::wrapped_in_bad_chars ... ok
[INFO] [stdout] test case::class::tests::leading_bad_chars ... ok
[INFO] [stdout] test case::class::tests::random_text_with_bad_chars ... ok
[INFO] [stdout] test case::table::tests::from_title_case ... ok
[INFO] [stdout] test case::table::tests::is_correct_from_snake_case ... ok
[INFO] [stdout] test case::table::tests::from_kebab_case ... ok
[INFO] [stdout] test case::table::tests::from_snake_case ... ok
[INFO] [stdout] test case::test_char_is_seperator_dash ... ok
[INFO] [stdout] test case::test_char_is_seperator_space ... ok
[INFO] [stdout] test case::test_char_is_seperator_underscore ... ok
[INFO] [stdout] test case::test_char_is_seperator_when_not ... ok
[INFO] [stdout] test case::test_char_is_uppercase_when_it_is ... ok
[INFO] [stdout] test case::test_first_word_or_not_inverted_not_first_word_is_inverted ... ok
[INFO] [stdout] test case::test_char_is_uppercase_when_it_is_not ... ok
[INFO] [stdout] test case::test_first_word_or_not_inverted_not_first_word_not_inverted ... ok
[INFO] [stdout] test case::test_first_word_or_not_inverted_with_first_word ... ok
[INFO] [stdout] test case::test_is_not_alphanumeric_on_is_alphanumeric ... ok
[INFO] [stdout] test case::test_is_not_alphanumeric_on_is_not_alphanumeric ... ok
[INFO] [stdout] test case::test_last_char_lower_current_is_upper_or_new_word_last_char_lower_current_upper ... ok
[INFO] [stdout] test case::test_last_char_lower_current_is_upper_or_new_word_last_char_upper_current_lower ... ok
[INFO] [stdout] test case::test_last_char_lower_current_is_upper_or_new_word_last_char_space ... ok
[INFO] [stdout] test case::test_last_char_lower_current_is_upper_or_new_word_with_new_word ... ok
[INFO] [stdout] test case::test_last_char_lower_current_is_upper_or_new_word_last_char_upper_current_upper ... ok
[INFO] [stdout] test case::test_next_or_previous_char_is_lowercase_false ... ok
[INFO] [stdout] test case::test_next_or_previous_char_is_lowercase_true ... ok
[INFO] [stdout] test case::test_not_first_word_and_has_seperator_is_first_and_not_seperator ... ok
[INFO] [stdout] test case::test_not_first_word_and_has_seperator_not_first_and_has_seperator ... ok
[INFO] [stdout] test case::test_trim_bad_chars ... ok
[INFO] [stdout] test case::test_trim_bad_chars_when_none_are_bad ... ok
[INFO] [stdout] test case::test_not_first_word_and_has_seperator_not_first_and_not_seperator ... ok
[INFO] [stdout] test case::title::tests::a_name_with_a_dot ... ok
[INFO] [stdout] test case::title::tests::from_camel_case ... ok
[INFO] [stdout] test case::title::tests::from_kebab_case ... ok
[INFO] [stdout] test case::title::tests::from_pascal_case ... ok
[INFO] [stdout] test case::table::tests::is_correct_from_pascal_case ... ok
[INFO] [stdout] test case::title::tests::from_screaming_snake_case ... ok
[INFO] [stdout] test case::title::tests::from_sentence_case ... ok
[INFO] [stdout] test case::title::tests::from_case_with_loads_of_space ... ok
[INFO] [stdout] test case::title::tests::from_train_case ... ok
[INFO] [stdout] test case::title::tests::has_a_sign ... ok
[INFO] [stdout] test case::title::tests::from_snake_case ... ok
[INFO] [stdout] test case::title::tests::from_title_case ... ok
[INFO] [stdout] test case::title::tests::is_correct_from_camel_case ... ok
[INFO] [stdout] test case::title::tests::is_correct_from_kebab_case ... ok
[INFO] [stdout] test case::title::tests::is_correct_from_pascal_case ... ok
[INFO] [stdout] test case::title::tests::is_correct_from_screaming_snake_case ... ok
[INFO] [stdout] test case::title::tests::is_correct_from_snake_case ... ok
[INFO] [stdout] test case::title::tests::is_correct_from_title_case ... ok
[INFO] [stdout] test case::table::tests::is_correct_from_table_case ... ok
[INFO] [stdout] test case::title::tests::is_correct_from_train_case ... ok
[INFO] [stdout] test case::title::tests::leading_bad_chars ... ok
[INFO] [stdout] test case::title::tests::random_text_with_bad_chars ... ok
[INFO] [stdout] test case::title::tests::is_correct_from_sentence_case ... ok
[INFO] [stdout] test case::title::tests::wrapped_in_bad_chars ... ok
[INFO] [stdout] test case::title::tests::trailing_bad_chars ... ok
[INFO] [stdout] test case::train::tests::a_name_with_a_dot ... ok
[INFO] [stdout] test case::train::tests::from_camel_case ... ok
[INFO] [stdout] test case::table::tests::is_correct_from_sentence_case ... ok
[INFO] [stdout] test case::train::tests::from_kebab_case ... ok
[INFO] [stdout] test case::train::tests::from_pascal_case ... ok
[INFO] [stdout] test case::train::tests::from_screaming_snake_case ... ok
[INFO] [stdout] test case::table::tests::is_correct_from_camel_case ... ok
[INFO] [stdout] test case::table::tests::is_correct_from_train_case ... ok
[INFO] [stdout] test case::table::tests::from_sentence_case ... ok
[INFO] [stdout] test case::table::tests::from_train_case ... ok
[INFO] [stdout] test case::train::tests::from_case_with_loads_of_space ... ok
[INFO] [stdout] test case::train::tests::from_snake_case ... ok
[INFO] [stdout] test case::train::tests::from_title_case ... ok
[INFO] [stdout] test case::table::tests::is_correct_from_title_case ... ok
[INFO] [stdout] test case::table::tests::from_table_case ... ok
[INFO] [stdout] test case::train::tests::from_sentence_case ... ok
[INFO] [stdout] test case::train::tests::from_train_case ... ok
[INFO] [stdout] test case::table::tests::from_screaming_snake_case ... ok
[INFO] [stdout] test case::train::tests::has_a_sign ... ok
[INFO] [stdout] test case::train::tests::is_correct_from_camel_case ... ok
[INFO] [stdout] test case::train::tests::is_correct_from_kebab_case ... ok
[INFO] [stdout] test case::table::tests::from_camel_case ... ok
[INFO] [stdout] test case::table::tests::is_correct_from_screaming_snake_case ... ok
[INFO] [stdout] test case::train::tests::is_correct_from_screaming_snake_case ... ok
[INFO] [stdout] test case::train::tests::is_correct_from_pascal_case ... ok
[INFO] [stdout] test case::train::tests::is_correct_from_title_case ... ok
[INFO] [stdout] test case::train::tests::is_correct_from_train_case ... ok
[INFO] [stdout] test case::train::tests::is_correct_from_snake_case ... ok
[INFO] [stdout] test case::train::tests::is_correct_from_sentence_case ... ok
[INFO] [stdout] test case::train::tests::leading_bad_chars ... ok
[INFO] [stdout] test case::train::tests::random_text_with_bad_chars ... ok
[INFO] [stdout] test case::train::tests::trailing_bad_chars ... ok
[INFO] [stdout] test case::train::tests::wrapped_in_bad_chars ... ok
[INFO] [stdout] test string::pluralize::tests::mice ... ok
[INFO] [stdout] test string::pluralize::tests::ox ... ok
[INFO] [stdout] test string::pluralize::tests::woman ... ok
[INFO] [stdout] test string::pluralize::tests::test ... ok
[INFO] [stdout] test case::table::tests::is_correct_from_kebab_case ... ok
[INFO] [stdout] test string::pluralize::tests::zoology ... ok
[INFO] [stdout] test string::pluralize::tests::axis ... ok
[INFO] [stdout] test string::pluralize::tests::elf ... ok
[INFO] [stdout] test string::singularize::singularize_string_returns_none_option_if_no_match ... ok
[INFO] [stdout] test case::table::tests::from_pascal_case ... ok
[INFO] [stdout] test string::pluralize::tests::boxes ... ok
[INFO] [stdout] test string::pluralize::tests::geometry ... ok
[INFO] [stdout] test string::pluralize::tests::people ... ok
[INFO] [stdout] test string::singularize::singularize_ss_suffix ... ok
[INFO] [stdout] test string::pluralize::tests::agendum ... ok
[INFO] [stdout] test string::pluralize::tests::knife ... ok
[INFO] [stdout] test string::singularize::singularize_ies_suffix ... ok
[INFO] [stdout] test string::singularize::singularize_string_if_a_regex_will_match ... ok
[INFO] [stdout] 
[INFO] [stdout] test result: ok. 261 passed; 0 failed; 0 ignored; 0 measured; 0 filtered out; finished in 0.46s
[INFO] [stdout] 
[INFO] [stderr]      Running tests/lib.rs (/opt/rustwide/target/debug/deps/lib-2be4a2ca4d70d130)
[INFO] [stdout] 
[INFO] [stdout] running 90 tests
[INFO] [stdout] test i32_ordinalize ... ok
[INFO] [stdout] test f32_ordinalize ... ok
[INFO] [stdout] test f64_ordinalize ... ok
[INFO] [stdout] test i64_ordinalize ... ok
[INFO] [stdout] test i16_ordinalize ... ok
[INFO] [stdout] test i8_ordinalize ... ok
[INFO] [stdout] test isize_ordinalize ... ok
[INFO] [stdout] test str_is_camel ... ok
[INFO] [stdout] test str_deordinalize ... ok
[INFO] [stdout] test str_is_not_camel ... ok
[INFO] [stdout] test str_is_kebab ... ok
[INFO] [stdout] test str_is_foreign_key ... ok
[INFO] [stdout] test str_is_not_foreign_key ... ok
[INFO] [stdout] test str_is_not_screaming_snake ... ok
[INFO] [stdout] test str_is_not_sentence ... ok
[INFO] [stdout] test str_is_not_kebab ... ok
[INFO] [stdout] test str_is_not_title ... ok
[INFO] [stdout] test str_is_not_train ... ok
[INFO] [stdout] test str_is_not_snake ... ok
[INFO] [stdout] test str_is_sentence ... ok
[INFO] [stdout] test str_is_snake ... ok
[INFO] [stdout] test str_is_title ... ok
[INFO] [stdout] test str_is_train ... ok
[INFO] [stdout] test str_is_screaming_snake ... ok
[INFO] [stdout] test str_ordinalize ... ok
[INFO] [stdout] test str_to_camel ... ok
[INFO] [stdout] test str_to_camel_num ... ok
[INFO] [stdout] test str_to_foreign_key ... ok
[INFO] [stdout] test str_to_sentence ... ok
[INFO] [stdout] test str_to_sentence_with_num ... ok
[INFO] [stdout] test str_to_title ... ok
[INFO] [stdout] test str_to_snake ... ok
[INFO] [stdout] test str_to_title_with_num ... ok
[INFO] [stdout] test str_to_train ... ok
[INFO] [stdout] test str_to_kebab ... ok
[INFO] [stdout] test string_is_camel ... ok
[INFO] [stdout] test str_to_screaming_snake ... ok
[INFO] [stdout] test string_deordinalize ... ok
[INFO] [stdout] test string_is_not_camel ... ok
[INFO] [stdout] test string_is_foreign_key ... ok
[INFO] [stdout] test string_is_kebab ... ok
[INFO] [stdout] test string_is_not_foreign_key ... ok
[INFO] [stdout] test string_is_not_kebab ... ok
[INFO] [stdout] test string_is_not_screaming_snake ... ok
[INFO] [stdout] test string_is_not_sentence ... ok
[INFO] [stdout] test string_is_not_snake ... ok
[INFO] [stdout] test string_is_not_title ... ok
[INFO] [stdout] test string_is_not_train ... ok
[INFO] [stdout] test string_is_screaming_snake ... ok
[INFO] [stdout] test string_is_sentence ... ok
[INFO] [stdout] test string_is_snake ... ok
[INFO] [stdout] test str_to_table ... ok
[INFO] [stdout] test string_is_not_table ... ok
[INFO] [stdout] test string_is_train ... ok
[INFO] [stdout] test string_is_title ... ok
[INFO] [stdout] test string_ordinalize ... ok
[INFO] [stdout] test str_pluralize ... ok
[INFO] [stdout] test string_to_camel ... ok
[INFO] [stdout] test string_to_camel_num ... ok
[INFO] [stdout] test str_is_table ... ok
[INFO] [stdout] test string_to_foreign_key ... ok
[INFO] [stdout] test string_is_table ... ok
[INFO] [stdout] test str_is_not_table ... ok
[INFO] [stdout] test string_to_kebab ... ok
[INFO] [stdout] test string_to_sentence ... ok
[INFO] [stdout] test string_to_screaming_snake ... ok
[INFO] [stdout] test string_to_sentence_with_num ... ok
[INFO] [stdout] test string_to_snake ... ok
[INFO] [stdout] test string_to_title ... ok
[INFO] [stdout] test string_to_train ... ok
[INFO] [stdout] test string_tot_title_with_num ... ok
[INFO] [stdout] test u16_ordinalize ... ok
[INFO] [stdout] test u32_ordinalize ... ok
[INFO] [stdout] test u64_ordinalize ... ok
[INFO] [stdout] test u8_ordinalize ... ok
[INFO] [stdout] test usize_ordinalize ... ok
[INFO] [stdout] test str_deconstantize ... ok
[INFO] [stdout] test string_pluralize ... ok
[INFO] [stdout] test string_demodulize ... ok
[INFO] [stdout] test string_deconstantize ... ok
[INFO] [stdout] test string_is_not_class_case ... ok
[INFO] [stdout] test str_is_not_class_case ... ok
[INFO] [stdout] test str_is_class_case ... ok
[INFO] [stdout] test str_to_class_case ... ok
[INFO] [stdout] test string_to_class_case ... ok
[INFO] [stdout] test str_demodulize ... ok
[INFO] [stdout] test string_to_table ... ok
[INFO] [stdout] test string_is_class_case ... ok
[INFO] [stdout] test string_singular ... ok
[INFO] [stdout] test str_singular ... ok
[INFO] [stdout] 
[INFO] [stdout] test result: ok. 90 passed; 0 failed; 0 ignored; 0 measured; 0 filtered out; finished in 0.17s
[INFO] [stdout] 
[INFO] [stderr]    Doc-tests cruet
[INFO] [stdout] 
[INFO] [stdout] running 60 tests
[INFO] [stdout] test src/case/sentence.rs - case::sentence::to_sentence_case (line 4) ... ok
[INFO] [stdout] test src/case/screaming_snake.rs - case::screaming_snake::to_screaming_snake_case (line 4) ... ok
[INFO] [stdout] test src/case/kebab.rs - case::kebab::is_kebab_case (line 4) ... ok
[INFO] [stdout] test src/case/sentence.rs - case::sentence::is_sentence_case (line 28) ... ok
[INFO] [stdout] test src/case/camel.rs - case::camel::is_camel_case (line 33) ... ok
[INFO] [stdout] test src/case/pascal.rs - case::pascal::to_pascal_case (line 4) ... ok
[INFO] [stdout] test src/case/snake.rs - case::snake::to_snake_case (line 4) ... ok
[INFO] [stdout] test src/case/kebab.rs - case::kebab::to_kebab_case (line 21) ... ok
[INFO] [stdout] test src/case/snake.rs - case::snake::is_snake_case (line 23) ... ok
[INFO] [stdout] test src/case/pascal.rs - case::pascal::is_pascal_case (line 31) ... ok
[INFO] [stdout] test src/case/table.rs - case::table::to_table_case (line 7) ... ok
[INFO] [stdout] test src/case/camel.rs - case::camel::to_camel_case (line 5) ... ok
[INFO] [stdout] test src/case/train.rs - case::train::to_train_case (line 21) ... ok
[INFO] [stdout] test src/case/train.rs - case::train::is_train_case (line 4) ... ok
[INFO] [stdout] test src/case/title.rs - case::title::is_title_case (line 29) ... ok
[INFO] [stdout] test src/case/screaming_snake.rs - case::screaming_snake::is_screaming_snake_case (line 21) ... ok
[INFO] [stdout] test src/case/class.rs - case::class::to_class_case (line 6) ... ok
[INFO] [stdout] test src/case/title.rs - case::title::to_title_case (line 4) ... ok
[INFO] [stdout] test src/case/class.rs - case::class::is_class_case (line 36) ... ok
[INFO] [stdout] test src/case/table.rs - case::table::is_table_case (line 26) ... ok
[INFO] [stdout] test src/number/ordinalize.rs - number::ordinalize::ordinalize (line 107) ... ok
[INFO] [stdout] test src/number/deordinalize.rs - number::deordinalize::deordinalize (line 3) ... ok
[INFO] [stdout] test src/number/ordinalize.rs - number::ordinalize::ordinalize (line 11) ... ok
[INFO] [stdout] test src/lib.rs - (line 14) ... ok
[INFO] [stdout] test src/number/ordinalize.rs - number::ordinalize::ordinalize (line 19) ... ok
[INFO] [stdout] test src/number/ordinalize.rs - number::ordinalize::ordinalize (line 35) ... ok
[INFO] [stdout] test src/number/ordinalize.rs - number::ordinalize::ordinalize (line 43) ... ok
[INFO] [stdout] test src/number/ordinalize.rs - number::ordinalize::ordinalize (line 59) ... ok
[INFO] [stdout] test src/number/ordinalize.rs - number::ordinalize::ordinalize (line 27) ... ok
[INFO] [stdout] test src/number/ordinalize.rs - number::ordinalize::ordinalize (line 51) ... ok
[INFO] [stdout] test src/number/ordinalize.rs - number::ordinalize::ordinalize (line 3) ... ok
[INFO] [stdout] test src/number/ordinalize.rs - number::ordinalize::ordinalize (line 67) ... ok
[INFO] [stdout] test src/number/ordinalize.rs - number::ordinalize::ordinalize (line 75) ... ok
[INFO] [stdout] test src/number/ordinalize.rs - number::ordinalize::ordinalize (line 83) ... ok
[INFO] [stdout] test src/number/ordinalize.rs - number::ordinalize::ordinalize (line 91) ... ok
[INFO] [stdout] test src/number/ordinalize.rs - number::ordinalize::ordinalize (line 99) ... ok
[INFO] [stdout] test src/string/deconstantize.rs - string::deconstantize::deconstantize (line 13) ... ok
[INFO] [stdout] test src/string/deconstantize.rs - string::deconstantize::deconstantize (line 21) ... FAILED
[INFO] [stdout] test src/string/deconstantize.rs - string::deconstantize::deconstantize (line 29) ... ok
[INFO] [stdout] test src/string/demodulize.rs - string::demodulize::demodulize (line 13) ... ok
[INFO] [stdout] test src/string/demodulize.rs - string::demodulize::demodulize (line 29) ... FAILED
[INFO] [stdout] test src/string/singularize.rs - string::singularize::to_singular (line 45) ... ok
[INFO] [stdout] test src/string/singularize.rs - string::singularize::to_singular (line 53) ... ok
[INFO] [stdout] test src/string/deconstantize.rs - string::deconstantize::deconstantize (line 5) ... ok
[INFO] [stdout] test src/string/pluralize.rs - string::pluralize::to_plural (line 55) ... ok
[INFO] [stdout] test src/string/singularize.rs - string::singularize::to_singular (line 61) ... ok
[INFO] [stdout] test src/suffix/foreign_key.rs - suffix::foreign_key::to_foreign_key (line 5) ... ok
[INFO] [stdout] test src/suffix/foreign_key.rs - suffix::foreign_key::is_foreign_key (line 36) ... ok
[INFO] [stdout] test src/string/pluralize.rs - string::pluralize::to_plural (line 79) ... ok
[INFO] [stdout] test src/string/singularize.rs - string::singularize::to_singular (line 29) ... ok
[INFO] [stdout] test src/string/demodulize.rs - string::demodulize::demodulize (line 21) ... ok
[INFO] [stdout] test src/string/demodulize.rs - string::demodulize::demodulize (line 5) ... ok
[INFO] [stdout] test src/string/pluralize.rs - string::pluralize::to_plural (line 87) ... ok
[INFO] [stdout] test src/string/singularize.rs - string::singularize::to_singular (line 21) ... ok
[INFO] [stdout] test src/string/pluralize.rs - string::pluralize::to_plural (line 95) ... ok
[INFO] [stdout] test src/string/pluralize.rs - string::pluralize::to_plural (line 71) ... ok
[INFO] [stdout] test src/string/pluralize.rs - string::pluralize::to_plural (line 63) ... ok
[INFO] [stdout] test src/string/pluralize.rs - string::pluralize::to_plural (line 47) ... ok
[INFO] [stdout] test src/string/singularize.rs - string::singularize::to_singular (line 69) ... ok
[INFO] [stdout] test src/string/singularize.rs - string::singularize::to_singular (line 37) ... ok
[INFO] [stdout] 
[INFO] [stdout] failures:
[INFO] [stdout] 
[INFO] [stdout] ---- src/string/deconstantize.rs - string::deconstantize::deconstantize (line 21) stdout ----
[INFO] [stdout] error: linking with `cc` failed: exit status: 1
[INFO] [stdout]   |
[INFO] [stdout]   = note: LC_ALL="C" PATH="/opt/rustwide/rustup-home/toolchains/1.75.0-x86_64-unknown-linux-gnu/lib/rustlib/x86_64-unknown-linux-gnu/bin:/opt/rustwide/cargo-home/bin:/usr/local/sbin:/usr/local/bin:/usr/sbin:/usr/bin:/sbin:/bin" VSLANG="1033" "cc" "-m64" "/tmp/rustcXtLp4T/symbols.o" "/tmp/rustdoctestGAucEX/rust_out.rust_out.263fb70ac1c95110-cgu.0.rcgu.o" "/tmp/rustdoctestGAucEX/rust_out.2uel00cfmdh5ufit.rcgu.o" "-Wl,--as-needed" "-L" "/opt/rustwide/target/debug/deps" "-L" "/opt/rustwide/target/debug/deps" "-L" "/opt/rustwide/rustup-home/toolchains/1.75.0-x86_64-unknown-linux-gnu/lib/rustlib/x86_64-unknown-linux-gnu/lib" "-Wl,-Bstatic" "/opt/rustwide/target/debug/deps/libcruet-2739226d51f5d891.rlib" "/opt/rustwide/target/debug/deps/libregex-3fdc9a8f6eaf81cf.rlib" "/opt/rustwide/target/debug/deps/libregex_automata-7e239e4b359aa58c.rlib" "/opt/rustwide/target/debug/deps/libaho_corasick-c461b2416345444e.rlib" "/opt/rustwide/target/debug/deps/libmemchr-94009dd89ebb9d8d.rlib" "/opt/rustwide/target/debug/deps/libregex_syntax-e4dd3c3a3cb10e1d.rlib" "/opt/rustwide/target/debug/deps/libonce_cell-63be820ac0ed0954.rlib" "/opt/rustwide/rustup-home/toolchains/1.75.0-x86_64-unknown-linux-gnu/lib/rustlib/x86_64-unknown-linux-gnu/lib/libstd-90f6ddbf82de36ec.rlib" "/opt/rustwide/rustup-home/toolchains/1.75.0-x86_64-unknown-linux-gnu/lib/rustlib/x86_64-unknown-linux-gnu/lib/libpanic_unwind-480c41e9d4e1f677.rlib" "/opt/rustwide/rustup-home/toolchains/1.75.0-x86_64-unknown-linux-gnu/lib/rustlib/x86_64-unknown-linux-gnu/lib/libobject-db744c0ca03eed1d.rlib" "/opt/rustwide/rustup-home/toolchains/1.75.0-x86_64-unknown-linux-gnu/lib/rustlib/x86_64-unknown-linux-gnu/lib/libmemchr-8ba652dc7d4b285a.rlib" "/opt/rustwide/rustup-home/toolchains/1.75.0-x86_64-unknown-linux-gnu/lib/rustlib/x86_64-unknown-linux-gnu/lib/libaddr2line-d5f4520a9ebc0d58.rlib" "/opt/rustwide/rustup-home/toolchains/1.75.0-x86_64-unknown-linux-gnu/lib/rustlib/x86_64-unknown-linux-gnu/lib/libgimli-4ad84de58f0cb463.rlib" "/opt/rustwide/rustup-home/toolchains/1.75.0-x86_64-unknown-linux-gnu/lib/rustlib/x86_64-unknown-linux-gnu/lib/librustc_demangle-0d10aae2e0f38735.rlib" "/opt/rustwide/rustup-home/toolchains/1.75.0-x86_64-unknown-linux-gnu/lib/rustlib/x86_64-unknown-linux-gnu/lib/libstd_detect-0c17cff739e6745b.rlib" "/opt/rustwide/rustup-home/toolchains/1.75.0-x86_64-unknown-linux-gnu/lib/rustlib/x86_64-unknown-linux-gnu/lib/libhashbrown-b29e17139dde1aa8.rlib" "/opt/rustwide/rustup-home/toolchains/1.75.0-x86_64-unknown-linux-gnu/lib/rustlib/x86_64-unknown-linux-gnu/lib/librustc_std_workspace_alloc-1f975299829cc7bd.rlib" "/opt/rustwide/rustup-home/toolchains/1.75.0-x86_64-unknown-linux-gnu/lib/rustlib/x86_64-unknown-linux-gnu/lib/libminiz_oxide-86bae3bc3079f89b.rlib" "/opt/rustwide/rustup-home/toolchains/1.75.0-x86_64-unknown-linux-gnu/lib/rustlib/x86_64-unknown-linux-gnu/lib/libadler-321b82c30dffdf5f.rlib" "/opt/rustwide/rustup-home/toolchains/1.75.0-x86_64-unknown-linux-gnu/lib/rustlib/x86_64-unknown-linux-gnu/lib/libunwind-3dd8a6810a0bdfef.rlib" "/opt/rustwide/rustup-home/toolchains/1.75.0-x86_64-unknown-linux-gnu/lib/rustlib/x86_64-unknown-linux-gnu/lib/libcfg_if-eb39a61c0c879984.rlib" "/opt/rustwide/rustup-home/toolchains/1.75.0-x86_64-unknown-linux-gnu/lib/rustlib/x86_64-unknown-linux-gnu/lib/liblibc-aa769569f91c3548.rlib" "/opt/rustwide/rustup-home/toolchains/1.75.0-x86_64-unknown-linux-gnu/lib/rustlib/x86_64-unknown-linux-gnu/lib/liballoc-510a192a50a983ed.rlib" "/opt/rustwide/rustup-home/toolchains/1.75.0-x86_64-unknown-linux-gnu/lib/rustlib/x86_64-unknown-linux-gnu/lib/librustc_std_workspace_core-0577018320f99037.rlib" "/opt/rustwide/rustup-home/toolchains/1.75.0-x86_64-unknown-linux-gnu/lib/rustlib/x86_64-unknown-linux-gnu/lib/libcore-193cf992125ccd4c.rlib" "/opt/rustwide/rustup-home/toolchains/1.75.0-x86_64-unknown-linux-gnu/lib/rustlib/x86_64-unknown-linux-gnu/lib/libcompiler_builtins-8e138eaf26ebb4a8.rlib" "-Wl,-Bdynamic" "-lgcc_s" "-lutil" "-lrt" "-lpthread" "-lm" "-ldl" "-lc" "-Wl,--eh-frame-hdr" "-Wl,-z,noexecstack" "-L" "/opt/rustwide/rustup-home/toolchains/1.75.0-x86_64-unknown-linux-gnu/lib/rustlib/x86_64-unknown-linux-gnu/lib" "-o" "/tmp/rustdoctestGAucEX/rust_out" "-Wl,--gc-sections" "-pie" "-Wl,-z,relro,-z,now" "-nodefaultlibs"
[INFO] [stdout]   = note: collect2: fatal error: ld terminated with signal 9 [Killed]
[INFO] [stdout]           compilation terminated.
[INFO] [stdout]           
[INFO] [stdout] 
[INFO] [stdout] error: aborting due to previous error
[INFO] [stdout] 
[INFO] [stdout] Couldn't compile the test.
[INFO] [stdout] ---- src/string/demodulize.rs - string::demodulize::demodulize (line 29) stdout ----
[INFO] [stdout] error: linking with `cc` failed: exit status: 1
[INFO] [stdout]   |
[INFO] [stdout]   = note: LC_ALL="C" PATH="/opt/rustwide/rustup-home/toolchains/1.75.0-x86_64-unknown-linux-gnu/lib/rustlib/x86_64-unknown-linux-gnu/bin:/opt/rustwide/cargo-home/bin:/usr/local/sbin:/usr/local/bin:/usr/sbin:/usr/bin:/sbin:/bin" VSLANG="1033" "cc" "-m64" "/tmp/rustcqp8xxQ/symbols.o" "/tmp/rustdoctestj1Eewe/rust_out.rust_out.263fb70ac1c95110-cgu.0.rcgu.o" "/tmp/rustdoctestj1Eewe/rust_out.2uel00cfmdh5ufit.rcgu.o" "-Wl,--as-needed" "-L" "/opt/rustwide/target/debug/deps" "-L" "/opt/rustwide/target/debug/deps" "-L" "/opt/rustwide/rustup-home/toolchains/1.75.0-x86_64-unknown-linux-gnu/lib/rustlib/x86_64-unknown-linux-gnu/lib" "-Wl,-Bstatic" "/opt/rustwide/target/debug/deps/libcruet-2739226d51f5d891.rlib" "/opt/rustwide/target/debug/deps/libregex-3fdc9a8f6eaf81cf.rlib" "/opt/rustwide/target/debug/deps/libregex_automata-7e239e4b359aa58c.rlib" "/opt/rustwide/target/debug/deps/libaho_corasick-c461b2416345444e.rlib" "/opt/rustwide/target/debug/deps/libmemchr-94009dd89ebb9d8d.rlib" "/opt/rustwide/target/debug/deps/libregex_syntax-e4dd3c3a3cb10e1d.rlib" "/opt/rustwide/target/debug/deps/libonce_cell-63be820ac0ed0954.rlib" "/opt/rustwide/rustup-home/toolchains/1.75.0-x86_64-unknown-linux-gnu/lib/rustlib/x86_64-unknown-linux-gnu/lib/libstd-90f6ddbf82de36ec.rlib" "/opt/rustwide/rustup-home/toolchains/1.75.0-x86_64-unknown-linux-gnu/lib/rustlib/x86_64-unknown-linux-gnu/lib/libpanic_unwind-480c41e9d4e1f677.rlib" "/opt/rustwide/rustup-home/toolchains/1.75.0-x86_64-unknown-linux-gnu/lib/rustlib/x86_64-unknown-linux-gnu/lib/libobject-db744c0ca03eed1d.rlib" "/opt/rustwide/rustup-home/toolchains/1.75.0-x86_64-unknown-linux-gnu/lib/rustlib/x86_64-unknown-linux-gnu/lib/libmemchr-8ba652dc7d4b285a.rlib" "/opt/rustwide/rustup-home/toolchains/1.75.0-x86_64-unknown-linux-gnu/lib/rustlib/x86_64-unknown-linux-gnu/lib/libaddr2line-d5f4520a9ebc0d58.rlib" "/opt/rustwide/rustup-home/toolchains/1.75.0-x86_64-unknown-linux-gnu/lib/rustlib/x86_64-unknown-linux-gnu/lib/libgimli-4ad84de58f0cb463.rlib" "/opt/rustwide/rustup-home/toolchains/1.75.0-x86_64-unknown-linux-gnu/lib/rustlib/x86_64-unknown-linux-gnu/lib/librustc_demangle-0d10aae2e0f38735.rlib" "/opt/rustwide/rustup-home/toolchains/1.75.0-x86_64-unknown-linux-gnu/lib/rustlib/x86_64-unknown-linux-gnu/lib/libstd_detect-0c17cff739e6745b.rlib" "/opt/rustwide/rustup-home/toolchains/1.75.0-x86_64-unknown-linux-gnu/lib/rustlib/x86_64-unknown-linux-gnu/lib/libhashbrown-b29e17139dde1aa8.rlib" "/opt/rustwide/rustup-home/toolchains/1.75.0-x86_64-unknown-linux-gnu/lib/rustlib/x86_64-unknown-linux-gnu/lib/librustc_std_workspace_alloc-1f975299829cc7bd.rlib" "/opt/rustwide/rustup-home/toolchains/1.75.0-x86_64-unknown-linux-gnu/lib/rustlib/x86_64-unknown-linux-gnu/lib/libminiz_oxide-86bae3bc3079f89b.rlib" "/opt/rustwide/rustup-home/toolchains/1.75.0-x86_64-unknown-linux-gnu/lib/rustlib/x86_64-unknown-linux-gnu/lib/libadler-321b82c30dffdf5f.rlib" "/opt/rustwide/rustup-home/toolchains/1.75.0-x86_64-unknown-linux-gnu/lib/rustlib/x86_64-unknown-linux-gnu/lib/libunwind-3dd8a6810a0bdfef.rlib" "/opt/rustwide/rustup-home/toolchains/1.75.0-x86_64-unknown-linux-gnu/lib/rustlib/x86_64-unknown-linux-gnu/lib/libcfg_if-eb39a61c0c879984.rlib" "/opt/rustwide/rustup-home/toolchains/1.75.0-x86_64-unknown-linux-gnu/lib/rustlib/x86_64-unknown-linux-gnu/lib/liblibc-aa769569f91c3548.rlib" "/opt/rustwide/rustup-home/toolchains/1.75.0-x86_64-unknown-linux-gnu/lib/rustlib/x86_64-unknown-linux-gnu/lib/liballoc-510a192a50a983ed.rlib" "/opt/rustwide/rustup-home/toolchains/1.75.0-x86_64-unknown-linux-gnu/lib/rustlib/x86_64-unknown-linux-gnu/lib/librustc_std_workspace_core-0577018320f99037.rlib" "/opt/rustwide/rustup-home/toolchains/1.75.0-x86_64-unknown-linux-gnu/lib/rustlib/x86_64-unknown-linux-gnu/lib/libcore-193cf992125ccd4c.rlib" "/opt/rustwide/rustup-home/toolchains/1.75.0-x86_64-unknown-linux-gnu/lib/rustlib/x86_64-unknown-linux-gnu/lib/libcompiler_builtins-8e138eaf26ebb4a8.rlib" "-Wl,-Bdynamic" "-lgcc_s" "-lutil" "-lrt" "-lpthread" "-lm" "-ldl" "-lc" "-Wl,--eh-frame-hdr" "-Wl,-z,noexecstack" "-L" "/opt/rustwide/rustup-home/toolchains/1.75.0-x86_64-unknown-linux-gnu/lib/rustlib/x86_64-unknown-linux-gnu/lib" "-o" "/tmp/rustdoctestj1Eewe/rust_out" "-Wl,--gc-sections" "-pie" "-Wl,-z,relro,-z,now" "-nodefaultlibs"
[INFO] [stdout]   = note: collect2: fatal error: ld terminated with signal 9 [Killed]
[INFO] [stdout]           compilation terminated.
[INFO] [stdout]           
[INFO] [stdout] 
[INFO] [stdout] error: aborting due to previous error
[INFO] [stdout] 
[INFO] [stdout] Couldn't compile the test.
[INFO] [stdout] 
[INFO] [stdout] failures:
[INFO] [stdout]     src/string/deconstantize.rs - string::deconstantize::deconstantize (line 21)
[INFO] [stdout]     src/string/demodulize.rs - string::demodulize::demodulize (line 29)
[INFO] [stdout] 
[INFO] [stdout] test result: FAILED. 58 passed; 2 failed; 0 ignored; 0 measured; 0 filtered out; finished in 13.71s
[INFO] [stdout] 
[INFO] [stderr] error: doctest failed, to rerun pass `--doc`
[INFO] running `Command { std: "docker" "inspect" "dee1a0c33e2d6f2def0b1712dd14431d5c91c05a3827835fc2b29a6bedfcbdf1", kill_on_drop: false }`
[INFO] running `Command { std: "docker" "rm" "-f" "dee1a0c33e2d6f2def0b1712dd14431d5c91c05a3827835fc2b29a6bedfcbdf1", kill_on_drop: false }`
[INFO] [stdout] dee1a0c33e2d6f2def0b1712dd14431d5c91c05a3827835fc2b29a6bedfcbdf1
[INFO] testing cruet-0.14.0 against beta-2023-12-22 for beta-1.76-1
[INFO] extracting crate cruet 0.14.0 into /workspace/builds/worker-5-tc2/source
[INFO] validating manifest of crates.io crate cruet 0.14.0 on toolchain beta-2023-12-22
[INFO] running `Command { std: CARGO_HOME="/workspace/cargo-home" RUSTUP_HOME="/workspace/rustup-home" "/workspace/cargo-home/bin/cargo" "+beta-2023-12-22" "metadata" "--manifest-path" "Cargo.toml" "--no-deps", kill_on_drop: false }`
[INFO] started tweaking crates.io crate cruet 0.14.0
[INFO] finished tweaking crates.io crate cruet 0.14.0
[INFO] tweaked toml for crates.io crate cruet 0.14.0 written to /workspace/builds/worker-5-tc2/source/Cargo.toml
[INFO] running `Command { std: CARGO_HOME="/workspace/cargo-home" RUSTUP_HOME="/workspace/rustup-home" "/workspace/cargo-home/bin/cargo" "+beta-2023-12-22" "generate-lockfile" "--manifest-path" "Cargo.toml", kill_on_drop: false }`
[INFO] [stderr]     Updating crates.io index
[INFO] running `Command { std: CARGO_HOME="/workspace/cargo-home" RUSTUP_HOME="/workspace/rustup-home" "/workspace/cargo-home/bin/cargo" "+beta-2023-12-22" "fetch" "--manifest-path" "Cargo.toml", kill_on_drop: false }`
[INFO] running `Command { std: "docker" "create" "-v" "/var/lib/crater-agent-workspace/builds/worker-5-tc2/target:/opt/rustwide/target:rw,Z" "-v" "/var/lib/crater-agent-workspace/builds/worker-5-tc2/source:/opt/rustwide/workdir:ro,Z" "-v" "/var/lib/crater-agent-workspace/cargo-home:/opt/rustwide/cargo-home:ro,Z" "-v" "/var/lib/crater-agent-workspace/rustup-home:/opt/rustwide/rustup-home:ro,Z" "-e" "SOURCE_DIR=/opt/rustwide/workdir" "-e" "CARGO_TARGET_DIR=/opt/rustwide/target" "-e" "CARGO_HOME=/opt/rustwide/cargo-home" "-e" "RUSTUP_HOME=/opt/rustwide/rustup-home" "-w" "/opt/rustwide/workdir" "-m" "1610612736" "--user" "0:0" "--network" "none" "ghcr.io/rust-lang/crates-build-env/linux@sha256:2788e3201cd34a07e3172128adcd8b3090168a8e3bcc40d7c032b9dda1df7d1c" "/opt/rustwide/cargo-home/bin/cargo" "+beta-2023-12-22" "metadata" "--no-deps" "--format-version=1", kill_on_drop: false }`
[INFO] [stdout] 0ca836b0206066992b7211bc8f4f5f8c59eb69e1d5c9f1acf254a17b14f5bce4
[INFO] running `Command { std: "docker" "start" "-a" "0ca836b0206066992b7211bc8f4f5f8c59eb69e1d5c9f1acf254a17b14f5bce4", kill_on_drop: false }`
[INFO] running `Command { std: "docker" "inspect" "0ca836b0206066992b7211bc8f4f5f8c59eb69e1d5c9f1acf254a17b14f5bce4", kill_on_drop: false }`
[INFO] running `Command { std: "docker" "rm" "-f" "0ca836b0206066992b7211bc8f4f5f8c59eb69e1d5c9f1acf254a17b14f5bce4", kill_on_drop: false }`
[INFO] [stdout] 0ca836b0206066992b7211bc8f4f5f8c59eb69e1d5c9f1acf254a17b14f5bce4
[INFO] running `Command { std: "docker" "create" "-v" "/var/lib/crater-agent-workspace/builds/worker-5-tc2/target:/opt/rustwide/target:rw,Z" "-v" "/var/lib/crater-agent-workspace/builds/worker-5-tc2/source:/opt/rustwide/workdir:ro,Z" "-v" "/var/lib/crater-agent-workspace/cargo-home:/opt/rustwide/cargo-home:ro,Z" "-v" "/var/lib/crater-agent-workspace/rustup-home:/opt/rustwide/rustup-home:ro,Z" "-e" "SOURCE_DIR=/opt/rustwide/workdir" "-e" "CARGO_TARGET_DIR=/opt/rustwide/target" "-e" "CARGO_INCREMENTAL=0" "-e" "RUST_BACKTRACE=full" "-e" "RUSTFLAGS=--cap-lints=warn" "-e" "RUSTDOCFLAGS=--cap-lints=warn" "-e" "CARGO_HOME=/opt/rustwide/cargo-home" "-e" "RUSTUP_HOME=/opt/rustwide/rustup-home" "-w" "/opt/rustwide/workdir" "-m" "1610612736" "--user" "0:0" "--network" "none" "ghcr.io/rust-lang/crates-build-env/linux@sha256:2788e3201cd34a07e3172128adcd8b3090168a8e3bcc40d7c032b9dda1df7d1c" "/opt/rustwide/cargo-home/bin/cargo" "+beta-2023-12-22" "build" "--frozen" "--message-format=json", kill_on_drop: false }`
[INFO] [stdout] a3cfbc39f107a9175106a123ad32d1ccb26ec541bcd2eac1c5864b3524bd160e
[INFO] running `Command { std: "docker" "start" "-a" "a3cfbc39f107a9175106a123ad32d1ccb26ec541bcd2eac1c5864b3524bd160e", kill_on_drop: false }`
[INFO] [stderr]    Compiling regex-syntax v0.8.2
[INFO] [stderr]    Compiling regex-automata v0.4.3
[INFO] [stderr]    Compiling regex v1.10.2
[INFO] [stderr]    Compiling cruet v0.14.0 (/opt/rustwide/workdir)
[INFO] [stderr]     Finished dev [unoptimized + debuginfo] target(s) in 5.41s
[INFO] running `Command { std: "docker" "inspect" "a3cfbc39f107a9175106a123ad32d1ccb26ec541bcd2eac1c5864b3524bd160e", kill_on_drop: false }`
[INFO] running `Command { std: "docker" "rm" "-f" "a3cfbc39f107a9175106a123ad32d1ccb26ec541bcd2eac1c5864b3524bd160e", kill_on_drop: false }`
[INFO] [stdout] a3cfbc39f107a9175106a123ad32d1ccb26ec541bcd2eac1c5864b3524bd160e
[INFO] running `Command { std: "docker" "create" "-v" "/var/lib/crater-agent-workspace/builds/worker-5-tc2/target:/opt/rustwide/target:rw,Z" "-v" "/var/lib/crater-agent-workspace/builds/worker-5-tc2/source:/opt/rustwide/workdir:ro,Z" "-v" "/var/lib/crater-agent-workspace/cargo-home:/opt/rustwide/cargo-home:ro,Z" "-v" "/var/lib/crater-agent-workspace/rustup-home:/opt/rustwide/rustup-home:ro,Z" "-e" "SOURCE_DIR=/opt/rustwide/workdir" "-e" "CARGO_TARGET_DIR=/opt/rustwide/target" "-e" "CARGO_INCREMENTAL=0" "-e" "RUST_BACKTRACE=full" "-e" "RUSTFLAGS=--cap-lints=warn" "-e" "RUSTDOCFLAGS=--cap-lints=warn" "-e" "CARGO_HOME=/opt/rustwide/cargo-home" "-e" "RUSTUP_HOME=/opt/rustwide/rustup-home" "-w" "/opt/rustwide/workdir" "-m" "1610612736" "--user" "0:0" "--network" "none" "ghcr.io/rust-lang/crates-build-env/linux@sha256:2788e3201cd34a07e3172128adcd8b3090168a8e3bcc40d7c032b9dda1df7d1c" "/opt/rustwide/cargo-home/bin/cargo" "+beta-2023-12-22" "test" "--frozen" "--no-run" "--message-format=json", kill_on_drop: false }`
[INFO] [stdout] 0e1325cd872cf233357d2bb8750254cb7d6029bf60a345b7f48ad569329a61e8
[INFO] running `Command { std: "docker" "start" "-a" "0e1325cd872cf233357d2bb8750254cb7d6029bf60a345b7f48ad569329a61e8", kill_on_drop: false }`
[INFO] [stderr]    Compiling cruet v0.14.0 (/opt/rustwide/workdir)
[INFO] [stderr]     Finished test [unoptimized + debuginfo] target(s) in 1.84s
[INFO] running `Command { std: "docker" "inspect" "0e1325cd872cf233357d2bb8750254cb7d6029bf60a345b7f48ad569329a61e8", kill_on_drop: false }`
[INFO] running `Command { std: "docker" "rm" "-f" "0e1325cd872cf233357d2bb8750254cb7d6029bf60a345b7f48ad569329a61e8", kill_on_drop: false }`
[INFO] [stdout] 0e1325cd872cf233357d2bb8750254cb7d6029bf60a345b7f48ad569329a61e8
[INFO] running `Command { std: "docker" "create" "-v" "/var/lib/crater-agent-workspace/builds/worker-5-tc2/target:/opt/rustwide/target:rw,Z" "-v" "/var/lib/crater-agent-workspace/builds/worker-5-tc2/source:/opt/rustwide/workdir:ro,Z" "-v" "/var/lib/crater-agent-workspace/cargo-home:/opt/rustwide/cargo-home:ro,Z" "-v" "/var/lib/crater-agent-workspace/rustup-home:/opt/rustwide/rustup-home:ro,Z" "-e" "SOURCE_DIR=/opt/rustwide/workdir" "-e" "CARGO_TARGET_DIR=/opt/rustwide/target" "-e" "CARGO_INCREMENTAL=0" "-e" "RUST_BACKTRACE=full" "-e" "RUSTFLAGS=--cap-lints=warn" "-e" "RUSTDOCFLAGS=--cap-lints=warn" "-e" "CARGO_HOME=/opt/rustwide/cargo-home" "-e" "RUSTUP_HOME=/opt/rustwide/rustup-home" "-w" "/opt/rustwide/workdir" "-m" "1610612736" "--user" "0:0" "--network" "none" "ghcr.io/rust-lang/crates-build-env/linux@sha256:2788e3201cd34a07e3172128adcd8b3090168a8e3bcc40d7c032b9dda1df7d1c" "/opt/rustwide/cargo-home/bin/cargo" "+beta-2023-12-22" "test" "--frozen", kill_on_drop: false }`
[INFO] [stdout] f6a28c70aa6ea0c5bb37d705f71300d9829f0fb8d1e97c80df665f3da0e49e2a
[INFO] running `Command { std: "docker" "start" "-a" "f6a28c70aa6ea0c5bb37d705f71300d9829f0fb8d1e97c80df665f3da0e49e2a", kill_on_drop: false }`
[INFO] [stderr]     Finished test [unoptimized + debuginfo] target(s) in 0.02s
[INFO] [stdout] 
[INFO] [stderr]      Running unittests src/lib.rs (/opt/rustwide/target/debug/deps/cruet-5f5a1e8603902c49)
[INFO] [stdout] running 261 tests
[INFO] [stdout] test case::camel::tests::a_name_with_a_dot ... ok
[INFO] [stdout] test case::camel::tests::from_case_with_loads_of_space ... ok
[INFO] [stdout] test case::camel::tests::from_snake_case ... ok
[INFO] [stdout] test case::camel::tests::from_kebab_case ... ok
[INFO] [stdout] test case::camel::tests::from_sentence_case ... ok
[INFO] [stdout] test case::camel::tests::from_train_case ... ok
[INFO] [stdout] test case::camel::tests::from_title_case ... ok
[INFO] [stdout] test case::camel::tests::has_a_sign ... ok
[INFO] [stdout] test case::camel::tests::from_screaming_snake_case ... ok
[INFO] [stdout] test case::camel::tests::from_camel_case ... ok
[INFO] [stdout] test case::camel::tests::from_pascal_case ... ok
[INFO] [stdout] test case::camel::tests::is_correct_from_train_case ... ok
[INFO] [stdout] test case::camel::tests::leading_bad_chars ... ok
[INFO] [stdout] test case::camel::tests::random_text_with_bad_chars ... ok
[INFO] [stdout] test case::camel::tests::trailing_bad_chars ... ok
[INFO] [stdout] test case::camel::tests::wrapped_in_bad_chars ... ok
[INFO] [stdout] test case::camel::tests::is_correct_from_camel_case ... ok
[INFO] [stdout] test case::camel::tests::is_correct_from_sentence_case ... ok
[INFO] [stdout] test case::camel::tests::is_correct_from_screaming_snake_case ... ok
[INFO] [stdout] test case::camel::tests::is_correct_from_kebab_case ... ok
[INFO] [stdout] test case::camel::tests::is_correct_from_title_case ... ok
[INFO] [stdout] test case::camel::tests::is_correct_from_pascal_case ... ok
[INFO] [stdout] test case::camel::tests::is_correct_from_snake_case ... ok
[INFO] [stdout] test case::class::tests::from_train_case ... ok
[INFO] [stdout] test case::class::tests::from_camel_case ... ok
[INFO] [stdout] test case::class::tests::from_sentence_case ... ok
[INFO] [stdout] test case::class::tests::is_correct_from_snake_case ... ok
[INFO] [stdout] test case::class::tests::from_kebab_case ... ok
[INFO] [stdout] test case::class::tests::is_correct_from_table_case ... ok
[INFO] [stdout] test case::class::tests::is_correct_from_sentence_case ... ok
[INFO] [stdout] test case::class::tests::is_correct_from_class_case ... ok
[INFO] [stdout] test case::class::tests::has_a_sign ... ok
[INFO] [stdout] test case::class::tests::is_correct_from_pascal_case ... ok
[INFO] [stdout] test case::class::tests::is_correct_from_train_case ... ok
[INFO] [stdout] test case::class::tests::is_correct_from_title_case ... ok
[INFO] [stdout] test case::class::tests::wrapped_in_bad_chars ... ok
[INFO] [stdout] test case::kebab::tests::from_camel_case ... ok
[INFO] [stdout] test case::kebab::tests::from_screaming_snake_case ... ok
[INFO] [stdout] test case::class::tests::from_title_case ... ok
[INFO] [stdout] test case::kebab::tests::from_sentence_case ... ok
[INFO] [stdout] test case::kebab::tests::from_snake_case ... ok
[INFO] [stdout] test case::kebab::tests::from_kebab_case ... ok
[INFO] [stdout] test case::kebab::tests::from_train_case ... ok
[INFO] [stdout] test case::kebab::tests::from_pascal_case ... ok
[INFO] [stdout] test case::class::tests::trailing_bad_chars ... ok
[INFO] [stdout] test case::kebab::tests::is_correct_from_camel_case ... ok
[INFO] [stdout] test case::kebab::tests::from_title_case ... ok
[INFO] [stdout] test case::kebab::tests::is_correct_from_screaming_snake_case ... ok
[INFO] [stdout] test case::kebab::tests::is_correct_from_sentence_case ... ok
[INFO] [stdout] test case::kebab::tests::is_correct_from_pascal_case ... ok
[INFO] [stdout] test case::kebab::tests::is_correct_from_kebab_case ... ok
[INFO] [stdout] test case::kebab::tests::is_correct_from_snake_case ... ok
[INFO] [stdout] test case::kebab::tests::is_correct_from_train_case ... ok
[INFO] [stdout] test case::pascal::tests::a_name_with_a_dot ... ok
[INFO] [stdout] test case::class::tests::from_case_with_loads_of_space ... ok
[INFO] [stdout] test case::kebab::tests::is_correct_from_title_case ... ok
[INFO] [stdout] test case::class::tests::a_name_with_a_dot ... ok
[INFO] [stdout] test case::class::tests::from_pascal_case ... ok
[INFO] [stdout] test case::class::tests::is_correct_from_screaming_snake_case ... ok
[INFO] [stdout] test case::pascal::tests::from_screaming_snake_case ... ok
[INFO] [stdout] test case::pascal::tests::from_camel_case ... ok
[INFO] [stdout] test case::class::tests::from_screaming_class_case ... ok
[INFO] [stdout] test case::pascal::tests::from_case_with_loads_of_space ... ok
[INFO] [stdout] test case::class::tests::random_text_with_bad_chars ... ok
[INFO] [stdout] test case::class::tests::is_correct_from_kebab_case ... ok
[INFO] [stdout] test case::pascal::tests::from_title_case ... ok
[INFO] [stdout] test case::pascal::tests::from_pascal_case ... ok
[INFO] [stdout] test case::pascal::tests::from_sentence_case ... ok
[INFO] [stdout] test case::pascal::tests::from_snake_case ... ok
[INFO] [stdout] test case::pascal::tests::from_train_case ... ok
[INFO] [stdout] test case::pascal::tests::from_kebab_case ... ok
[INFO] [stdout] test case::class::tests::leading_bad_chars ... ok
[INFO] [stdout] test case::class::tests::from_snake_case ... ok
[INFO] [stdout] test case::pascal::tests::is_correct_from_pascal_case ... ok
[INFO] [stdout] test case::pascal::tests::is_correct_from_kebab_case ... ok
[INFO] [stdout] test case::pascal::tests::is_correct_from_camel_case ... ok
[INFO] [stdout] test case::pascal::tests::has_a_sign ... ok
[INFO] [stdout] test case::pascal::tests::is_correct_from_train_case ... ok
[INFO] [stdout] test case::pascal::tests::random_text_with_bad_chars ... ok
[INFO] [stdout] test case::pascal::tests::is_correct_from_sentence_case ... ok
[INFO] [stdout] test case::pascal::tests::is_correct_from_snake_case ... ok
[INFO] [stdout] test case::requires_seperator_upper_first_wrap_is_safe_current_lower ... ok
[INFO] [stdout] test case::pascal::tests::is_correct_from_screaming_snake_case ... ok
[INFO] [stdout] test case::pascal::tests::leading_bad_chars ... ok
[INFO] [stdout] test case::pascal::tests::is_correct_from_title_case ... ok
[INFO] [stdout] test case::pascal::tests::trailing_bad_chars ... ok
[INFO] [stdout] test case::requires_seperator_upper_first_wrap_is_safe_current_lower_next_is_too ... ok
[INFO] [stdout] test case::pascal::tests::wrapped_in_bad_chars ... ok
[INFO] [stdout] test case::requires_seperator_upper_not_first_wrap_is_safe_current_lower ... ok
[INFO] [stdout] test case::screaming_snake::tests::from_pascal_case ... ok
[INFO] [stdout] test case::screaming_snake::tests::from_kebab_case ... ok
[INFO] [stdout] test case::requires_seperator_upper_first_wrap_is_safe_current_upper ... ok
[INFO] [stdout] test case::screaming_snake::tests::from_camel_case ... ok
[INFO] [stdout] test case::screaming_snake::tests::from_screaming_screaming_snake_case ... ok
[INFO] [stdout] test case::requires_seperator_upper_not_first_wrap_is_safe_current_upper ... ok
[INFO] [stdout] test case::screaming_snake::tests::from_snake_case ... ok
[INFO] [stdout] test case::screaming_snake::tests::is_correct_from_pascal_case ... ok
[INFO] [stdout] test case::screaming_snake::tests::is_correct_from_screaming_screaming_snake_case ... ok
[INFO] [stdout] test case::screaming_snake::tests::is_correct_from_camel_case ... ok
[INFO] [stdout] test case::screaming_snake::tests::is_correct_from_snake_case ... ok
[INFO] [stdout] test case::screaming_snake::tests::is_correct_from_sentence_case ... ok
[INFO] [stdout] test case::sentence::tests::a_name_with_a_dot ... ok
[INFO] [stdout] test case::screaming_snake::tests::is_correct_from_kebab_case ... ok
[INFO] [stdout] test case::screaming_snake::tests::is_correct_from_train_case ... ok
[INFO] [stdout] test case::sentence::tests::from_camel_case ... ok
[INFO] [stdout] test case::sentence::tests::from_case_with_loads_of_space ... ok
[INFO] [stdout] test case::class::tests::from_table_case ... ok
[INFO] [stdout] test case::screaming_snake::tests::is_correct_from_title_case ... ok
[INFO] [stdout] test case::screaming_snake::tests::from_sentence_case ... ok
[INFO] [stdout] test case::sentence::tests::from_kebab_case ... ok
[INFO] [stdout] test case::screaming_snake::tests::from_train_case ... ok
[INFO] [stdout] test case::screaming_snake::tests::from_title_case ... ok
[INFO] [stdout] test case::sentence::tests::from_title_case ... ok
[INFO] [stdout] test case::sentence::tests::has_a_sign ... ok
[INFO] [stdout] test case::sentence::tests::from_screaming_snake_case ... ok
[INFO] [stdout] test case::sentence::tests::is_correct_from_sentence_case ... ok
[INFO] [stdout] test case::sentence::tests::from_snake_case ... ok
[INFO] [stdout] test case::sentence::tests::is_correct_from_train_case ... ok
[INFO] [stdout] test case::sentence::tests::from_pascal_case ... ok
[INFO] [stdout] test case::sentence::tests::is_correct_from_pascal_case ... ok
[INFO] [stdout] test case::sentence::tests::is_correct_from_kebab_case ... ok
[INFO] [stdout] test case::sentence::tests::from_train_case ... ok
[INFO] [stdout] test case::sentence::tests::is_correct_from_screaming_snake_case ... ok
[INFO] [stdout] test case::sentence::tests::leading_bad_chars ... ok
[INFO] [stdout] test case::sentence::tests::is_correct_from_camel_case ... ok
[INFO] [stdout] test case::sentence::tests::is_correct_from_title_case ... ok
[INFO] [stdout] test case::sentence::tests::from_sentence_case ... ok
[INFO] [stdout] test case::snake::tests::from_kebab_case ... ok
[INFO] [stdout] test case::snake::tests::from_case_with_loads_of_space ... ok
[INFO] [stdout] test case::snake::tests::from_pascal_case ... ok
[INFO] [stdout] test case::snake::tests::from_sentence_case ... ok
[INFO] [stdout] test case::snake::tests::from_snake_case ... ok
[INFO] [stdout] test case::sentence::tests::trailing_bad_chars ... ok
[INFO] [stdout] test case::snake::tests::from_camel_case ... ok
[INFO] [stdout] test case::sentence::tests::wrapped_in_bad_chars ... ok
[INFO] [stdout] test case::snake::tests::a_name_with_a_dot ... ok
[INFO] [stdout] test case::snake::tests::from_train_case ... ok
[INFO] [stdout] test case::snake::tests::is_correct_from_kebab_case ... ok
[INFO] [stdout] test case::snake::tests::is_correct_from_screaming_snake_case ... ok
[INFO] [stdout] test case::snake::tests::from_title_case ... ok
[INFO] [stdout] test case::snake::tests::is_correct_from_snake_case ... ok
[INFO] [stdout] test case::sentence::tests::random_text_with_bad_chars ... ok
[INFO] [stdout] test case::snake::tests::is_correct_from_camel_case ... ok
[INFO] [stdout] test case::snake::tests::has_a_sign ... ok
[INFO] [stdout] test case::snake::tests::is_correct_from_pascal_case ... ok
[INFO] [stdout] test case::snake::tests::is_correct_from_sentence_case ... ok
[INFO] [stdout] test case::sentence::tests::is_correct_from_snake_case ... ok
[INFO] [stdout] test case::snake::tests::is_correct_from_title_case ... ok
[INFO] [stdout] test case::snake::tests::from_screaming_snake_case ... ok
[INFO] [stdout] test case::snake::tests::trailing_bad_chars ... ok
[INFO] [stdout] test case::snake::tests::wrapped_in_bad_chars ... ok
[INFO] [stdout] test case::snake_like_with_seperator_lowers ... ok
[INFO] [stdout] test case::snake_like_no_seperator_lower ... ok
[INFO] [stdout] test case::snake::tests::leading_bad_chars ... ok
[INFO] [stdout] test case::snake_like_no_seperator_upper ... ok
[INFO] [stdout] test case::snake_like_with_seperator_upper ... ok
[INFO] [stdout] test case::snake::tests::random_text_with_bad_chars ... ok
[INFO] [stdout] test case::snake::tests::is_correct_from_train_case ... ok
[INFO] [stdout] test case::table::tests::from_sentence_case ... ok
[INFO] [stdout] test case::table::tests::is_correct_from_table_case ... ok
[INFO] [stdout] test case::table::tests::is_correct_from_screaming_snake_case ... ok
[INFO] [stdout] test case::test_char_is_seperator_dash ... ok
[INFO] [stdout] test case::test_char_is_seperator_space ... ok
[INFO] [stdout] test case::table::tests::from_train_case ... ok
[INFO] [stdout] test case::table::tests::is_correct_from_title_case ... ok
[INFO] [stdout] test case::table::tests::is_correct_from_pascal_case ... ok
[INFO] [stdout] test case::table::tests::from_title_case ... ok
[INFO] [stdout] test case::table::tests::is_correct_from_camel_case ... ok
[INFO] [stdout] test case::table::tests::is_correct_from_snake_case ... ok
[INFO] [stdout] test case::test_first_word_or_not_inverted_not_first_word_is_inverted ... ok
[INFO] [stdout] test case::test_first_word_or_not_inverted_not_first_word_not_inverted ... ok
[INFO] [stdout] test case::test_is_not_alphanumeric_on_is_alphanumeric ... ok
[INFO] [stdout] test case::test_char_is_uppercase_when_it_is_not ... ok
[INFO] [stdout] test case::test_first_word_or_not_inverted_with_first_word ... ok
[INFO] [stdout] test case::test_char_is_seperator_underscore ... ok
[INFO] [stdout] test case::test_char_is_seperator_when_not ... ok
[INFO] [stdout] test case::table::tests::is_correct_from_sentence_case ... ok
[INFO] [stdout] test case::test_char_is_uppercase_when_it_is ... ok
[INFO] [stdout] test case::test_last_char_lower_current_is_upper_or_new_word_last_char_lower_current_upper ... ok
[INFO] [stdout] test case::test_last_char_lower_current_is_upper_or_new_word_with_new_word ... ok
[INFO] [stdout] test case::test_last_char_lower_current_is_upper_or_new_word_last_char_upper_current_upper ... ok
[INFO] [stdout] test case::test_is_not_alphanumeric_on_is_not_alphanumeric ... ok
[INFO] [stdout] test case::test_not_first_word_and_has_seperator_is_first_and_not_seperator ... ok
[INFO] [stdout] test case::test_last_char_lower_current_is_upper_or_new_word_last_char_upper_current_lower ... ok
[INFO] [stdout] test case::test_next_or_previous_char_is_lowercase_false ... ok
[INFO] [stdout] test case::table::tests::from_camel_case ... ok
[INFO] [stdout] test case::table::tests::from_screaming_snake_case ... ok
[INFO] [stdout] test case::test_trim_bad_chars_when_none_are_bad ... ok
[INFO] [stdout] test case::table::tests::from_snake_case ... ok
[INFO] [stdout] test case::test_last_char_lower_current_is_upper_or_new_word_last_char_space ... ok
[INFO] [stdout] test case::test_next_or_previous_char_is_lowercase_true ... ok
[INFO] [stdout] test case::table::tests::from_pascal_case ... ok
[INFO] [stdout] test case::table::tests::from_table_case ... ok
[INFO] [stdout] test case::test_not_first_word_and_has_seperator_not_first_and_has_seperator ... ok
[INFO] [stdout] test case::title::tests::a_name_with_a_dot ... ok
[INFO] [stdout] test case::test_not_first_word_and_has_seperator_not_first_and_not_seperator ... ok
[INFO] [stdout] test case::test_trim_bad_chars ... ok
[INFO] [stdout] test case::title::tests::from_title_case ... ok
[INFO] [stdout] test case::title::tests::is_correct_from_camel_case ... ok
[INFO] [stdout] test case::title::tests::from_train_case ... ok
[INFO] [stdout] test case::title::tests::from_kebab_case ... ok
[INFO] [stdout] test case::title::tests::is_correct_from_kebab_case ... ok
[INFO] [stdout] test case::title::tests::from_sentence_case ... ok
[INFO] [stdout] test case::title::tests::is_correct_from_pascal_case ... ok
[INFO] [stdout] test case::title::tests::from_screaming_snake_case ... ok
[INFO] [stdout] test case::title::tests::has_a_sign ... ok
[INFO] [stdout] test case::title::tests::from_pascal_case ... ok
[INFO] [stdout] test case::title::tests::from_snake_case ... ok
[INFO] [stdout] test case::title::tests::from_case_with_loads_of_space ... ok
[INFO] [stdout] test case::table::tests::is_correct_from_train_case ... ok
[INFO] [stdout] test case::table::tests::from_kebab_case ... ok
[INFO] [stdout] test case::title::tests::from_camel_case ... ok
[INFO] [stdout] test case::title::tests::is_correct_from_screaming_snake_case ... ok
[INFO] [stdout] test case::train::tests::from_camel_case ... ok
[INFO] [stdout] test case::title::tests::is_correct_from_sentence_case ... ok
[INFO] [stdout] test case::train::tests::from_case_with_loads_of_space ... ok
[INFO] [stdout] test case::train::tests::from_sentence_case ... ok
[INFO] [stdout] test case::title::tests::trailing_bad_chars ... ok
[INFO] [stdout] test case::train::tests::a_name_with_a_dot ... ok
[INFO] [stdout] test case::title::tests::wrapped_in_bad_chars ... ok
[INFO] [stdout] test case::train::tests::from_screaming_snake_case ... ok
[INFO] [stdout] test case::train::tests::from_pascal_case ... ok
[INFO] [stdout] test case::title::tests::leading_bad_chars ... ok
[INFO] [stdout] test case::title::tests::random_text_with_bad_chars ... ok
[INFO] [stdout] test case::title::tests::is_correct_from_snake_case ... ok
[INFO] [stdout] test case::train::tests::from_kebab_case ... ok
[INFO] [stdout] test case::title::tests::is_correct_from_train_case ... ok
[INFO] [stdout] test case::train::tests::is_correct_from_train_case ... ok
[INFO] [stdout] test case::train::tests::is_correct_from_kebab_case ... ok
[INFO] [stdout] test case::train::tests::is_correct_from_snake_case ... ok
[INFO] [stdout] test case::train::tests::from_snake_case ... ok
[INFO] [stdout] test case::train::tests::has_a_sign ... ok
[INFO] [stdout] test case::train::tests::is_correct_from_pascal_case ... ok
[INFO] [stdout] test case::title::tests::is_correct_from_title_case ... ok
[INFO] [stdout] test case::train::tests::wrapped_in_bad_chars ... ok
[INFO] [stdout] test case::train::tests::is_correct_from_camel_case ... ok
[INFO] [stdout] test case::train::tests::is_correct_from_screaming_snake_case ... ok
[INFO] [stdout] test case::train::tests::random_text_with_bad_chars ... ok
[INFO] [stdout] test string::pluralize::tests::boxes ... ok
[INFO] [stdout] test case::train::tests::trailing_bad_chars ... ok
[INFO] [stdout] test case::train::tests::leading_bad_chars ... ok
[INFO] [stdout] test case::train::tests::from_train_case ... ok
[INFO] [stdout] test case::train::tests::is_correct_from_title_case ... ok
[INFO] [stdout] test case::train::tests::is_correct_from_sentence_case ... ok
[INFO] [stdout] test case::train::tests::from_title_case ... ok
[INFO] [stdout] test string::pluralize::tests::mice ... ok
[INFO] [stdout] test string::pluralize::tests::ox ... ok
[INFO] [stdout] test string::pluralize::tests::woman ... ok
[INFO] [stdout] test string::pluralize::tests::zoology ... ok
[INFO] [stdout] test string::singularize::singularize_string_returns_none_option_if_no_match ... ok
[INFO] [stdout] test string::pluralize::tests::test ... ok
[INFO] [stdout] test case::table::tests::is_correct_from_kebab_case ... ok
[INFO] [stdout] test string::pluralize::tests::axis ... ok
[INFO] [stdout] test string::pluralize::tests::elf ... ok
[INFO] [stdout] test string::pluralize::tests::agendum ... ok
[INFO] [stdout] test string::pluralize::tests::knife ... ok
[INFO] [stdout] test string::pluralize::tests::people ... ok
[INFO] [stdout] test string::singularize::singularize_ies_suffix ... ok
[INFO] [stdout] test string::pluralize::tests::geometry ... ok
[INFO] [stdout] test string::singularize::singularize_ss_suffix ... ok
[INFO] [stdout] test string::singularize::singularize_string_if_a_regex_will_match ... ok
[INFO] [stdout] 
[INFO] [stdout] test result: ok. 261 passed; 0 failed; 0 ignored; 0 measured; 0 filtered out; finished in 0.99s
[INFO] [stdout] 
[INFO] [stderr]      Running tests/lib.rs (/opt/rustwide/target/debug/deps/lib-f94384dac0d3d790)
[INFO] [stdout] 
[INFO] [stdout] running 90 tests
[INFO] [stdout] test i16_ordinalize ... ok
[INFO] [stdout] test i8_ordinalize ... ok
[INFO] [stdout] test f64_ordinalize ... ok
[INFO] [stdout] test str_is_not_kebab ... ok
[INFO] [stdout] test str_is_not_screaming_snake ... ok
[INFO] [stdout] test str_is_not_sentence ... ok
[INFO] [stdout] test str_is_not_snake ... ok
[INFO] [stdout] test f32_ordinalize ... ok
[INFO] [stdout] test str_is_kebab ... ok
[INFO] [stdout] test str_deordinalize ... ok
[INFO] [stdout] test str_is_not_foreign_key ... ok
[INFO] [stdout] test str_is_snake ... ok
[INFO] [stdout] test str_is_not_title ... ok
[INFO] [stdout] test i64_ordinalize ... ok
[INFO] [stdout] test str_is_camel ... ok
[INFO] [stdout] test isize_ordinalize ... ok
[INFO] [stdout] test str_is_not_train ... ok
[INFO] [stdout] test str_is_foreign_key ... ok
[INFO] [stdout] test str_is_screaming_snake ... ok
[INFO] [stdout] test i32_ordinalize ... ok
[INFO] [stdout] test str_is_title ... ok
[INFO] [stdout] test str_ordinalize ... ok
[INFO] [stdout] test str_is_train ... ok
[INFO] [stdout] test str_is_sentence ... ok
[INFO] [stdout] test str_is_not_camel ... ok
[INFO] [stdout] test str_to_camel_num ... ok
[INFO] [stdout] test str_to_kebab ... ok
[INFO] [stdout] test str_to_screaming_snake ... ok
[INFO] [stdout] test str_to_foreign_key ... ok
[INFO] [stdout] test str_to_sentence ... ok
[INFO] [stdout] test str_to_title ... ok
[INFO] [stdout] test str_to_title_with_num ... ok
[INFO] [stdout] test str_to_sentence_with_num ... ok
[INFO] [stdout] test str_to_camel ... ok
[INFO] [stdout] test str_to_train ... ok
[INFO] [stdout] test str_to_snake ... ok
[INFO] [stdout] test string_is_foreign_key ... ok
[INFO] [stdout] test string_is_kebab ... ok
[INFO] [stdout] test string_is_not_camel ... ok
[INFO] [stdout] test string_is_camel ... ok
[INFO] [stdout] test string_is_not_foreign_key ... ok
[INFO] [stdout] test string_is_not_kebab ... ok
[INFO] [stdout] test string_is_not_screaming_snake ... ok
[INFO] [stdout] test string_deordinalize ... ok
[INFO] [stdout] test string_is_not_sentence ... ok
[INFO] [stdout] test string_is_not_snake ... ok
[INFO] [stdout] test string_is_not_title ... ok
[INFO] [stdout] test string_is_not_train ... ok
[INFO] [stdout] test string_is_screaming_snake ... ok
[INFO] [stdout] test string_is_sentence ... ok
[INFO] [stdout] test string_is_snake ... ok
[INFO] [stdout] test string_is_not_table ... ok
[INFO] [stdout] test str_pluralize ... ok
[INFO] [stdout] test str_is_table ... ok
[INFO] [stdout] test string_is_title ... ok
[INFO] [stdout] test string_ordinalize ... ok
[INFO] [stdout] test string_is_train ... ok
[INFO] [stdout] test str_demodulize ... ok
[INFO] [stdout] test string_is_class_case ... ok
[INFO] [stdout] test string_to_class_case ... ok
[INFO] [stdout] test string_to_camel_num ... ok
[INFO] [stdout] test str_deconstantize ... ok
[INFO] [stdout] test string_to_kebab ... ok
[INFO] [stdout] test str_is_not_table ... ok
[INFO] [stdout] test string_to_camel ... ok
[INFO] [stdout] test string_to_foreign_key ... ok
[INFO] [stdout] test string_to_sentence_with_num ... ok
[INFO] [stdout] test string_to_snake ... ok
[INFO] [stdout] test string_to_screaming_snake ... ok
[INFO] [stdout] test string_to_sentence ... ok
[INFO] [stdout] test u16_ordinalize ... ok
[INFO] [stdout] test str_to_class_case ... ok
[INFO] [stdout] test str_to_table ... ok
[INFO] [stdout] test string_to_train ... ok
[INFO] [stdout] test string_is_table ... ok
[INFO] [stdout] test string_to_title ... ok
[INFO] [stdout] test u32_ordinalize ... ok
[INFO] [stdout] test string_pluralize ... ok
[INFO] [stdout] test u64_ordinalize ... ok
[INFO] [stdout] test string_tot_title_with_num ... ok
[INFO] [stdout] test str_is_not_class_case ... ok
[INFO] [stdout] test u8_ordinalize ... ok
[INFO] [stdout] test string_singular ... ok
[INFO] [stdout] test str_is_class_case ... ok
[INFO] [stdout] test usize_ordinalize ... ok
[INFO] [stdout] test string_demodulize ... ok
[INFO] [stdout] test string_deconstantize ... ok
[INFO] [stdout] test string_is_not_class_case ... ok
[INFO] [stdout] test string_to_table ... ok
[INFO] [stdout] test str_singular ... ok
[INFO] [stdout] 
[INFO] [stdout] test result: ok. 90 passed; 0 failed; 0 ignored; 0 measured; 0 filtered out; finished in 0.36s
[INFO] [stdout] 
[INFO] [stderr]    Doc-tests cruet
[INFO] [stdout] 
[INFO] [stdout] running 60 tests
[INFO] [stdout] test src/case/snake.rs - case::snake::is_snake_case (line 23) ... ok
[INFO] [stdout] test src/case/pascal.rs - case::pascal::to_pascal_case (line 4) ... ok
[INFO] [stdout] test src/case/sentence.rs - case::sentence::is_sentence_case (line 28) ... ok
[INFO] [stdout] test src/case/snake.rs - case::snake::to_snake_case (line 4) ... ok
[INFO] [stdout] test src/case/screaming_snake.rs - case::screaming_snake::to_screaming_snake_case (line 4) ... ok
[INFO] [stdout] test src/case/pascal.rs - case::pascal::is_pascal_case (line 31) ... ok
[INFO] [stdout] test src/case/camel.rs - case::camel::to_camel_case (line 5) ... ok
[INFO] [stdout] test src/case/kebab.rs - case::kebab::is_kebab_case (line 4) ... ok
[INFO] [stdout] test src/case/camel.rs - case::camel::is_camel_case (line 33) ... ok
[INFO] [stdout] test src/case/kebab.rs - case::kebab::to_kebab_case (line 21) ... ok
[INFO] [stdout] test src/case/sentence.rs - case::sentence::to_sentence_case (line 4) ... ok
[INFO] [stdout] test src/case/title.rs - case::title::to_title_case (line 4) ... ok
[INFO] [stdout] test src/case/screaming_snake.rs - case::screaming_snake::is_screaming_snake_case (line 21) ... ok
[INFO] [stdout] test src/case/title.rs - case::title::is_title_case (line 29) ... ok
[INFO] [stdout] test src/case/class.rs - case::class::to_class_case (line 6) ... ok
[INFO] [stdout] test src/number/ordinalize.rs - number::ordinalize::ordinalize (line 11) ... ok
[INFO] [stdout] test src/case/train.rs - case::train::is_train_case (line 4) ... ok
[INFO] [stdout] test src/number/ordinalize.rs - number::ordinalize::ordinalize (line 3) ... ok
[INFO] [stdout] test src/number/ordinalize.rs - number::ordinalize::ordinalize (line 107) ... ok
[INFO] [stdout] test src/lib.rs - (line 14) ... ok
[INFO] [stdout] test src/case/table.rs - case::table::is_table_case (line 26) ... ok
[INFO] [stdout] test src/case/train.rs - case::train::to_train_case (line 21) ... ok
[INFO] [stdout] test src/case/table.rs - case::table::to_table_case (line 7) ... ok
[INFO] [stdout] test src/case/class.rs - case::class::is_class_case (line 36) ... ok
[INFO] [stdout] test src/number/ordinalize.rs - number::ordinalize::ordinalize (line 19) ... ok
[INFO] [stdout] test src/number/ordinalize.rs - number::ordinalize::ordinalize (line 35) ... ok
[INFO] [stdout] test src/number/deordinalize.rs - number::deordinalize::deordinalize (line 3) ... ok
[INFO] [stdout] test src/number/ordinalize.rs - number::ordinalize::ordinalize (line 51) ... ok
[INFO] [stdout] test src/number/ordinalize.rs - number::ordinalize::ordinalize (line 27) ... ok
[INFO] [stdout] test src/number/ordinalize.rs - number::ordinalize::ordinalize (line 67) ... ok
[INFO] [stdout] test src/number/ordinalize.rs - number::ordinalize::ordinalize (line 43) ... ok
[INFO] [stdout] test src/number/ordinalize.rs - number::ordinalize::ordinalize (line 59) ... ok
[INFO] [stdout] test src/number/ordinalize.rs - number::ordinalize::ordinalize (line 99) ... ok
[INFO] [stdout] test src/number/ordinalize.rs - number::ordinalize::ordinalize (line 91) ... ok
[INFO] [stdout] test src/number/ordinalize.rs - number::ordinalize::ordinalize (line 83) ... ok
[INFO] [stdout] test src/string/deconstantize.rs - string::deconstantize::deconstantize (line 5) ... ok
[INFO] [stdout] test src/number/ordinalize.rs - number::ordinalize::ordinalize (line 75) ... ok
[INFO] [stdout] test src/string/deconstantize.rs - string::deconstantize::deconstantize (line 29) ... ok
[INFO] [stdout] test src/string/deconstantize.rs - string::deconstantize::deconstantize (line 21) ... ok
[INFO] [stdout] test src/string/deconstantize.rs - string::deconstantize::deconstantize (line 13) ... FAILED
[INFO] [stdout] test src/string/demodulize.rs - string::demodulize::demodulize (line 5) ... ok
[INFO] [stdout] test src/string/singularize.rs - string::singularize::to_singular (line 45) ... ok
[INFO] [stdout] test src/string/pluralize.rs - string::pluralize::to_plural (line 47) ... ok
[INFO] [stdout] test src/string/pluralize.rs - string::pluralize::to_plural (line 55) ... ok
[INFO] [stdout] test src/string/pluralize.rs - string::pluralize::to_plural (line 63) ... ok
[INFO] [stdout] test src/string/demodulize.rs - string::demodulize::demodulize (line 13) ... ok
[INFO] [stdout] test src/string/demodulize.rs - string::demodulize::demodulize (line 29) ... ok
[INFO] [stdout] test src/string/demodulize.rs - string::demodulize::demodulize (line 21) ... ok
[INFO] [stdout] test src/string/pluralize.rs - string::pluralize::to_plural (line 71) ... ok
[INFO] [stdout] test src/string/singularize.rs - string::singularize::to_singular (line 29) ... ok
[INFO] [stdout] test src/string/pluralize.rs - string::pluralize::to_plural (line 87) ... ok
[INFO] [stdout] test src/string/singularize.rs - string::singularize::to_singular (line 53) ... ok
[INFO] [stdout] test src/string/pluralize.rs - string::pluralize::to_plural (line 79) ... ok
[INFO] [stdout] test src/suffix/foreign_key.rs - suffix::foreign_key::is_foreign_key (line 36) ... ok
[INFO] [stdout] test src/string/singularize.rs - string::singularize::to_singular (line 61) ... ok
[INFO] [stdout] test src/string/singularize.rs - string::singularize::to_singular (line 37) ... ok
[INFO] [stdout] test src/suffix/foreign_key.rs - suffix::foreign_key::to_foreign_key (line 5) ... ok
[INFO] [stdout] test src/string/pluralize.rs - string::pluralize::to_plural (line 95) ... ok
[INFO] [stdout] test src/string/singularize.rs - string::singularize::to_singular (line 21) ... ok
[INFO] [stdout] test src/string/singularize.rs - string::singularize::to_singular (line 69) ... ok
[INFO] [stdout] 
[INFO] [stdout] failures:
[INFO] [stdout] 
[INFO] [stdout] ---- src/string/deconstantize.rs - string::deconstantize::deconstantize (line 13) stdout ----
[INFO] [stdout] error: linking with `cc` failed: exit status: 1
[INFO] [stdout]   |
[INFO] [stdout]   = note: LC_ALL="C" PATH="/opt/rustwide/rustup-home/toolchains/beta-2023-12-22-x86_64-unknown-linux-gnu/lib/rustlib/x86_64-unknown-linux-gnu/bin:/opt/rustwide/cargo-home/bin:/usr/local/sbin:/usr/local/bin:/usr/sbin:/usr/bin:/sbin:/bin" VSLANG="1033" "cc" "-m64" "/tmp/rustcnQg0w4/symbols.o" "/tmp/rustdoctestHBWTdj/rust_out.rust_out.1380c8ea7c88b8e2-cgu.0.rcgu.o" "/tmp/rustdoctestHBWTdj/rust_out.3lr6z6385pynyhem.rcgu.o" "-Wl,--as-needed" "-L" "/opt/rustwide/target/debug/deps" "-L" "/opt/rustwide/target/debug/deps" "-L" "/opt/rustwide/rustup-home/toolchains/beta-2023-12-22-x86_64-unknown-linux-gnu/lib/rustlib/x86_64-unknown-linux-gnu/lib" "-Wl,-Bstatic" "/opt/rustwide/target/debug/deps/libcruet-8dd02fa2c92ac40f.rlib" "/opt/rustwide/target/debug/deps/libregex-6b2e15812834269a.rlib" "/opt/rustwide/target/debug/deps/libregex_automata-18e9b4bafe25d656.rlib" "/opt/rustwide/target/debug/deps/libaho_corasick-0efee17d6ff570a3.rlib" "/opt/rustwide/target/debug/deps/libmemchr-14a47255884553ca.rlib" "/opt/rustwide/target/debug/deps/libregex_syntax-2fba322c2516c6a3.rlib" "/opt/rustwide/target/debug/deps/libonce_cell-334d739f4e3a4961.rlib" "/opt/rustwide/rustup-home/toolchains/beta-2023-12-22-x86_64-unknown-linux-gnu/lib/rustlib/x86_64-unknown-linux-gnu/lib/libstd-0672489a78b613de.rlib" "/opt/rustwide/rustup-home/toolchains/beta-2023-12-22-x86_64-unknown-linux-gnu/lib/rustlib/x86_64-unknown-linux-gnu/lib/libpanic_unwind-7eb3ffc34a49f675.rlib" "/opt/rustwide/rustup-home/toolchains/beta-2023-12-22-x86_64-unknown-linux-gnu/lib/rustlib/x86_64-unknown-linux-gnu/lib/libobject-6478a9daa4bee8e2.rlib" "/opt/rustwide/rustup-home/toolchains/beta-2023-12-22-x86_64-unknown-linux-gnu/lib/rustlib/x86_64-unknown-linux-gnu/lib/libmemchr-0c75d871a5c3923d.rlib" "/opt/rustwide/rustup-home/toolchains/beta-2023-12-22-x86_64-unknown-linux-gnu/lib/rustlib/x86_64-unknown-linux-gnu/lib/libaddr2line-d163ef63ad37bb71.rlib" "/opt/rustwide/rustup-home/toolchains/beta-2023-12-22-x86_64-unknown-linux-gnu/lib/rustlib/x86_64-unknown-linux-gnu/lib/libgimli-8a3fd810a85b9f4c.rlib" "/opt/rustwide/rustup-home/toolchains/beta-2023-12-22-x86_64-unknown-linux-gnu/lib/rustlib/x86_64-unknown-linux-gnu/lib/librustc_demangle-462a2cde8c5dfc10.rlib" "/opt/rustwide/rustup-home/toolchains/beta-2023-12-22-x86_64-unknown-linux-gnu/lib/rustlib/x86_64-unknown-linux-gnu/lib/libstd_detect-cb06ac9f54713f71.rlib" "/opt/rustwide/rustup-home/toolchains/beta-2023-12-22-x86_64-unknown-linux-gnu/lib/rustlib/x86_64-unknown-linux-gnu/lib/libhashbrown-f20bfd1f8e59b393.rlib" "/opt/rustwide/rustup-home/toolchains/beta-2023-12-22-x86_64-unknown-linux-gnu/lib/rustlib/x86_64-unknown-linux-gnu/lib/librustc_std_workspace_alloc-1ef460949b49da4b.rlib" "/opt/rustwide/rustup-home/toolchains/beta-2023-12-22-x86_64-unknown-linux-gnu/lib/rustlib/x86_64-unknown-linux-gnu/lib/libminiz_oxide-2cb0c0ffe4f87514.rlib" "/opt/rustwide/rustup-home/toolchains/beta-2023-12-22-x86_64-unknown-linux-gnu/lib/rustlib/x86_64-unknown-linux-gnu/lib/libadler-58d841eb322a11a2.rlib" "/opt/rustwide/rustup-home/toolchains/beta-2023-12-22-x86_64-unknown-linux-gnu/lib/rustlib/x86_64-unknown-linux-gnu/lib/libunwind-aa2ae0b0a9d11533.rlib" "/opt/rustwide/rustup-home/toolchains/beta-2023-12-22-x86_64-unknown-linux-gnu/lib/rustlib/x86_64-unknown-linux-gnu/lib/libcfg_if-23874e15830ed336.rlib" "/opt/rustwide/rustup-home/toolchains/beta-2023-12-22-x86_64-unknown-linux-gnu/lib/rustlib/x86_64-unknown-linux-gnu/lib/liblibc-e47cddc003bce885.rlib" "/opt/rustwide/rustup-home/toolchains/beta-2023-12-22-x86_64-unknown-linux-gnu/lib/rustlib/x86_64-unknown-linux-gnu/lib/liballoc-c22b13b48a8f128e.rlib" "/opt/rustwide/rustup-home/toolchains/beta-2023-12-22-x86_64-unknown-linux-gnu/lib/rustlib/x86_64-unknown-linux-gnu/lib/librustc_std_workspace_core-e46bc3da6d7c462f.rlib" "/opt/rustwide/rustup-home/toolchains/beta-2023-12-22-x86_64-unknown-linux-gnu/lib/rustlib/x86_64-unknown-linux-gnu/lib/libcore-8d1ac131d3cb2645.rlib" "/opt/rustwide/rustup-home/toolchains/beta-2023-12-22-x86_64-unknown-linux-gnu/lib/rustlib/x86_64-unknown-linux-gnu/lib/libcompiler_builtins-a1b43df8c6899c1f.rlib" "-Wl,-Bdynamic" "-lgcc_s" "-lutil" "-lrt" "-lpthread" "-lm" "-ldl" "-lc" "-Wl,--eh-frame-hdr" "-Wl,-z,noexecstack" "-L" "/opt/rustwide/rustup-home/toolchains/beta-2023-12-22-x86_64-unknown-linux-gnu/lib/rustlib/x86_64-unknown-linux-gnu/lib" "-o" "/tmp/rustdoctestHBWTdj/rust_out" "-Wl,--gc-sections" "-pie" "-Wl,-z,relro,-z,now" "-nodefaultlibs"
[INFO] [stdout]   = note: collect2: fatal error: ld terminated with signal 9 [Killed]
[INFO] [stdout]           compilation terminated.
[INFO] [stdout]           
[INFO] [stdout] 
[INFO] [stdout] error: aborting due to 1 previous error
[INFO] [stdout] 
[INFO] [stdout] Couldn't compile the test.
[INFO] [stdout] 
[INFO] [stdout] failures:
[INFO] [stdout]     src/string/deconstantize.rs - string::deconstantize::deconstantize (line 13)
[INFO] [stdout] 
[INFO] [stdout] test result: FAILED. 59 passed; 1 failed; 0 ignored; 0 measured; 0 filtered out; finished in 8.63s
[INFO] [stdout] 
[INFO] [stderr] error: doctest failed, to rerun pass `--doc`
[INFO] running `Command { std: "docker" "inspect" "f6a28c70aa6ea0c5bb37d705f71300d9829f0fb8d1e97c80df665f3da0e49e2a", kill_on_drop: false }`
[INFO] running `Command { std: "docker" "rm" "-f" "f6a28c70aa6ea0c5bb37d705f71300d9829f0fb8d1e97c80df665f3da0e49e2a", kill_on_drop: false }`
[INFO] [stdout] f6a28c70aa6ea0c5bb37d705f71300d9829f0fb8d1e97c80df665f3da0e49e2a
