[INFO] fetching crate crosvm_data_model 0.1.0-gamma.0...
[INFO] testing crosvm_data_model-0.1.0-gamma.0 against 1.75.0 for beta-1.76-1
[INFO] extracting crate crosvm_data_model 0.1.0-gamma.0 into /workspace/builds/worker-1-tc1/source
[INFO] validating manifest of crates.io crate crosvm_data_model 0.1.0-gamma.0 on toolchain 1.75.0
[INFO] running `Command { std: CARGO_HOME="/workspace/cargo-home" RUSTUP_HOME="/workspace/rustup-home" "/workspace/cargo-home/bin/cargo" "+1.75.0" "metadata" "--manifest-path" "Cargo.toml" "--no-deps", kill_on_drop: false }`
[INFO] started tweaking crates.io crate crosvm_data_model 0.1.0-gamma.0
[INFO] finished tweaking crates.io crate crosvm_data_model 0.1.0-gamma.0
[INFO] tweaked toml for crates.io crate crosvm_data_model 0.1.0-gamma.0 written to /workspace/builds/worker-1-tc1/source/Cargo.toml
[INFO] running `Command { std: CARGO_HOME="/workspace/cargo-home" RUSTUP_HOME="/workspace/rustup-home" "/workspace/cargo-home/bin/cargo" "+1.75.0" "generate-lockfile" "--manifest-path" "Cargo.toml", kill_on_drop: false }`
[INFO] [stderr]     Updating crates.io index
[INFO] running `Command { std: CARGO_HOME="/workspace/cargo-home" RUSTUP_HOME="/workspace/rustup-home" "/workspace/cargo-home/bin/cargo" "+1.75.0" "fetch" "--manifest-path" "Cargo.toml", kill_on_drop: false }`
[INFO] [stderr]  Downloading crates ...
[INFO] [stderr]   Downloaded remain v0.2.12
[INFO] running `Command { std: "docker" "create" "-v" "/var/lib/crater-agent-workspace/builds/worker-1-tc1/target:/opt/rustwide/target:rw,Z" "-v" "/var/lib/crater-agent-workspace/builds/worker-1-tc1/source:/opt/rustwide/workdir:ro,Z" "-v" "/var/lib/crater-agent-workspace/cargo-home:/opt/rustwide/cargo-home:ro,Z" "-v" "/var/lib/crater-agent-workspace/rustup-home:/opt/rustwide/rustup-home:ro,Z" "-e" "SOURCE_DIR=/opt/rustwide/workdir" "-e" "CARGO_TARGET_DIR=/opt/rustwide/target" "-e" "CARGO_HOME=/opt/rustwide/cargo-home" "-e" "RUSTUP_HOME=/opt/rustwide/rustup-home" "-w" "/opt/rustwide/workdir" "-m" "1610612736" "--user" "0:0" "--network" "none" "ghcr.io/rust-lang/crates-build-env/linux@sha256:2788e3201cd34a07e3172128adcd8b3090168a8e3bcc40d7c032b9dda1df7d1c" "/opt/rustwide/cargo-home/bin/cargo" "+1.75.0" "metadata" "--no-deps" "--format-version=1", kill_on_drop: false }`
[INFO] [stdout] 40dc1e979167aa985a99f3ff108bf94eb755909c00ba99cbfd33657421e6dbdd
[INFO] running `Command { std: "docker" "start" "-a" "40dc1e979167aa985a99f3ff108bf94eb755909c00ba99cbfd33657421e6dbdd", kill_on_drop: false }`
[INFO] running `Command { std: "docker" "inspect" "40dc1e979167aa985a99f3ff108bf94eb755909c00ba99cbfd33657421e6dbdd", kill_on_drop: false }`
[INFO] running `Command { std: "docker" "rm" "-f" "40dc1e979167aa985a99f3ff108bf94eb755909c00ba99cbfd33657421e6dbdd", kill_on_drop: false }`
[INFO] [stdout] 40dc1e979167aa985a99f3ff108bf94eb755909c00ba99cbfd33657421e6dbdd
[INFO] running `Command { std: "docker" "create" "-v" "/var/lib/crater-agent-workspace/builds/worker-1-tc1/target:/opt/rustwide/target:rw,Z" "-v" "/var/lib/crater-agent-workspace/builds/worker-1-tc1/source:/opt/rustwide/workdir:ro,Z" "-v" "/var/lib/crater-agent-workspace/cargo-home:/opt/rustwide/cargo-home:ro,Z" "-v" "/var/lib/crater-agent-workspace/rustup-home:/opt/rustwide/rustup-home:ro,Z" "-e" "SOURCE_DIR=/opt/rustwide/workdir" "-e" "CARGO_TARGET_DIR=/opt/rustwide/target" "-e" "CARGO_INCREMENTAL=0" "-e" "RUST_BACKTRACE=full" "-e" "RUSTFLAGS=--cap-lints=warn" "-e" "RUSTDOCFLAGS=--cap-lints=warn" "-e" "CARGO_HOME=/opt/rustwide/cargo-home" "-e" "RUSTUP_HOME=/opt/rustwide/rustup-home" "-w" "/opt/rustwide/workdir" "-m" "1610612736" "--user" "0:0" "--network" "none" "ghcr.io/rust-lang/crates-build-env/linux@sha256:2788e3201cd34a07e3172128adcd8b3090168a8e3bcc40d7c032b9dda1df7d1c" "/opt/rustwide/cargo-home/bin/cargo" "+1.75.0" "build" "--frozen" "--message-format=json", kill_on_drop: false }`
[INFO] [stdout] 6d371335967972806e7af133165e6927e84f59f3e8c62938cc3897cb58874c9c
[INFO] running `Command { std: "docker" "start" "-a" "6d371335967972806e7af133165e6927e84f59f3e8c62938cc3897cb58874c9c", kill_on_drop: false }`
[INFO] [stderr]    Compiling serde v1.0.194
[INFO] [stderr]    Compiling syn v2.0.48
[INFO] [stderr]    Compiling thiserror-impl v1.0.56
[INFO] [stderr]    Compiling serde_derive v1.0.194
[INFO] [stderr]    Compiling remain v0.2.12
[INFO] [stderr]    Compiling thiserror v1.0.56
[INFO] [stderr]    Compiling crosvm_data_model v0.1.0-gamma.0 (/opt/rustwide/workdir)
[INFO] [stderr]     Finished dev [unoptimized + debuginfo] target(s) in 6.13s
[INFO] running `Command { std: "docker" "inspect" "6d371335967972806e7af133165e6927e84f59f3e8c62938cc3897cb58874c9c", kill_on_drop: false }`
[INFO] running `Command { std: "docker" "rm" "-f" "6d371335967972806e7af133165e6927e84f59f3e8c62938cc3897cb58874c9c", kill_on_drop: false }`
[INFO] [stdout] 6d371335967972806e7af133165e6927e84f59f3e8c62938cc3897cb58874c9c
[INFO] running `Command { std: "docker" "create" "-v" "/var/lib/crater-agent-workspace/builds/worker-1-tc1/target:/opt/rustwide/target:rw,Z" "-v" "/var/lib/crater-agent-workspace/builds/worker-1-tc1/source:/opt/rustwide/workdir:ro,Z" "-v" "/var/lib/crater-agent-workspace/cargo-home:/opt/rustwide/cargo-home:ro,Z" "-v" "/var/lib/crater-agent-workspace/rustup-home:/opt/rustwide/rustup-home:ro,Z" "-e" "SOURCE_DIR=/opt/rustwide/workdir" "-e" "CARGO_TARGET_DIR=/opt/rustwide/target" "-e" "CARGO_INCREMENTAL=0" "-e" "RUST_BACKTRACE=full" "-e" "RUSTFLAGS=--cap-lints=warn" "-e" "RUSTDOCFLAGS=--cap-lints=warn" "-e" "CARGO_HOME=/opt/rustwide/cargo-home" "-e" "RUSTUP_HOME=/opt/rustwide/rustup-home" "-w" "/opt/rustwide/workdir" "-m" "1610612736" "--user" "0:0" "--network" "none" "ghcr.io/rust-lang/crates-build-env/linux@sha256:2788e3201cd34a07e3172128adcd8b3090168a8e3bcc40d7c032b9dda1df7d1c" "/opt/rustwide/cargo-home/bin/cargo" "+1.75.0" "test" "--frozen" "--no-run" "--message-format=json", kill_on_drop: false }`
[INFO] [stdout] 242debb3b5db98017e2058d9f3292d3c97918cf63fcfbf920214ed096b17c690
[INFO] running `Command { std: "docker" "start" "-a" "242debb3b5db98017e2058d9f3292d3c97918cf63fcfbf920214ed096b17c690", kill_on_drop: false }`
[INFO] [stderr]    Compiling crosvm_data_model v0.1.0-gamma.0 (/opt/rustwide/workdir)
[INFO] [stderr]     Finished test [unoptimized + debuginfo] target(s) in 0.57s
[INFO] running `Command { std: "docker" "inspect" "242debb3b5db98017e2058d9f3292d3c97918cf63fcfbf920214ed096b17c690", kill_on_drop: false }`
[INFO] running `Command { std: "docker" "rm" "-f" "242debb3b5db98017e2058d9f3292d3c97918cf63fcfbf920214ed096b17c690", kill_on_drop: false }`
[INFO] [stdout] 242debb3b5db98017e2058d9f3292d3c97918cf63fcfbf920214ed096b17c690
[INFO] running `Command { std: "docker" "create" "-v" "/var/lib/crater-agent-workspace/builds/worker-1-tc1/target:/opt/rustwide/target:rw,Z" "-v" "/var/lib/crater-agent-workspace/builds/worker-1-tc1/source:/opt/rustwide/workdir:ro,Z" "-v" "/var/lib/crater-agent-workspace/cargo-home:/opt/rustwide/cargo-home:ro,Z" "-v" "/var/lib/crater-agent-workspace/rustup-home:/opt/rustwide/rustup-home:ro,Z" "-e" "SOURCE_DIR=/opt/rustwide/workdir" "-e" "CARGO_TARGET_DIR=/opt/rustwide/target" "-e" "CARGO_INCREMENTAL=0" "-e" "RUST_BACKTRACE=full" "-e" "RUSTFLAGS=--cap-lints=warn" "-e" "RUSTDOCFLAGS=--cap-lints=warn" "-e" "CARGO_HOME=/opt/rustwide/cargo-home" "-e" "RUSTUP_HOME=/opt/rustwide/rustup-home" "-w" "/opt/rustwide/workdir" "-m" "1610612736" "--user" "0:0" "--network" "none" "ghcr.io/rust-lang/crates-build-env/linux@sha256:2788e3201cd34a07e3172128adcd8b3090168a8e3bcc40d7c032b9dda1df7d1c" "/opt/rustwide/cargo-home/bin/cargo" "+1.75.0" "test" "--frozen", kill_on_drop: false }`
[INFO] [stdout] 6d63d1e5e4b84d3e38b9e139e06b87265c4172d2f2be901eeba8d10787606fcb
[INFO] running `Command { std: "docker" "start" "-a" "6d63d1e5e4b84d3e38b9e139e06b87265c4172d2f2be901eeba8d10787606fcb", kill_on_drop: false }`
[INFO] [stderr]     Finished test [unoptimized + debuginfo] target(s) in 0.01s
[INFO] [stderr]      Running unittests src/lib.rs (/opt/rustwide/target/debug/deps/crosvm_data_model-b4531f8949886e5b)
[INFO] [stdout] 
[INFO] [stdout] running 27 tests
[INFO] [stdout] test endian::tests::test_be16::equality ... ok
[INFO] [stdout] test endian::tests::test_be32::equality ... ok
[INFO] [stdout] test endian::tests::test_be64::equality ... ok
[INFO] [stdout] test endian::tests::test_be_size::equality ... ok
[INFO] [stdout] test data_init_tests::from_slice_alignment ... ok
[INFO] [stdout] test endian::tests::test_le16::equality ... ok
[INFO] [stdout] test endian::tests::test_le32::equality ... ok
[INFO] [stdout] test endian::tests::test_le64::equality ... ok
[INFO] [stdout] test endian::tests::test_le_size::equality ... ok
[INFO] [stdout] test endian::tests::test_sbe16::equality ... ok
[INFO] [stdout] test endian::tests::test_sbe32::equality ... ok
[INFO] [stdout] test endian::tests::test_sbe64::equality ... ok
[INFO] [stdout] test endian::tests::test_sbe_size::equality ... ok
[INFO] [stdout] test endian::tests::test_sle16::equality ... ok
[INFO] [stdout] test endian::tests::test_sle32::equality ... ok
[INFO] [stdout] test endian::tests::test_sle64::equality ... ok
[INFO] [stdout] test endian::tests::test_sle_size::equality ... ok
[INFO] [stdout] test volatile_memory::tests::ref_load ... ok
[INFO] [stdout] test volatile_memory::tests::ref_oob_error ... ok
[INFO] [stdout] test volatile_memory::tests::ref_oob_too_large ... ok
[INFO] [stdout] test volatile_memory::tests::observe_mutate ... ok
[INFO] [stdout] test volatile_memory::tests::ref_store ... ok
[INFO] [stdout] test volatile_memory::tests::ref_overflow_error ... ok
[INFO] [stdout] test volatile_memory::tests::ref_to_slice ... ok
[INFO] [stdout] test volatile_memory::tests::slice_size ... ok
[INFO] [stdout] test volatile_memory::tests::slice_overflow_error ... ok
[INFO] [stdout] test volatile_memory::tests::slice_oob_error ... ok
[INFO] [stdout] 
[INFO] [stdout] test result: ok. 27 passed; 0 failed; 0 ignored; 0 measured; 0 filtered out; finished in 0.00s
[INFO] [stdout] 
[INFO] [stderr]    Doc-tests crosvm_data_model
[INFO] [stdout] 
[INFO] [stdout] running 10 tests
[INFO] [stdout] test src/flexible_array.rs - flexible_array::FlexibleArray (line 46) ... ignored
[INFO] [stdout] test src/flexible_array.rs - flexible_array::vec_with_array_field (line 22) ... ignored
[INFO] [stdout] test src/endian.rs - endian (line 12) ... FAILED
[INFO] [stdout] test src/volatile_memory.rs - volatile_memory::VolatileSlice<'a>::copy_from (line 288) ... ok
[INFO] [stdout] test src/volatile_memory.rs - volatile_memory::calc_offset (line 61) ... ok
[INFO] [stdout] test src/volatile_memory.rs - volatile_memory::VolatileSlice<'a>::copy_to (line 229) ... ok
[INFO] [stdout] test src/volatile_memory.rs - volatile_memory::VolatileSlice<'a>::write_bytes (line 204) ... ok
[INFO] [stdout] test src/volatile_memory.rs - volatile_memory::VolatileRef<'a,T>::size (line 368) ... ok
[INFO] [stdout] test src/volatile_memory.rs - volatile_memory::VolatileSlice<'a>::copy_to_volatile_slice (line 262) ... ok
[INFO] [stdout] test src/volatile_memory.rs - volatile_memory::VolatileRef (line 327) ... ok
[INFO] [stdout] 
[INFO] [stdout] failures:
[INFO] [stdout] 
[INFO] [stdout] ---- src/endian.rs - endian (line 12) stdout ----
[INFO] [stdout] error[E0432]: unresolved import `data_model`
[INFO] [stdout]  --> src/endian.rs:13:6
[INFO] [stdout]   |
[INFO] [stdout] 3 | use  data_model::*;
[INFO] [stdout]   |      ^^^^^^^^^^ use of undeclared crate or module `data_model`
[INFO] [stdout] 
[INFO] [stdout] error[E0412]: cannot find type `Be32` in this scope
[INFO] [stdout]  --> src/endian.rs:14:10
[INFO] [stdout]   |
[INFO] [stdout] 4 |   let b: Be32 = From::from(3);
[INFO] [stdout]   |          ^^^^ not found in this scope
[INFO] [stdout]   |
[INFO] [stdout] help: consider importing this struct
[INFO] [stdout]   |
[INFO] [stdout] 2 + use crosvm_data_model::Be32;
[INFO] [stdout]   |
[INFO] [stdout] 
[INFO] [stdout] error[E0412]: cannot find type `Le32` in this scope
[INFO] [stdout]  --> src/endian.rs:15:10
[INFO] [stdout]   |
[INFO] [stdout] 5 |   let l: Le32 = From::from(3);
[INFO] [stdout]   |          ^^^^ not found in this scope
[INFO] [stdout]   |
[INFO] [stdout] help: consider importing this struct
[INFO] [stdout]   |
[INFO] [stdout] 2 + use crosvm_data_model::Le32;
[INFO] [stdout]   |
[INFO] [stdout] 
[INFO] [stdout] error: aborting due to 3 previous errors
[INFO] [stdout] 
[INFO] [stdout] Some errors have detailed explanations: E0412, E0432.
[INFO] [stdout] For more information about an error, try `rustc --explain E0412`.
[INFO] [stdout] Couldn't compile the test.
[INFO] [stdout] 
[INFO] [stdout] failures:
[INFO] [stdout]     src/endian.rs - endian (line 12)
[INFO] [stdout] 
[INFO] [stdout] test result: FAILED. 7 passed; 1 failed; 2 ignored; 0 measured; 0 filtered out; finished in 0.17s
[INFO] [stdout] 
[INFO] [stderr] error: doctest failed, to rerun pass `--doc`
[INFO] running `Command { std: "docker" "inspect" "6d63d1e5e4b84d3e38b9e139e06b87265c4172d2f2be901eeba8d10787606fcb", kill_on_drop: false }`
[INFO] running `Command { std: "docker" "rm" "-f" "6d63d1e5e4b84d3e38b9e139e06b87265c4172d2f2be901eeba8d10787606fcb", kill_on_drop: false }`
[INFO] [stdout] 6d63d1e5e4b84d3e38b9e139e06b87265c4172d2f2be901eeba8d10787606fcb
